[INFO] cloning repository https://github.com/yourboirusty/ssd1363
[INFO] running `Command { std: "git" "-c" "credential.helper=" "-c" "credential.helper=/workspace/cargo-home/bin/git-credential-null" "clone" "--bare" "https://github.com/yourboirusty/ssd1363" "/workspace/cache/git-repos/https%3A%2F%2Fgithub.com%2Fyourboirusty%2Fssd1363", kill_on_drop: false }`
[INFO] [stderr] Cloning into bare repository '/workspace/cache/git-repos/https%3A%2F%2Fgithub.com%2Fyourboirusty%2Fssd1363'...
[INFO] running `Command { std: "git" "rev-parse" "HEAD", kill_on_drop: false }`
[INFO] [stdout] 1b52ee1b1fbc747a39197c412ae1d45a28859e78
[INFO] testing yourboirusty/ssd1363 against 1.83.0 for beta-1.84.0-4-retry
[INFO] running `Command { std: "git" "clone" "/workspace/cache/git-repos/https%3A%2F%2Fgithub.com%2Fyourboirusty%2Fssd1363" "/workspace/builds/worker-5-tc1/source", kill_on_drop: false }`
[INFO] [stderr] Cloning into '/workspace/builds/worker-5-tc1/source'...
[INFO] [stderr] done.
[INFO] validating manifest of git repo https://github.com/yourboirusty/ssd1363 on toolchain 1.83.0
[INFO] running `Command { std: CARGO_HOME="/workspace/cargo-home" RUSTUP_HOME="/workspace/rustup-home" "/workspace/cargo-home/bin/cargo" "+1.83.0" "metadata" "--manifest-path" "Cargo.toml" "--no-deps", kill_on_drop: false }`
[INFO] started tweaking git repo https://github.com/yourboirusty/ssd1363
[INFO] finished tweaking git repo https://github.com/yourboirusty/ssd1363
[INFO] tweaked toml for git repo https://github.com/yourboirusty/ssd1363 written to /workspace/builds/worker-5-tc1/source/Cargo.toml
[INFO] crate git repo https://github.com/yourboirusty/ssd1363 already has a lockfile, it will not be regenerated
[INFO] running `Command { std: CARGO_HOME="/workspace/cargo-home" RUSTUP_HOME="/workspace/rustup-home" "/workspace/cargo-home/bin/cargo" "+1.83.0" "fetch" "--manifest-path" "Cargo.toml", kill_on_drop: false }`
[INFO] running `Command { std: "docker" "create" "-v" "/var/lib/crater-agent-workspace/builds/worker-5-tc1/target:/opt/rustwide/target:rw,Z" "-v" "/var/lib/crater-agent-workspace/builds/worker-5-tc1/source:/opt/rustwide/workdir:ro,Z" "-v" "/var/lib/crater-agent-workspace/cargo-home:/opt/rustwide/cargo-home:ro,Z" "-v" "/var/lib/crater-agent-workspace/rustup-home:/opt/rustwide/rustup-home:ro,Z" "-e" "SOURCE_DIR=/opt/rustwide/workdir" "-e" "CARGO_TARGET_DIR=/opt/rustwide/target" "-e" "CARGO_HOME=/opt/rustwide/cargo-home" "-e" "RUSTUP_HOME=/opt/rustwide/rustup-home" "-w" "/opt/rustwide/workdir" "-m" "1610612736" "--user" "0:0" "--network" "none" "ghcr.io/rust-lang/crates-build-env/linux@sha256:f3a9d4ad9d972b27faf3965f35b62e55ba32bbce8f20bc8fe909558a86702fde" "/opt/rustwide/cargo-home/bin/cargo" "+1.83.0" "metadata" "--no-deps" "--format-version=1", kill_on_drop: false }`
[INFO] [stdout] b4abc43b5f99a2dcf624d16d5fc5342e0387d8451bdbd5563234416b94331a88
[INFO] running `Command { std: "docker" "start" "-a" "b4abc43b5f99a2dcf624d16d5fc5342e0387d8451bdbd5563234416b94331a88", kill_on_drop: false }`
[INFO] running `Command { std: "docker" "inspect" "b4abc43b5f99a2dcf624d16d5fc5342e0387d8451bdbd5563234416b94331a88", kill_on_drop: false }`
[INFO] running `Command { std: "docker" "rm" "-f" "b4abc43b5f99a2dcf624d16d5fc5342e0387d8451bdbd5563234416b94331a88", kill_on_drop: false }`
[INFO] [stdout] b4abc43b5f99a2dcf624d16d5fc5342e0387d8451bdbd5563234416b94331a88
[INFO] running `Command { std: "docker" "create" "-v" "/var/lib/crater-agent-workspace/builds/worker-5-tc1/target:/opt/rustwide/target:rw,Z" "-v" "/var/lib/crater-agent-workspace/builds/worker-5-tc1/source:/opt/rustwide/workdir:ro,Z" "-v" "/var/lib/crater-agent-workspace/cargo-home:/opt/rustwide/cargo-home:ro,Z" "-v" "/var/lib/crater-agent-workspace/rustup-home:/opt/rustwide/rustup-home:ro,Z" "-e" "SOURCE_DIR=/opt/rustwide/workdir" "-e" "CARGO_TARGET_DIR=/opt/rustwide/target" "-e" "CARGO_INCREMENTAL=0" "-e" "RUST_BACKTRACE=full" "-e" "RUSTFLAGS=--cap-lints=warn" "-e" "RUSTDOCFLAGS=--cap-lints=warn" "-e" "CARGO_HOME=/opt/rustwide/cargo-home" "-e" "RUSTUP_HOME=/opt/rustwide/rustup-home" "-w" "/opt/rustwide/workdir" "-m" "1610612736" "--user" "0:0" "--network" "none" "ghcr.io/rust-lang/crates-build-env/linux@sha256:f3a9d4ad9d972b27faf3965f35b62e55ba32bbce8f20bc8fe909558a86702fde" "/opt/rustwide/cargo-home/bin/cargo" "+1.83.0" "build" "--frozen" "--message-format=json", kill_on_drop: false }`
[INFO] [stdout] abb82ccfe08d77883d8714d8350854815b458d448c16ec01d2e7df3f0b39e49c
[INFO] running `Command { std: "docker" "start" "-a" "abb82ccfe08d77883d8714d8350854815b458d448c16ec01d2e7df3f0b39e49c", kill_on_drop: false }`
[INFO] [stderr]    Compiling az v1.2.1
[INFO] [stderr]    Compiling nb v1.1.0
[INFO] [stderr]    Compiling byteorder v1.5.0
[INFO] [stderr]    Compiling void v1.0.2
[INFO] [stderr]    Compiling display-interface v0.4.1
[INFO] [stderr]    Compiling nb v0.1.3
[INFO] [stderr]    Compiling embedded-hal v0.2.7
[INFO] [stderr]    Compiling embedded-graphics-core v0.4.0
[INFO] [stderr]    Compiling ssd1363 v0.1.0 (/opt/rustwide/workdir)
[INFO] [stderr]     Finished `dev` profile [unoptimized + debuginfo] target(s) in 3.50s
[INFO] running `Command { std: "docker" "inspect" "abb82ccfe08d77883d8714d8350854815b458d448c16ec01d2e7df3f0b39e49c", kill_on_drop: false }`
[INFO] running `Command { std: "docker" "rm" "-f" "abb82ccfe08d77883d8714d8350854815b458d448c16ec01d2e7df3f0b39e49c", kill_on_drop: false }`
[INFO] [stdout] abb82ccfe08d77883d8714d8350854815b458d448c16ec01d2e7df3f0b39e49c
[INFO] running `Command { std: "docker" "create" "-v" "/var/lib/crater-agent-workspace/builds/worker-5-tc1/target:/opt/rustwide/target:rw,Z" "-v" "/var/lib/crater-agent-workspace/builds/worker-5-tc1/source:/opt/rustwide/workdir:ro,Z" "-v" "/var/lib/crater-agent-workspace/cargo-home:/opt/rustwide/cargo-home:ro,Z" "-v" "/var/lib/crater-agent-workspace/rustup-home:/opt/rustwide/rustup-home:ro,Z" "-e" "SOURCE_DIR=/opt/rustwide/workdir" "-e" "CARGO_TARGET_DIR=/opt/rustwide/target" "-e" "CARGO_INCREMENTAL=0" "-e" "RUST_BACKTRACE=full" "-e" "RUSTFLAGS=--cap-lints=warn" "-e" "RUSTDOCFLAGS=--cap-lints=warn" "-e" "CARGO_HOME=/opt/rustwide/cargo-home" "-e" "RUSTUP_HOME=/opt/rustwide/rustup-home" "-w" "/opt/rustwide/workdir" "-m" "1610612736" "--user" "0:0" "--network" "none" "ghcr.io/rust-lang/crates-build-env/linux@sha256:f3a9d4ad9d972b27faf3965f35b62e55ba32bbce8f20bc8fe909558a86702fde" "/opt/rustwide/cargo-home/bin/cargo" "+1.83.0" "test" "--frozen" "--no-run" "--message-format=json", kill_on_drop: false }`
[INFO] [stdout] da7f9ef707f8cf86757eb4c9326eec3270b8712c1f3b3420c909c8c1c35c8309
[INFO] running `Command { std: "docker" "start" "-a" "da7f9ef707f8cf86757eb4c9326eec3270b8712c1f3b3420c909c8c1c35c8309", kill_on_drop: false }`
[INFO] [stderr]    Compiling ssd1363 v0.1.0 (/opt/rustwide/workdir)
[INFO] [stderr]     Finished `test` profile [unoptimized + debuginfo] target(s) in 0.55s
[INFO] running `Command { std: "docker" "inspect" "da7f9ef707f8cf86757eb4c9326eec3270b8712c1f3b3420c909c8c1c35c8309", kill_on_drop: false }`
[INFO] running `Command { std: "docker" "rm" "-f" "da7f9ef707f8cf86757eb4c9326eec3270b8712c1f3b3420c909c8c1c35c8309", kill_on_drop: false }`
[INFO] [stdout] da7f9ef707f8cf86757eb4c9326eec3270b8712c1f3b3420c909c8c1c35c8309
[INFO] running `Command { std: "docker" "create" "-v" "/var/lib/crater-agent-workspace/builds/worker-5-tc1/target:/opt/rustwide/target:rw,Z" "-v" "/var/lib/crater-agent-workspace/builds/worker-5-tc1/source:/opt/rustwide/workdir:ro,Z" "-v" "/var/lib/crater-agent-workspace/cargo-home:/opt/rustwide/cargo-home:ro,Z" "-v" "/var/lib/crater-agent-workspace/rustup-home:/opt/rustwide/rustup-home:ro,Z" "-e" "SOURCE_DIR=/opt/rustwide/workdir" "-e" "CARGO_TARGET_DIR=/opt/rustwide/target" "-e" "CARGO_INCREMENTAL=0" "-e" "RUST_BACKTRACE=full" "-e" "RUSTFLAGS=--cap-lints=warn" "-e" "RUSTDOCFLAGS=--cap-lints=warn" "-e" "CARGO_HOME=/opt/rustwide/cargo-home" "-e" "RUSTUP_HOME=/opt/rustwide/rustup-home" "-w" "/opt/rustwide/workdir" "-m" "1610612736" "--user" "0:0" "--network" "none" "ghcr.io/rust-lang/crates-build-env/linux@sha256:f3a9d4ad9d972b27faf3965f35b62e55ba32bbce8f20bc8fe909558a86702fde" "/opt/rustwide/cargo-home/bin/cargo" "+1.83.0" "test" "--frozen", kill_on_drop: false }`
[INFO] [stdout] ac73e8ae2a2b9e6e39e3e9bdf4ce02dfa80085f8c625126db585adff0151ee44
[INFO] running `Command { std: "docker" "start" "-a" "ac73e8ae2a2b9e6e39e3e9bdf4ce02dfa80085f8c625126db585adff0151ee44", kill_on_drop: false }`
[INFO] [stderr]     Finished `test` profile [unoptimized + debuginfo] target(s) in 0.03s
[INFO] [stderr]      Running unittests src/lib.rs (/opt/rustwide/target/debug/deps/ssd1363-1967353239c41eeb)
[INFO] [stdout] 
[INFO] [stdout] running 1 test
[INFO] [stdout] test builder::tests::test_output_pin ... ok
[INFO] [stdout] 
[INFO] [stdout] test result: ok. 1 passed; 0 failed; 0 ignored; 0 measured; 0 filtered out; finished in 0.00s
[INFO] [stdout] 
[INFO] [stderr]    Doc-tests ssd1363
[INFO] [stdout] 
[INFO] [stdout] running 7 tests
[INFO] [stdout] test src/builder.rs - builder (line 13) ... ignored
[INFO] [stdout] test src/builder.rs - builder (line 26) ... ignored
[INFO] [stdout] test src/builder.rs - builder (line 42) ... ignored
[INFO] [stdout] test src/lib.rs - (line 12) ... ignored
[INFO] [stdout] test src/mode/graphics.rs - mode::graphics (line 3) ... ignored
[INFO] [stdout] test src/properties.rs - properties::DisplayProperties<DI>::get_dimensions (line 95) ... FAILED
[INFO] [stdout] test src/lib.rs - (line 38) - compile ... FAILED
[INFO] [stdout] 
[INFO] [stdout] failures:
[INFO] [stdout] 
[INFO] [stdout] ---- src/properties.rs - properties::DisplayProperties<DI>::get_dimensions (line 95) stdout ----
[INFO] [stdout] error: expected identifier, found `1363`
[INFO] [stdout]  --> src/properties.rs:100:5
[INFO] [stdout]   |
[INFO] [stdout] 7 | use 1363::prelude::*;
[INFO] [stdout]   |     ^^^^ expected identifier
[INFO] [stdout] 
[INFO] [stdout] error: aborting due to 1 previous error
[INFO] [stdout] 
[INFO] [stdout] Couldn't compile the test.
[INFO] [stdout] ---- src/lib.rs - (line 38) stdout ----
[INFO] [stdout] error: expected identifier, found `1363`
[INFO] [stdout]  --> src/lib.rs:46:14
[INFO] [stdout]   |
[INFO] [stdout] 9 | extern crate 1363;
[INFO] [stdout]   |              ^^^^ expected identifier
[INFO] [stdout] 
[INFO] [stdout] error: aborting due to 1 previous error
[INFO] [stdout] 
[INFO] [stdout] Couldn't compile the test.
[INFO] [stdout] 
[INFO] [stdout] failures:
[INFO] [stdout]     src/lib.rs - (line 38)
[INFO] [stdout]     src/properties.rs - properties::DisplayProperties<DI>::get_dimensions (line 95)
[INFO] [stdout] 
[INFO] [stdout] test result: FAILED. 0 passed; 2 failed; 5 ignored; 0 measured; 0 filtered out; finished in 0.12s
[INFO] [stdout] 
[INFO] [stderr] error: doctest failed, to rerun pass `--doc`
[INFO] running `Command { std: "docker" "inspect" "ac73e8ae2a2b9e6e39e3e9bdf4ce02dfa80085f8c625126db585adff0151ee44", kill_on_drop: false }`
[INFO] running `Command { std: "docker" "rm" "-f" "ac73e8ae2a2b9e6e39e3e9bdf4ce02dfa80085f8c625126db585adff0151ee44", kill_on_drop: false }`
[INFO] [stdout] ac73e8ae2a2b9e6e39e3e9bdf4ce02dfa80085f8c625126db585adff0151ee44
