[INFO] cloning repository https://github.com/yourboirusty/poodg
[INFO] running `Command { std: "git" "-c" "credential.helper=" "-c" "credential.helper=/workspace/cargo-home/bin/git-credential-null" "clone" "--bare" "https://github.com/yourboirusty/poodg" "/workspace/cache/git-repos/https%3A%2F%2Fgithub.com%2Fyourboirusty%2Fpoodg", kill_on_drop: false }`
[INFO] [stderr] Cloning into bare repository '/workspace/cache/git-repos/https%3A%2F%2Fgithub.com%2Fyourboirusty%2Fpoodg'...
[INFO] running `Command { std: "git" "rev-parse" "HEAD", kill_on_drop: false }`
[INFO] [stdout] 5eef5226ab31f87a5d7701becb74dceb44469fd8
[INFO] testing yourboirusty/poodg against beta-2024-12-08 for beta-1.84.0-4-retry
[INFO] running `Command { std: "git" "clone" "/workspace/cache/git-repos/https%3A%2F%2Fgithub.com%2Fyourboirusty%2Fpoodg" "/workspace/builds/worker-0-tc2/source", kill_on_drop: false }`
[INFO] [stderr] Cloning into '/workspace/builds/worker-0-tc2/source'...
[INFO] [stderr] done.
[INFO] validating manifest of git repo https://github.com/yourboirusty/poodg on toolchain beta-2024-12-08
[INFO] running `Command { std: CARGO_HOME="/workspace/cargo-home" RUSTUP_HOME="/workspace/rustup-home" "/workspace/cargo-home/bin/cargo" "+beta-2024-12-08" "metadata" "--manifest-path" "Cargo.toml" "--no-deps", kill_on_drop: false }`
[INFO] removed /workspace/builds/worker-0-tc2/source/.cargo/config.toml
[INFO] started tweaking git repo https://github.com/yourboirusty/poodg
[INFO] finished tweaking git repo https://github.com/yourboirusty/poodg
[INFO] tweaked toml for git repo https://github.com/yourboirusty/poodg written to /workspace/builds/worker-0-tc2/source/Cargo.toml
[INFO] crate git repo https://github.com/yourboirusty/poodg already has a lockfile, it will not be regenerated
[INFO] running `Command { std: CARGO_HOME="/workspace/cargo-home" RUSTUP_HOME="/workspace/rustup-home" "/workspace/cargo-home/bin/cargo" "+beta-2024-12-08" "fetch" "--manifest-path" "Cargo.toml", kill_on_drop: false }`
[INFO] running `Command { std: "docker" "create" "-v" "/var/lib/crater-agent-workspace/builds/worker-0-tc2/target:/opt/rustwide/target:rw,Z" "-v" "/var/lib/crater-agent-workspace/builds/worker-0-tc2/source:/opt/rustwide/workdir:ro,Z" "-v" "/var/lib/crater-agent-workspace/cargo-home:/opt/rustwide/cargo-home:ro,Z" "-v" "/var/lib/crater-agent-workspace/rustup-home:/opt/rustwide/rustup-home:ro,Z" "-e" "SOURCE_DIR=/opt/rustwide/workdir" "-e" "CARGO_TARGET_DIR=/opt/rustwide/target" "-e" "CARGO_HOME=/opt/rustwide/cargo-home" "-e" "RUSTUP_HOME=/opt/rustwide/rustup-home" "-w" "/opt/rustwide/workdir" "-m" "1610612736" "--user" "0:0" "--network" "none" "ghcr.io/rust-lang/crates-build-env/linux@sha256:f3a9d4ad9d972b27faf3965f35b62e55ba32bbce8f20bc8fe909558a86702fde" "/opt/rustwide/cargo-home/bin/cargo" "+beta-2024-12-08" "metadata" "--no-deps" "--format-version=1", kill_on_drop: false }`
[INFO] [stdout] 21eabecf0f790bbf670fecdacccb0d9dd3c32282a2cd74722a66bf91d77b6653
[INFO] running `Command { std: "docker" "start" "-a" "21eabecf0f790bbf670fecdacccb0d9dd3c32282a2cd74722a66bf91d77b6653", kill_on_drop: false }`
[INFO] running `Command { std: "docker" "inspect" "21eabecf0f790bbf670fecdacccb0d9dd3c32282a2cd74722a66bf91d77b6653", kill_on_drop: false }`
[INFO] running `Command { std: "docker" "rm" "-f" "21eabecf0f790bbf670fecdacccb0d9dd3c32282a2cd74722a66bf91d77b6653", kill_on_drop: false }`
[INFO] [stdout] 21eabecf0f790bbf670fecdacccb0d9dd3c32282a2cd74722a66bf91d77b6653
[INFO] running `Command { std: "docker" "create" "-v" "/var/lib/crater-agent-workspace/builds/worker-0-tc2/target:/opt/rustwide/target:rw,Z" "-v" "/var/lib/crater-agent-workspace/builds/worker-0-tc2/source:/opt/rustwide/workdir:ro,Z" "-v" "/var/lib/crater-agent-workspace/cargo-home:/opt/rustwide/cargo-home:ro,Z" "-v" "/var/lib/crater-agent-workspace/rustup-home:/opt/rustwide/rustup-home:ro,Z" "-e" "SOURCE_DIR=/opt/rustwide/workdir" "-e" "CARGO_TARGET_DIR=/opt/rustwide/target" "-e" "CARGO_INCREMENTAL=0" "-e" "RUST_BACKTRACE=full" "-e" "RUSTFLAGS=--cap-lints=warn" "-e" "RUSTDOCFLAGS=--cap-lints=warn" "-e" "CARGO_HOME=/opt/rustwide/cargo-home" "-e" "RUSTUP_HOME=/opt/rustwide/rustup-home" "-w" "/opt/rustwide/workdir" "-m" "1610612736" "--user" "0:0" "--network" "none" "ghcr.io/rust-lang/crates-build-env/linux@sha256:f3a9d4ad9d972b27faf3965f35b62e55ba32bbce8f20bc8fe909558a86702fde" "/opt/rustwide/cargo-home/bin/cargo" "+beta-2024-12-08" "build" "--frozen" "--message-format=json", kill_on_drop: false }`
[INFO] [stdout] e3aabf6e727c3194073c8c3171ad1c2fa1f52c11ac156ae466543992a484f8ef
[INFO] running `Command { std: "docker" "start" "-a" "e3aabf6e727c3194073c8c3171ad1c2fa1f52c11ac156ae466543992a484f8ef", kill_on_drop: false }`
[INFO] [stderr]    Compiling autocfg v1.1.0
[INFO] [stderr]    Compiling cfg-if v1.0.0
[INFO] [stderr]    Compiling crossbeam-utils v0.8.14
[INFO] [stderr]    Compiling libc v0.2.158
[INFO] [stderr]    Compiling proc-macro2 v1.0.64
[INFO] [stderr]    Compiling version_check v0.9.4
[INFO] [stderr]    Compiling unicode-ident v1.0.10
[INFO] [stderr]    Compiling scopeguard v1.1.0
[INFO] [stderr]    Compiling quote v1.0.29
[INFO] [stderr]    Compiling byteorder v1.4.3
[INFO] [stderr]    Compiling rayon-core v1.10.2
[INFO] [stderr]    Compiling az v1.2.1
[INFO] [stderr]    Compiling syn v1.0.109
[INFO] [stderr]    Compiling version-compare v0.1.1
[INFO] [stderr]    Compiling either v1.8.1
[INFO] [stderr]    Compiling crc32fast v1.3.2
[INFO] [stderr]    Compiling adler32 v1.2.0
[INFO] [stderr]    Compiling bitflags v1.3.2
[INFO] [stderr]    Compiling adler v1.0.2
[INFO] [stderr]    Compiling paste v1.0.15
[INFO] [stderr]    Compiling weezl v0.1.7
[INFO] [stderr]    Compiling miniz_oxide v0.3.7
[INFO] [stderr]    Compiling num-traits v0.2.19
[INFO] [stderr]    Compiling memoffset v0.7.1
[INFO] [stderr]    Compiling crossbeam-epoch v0.9.13
[INFO] [stderr]    Compiling num-integer v0.1.45
[INFO] [stderr]    Compiling sdl2-sys v0.35.2
[INFO] [stderr]    Compiling miniz_oxide v0.4.4
[INFO] [stderr]    Compiling proc-macro-error-attr v1.0.4
[INFO] [stderr]    Compiling proc-macro-error v1.0.4
[INFO] [stderr]    Compiling num-rational v0.3.2
[INFO] [stderr]    Compiling num-iter v0.1.43
[INFO] [stderr]    Compiling deflate v0.8.6
[INFO] [stderr]    Compiling color_quant v1.1.0
[INFO] [stderr]    Compiling sdl2 v0.35.2
[INFO] [stderr]    Compiling Inflector v0.11.4
[INFO] [stderr]    Compiling micromath v2.0.0
[INFO] [stderr]    Compiling typenum v1.17.0
[INFO] [stderr]    Compiling bytemuck v1.13.0
[INFO] [stderr]    Compiling crossbeam-channel v0.5.6
[INFO] [stderr]    Compiling png v0.16.8
[INFO] [stderr]    Compiling gif v0.11.4
[INFO] [stderr]    Compiling crossbeam-deque v0.8.2
[INFO] [stderr]    Compiling scoped_threadpool v0.1.9
[INFO] [stderr]    Compiling aliasable v0.1.3
[INFO] [stderr]    Compiling num_cpus v1.15.0
[INFO] [stderr]    Compiling lazy_static v1.5.0
[INFO] [stderr]    Compiling base64 v0.13.1
[INFO] [stderr]    Compiling gcd v2.3.0
[INFO] [stderr]    Compiling poodg v0.2.0 (/opt/rustwide/workdir)
[INFO] [stderr]    Compiling embedded-graphics-core v0.4.0
[INFO] [stderr]    Compiling rand_core v0.6.4
[INFO] [stderr]    Compiling float-cmp v0.9.0
[INFO] [stderr]    Compiling rayon v1.6.1
[INFO] [stderr]    Compiling num-complex v0.4.6
[INFO] [stderr]    Compiling approx v0.5.1
[INFO] [stderr]    Compiling rand v0.8.5
[INFO] [stderr]    Compiling fugit v0.3.7
[INFO] [stderr]    Compiling num-rational v0.4.2
[INFO] [stderr]    Compiling web-time v1.1.0
[INFO] [stderr]    Compiling itoa v1.0.11
[INFO] [stderr]    Compiling once_cell v1.19.0
[INFO] [stderr]    Compiling simba v0.9.0
[INFO] [stderr]    Compiling embedded-graphics v0.8.1
[INFO] [stderr]    Compiling tinybmp v0.5.0
[INFO] [stderr]    Compiling ouroboros_macro v0.15.6
[INFO] [stderr]    Compiling jpeg-decoder v0.1.22
[INFO] [stderr]    Compiling tiff v0.6.1
[INFO] [stderr]    Compiling image v0.23.14
[INFO] [stderr]    Compiling ouroboros v0.15.6
[INFO] [stderr]    Compiling nalgebra v0.33.0
[INFO] [stderr]    Compiling embedded-graphics-simulator v0.5.0
[INFO] [stdout] warning: unused import: `embedded_graphics::prelude`
[INFO] [stdout]  --> src/game/mod.rs:7:5
[INFO] [stdout]   |
[INFO] [stdout] 7 | use embedded_graphics::prelude::*;
[INFO] [stdout]   |     ^^^^^^^^^^^^^^^^^^^^^^^^^^
[INFO] [stdout]   |
[INFO] [stdout]   = note: `#[warn(unused_imports)]` on by default
[INFO] [stdout] 
[INFO] [stdout] 
[INFO] [stdout] warning: unused variable: `keymod`
[INFO] [stdout]   --> src/controls/native.rs:70:17
[INFO] [stdout]    |
[INFO] [stdout] 70 |                 keymod,
[INFO] [stdout]    |                 ^^^^^^ help: try ignoring the field: `keymod: _`
[INFO] [stdout]    |
[INFO] [stdout]    = note: `#[warn(unused_variables)]` on by default
[INFO] [stdout] 
[INFO] [stdout] 
[INFO] [stdout] warning: unused variable: `repeat`
[INFO] [stdout]   --> src/controls/native.rs:71:17
[INFO] [stdout]    |
[INFO] [stdout] 71 |                 repeat,
[INFO] [stdout]    |                 ^^^^^^ help: try ignoring the field: `repeat: _`
[INFO] [stdout] 
[INFO] [stdout] 
[INFO] [stdout] warning: unused variable: `point`
[INFO] [stdout]   --> src/controls/native.rs:79:58
[INFO] [stdout]    |
[INFO] [stdout] 79 |             SimulatorEvent::MouseButtonDown { mouse_btn, point } => {
[INFO] [stdout]    |                                                          ^^^^^ help: try ignoring the field: `point: _`
[INFO] [stdout] 
[INFO] [stdout] 
[INFO] [stdout] warning: variants `WalkSpeed`, `HookSpeed`, and `HookSize` are never constructed
[INFO] [stdout]   --> src/game/mod.rs:83:5
[INFO] [stdout]    |
[INFO] [stdout] 82 | enum RuneEnum {
[INFO] [stdout]    |      -------- variants in this enum
[INFO] [stdout] 83 |     WalkSpeed(i32),
[INFO] [stdout]    |     ^^^^^^^^^
[INFO] [stdout] 84 |     HookSpeed(i32),
[INFO] [stdout]    |     ^^^^^^^^^
[INFO] [stdout] 85 |     HookSize(i32),
[INFO] [stdout]    |     ^^^^^^^^
[INFO] [stdout]    |
[INFO] [stdout]    = note: `RuneEnum` has derived impls for the traits `Clone` and `Debug`, but these are intentionally ignored during dead code analysis
[INFO] [stdout]    = note: `#[warn(dead_code)]` on by default
[INFO] [stdout] 
[INFO] [stdout] 
[INFO] [stdout] warning: variants `Blockade` and `Rune` are never constructed
[INFO] [stdout]   --> src/game/mod.rs:97:5
[INFO] [stdout]    |
[INFO] [stdout] 95 | enum Hookable {
[INFO] [stdout]    |      -------- variants in this enum
[INFO] [stdout] 96 |     Creep(Creep),
[INFO] [stdout] 97 |     Blockade,
[INFO] [stdout]    |     ^^^^^^^^
[INFO] [stdout] 98 |     Rune(RuneEnum),
[INFO] [stdout]    |     ^^^^
[INFO] [stdout]    |
[INFO] [stdout]    = note: `Hookable` has derived impls for the traits `Clone` and `Debug`, but these are intentionally ignored during dead code analysis
[INFO] [stdout] 
[INFO] [stdout] 
[INFO] [stdout] warning: enum `GameDifficultyEnum` is never used
[INFO] [stdout]    --> src/game/mod.rs:101:6
[INFO] [stdout]     |
[INFO] [stdout] 101 | enum GameDifficultyEnum {
[INFO] [stdout]     |      ^^^^^^^^^^^^^^^^^^
[INFO] [stdout] 
[INFO] [stdout] 
[INFO] [stdout] warning: method `to_str` is never used
[INFO] [stdout]    --> src/game/mod.rs:168:12
[INFO] [stdout]     |
[INFO] [stdout] 129 | impl GameState {
[INFO] [stdout]     | -------------- method in this implementation
[INFO] [stdout] ...
[INFO] [stdout] 168 |     pub fn to_str(&self) -> &str {
[INFO] [stdout]     |            ^^^^^^
[INFO] [stdout] 
[INFO] [stdout] 
[INFO] [stdout] warning: method `contains` is never used
[INFO] [stdout]   --> src/game/object.rs:85:12
[INFO] [stdout]    |
[INFO] [stdout] 68 | impl GameObject {
[INFO] [stdout]    | --------------- method in this implementation
[INFO] [stdout] ...
[INFO] [stdout] 85 |     pub fn contains(&self, point: &GamePoint) -> bool {
[INFO] [stdout]    |            ^^^^^^^^
[INFO] [stdout] 
[INFO] [stdout] 
[INFO] [stdout] warning: variant `Cooldown` is never constructed
[INFO] [stdout]   --> src/game/pudge.rs:33:5
[INFO] [stdout]    |
[INFO] [stdout] 30 | enum PudgeState {
[INFO] [stdout]    |      ---------- variant in this enum
[INFO] [stdout] ...
[INFO] [stdout] 33 |     Cooldown(TickCount),
[INFO] [stdout]    |     ^^^^^^^^
[INFO] [stdout]    |
[INFO] [stdout]    = note: `PudgeState` has a derived impl for the trait `Debug`, but this is intentionally ignored during dead code analysis
[INFO] [stdout] 
[INFO] [stdout] 
[INFO] [stdout] warning: struct `SpawnerBuilder` is never constructed
[INFO] [stdout]   --> src/game/spawner.rs:14:12
[INFO] [stdout]    |
[INFO] [stdout] 14 | pub struct SpawnerBuilder {
[INFO] [stdout]    |            ^^^^^^^^^^^^^^
[INFO] [stdout] 
[INFO] [stdout] 
[INFO] [stdout] warning: associated function `from_config` is never used
[INFO] [stdout]   --> src/game/spawner.rs:21:12
[INFO] [stdout]    |
[INFO] [stdout] 20 | impl Spawner {
[INFO] [stdout]    | ------------ associated function in this implementation
[INFO] [stdout] 21 |     pub fn from_config(config: SpawnerBuilder) -> Self {
[INFO] [stdout]    |            ^^^^^^^^^^^
[INFO] [stdout] 
[INFO] [stdout] 
[INFO] [stderr]     Finished `dev` profile [optimized + debuginfo] target(s) in 1m 32s
[INFO] running `Command { std: "docker" "inspect" "e3aabf6e727c3194073c8c3171ad1c2fa1f52c11ac156ae466543992a484f8ef", kill_on_drop: false }`
[INFO] running `Command { std: "docker" "rm" "-f" "e3aabf6e727c3194073c8c3171ad1c2fa1f52c11ac156ae466543992a484f8ef", kill_on_drop: false }`
[INFO] [stdout] e3aabf6e727c3194073c8c3171ad1c2fa1f52c11ac156ae466543992a484f8ef
[INFO] running `Command { std: "docker" "create" "-v" "/var/lib/crater-agent-workspace/builds/worker-0-tc2/target:/opt/rustwide/target:rw,Z" "-v" "/var/lib/crater-agent-workspace/builds/worker-0-tc2/source:/opt/rustwide/workdir:ro,Z" "-v" "/var/lib/crater-agent-workspace/cargo-home:/opt/rustwide/cargo-home:ro,Z" "-v" "/var/lib/crater-agent-workspace/rustup-home:/opt/rustwide/rustup-home:ro,Z" "-e" "SOURCE_DIR=/opt/rustwide/workdir" "-e" "CARGO_TARGET_DIR=/opt/rustwide/target" "-e" "CARGO_INCREMENTAL=0" "-e" "RUST_BACKTRACE=full" "-e" "RUSTFLAGS=--cap-lints=warn" "-e" "RUSTDOCFLAGS=--cap-lints=warn" "-e" "CARGO_HOME=/opt/rustwide/cargo-home" "-e" "RUSTUP_HOME=/opt/rustwide/rustup-home" "-w" "/opt/rustwide/workdir" "-m" "1610612736" "--user" "0:0" "--network" "none" "ghcr.io/rust-lang/crates-build-env/linux@sha256:f3a9d4ad9d972b27faf3965f35b62e55ba32bbce8f20bc8fe909558a86702fde" "/opt/rustwide/cargo-home/bin/cargo" "+beta-2024-12-08" "test" "--frozen" "--no-run" "--message-format=json", kill_on_drop: false }`
[INFO] [stdout] 148cb6b29c3658498d84b538ff380459a97a59f5515d40ee2588b602396a4426
[INFO] running `Command { std: "docker" "start" "-a" "148cb6b29c3658498d84b538ff380459a97a59f5515d40ee2588b602396a4426", kill_on_drop: false }`
[INFO] [stderr]    Compiling poodg v0.2.0 (/opt/rustwide/workdir)
[INFO] [stdout] warning: unused import: `embedded_graphics::prelude`
[INFO] [stdout]  --> src/game/mod.rs:7:5
[INFO] [stdout]   |
[INFO] [stdout] 7 | use embedded_graphics::prelude::*;
[INFO] [stdout]   |     ^^^^^^^^^^^^^^^^^^^^^^^^^^
[INFO] [stdout]   |
[INFO] [stdout]   = note: `#[warn(unused_imports)]` on by default
[INFO] [stdout] 
[INFO] [stdout] 
[INFO] [stdout] warning: unused variable: `keymod`
[INFO] [stdout]   --> src/controls/native.rs:70:17
[INFO] [stdout]    |
[INFO] [stdout] 70 |                 keymod,
[INFO] [stdout]    |                 ^^^^^^ help: try ignoring the field: `keymod: _`
[INFO] [stdout]    |
[INFO] [stdout]    = note: `#[warn(unused_variables)]` on by default
[INFO] [stdout] 
[INFO] [stdout] 
[INFO] [stdout] warning: unused variable: `repeat`
[INFO] [stdout]   --> src/controls/native.rs:71:17
[INFO] [stdout]    |
[INFO] [stdout] 71 |                 repeat,
[INFO] [stdout]    |                 ^^^^^^ help: try ignoring the field: `repeat: _`
[INFO] [stdout] 
[INFO] [stdout] 
[INFO] [stdout] warning: unused variable: `point`
[INFO] [stdout]   --> src/controls/native.rs:79:58
[INFO] [stdout]    |
[INFO] [stdout] 79 |             SimulatorEvent::MouseButtonDown { mouse_btn, point } => {
[INFO] [stdout]    |                                                          ^^^^^ help: try ignoring the field: `point: _`
[INFO] [stdout] 
[INFO] [stdout] 
[INFO] [stdout] warning: variants `WalkSpeed`, `HookSpeed`, and `HookSize` are never constructed
[INFO] [stdout]   --> src/game/mod.rs:83:5
[INFO] [stdout]    |
[INFO] [stdout] 82 | enum RuneEnum {
[INFO] [stdout]    |      -------- variants in this enum
[INFO] [stdout] 83 |     WalkSpeed(i32),
[INFO] [stdout]    |     ^^^^^^^^^
[INFO] [stdout] 84 |     HookSpeed(i32),
[INFO] [stdout]    |     ^^^^^^^^^
[INFO] [stdout] 85 |     HookSize(i32),
[INFO] [stdout]    |     ^^^^^^^^
[INFO] [stdout]    |
[INFO] [stdout]    = note: `RuneEnum` has derived impls for the traits `Clone` and `Debug`, but these are intentionally ignored during dead code analysis
[INFO] [stdout]    = note: `#[warn(dead_code)]` on by default
[INFO] [stdout] 
[INFO] [stdout] 
[INFO] [stdout] warning: variants `Blockade` and `Rune` are never constructed
[INFO] [stdout]   --> src/game/mod.rs:97:5
[INFO] [stdout]    |
[INFO] [stdout] 95 | enum Hookable {
[INFO] [stdout]    |      -------- variants in this enum
[INFO] [stdout] 96 |     Creep(Creep),
[INFO] [stdout] 97 |     Blockade,
[INFO] [stdout]    |     ^^^^^^^^
[INFO] [stdout] 98 |     Rune(RuneEnum),
[INFO] [stdout]    |     ^^^^
[INFO] [stdout]    |
[INFO] [stdout]    = note: `Hookable` has derived impls for the traits `Clone` and `Debug`, but these are intentionally ignored during dead code analysis
[INFO] [stdout] 
[INFO] [stdout] 
[INFO] [stdout] warning: enum `GameDifficultyEnum` is never used
[INFO] [stdout]    --> src/game/mod.rs:101:6
[INFO] [stdout]     |
[INFO] [stdout] 101 | enum GameDifficultyEnum {
[INFO] [stdout]     |      ^^^^^^^^^^^^^^^^^^
[INFO] [stdout] 
[INFO] [stdout] 
[INFO] [stdout] warning: method `to_str` is never used
[INFO] [stdout]    --> src/game/mod.rs:168:12
[INFO] [stdout]     |
[INFO] [stdout] 129 | impl GameState {
[INFO] [stdout]     | -------------- method in this implementation
[INFO] [stdout] ...
[INFO] [stdout] 168 |     pub fn to_str(&self) -> &str {
[INFO] [stdout]     |            ^^^^^^
[INFO] [stdout] 
[INFO] [stdout] 
[INFO] [stdout] warning: method `contains` is never used
[INFO] [stdout]   --> src/game/object.rs:85:12
[INFO] [stdout]    |
[INFO] [stdout] 68 | impl GameObject {
[INFO] [stdout]    | --------------- method in this implementation
[INFO] [stdout] ...
[INFO] [stdout] 85 |     pub fn contains(&self, point: &GamePoint) -> bool {
[INFO] [stdout]    |            ^^^^^^^^
[INFO] [stdout] 
[INFO] [stdout] 
[INFO] [stdout] warning: variant `Cooldown` is never constructed
[INFO] [stdout]   --> src/game/pudge.rs:33:5
[INFO] [stdout]    |
[INFO] [stdout] 30 | enum PudgeState {
[INFO] [stdout]    |      ---------- variant in this enum
[INFO] [stdout] ...
[INFO] [stdout] 33 |     Cooldown(TickCount),
[INFO] [stdout]    |     ^^^^^^^^
[INFO] [stdout]    |
[INFO] [stdout]    = note: `PudgeState` has a derived impl for the trait `Debug`, but this is intentionally ignored during dead code analysis
[INFO] [stdout] 
[INFO] [stdout] 
[INFO] [stdout] warning: struct `SpawnerBuilder` is never constructed
[INFO] [stdout]   --> src/game/spawner.rs:14:12
[INFO] [stdout]    |
[INFO] [stdout] 14 | pub struct SpawnerBuilder {
[INFO] [stdout]    |            ^^^^^^^^^^^^^^
[INFO] [stdout] 
[INFO] [stdout] 
[INFO] [stdout] warning: associated function `from_config` is never used
[INFO] [stdout]   --> src/game/spawner.rs:21:12
[INFO] [stdout]    |
[INFO] [stdout] 20 | impl Spawner {
[INFO] [stdout]    | ------------ associated function in this implementation
[INFO] [stdout] 21 |     pub fn from_config(config: SpawnerBuilder) -> Self {
[INFO] [stdout]    |            ^^^^^^^^^^^
[INFO] [stdout] 
[INFO] [stdout] 
[INFO] [stderr]     Finished `test` profile [optimized + debuginfo] target(s) in 0.77s
[INFO] running `Command { std: "docker" "inspect" "148cb6b29c3658498d84b538ff380459a97a59f5515d40ee2588b602396a4426", kill_on_drop: false }`
[INFO] running `Command { std: "docker" "rm" "-f" "148cb6b29c3658498d84b538ff380459a97a59f5515d40ee2588b602396a4426", kill_on_drop: false }`
[INFO] [stdout] 148cb6b29c3658498d84b538ff380459a97a59f5515d40ee2588b602396a4426
[INFO] running `Command { std: "docker" "create" "-v" "/var/lib/crater-agent-workspace/builds/worker-0-tc2/target:/opt/rustwide/target:rw,Z" "-v" "/var/lib/crater-agent-workspace/builds/worker-0-tc2/source:/opt/rustwide/workdir:ro,Z" "-v" "/var/lib/crater-agent-workspace/cargo-home:/opt/rustwide/cargo-home:ro,Z" "-v" "/var/lib/crater-agent-workspace/rustup-home:/opt/rustwide/rustup-home:ro,Z" "-e" "SOURCE_DIR=/opt/rustwide/workdir" "-e" "CARGO_TARGET_DIR=/opt/rustwide/target" "-e" "CARGO_INCREMENTAL=0" "-e" "RUST_BACKTRACE=full" "-e" "RUSTFLAGS=--cap-lints=warn" "-e" "RUSTDOCFLAGS=--cap-lints=warn" "-e" "CARGO_HOME=/opt/rustwide/cargo-home" "-e" "RUSTUP_HOME=/opt/rustwide/rustup-home" "-w" "/opt/rustwide/workdir" "-m" "1610612736" "--user" "0:0" "--network" "none" "ghcr.io/rust-lang/crates-build-env/linux@sha256:f3a9d4ad9d972b27faf3965f35b62e55ba32bbce8f20bc8fe909558a86702fde" "/opt/rustwide/cargo-home/bin/cargo" "+beta-2024-12-08" "test" "--frozen", kill_on_drop: false }`
[INFO] [stdout] f2811892b8e40f65eb3096b401962f547c59cc512f25e1908ea875e6ad1d1235
[INFO] running `Command { std: "docker" "start" "-a" "f2811892b8e40f65eb3096b401962f547c59cc512f25e1908ea875e6ad1d1235", kill_on_drop: false }`
[INFO] [stderr] warning: unused import: `embedded_graphics::prelude`
[INFO] [stderr]  --> src/game/mod.rs:7:5
[INFO] [stderr]   |
[INFO] [stderr] 7 | use embedded_graphics::prelude::*;
[INFO] [stderr]   |     ^^^^^^^^^^^^^^^^^^^^^^^^^^
[INFO] [stderr]   |
[INFO] [stderr]   = note: `#[warn(unused_imports)]` on by default
[INFO] [stderr] 
[INFO] [stderr] warning: unused variable: `keymod`
[INFO] [stderr]   --> src/controls/native.rs:70:17
[INFO] [stderr]    |
[INFO] [stderr] 70 |                 keymod,
[INFO] [stderr]    |                 ^^^^^^ help: try ignoring the field: `keymod: _`
[INFO] [stderr]    |
[INFO] [stderr]    = note: `#[warn(unused_variables)]` on by default
[INFO] [stderr] 
[INFO] [stderr] warning: unused variable: `repeat`
[INFO] [stderr]   --> src/controls/native.rs:71:17
[INFO] [stderr]    |
[INFO] [stderr] 71 |                 repeat,
[INFO] [stderr]    |                 ^^^^^^ help: try ignoring the field: `repeat: _`
[INFO] [stderr] 
[INFO] [stderr] warning: unused variable: `point`
[INFO] [stderr]   --> src/controls/native.rs:79:58
[INFO] [stderr]    |
[INFO] [stderr] 79 |             SimulatorEvent::MouseButtonDown { mouse_btn, point } => {
[INFO] [stderr]    |                                                          ^^^^^ help: try ignoring the field: `point: _`
[INFO] [stderr] 
[INFO] [stderr] warning: variants `WalkSpeed`, `HookSpeed`, and `HookSize` are never constructed
[INFO] [stderr]   --> src/game/mod.rs:83:5
[INFO] [stderr]    |
[INFO] [stderr] 82 | enum RuneEnum {
[INFO] [stderr]    |      -------- variants in this enum
[INFO] [stderr] 83 |     WalkSpeed(i32),
[INFO] [stderr]    |     ^^^^^^^^^
[INFO] [stderr] 84 |     HookSpeed(i32),
[INFO] [stderr]    |     ^^^^^^^^^
[INFO] [stderr] 85 |     HookSize(i32),
[INFO] [stderr]    |     ^^^^^^^^
[INFO] [stderr]    |
[INFO] [stderr]    = note: `RuneEnum` has derived impls for the traits `Clone` and `Debug`, but these are intentionally ignored during dead code analysis
[INFO] [stderr]    = note: `#[warn(dead_code)]` on by default
[INFO] [stderr] 
[INFO] [stderr] warning: variants `Blockade` and `Rune` are never constructed
[INFO] [stderr]   --> src/game/mod.rs:97:5
[INFO] [stderr]    |
[INFO] [stderr] 95 | enum Hookable {
[INFO] [stderr]    |      -------- variants in this enum
[INFO] [stderr] 96 |     Creep(Creep),
[INFO] [stderr] 97 |     Blockade,
[INFO] [stderr]    |     ^^^^^^^^
[INFO] [stderr] 98 |     Rune(RuneEnum),
[INFO] [stderr]    |     ^^^^
[INFO] [stderr]    |
[INFO] [stderr]    = note: `Hookable` has derived impls for the traits `Clone` and `Debug`, but these are intentionally ignored during dead code analysis
[INFO] [stderr] 
[INFO] [stderr] warning: enum `GameDifficultyEnum` is never used
[INFO] [stderr]    --> src/game/mod.rs:101:6
[INFO] [stderr]     |
[INFO] [stderr] 101 | enum GameDifficultyEnum {
[INFO] [stderr]     |      ^^^^^^^^^^^^^^^^^^
[INFO] [stderr] 
[INFO] [stderr] warning: method `to_str` is never used
[INFO] [stderr]    --> src/game/mod.rs:168:12
[INFO] [stderr]     |
[INFO] [stderr] 129 | impl GameState {
[INFO] [stderr]     | -------------- method in this implementation
[INFO] [stderr] ...
[INFO] [stderr] 168 |     pub fn to_str(&self) -> &str {
[INFO] [stderr]     |            ^^^^^^
[INFO] [stderr] 
[INFO] [stderr] warning: method `contains` is never used
[INFO] [stderr]   --> src/game/object.rs:85:12
[INFO] [stderr]    |
[INFO] [stderr] 68 | impl GameObject {
[INFO] [stderr]    | --------------- method in this implementation
[INFO] [stderr] ...
[INFO] [stderr] 85 |     pub fn contains(&self, point: &GamePoint) -> bool {
[INFO] [stderr]    |            ^^^^^^^^
[INFO] [stderr] 
[INFO] [stderr] warning: variant `Cooldown` is never constructed
[INFO] [stderr]   --> src/game/pudge.rs:33:5
[INFO] [stderr]    |
[INFO] [stderr] 30 | enum PudgeState {
[INFO] [stderr]    |      ---------- variant in this enum
[INFO] [stderr] ...
[INFO] [stderr] 33 |     Cooldown(TickCount),
[INFO] [stderr]    |     ^^^^^^^^
[INFO] [stderr]    |
[INFO] [stderr]    = note: `PudgeState` has a derived impl for the trait `Debug`, but this is intentionally ignored during dead code analysis
[INFO] [stderr] 
[INFO] [stderr] warning: struct `SpawnerBuilder` is never constructed
[INFO] [stderr]   --> src/game/spawner.rs:14:12
[INFO] [stderr]    |
[INFO] [stderr] 14 | pub struct SpawnerBuilder {
[INFO] [stderr]    |            ^^^^^^^^^^^^^^
[INFO] [stderr] 
[INFO] [stderr] warning: associated function `from_config` is never used
[INFO] [stderr]   --> src/game/spawner.rs:21:12
[INFO] [stderr]    |
[INFO] [stderr] 20 | impl Spawner {
[INFO] [stderr]    | ------------ associated function in this implementation
[INFO] [stderr] 21 |     pub fn from_config(config: SpawnerBuilder) -> Self {
[INFO] [stderr]    |            ^^^^^^^^^^^
[INFO] [stderr] 
[INFO] [stderr] warning: `poodg` (bin "poodg" test) generated 12 warnings
[INFO] [stderr]     Finished `test` profile [optimized + debuginfo] target(s) in 0.10s
[INFO] [stderr]      Running unittests src/main.rs (/opt/rustwide/target/debug/deps/poodg-6f7db80331cff768)
[INFO] [stdout] 
[INFO] [stdout] running 5 tests
[INFO] [stdout] test game::collisions::tests::test_contained_rectangle ... ok
[INFO] [stdout] test game::collisions::tests::test_intersecting_rectangles ... ok
[INFO] [stdout] test game::collisions::tests::test_non_intersecting_rectangles ... ok
[INFO] [stdout] test game::collisions::tests::test_identical_rectangles ... ok
[INFO] [stdout] test game::collisions::tests::test_touching_rectangles_no_overlap ... FAILED
[INFO] [stdout] 
[INFO] [stdout] failures:
[INFO] [stdout] 
[INFO] [stdout] ---- game::collisions::tests::test_touching_rectangles_no_overlap stdout ----
[INFO] [stdout] thread 'game::collisions::tests::test_touching_rectangles_no_overlap' panicked at src/game/collisions.rs:55:9:
[INFO] [stdout] assertion failed: !rect1.intersects(&rect2)
[INFO] [stdout] stack backtrace:
[INFO] [stdout]    0:     0x59b76f186f1a - std::backtrace_rs::backtrace::libunwind::trace::h8810477743020387
[INFO] [stdout]                                at /rustc/202008a1b8de96d2e5b6bc02d379db03a877d34d/library/std/src/../../backtrace/src/backtrace/libunwind.rs:116:5
[INFO] [stdout]    1:     0x59b76f186f1a - std::backtrace_rs::backtrace::trace_unsynchronized::h3aa55355dd6c54a6
[INFO] [stdout]                                at /rustc/202008a1b8de96d2e5b6bc02d379db03a877d34d/library/std/src/../../backtrace/src/backtrace/mod.rs:66:5
[INFO] [stdout]    2:     0x59b76f186f1a - std::sys::backtrace::_print_fmt::h8588b0f62410823f
[INFO] [stdout]                                at /rustc/202008a1b8de96d2e5b6bc02d379db03a877d34d/library/std/src/sys/backtrace.rs:66:9
[INFO] [stdout]    3:     0x59b76f186f1a - <std::sys::backtrace::BacktraceLock::print::DisplayBacktrace as core::fmt::Display>::fmt::h98c26ac25ffe89bb
[INFO] [stdout]                                at /rustc/202008a1b8de96d2e5b6bc02d379db03a877d34d/library/std/src/sys/backtrace.rs:39:26
[INFO] [stdout]    4:     0x59b76f1ac953 - core::fmt::rt::Argument::fmt::hf95377f4aebd453b
[INFO] [stdout]                                at /rustc/202008a1b8de96d2e5b6bc02d379db03a877d34d/library/core/src/fmt/rt.rs:177:76
[INFO] [stdout]    5:     0x59b76f1ac953 - core::fmt::write::h0dd5f6e2238c7982
[INFO] [stdout]                                at /rustc/202008a1b8de96d2e5b6bc02d379db03a877d34d/library/core/src/fmt/mod.rs:1189:21
[INFO] [stdout]    6:     0x59b76f1840b3 - std::io::Write::write_fmt::h03bb0ca26e6faf8c
[INFO] [stdout]                                at /rustc/202008a1b8de96d2e5b6bc02d379db03a877d34d/library/std/src/io/mod.rs:1884:15
[INFO] [stdout]    7:     0x59b76f186d62 - std::sys::backtrace::BacktraceLock::print::h5c19c1c038ee186d
[INFO] [stdout]                                at /rustc/202008a1b8de96d2e5b6bc02d379db03a877d34d/library/std/src/sys/backtrace.rs:42:9
[INFO] [stdout]    8:     0x59b76f18839d - std::panicking::default_hook::{{closure}}::h77172f079a1fcb13
[INFO] [stdout]                                at /rustc/202008a1b8de96d2e5b6bc02d379db03a877d34d/library/std/src/panicking.rs:268:22
[INFO] [stdout]    9:     0x59b76f1881a7 - std::panicking::default_hook::he5f8e3b203ccddba
[INFO] [stdout]                                at /rustc/202008a1b8de96d2e5b6bc02d379db03a877d34d/library/std/src/panicking.rs:292:9
[INFO] [stdout]   10:     0x59b76f151ad7 - <alloc::boxed::Box<F,A> as core::ops::function::Fn<Args>>::call::h7a3c7b4a1ae77f2f
[INFO] [stdout]                                at /rustc/202008a1b8de96d2e5b6bc02d379db03a877d34d/library/alloc/src/boxed.rs:1986:9
[INFO] [stdout]   11:     0x59b76f151ad7 - test::test_main::{{closure}}::hf0d3b69ae9b353d1
[INFO] [stderr] error: test failed, to rerun pass `--bin poodg`
[INFO] [stdout]                                at /rustc/202008a1b8de96d2e5b6bc02d379db03a877d34d/library/test/src/lib.rs:134:21
[INFO] [stdout]   12:     0x59b76f188a48 - <alloc::boxed::Box<F,A> as core::ops::function::Fn<Args>>::call::h6332e82e7b189abd
[INFO] [stdout]                                at /rustc/202008a1b8de96d2e5b6bc02d379db03a877d34d/library/alloc/src/boxed.rs:1986:9
[INFO] [stdout]   13:     0x59b76f188a48 - std::panicking::rust_panic_with_hook::h53863d4e9018df39
[INFO] [stdout]                                at /rustc/202008a1b8de96d2e5b6bc02d379db03a877d34d/library/std/src/panicking.rs:809:13
[INFO] [stdout]   14:     0x59b76f1887d6 - std::panicking::begin_panic_handler::{{closure}}::h67280e6fa0757873
[INFO] [stdout]                                at /rustc/202008a1b8de96d2e5b6bc02d379db03a877d34d/library/std/src/panicking.rs:667:13
[INFO] [stdout]   15:     0x59b76f1873f9 - std::sys::backtrace::__rust_end_short_backtrace::h1dac3f54d6fbbeb2
[INFO] [stdout]                                at /rustc/202008a1b8de96d2e5b6bc02d379db03a877d34d/library/std/src/sys/backtrace.rs:170:18
[INFO] [stdout]   16:     0x59b76f18849c - rust_begin_unwind
[INFO] [stdout]                                at /rustc/202008a1b8de96d2e5b6bc02d379db03a877d34d/library/std/src/panicking.rs:665:5
[INFO] [stdout]   17:     0x59b76f117a90 - core::panicking::panic_fmt::h6792bd1b2bf01041
[INFO] [stdout]                                at /rustc/202008a1b8de96d2e5b6bc02d379db03a877d34d/library/core/src/panicking.rs:76:14
[INFO] [stdout]   18:     0x59b76f117b1c - core::panicking::panic::hbb5c236a846c507c
[INFO] [stdout]                                at /rustc/202008a1b8de96d2e5b6bc02d379db03a877d34d/library/core/src/panicking.rs:148:5
[INFO] [stdout]   19:     0x59b76f11820a - poodg::game::collisions::tests::test_touching_rectangles_no_overlap::haed4b31af780ddf9
[INFO] [stdout]                                at /opt/rustwide/workdir/src/game/collisions.rs:55:9
[INFO] [stdout]   20:     0x59b76f11820a - poodg::game::collisions::tests::test_touching_rectangles_no_overlap::{{closure}}::h86df11e7e73b1afb
[INFO] [stdout]                                at /opt/rustwide/workdir/src/game/collisions.rs:51:45
[INFO] [stdout]   21:     0x59b76f11820a - core::ops::function::FnOnce::call_once::hbca218e2cd170c88
[INFO] [stdout]                                at /rustc/202008a1b8de96d2e5b6bc02d379db03a877d34d/library/core/src/ops/function.rs:250:5
[INFO] [stdout]   22:     0x59b76f1565fb - core::ops::function::FnOnce::call_once::h871bf86719ec9aa4
[INFO] [stdout]                                at /rustc/202008a1b8de96d2e5b6bc02d379db03a877d34d/library/core/src/ops/function.rs:250:5
[INFO] [stdout]   23:     0x59b76f1565fb - test::__rust_begin_short_backtrace::h2167df1e2b7d76fd
[INFO] [stdout]                                at /rustc/202008a1b8de96d2e5b6bc02d379db03a877d34d/library/test/src/lib.rs:632:18
[INFO] [stdout]   24:     0x59b76f155fe8 - test::run_test_in_process::{{closure}}::h15d92f75a3adfb79
[INFO] [stdout]                                at /rustc/202008a1b8de96d2e5b6bc02d379db03a877d34d/library/test/src/lib.rs:655:60
[INFO] [stdout]   25:     0x59b76f155fe8 - <core::panic::unwind_safe::AssertUnwindSafe<F> as core::ops::function::FnOnce<()>>::call_once::hb6c8955835a8dbbb
[INFO] [stdout]                                at /rustc/202008a1b8de96d2e5b6bc02d379db03a877d34d/library/core/src/panic/unwind_safe.rs:272:9
[INFO] [stdout]   26:     0x59b76f155fe8 - std::panicking::try::do_call::hc79d0fc888a0bd30
[INFO] [stdout]                                at /rustc/202008a1b8de96d2e5b6bc02d379db03a877d34d/library/std/src/panicking.rs:557:40
[INFO] [stdout]   27:     0x59b76f155fe8 - std::panicking::try::hb8a7878e3a8589d6
[INFO] [stdout]                                at /rustc/202008a1b8de96d2e5b6bc02d379db03a877d34d/library/std/src/panicking.rs:520:19
[INFO] [stdout]   28:     0x59b76f155fe8 - std::panic::catch_unwind::hb8e4600ff0ff5cfa
[INFO] [stdout]                                at /rustc/202008a1b8de96d2e5b6bc02d379db03a877d34d/library/std/src/panic.rs:358:14
[INFO] [stdout]   29:     0x59b76f155fe8 - test::run_test_in_process::hc2900b0b18688dd6
[INFO] [stdout]                                at /rustc/202008a1b8de96d2e5b6bc02d379db03a877d34d/library/test/src/lib.rs:655:27
[INFO] [stdout]   30:     0x59b76f155fe8 - test::run_test::{{closure}}::hac2a9cb07be3d48d
[INFO] [stdout]                                at /rustc/202008a1b8de96d2e5b6bc02d379db03a877d34d/library/test/src/lib.rs:576:43
[INFO] [stdout]   31:     0x59b76f119a8a - test::run_test::{{closure}}::h4a5b729e66a38cd8
[INFO] [stdout]                                at /rustc/202008a1b8de96d2e5b6bc02d379db03a877d34d/library/test/src/lib.rs:606:41
[INFO] [stdout]   32:     0x59b76f119a8a - std::sys::backtrace::__rust_begin_short_backtrace::h0496fb742492f573
[INFO] [stdout]                                at /rustc/202008a1b8de96d2e5b6bc02d379db03a877d34d/library/std/src/sys/backtrace.rs:154:18
[INFO] [stdout]   33:     0x59b76f11d404 - std::thread::Builder::spawn_unchecked_::{{closure}}::{{closure}}::hbb6d257c550a54bd
[INFO] [stdout]                                at /rustc/202008a1b8de96d2e5b6bc02d379db03a877d34d/library/std/src/thread/mod.rs:561:17
[INFO] [stdout]   34:     0x59b76f11d404 - <core::panic::unwind_safe::AssertUnwindSafe<F> as core::ops::function::FnOnce<()>>::call_once::h46696fe4a6832328
[INFO] [stdout]                                at /rustc/202008a1b8de96d2e5b6bc02d379db03a877d34d/library/core/src/panic/unwind_safe.rs:272:9
[INFO] [stdout]   35:     0x59b76f11d404 - std::panicking::try::do_call::h2625a51b667bfb64
[INFO] [stdout]                                at /rustc/202008a1b8de96d2e5b6bc02d379db03a877d34d/library/std/src/panicking.rs:557:40
[INFO] [stdout]   36:     0x59b76f11d404 - std::panicking::try::hb956a59a1973aa4c
[INFO] [stdout]                                at /rustc/202008a1b8de96d2e5b6bc02d379db03a877d34d/library/std/src/panicking.rs:520:19
[INFO] [stdout]   37:     0x59b76f11d404 - std::panic::catch_unwind::h64f3b9d1067ef6a0
[INFO] [stdout]                                at /rustc/202008a1b8de96d2e5b6bc02d379db03a877d34d/library/std/src/panic.rs:358:14
[INFO] [stdout]   38:     0x59b76f11d404 - std::thread::Builder::spawn_unchecked_::{{closure}}::h42b2841295b6c0b2
[INFO] [stdout]                                at /rustc/202008a1b8de96d2e5b6bc02d379db03a877d34d/library/std/src/thread/mod.rs:559:30
[INFO] [stdout]   39:     0x59b76f11d404 - core::ops::function::FnOnce::call_once{{vtable.shim}}::h6127de71b8124639
[INFO] [stdout]                                at /rustc/202008a1b8de96d2e5b6bc02d379db03a877d34d/library/core/src/ops/function.rs:250:5
[INFO] [stdout]   40:     0x59b76f18c98b - <alloc::boxed::Box<F,A> as core::ops::function::FnOnce<Args>>::call_once::h42f0ba71002a1b2c
[INFO] [stdout]                                at /rustc/202008a1b8de96d2e5b6bc02d379db03a877d34d/library/alloc/src/boxed.rs:1972:9
[INFO] [stdout]   41:     0x59b76f18c98b - <alloc::boxed::Box<F,A> as core::ops::function::FnOnce<Args>>::call_once::had9e47d7a3dcecb8
[INFO] [stdout]                                at /rustc/202008a1b8de96d2e5b6bc02d379db03a877d34d/library/alloc/src/boxed.rs:1972:9
[INFO] [stdout]   42:     0x59b76f18c98b - std::sys::pal::unix::thread::Thread::new::thread_start::h48cf765408f6f5f2
[INFO] [stdout]                                at /rustc/202008a1b8de96d2e5b6bc02d379db03a877d34d/library/std/src/sys/pal/unix/thread.rs:105:17
[INFO] [stdout]   43:     0x7b67b2b92ac3 - <unknown>
[INFO] [stdout]   44:     0x7b67b2c23a04 - clone
[INFO] [stdout]   45:                0x0 - <unknown>
[INFO] [stdout] 
[INFO] [stdout] 
[INFO] [stdout] failures:
[INFO] [stdout]     game::collisions::tests::test_touching_rectangles_no_overlap
[INFO] [stdout] 
[INFO] [stdout] test result: FAILED. 4 passed; 1 failed; 0 ignored; 0 measured; 0 filtered out; finished in 0.02s
[INFO] [stdout] 
[INFO] running `Command { std: "docker" "inspect" "f2811892b8e40f65eb3096b401962f547c59cc512f25e1908ea875e6ad1d1235", kill_on_drop: false }`
[INFO] running `Command { std: "docker" "rm" "-f" "f2811892b8e40f65eb3096b401962f547c59cc512f25e1908ea875e6ad1d1235", kill_on_drop: false }`
[INFO] [stdout] f2811892b8e40f65eb3096b401962f547c59cc512f25e1908ea875e6ad1d1235
