[INFO] cloning repository https://github.com/yorkzero831/rwkv-rs
[INFO] running `Command { std: "git" "-c" "credential.helper=" "-c" "credential.helper=/workspace/cargo-home/bin/git-credential-null" "clone" "--bare" "https://github.com/yorkzero831/rwkv-rs" "/workspace/cache/git-repos/https%3A%2F%2Fgithub.com%2Fyorkzero831%2Frwkv-rs", kill_on_drop: false }`
[INFO] [stderr] Cloning into bare repository '/workspace/cache/git-repos/https%3A%2F%2Fgithub.com%2Fyorkzero831%2Frwkv-rs'...
[INFO] running `Command { std: "git" "rev-parse" "HEAD", kill_on_drop: false }`
[INFO] [stdout] 0bce24d0fdaca9852382242543b1019c9b83950f
[INFO] testing yorkzero831/rwkv-rs against 1.83.0 for beta-1.84.0-4-retry
[INFO] running `Command { std: "git" "clone" "/workspace/cache/git-repos/https%3A%2F%2Fgithub.com%2Fyorkzero831%2Frwkv-rs" "/workspace/builds/worker-4-tc1/source", kill_on_drop: false }`
[INFO] [stderr] Cloning into '/workspace/builds/worker-4-tc1/source'...
[INFO] [stderr] done.
[INFO] validating manifest of git repo https://github.com/yorkzero831/rwkv-rs on toolchain 1.83.0
[INFO] running `Command { std: CARGO_HOME="/workspace/cargo-home" RUSTUP_HOME="/workspace/rustup-home" "/workspace/cargo-home/bin/cargo" "+1.83.0" "metadata" "--manifest-path" "Cargo.toml" "--no-deps", kill_on_drop: false }`
[INFO] started tweaking git repo https://github.com/yorkzero831/rwkv-rs
[INFO] finished tweaking git repo https://github.com/yorkzero831/rwkv-rs
[INFO] tweaked toml for git repo https://github.com/yorkzero831/rwkv-rs written to /workspace/builds/worker-4-tc1/source/Cargo.toml
[INFO] crate git repo https://github.com/yorkzero831/rwkv-rs already has a lockfile, it will not be regenerated
[INFO] running `Command { std: CARGO_HOME="/workspace/cargo-home" RUSTUP_HOME="/workspace/rustup-home" "/workspace/cargo-home/bin/cargo" "+1.83.0" "fetch" "--manifest-path" "Cargo.toml", kill_on_drop: false }`
[INFO] [stderr]     Updating crates.io index
[INFO] [stderr]  Downloading crates ...
[INFO] [stderr]   Downloaded rust_tokenizers v3.1.6
[INFO] running `Command { std: "docker" "create" "-v" "/var/lib/crater-agent-workspace/builds/worker-4-tc1/target:/opt/rustwide/target:rw,Z" "-v" "/var/lib/crater-agent-workspace/builds/worker-4-tc1/source:/opt/rustwide/workdir:ro,Z" "-v" "/var/lib/crater-agent-workspace/cargo-home:/opt/rustwide/cargo-home:ro,Z" "-v" "/var/lib/crater-agent-workspace/rustup-home:/opt/rustwide/rustup-home:ro,Z" "-e" "SOURCE_DIR=/opt/rustwide/workdir" "-e" "CARGO_TARGET_DIR=/opt/rustwide/target" "-e" "CARGO_HOME=/opt/rustwide/cargo-home" "-e" "RUSTUP_HOME=/opt/rustwide/rustup-home" "-w" "/opt/rustwide/workdir" "-m" "1610612736" "--user" "0:0" "--network" "none" "ghcr.io/rust-lang/crates-build-env/linux@sha256:f3a9d4ad9d972b27faf3965f35b62e55ba32bbce8f20bc8fe909558a86702fde" "/opt/rustwide/cargo-home/bin/cargo" "+1.83.0" "metadata" "--no-deps" "--format-version=1", kill_on_drop: false }`
[INFO] [stdout] c51728e131f14fc31e1531093beaeee593e68ba2d9602ed0546177f197a3f1c9
[INFO] running `Command { std: "docker" "start" "-a" "c51728e131f14fc31e1531093beaeee593e68ba2d9602ed0546177f197a3f1c9", kill_on_drop: false }`
[INFO] running `Command { std: "docker" "inspect" "c51728e131f14fc31e1531093beaeee593e68ba2d9602ed0546177f197a3f1c9", kill_on_drop: false }`
[INFO] running `Command { std: "docker" "rm" "-f" "c51728e131f14fc31e1531093beaeee593e68ba2d9602ed0546177f197a3f1c9", kill_on_drop: false }`
[INFO] [stdout] c51728e131f14fc31e1531093beaeee593e68ba2d9602ed0546177f197a3f1c9
[INFO] running `Command { std: "docker" "create" "-v" "/var/lib/crater-agent-workspace/builds/worker-4-tc1/target:/opt/rustwide/target:rw,Z" "-v" "/var/lib/crater-agent-workspace/builds/worker-4-tc1/source:/opt/rustwide/workdir:ro,Z" "-v" "/var/lib/crater-agent-workspace/cargo-home:/opt/rustwide/cargo-home:ro,Z" "-v" "/var/lib/crater-agent-workspace/rustup-home:/opt/rustwide/rustup-home:ro,Z" "-e" "SOURCE_DIR=/opt/rustwide/workdir" "-e" "CARGO_TARGET_DIR=/opt/rustwide/target" "-e" "CARGO_INCREMENTAL=0" "-e" "RUST_BACKTRACE=full" "-e" "RUSTFLAGS=--cap-lints=warn" "-e" "RUSTDOCFLAGS=--cap-lints=warn" "-e" "CARGO_HOME=/opt/rustwide/cargo-home" "-e" "RUSTUP_HOME=/opt/rustwide/rustup-home" "-w" "/opt/rustwide/workdir" "-m" "1610612736" "--user" "0:0" "--network" "none" "ghcr.io/rust-lang/crates-build-env/linux@sha256:f3a9d4ad9d972b27faf3965f35b62e55ba32bbce8f20bc8fe909558a86702fde" "/opt/rustwide/cargo-home/bin/cargo" "+1.83.0" "build" "--frozen" "--message-format=json", kill_on_drop: false }`
[INFO] [stdout] 4fb2728126c57deb6b748d1aa3404c8a9f465197a0078d531a6a15c6533d5c2a
[INFO] running `Command { std: "docker" "start" "-a" "4fb2728126c57deb6b748d1aa3404c8a9f465197a0078d531a6a15c6533d5c2a", kill_on_drop: false }`
[INFO] [stderr]    Compiling unicode-ident v1.0.8
[INFO] [stderr]    Compiling libc v0.2.141
[INFO] [stderr]    Compiling proc-macro2 v1.0.56
[INFO] [stderr]    Compiling quote v1.0.26
[INFO] [stderr]    Compiling memchr v2.5.0
[INFO] [stderr]    Compiling glob v0.3.1
[INFO] [stderr]    Compiling serde_derive v1.0.160
[INFO] [stderr]    Compiling cc v1.0.79
[INFO] [stderr]    Compiling log v0.4.17
[INFO] [stderr]    Compiling syn v1.0.109
[INFO] [stderr]    Compiling serde v1.0.160
[INFO] [stderr]    Compiling thiserror v1.0.40
[INFO] [stderr]    Compiling libloading v0.7.4
[INFO] [stderr]    Compiling either v1.8.1
[INFO] [stderr]    Compiling regex-syntax v0.6.29
[INFO] [stderr]    Compiling bindgen v0.64.0
[INFO] [stderr]    Compiling lazy_static v1.4.0
[INFO] [stderr]    Compiling lazycell v1.3.0
[INFO] [stderr]    Compiling peeking_take_while v0.1.2
[INFO] [stderr]    Compiling shlex v1.1.0
[INFO] [stderr]    Compiling bytemuck v1.13.1
[INFO] [stderr]    Compiling partial_sort v0.2.0
[INFO] [stderr]    Compiling clang-sys v1.6.1
[INFO] [stderr]    Compiling nom v7.1.3
[INFO] [stderr]    Compiling syn v2.0.15
[INFO] [stderr]    Compiling ggml-rwkv-internal v0.1.0 (/opt/rustwide/workdir/ggml-rwkv-internal)
[INFO] [stderr]    Compiling getrandom v0.2.9
[INFO] [stderr]    Compiling which v4.4.0
[INFO] [stderr]    Compiling num_cpus v1.15.0
[INFO] [stderr]    Compiling rand_core v0.6.4
[INFO] [stderr]    Compiling rand_chacha v0.3.1
[INFO] [stderr]    Compiling rand v0.8.5
[INFO] [stderr]    Compiling regex v1.7.3
[INFO] [stderr]    Compiling thiserror-impl v1.0.40
[INFO] [stderr]    Compiling cexpr v0.6.0
[INFO] [stderr]    Compiling ggml-rwkv v0.1.0 (/opt/rustwide/workdir/ggml-rwkv)
[INFO] [stderr]    Compiling serde_bytes v0.11.9
[INFO] [stderr]    Compiling rwkv-rs v0.1.0 (/opt/rustwide/workdir/rwkv-rs)
[INFO] [stdout] warning: unused import: `std::env::temp_dir`
[INFO] [stdout]  --> rwkv-rs/src/loader.rs:2:5
[INFO] [stdout]   |
[INFO] [stdout] 2 | use std::env::temp_dir;
[INFO] [stdout]   |     ^^^^^^^^^^^^^^^^^^
[INFO] [stdout]   |
[INFO] [stdout]   = note: `#[warn(unused_imports)]` on by default
[INFO] [stdout] 
[INFO] [stdout] 
[INFO] [stdout] warning: unused import: `std::process::abort`
[INFO] [stdout]  --> rwkv-rs/src/loader.rs:5:5
[INFO] [stdout]   |
[INFO] [stdout] 5 | use std::process::abort;
[INFO] [stdout]   |     ^^^^^^^^^^^^^^^^^^^
[INFO] [stdout] 
[INFO] [stdout] 
[INFO] [stdout] warning: unused import: `crate::rwkv_session::InferenceSessionParameters`
[INFO] [stdout]  --> rwkv-rs/src/loader.rs:7:5
[INFO] [stdout]   |
[INFO] [stdout] 7 | use crate::rwkv_session::InferenceSessionParameters;
[INFO] [stdout]   |     ^^^^^^^^^^^^^^^^^^^^^^^^^^^^^^^^^^^^^^^^^^^^^^^
[INFO] [stdout] 
[INFO] [stdout] 
[INFO] [stdout] warning: unused import: `std::ptr::null`
[INFO] [stdout]  --> rwkv-rs/src/model.rs:7:5
[INFO] [stdout]   |
[INFO] [stdout] 7 | use std::ptr::null;
[INFO] [stdout]   |     ^^^^^^^^^^^^^^
[INFO] [stdout] 
[INFO] [stdout] 
[INFO] [stdout] warning: unused import: `EvaluateOutputRequest`
[INFO] [stdout]  --> rwkv-rs/src/rwkv_session.rs:4:13
[INFO] [stdout]   |
[INFO] [stdout] 4 | use crate::{EvaluateOutputRequest, InferenceParameters};
[INFO] [stdout]   |             ^^^^^^^^^^^^^^^^^^^^^
[INFO] [stdout] 
[INFO] [stdout] 
[INFO] [stdout] warning: unused variable: `ggml_data_type`
[INFO] [stdout]    --> rwkv-rs/src/loader.rs:328:13
[INFO] [stdout]     |
[INFO] [stdout] 328 |         let ggml_data_type = match data_t {
[INFO] [stdout]     |             ^^^^^^^^^^^^^^ help: if this is intentional, prefix it with an underscore: `_ggml_data_type`
[INFO] [stdout]     |
[INFO] [stdout]     = note: `#[warn(unused_variables)]` on by default
[INFO] [stdout] 
[INFO] [stdout] 
[INFO] [stdout] warning: unused variable: `n_vocab`
[INFO] [stdout]    --> rwkv-rs/src/rwkv_session.rs:356:13
[INFO] [stdout]     |
[INFO] [stdout] 356 |         let n_vocab = model.hparams.n_vocab;
[INFO] [stdout]     |             ^^^^^^^ help: if this is intentional, prefix it with an underscore: `_n_vocab`
[INFO] [stdout] 
[INFO] [stdout] 
[INFO] [stdout] warning: unused variable: `src`
[INFO] [stdout]    --> rwkv-rs/src/rwkv_session.rs:388:21
[INFO] [stdout]     |
[INFO] [stdout] 388 |                 let src = self.logits.data();
[INFO] [stdout]     |                     ^^^ help: if this is intentional, prefix it with an underscore: `_src`
[INFO] [stdout] 
[INFO] [stdout] 
[INFO] [stdout] warning: unused variable: `dst`
[INFO] [stdout]    --> rwkv-rs/src/rwkv_session.rs:389:21
[INFO] [stdout]     |
[INFO] [stdout] 389 |                 let dst = self.last_logits.as_mut_ptr();
[INFO] [stdout]     |                     ^^^ help: if this is intentional, prefix it with an underscore: `_dst`
[INFO] [stdout] 
[INFO] [stdout] 
[INFO] [stdout] warning: variants `HyperparametersLoaded`, `ContextSize`, `PartLoading`, `PartTensorLoaded`, and `PartLoaded` are never constructed
[INFO] [stdout]   --> rwkv-rs/src/loader.rs:16:5
[INFO] [stdout]    |
[INFO] [stdout] 14 | pub enum LoadProgress<'a> {
[INFO] [stdout]    |          ------------ variants in this enum
[INFO] [stdout] 15 |     /// The hyperparameters have been loaded from the model.
[INFO] [stdout] 16 |     HyperparametersLoaded(&'a Hyperparameters),
[INFO] [stdout]    |     ^^^^^^^^^^^^^^^^^^^^^
[INFO] [stdout] 17 |     /// The context has been created.
[INFO] [stdout] 18 |     ContextSize {
[INFO] [stdout]    |     ^^^^^^^^^^^
[INFO] [stdout] ...
[INFO] [stdout] 23 |     PartLoading {
[INFO] [stdout]    |     ^^^^^^^^^^^
[INFO] [stdout] ...
[INFO] [stdout] 32 |     PartTensorLoaded {
[INFO] [stdout]    |     ^^^^^^^^^^^^^^^^
[INFO] [stdout] ...
[INFO] [stdout] 41 |     PartLoaded {
[INFO] [stdout]    |     ^^^^^^^^^^
[INFO] [stdout]    |
[INFO] [stdout]    = note: `LoadProgress` has derived impls for the traits `Debug` and `Clone`, but these are intentionally ignored during dead code analysis
[INFO] [stdout]    = note: `#[warn(dead_code)]` on by default
[INFO] [stdout] 
[INFO] [stdout] 
[INFO] [stdout] warning: multiple variants are never constructed
[INFO] [stdout]    --> rwkv-rs/src/loader.rs:56:5
[INFO] [stdout]     |
[INFO] [stdout] 53  | pub enum LoadError {
[INFO] [stdout]     |          --------- variants in this enum
[INFO] [stdout] ...
[INFO] [stdout] 56  |     OpenFileFailed {
[INFO] [stdout]     |     ^^^^^^^^^^^^^^
[INFO] [stdout] ...
[INFO] [stdout] 64  |     NoParentPath {
[INFO] [stdout]     |     ^^^^^^^^^^^^
[INFO] [stdout] ...
[INFO] [stdout] 70  |     ReadExactFailed {
[INFO] [stdout]     |     ^^^^^^^^^^^^^^^
[INFO] [stdout] ...
[INFO] [stdout] 87  |     InvalidMagic {
[INFO] [stdout]     |     ^^^^^^^^^^^^
[INFO] [stdout] ...
[INFO] [stdout] 93  |     InvalidFormatVersion {
[INFO] [stdout]     |     ^^^^^^^^^^^^^^^^^^^^
[INFO] [stdout] ...
[INFO] [stdout] 99  |     HyperparametersF16Invalid {
[INFO] [stdout]     |     ^^^^^^^^^^^^^^^^^^^^^^^^^
[INFO] [stdout] ...
[INFO] [stdout] 106 |     UnknownTensor {
[INFO] [stdout]     |     ^^^^^^^^^^^^^
[INFO] [stdout] ...
[INFO] [stdout] 114 |     TensorWrongSize {
[INFO] [stdout]     |     ^^^^^^^^^^^^^^^
[INFO] [stdout] ...
[INFO] [stdout] 122 |     InvalidFtype {
[INFO] [stdout]     |     ^^^^^^^^^^^^
[INFO] [stdout]     |
[INFO] [stdout]     = note: `LoadError` has a derived impl for the trait `Debug`, but this is intentionally ignored during dead code analysis
[INFO] [stdout] 
[INFO] [stdout] 
[INFO] [stdout] warning: constant `RWKV_FORMAT_VERSION` is never used
[INFO] [stdout]    --> rwkv-rs/src/loader.rs:132:11
[INFO] [stdout]     |
[INFO] [stdout] 132 | pub const RWKV_FORMAT_VERSION: u32 = 100;
[INFO] [stdout]     |           ^^^^^^^^^^^^^^^^^^^
[INFO] [stdout] 
[INFO] [stdout] 
[INFO] [stdout] warning: function `load` is never used
[INFO] [stdout]    --> rwkv-rs/src/loader.rs:134:8
[INFO] [stdout]     |
[INFO] [stdout] 134 | pub fn load(
[INFO] [stdout]     |        ^^^^
[INFO] [stdout] 
[INFO] [stdout] 
[INFO] [stdout] warning: function `read_bytes` is never used
[INFO] [stdout]    --> rwkv-rs/src/loader.rs:398:8
[INFO] [stdout]     |
[INFO] [stdout] 398 | pub fn read_bytes<const N: usize>(reader: &mut impl BufRead) -> Result<[u8; N], LoadError> {
[INFO] [stdout]     |        ^^^^^^^^^^
[INFO] [stdout] 
[INFO] [stdout] 
[INFO] [stdout] warning: function `read_bytes_with_len` is never used
[INFO] [stdout]    --> rwkv-rs/src/loader.rs:409:8
[INFO] [stdout]     |
[INFO] [stdout] 409 | pub fn read_bytes_with_len(reader: &mut impl BufRead, len: usize) -> Result<Vec<u8>, LoadError> {
[INFO] [stdout]     |        ^^^^^^^^^^^^^^^^^^^
[INFO] [stdout] 
[INFO] [stdout] 
[INFO] [stdout] warning: function `read_i32` is never used
[INFO] [stdout]    --> rwkv-rs/src/loader.rs:420:8
[INFO] [stdout]     |
[INFO] [stdout] 420 | pub fn read_i32(reader: &mut impl BufRead) -> Result<i32, LoadError> {
[INFO] [stdout]     |        ^^^^^^^^
[INFO] [stdout] 
[INFO] [stdout] 
[INFO] [stdout] warning: function `read_u32` is never used
[INFO] [stdout]    --> rwkv-rs/src/loader.rs:424:8
[INFO] [stdout]     |
[INFO] [stdout] 424 | pub fn read_u32(reader: &mut impl BufRead) -> Result<u32, LoadError> {
[INFO] [stdout]     |        ^^^^^^^^
[INFO] [stdout] 
[INFO] [stdout] 
[INFO] [stdout] warning: function `read_f32` is never used
[INFO] [stdout]    --> rwkv-rs/src/loader.rs:428:8
[INFO] [stdout]     |
[INFO] [stdout] 428 | pub fn read_f32(reader: &mut impl BufRead) -> Result<f32, LoadError> {
[INFO] [stdout]     |        ^^^^^^^^
[INFO] [stdout] 
[INFO] [stdout] 
[INFO] [stdout] warning: function `read_string` is never used
[INFO] [stdout]    --> rwkv-rs/src/loader.rs:433:8
[INFO] [stdout]     |
[INFO] [stdout] 433 | pub fn read_string(reader: &mut impl BufRead, len: usize) -> Result<String, LoadError> {
[INFO] [stdout]     |        ^^^^^^^^^^^
[INFO] [stdout] 
[INFO] [stdout] 
[INFO] [stdout] warning: struct `Model` is never constructed
[INFO] [stdout]  --> rwkv-rs/src/model.rs:9:12
[INFO] [stdout]   |
[INFO] [stdout] 9 | pub struct Model {
[INFO] [stdout]   |            ^^^^^
[INFO] [stdout] 
[INFO] [stdout] 
[INFO] [stdout] warning: associated items `new`, `tensors`, `load`, and `start_session` are never used
[INFO] [stdout]    --> rwkv-rs/src/model.rs:31:19
[INFO] [stdout]     |
[INFO] [stdout] 30  | impl Model {
[INFO] [stdout]     | ---------- associated items in this implementation
[INFO] [stdout] 31  |     pub(crate) fn new(
[INFO] [stdout]     |                   ^^^
[INFO] [stdout] ...
[INFO] [stdout] 160 |     pub(crate) fn tensors(&self) -> &HashMap<String, ggml_rwkv::Tensor> {
[INFO] [stdout]     |                   ^^^^^^^
[INFO] [stdout] ...
[INFO] [stdout] 167 |     pub fn load(
[INFO] [stdout]     |            ^^^^
[INFO] [stdout] ...
[INFO] [stdout] 175 |     pub fn start_session(&self, params: InferenceSessionParameters) -> InferenceSession {
[INFO] [stdout]     |            ^^^^^^^^^^^^^
[INFO] [stdout] 
[INFO] [stdout] 
[INFO] [stdout] warning: struct `Layer` is never constructed
[INFO] [stdout]    --> rwkv-rs/src/model.rs:193:12
[INFO] [stdout]     |
[INFO] [stdout] 193 | pub struct Layer {
[INFO] [stdout]     |            ^^^^^
[INFO] [stdout] 
[INFO] [stdout] 
[INFO] [stdout] warning: constant `SCRATCH_SIZE` is never used
[INFO] [stdout]   --> rwkv-rs/src/rwkv_session.rs:11:7
[INFO] [stdout]    |
[INFO] [stdout] 11 | const SCRATCH_SIZE: usize = 256 * 1024 * 1024;
[INFO] [stdout]    |       ^^^^^^^^^^^^
[INFO] [stdout] 
[INFO] [stdout] 
[INFO] [stdout] warning: struct `InferenceSession` is never constructed
[INFO] [stdout]   --> rwkv-rs/src/rwkv_session.rs:30:12
[INFO] [stdout]    |
[INFO] [stdout] 30 | pub struct InferenceSession {
[INFO] [stdout]    |            ^^^^^^^^^^^^^^^^
[INFO] [stdout] 
[INFO] [stdout] 
[INFO] [stdout] warning: constant `FP32_SIZE` is never used
[INFO] [stdout]   --> rwkv-rs/src/rwkv_session.rs:57:7
[INFO] [stdout]    |
[INFO] [stdout] 57 | const FP32_SIZE: usize = 4;
[INFO] [stdout]    |       ^^^^^^^^^
[INFO] [stdout] 
[INFO] [stdout] 
[INFO] [stdout] warning: associated items `new`, `sample_top_p_top_k`, `repetition_penalty_tokens`, and `evaluate` are never used
[INFO] [stdout]    --> rwkv-rs/src/rwkv_session.rs:60:19
[INFO] [stdout]     |
[INFO] [stdout] 59  | impl InferenceSession {
[INFO] [stdout]     | --------------------- associated items in this implementation
[INFO] [stdout] 60  |     pub(crate) fn new(params: InferenceSessionParameters, model: &Model) -> InferenceSession {
[INFO] [stdout]     |                   ^^^
[INFO] [stdout] ...
[INFO] [stdout] 256 |     pub fn sample_top_p_top_k(
[INFO] [stdout]     |            ^^^^^^^^^^^^^^^^^^
[INFO] [stdout] ...
[INFO] [stdout] 341 |     fn repetition_penalty_tokens(&self) -> &[TokenId] {
[INFO] [stdout]     |        ^^^^^^^^^^^^^^^^^^^^^^^^^
[INFO] [stdout] ...
[INFO] [stdout] 348 |     pub fn evaluate(
[INFO] [stdout]     |            ^^^^^^^^
[INFO] [stdout] 
[INFO] [stdout] 
[INFO] [stdout] warning: function `autodetect_num_threads` is never used
[INFO] [stdout]   --> rwkv-rs/src/util.rs:28:8
[INFO] [stdout]    |
[INFO] [stdout] 28 | pub fn autodetect_num_threads() -> usize {
[INFO] [stdout]    |        ^^^^^^^^^^^^^^^^^^^^^^
[INFO] [stdout] 
[INFO] [stdout] 
[INFO] [stdout] warning: type alias `Token` is never used
[INFO] [stdout]  --> rwkv-rs/src/vocabulary.rs:6:17
[INFO] [stdout]   |
[INFO] [stdout] 6 | pub(crate) type Token = Vec<u8>;
[INFO] [stdout]   |                 ^^^^^
[INFO] [stdout] 
[INFO] [stdout] 
[INFO] [stdout] warning: type alias `TokenScore` is never used
[INFO] [stdout]  --> rwkv-rs/src/vocabulary.rs:7:17
[INFO] [stdout]   |
[INFO] [stdout] 7 | pub(crate) type TokenScore = f32;
[INFO] [stdout]   |                 ^^^^^^^^^^
[INFO] [stdout] 
[INFO] [stdout] 
[INFO] [stdout] warning: struct `Vocabulary` is never constructed
[INFO] [stdout]   --> rwkv-rs/src/vocabulary.rs:11:12
[INFO] [stdout]    |
[INFO] [stdout] 11 | pub struct Vocabulary {
[INFO] [stdout]    |            ^^^^^^^^^^
[INFO] [stdout]    |
[INFO] [stdout]    = note: `Vocabulary` has derived impls for the traits `Clone` and `Debug`, but these are intentionally ignored during dead code analysis
[INFO] [stdout] 
[INFO] [stdout] 
[INFO] [stdout] warning: methods `token` and `tokenize` are never used
[INFO] [stdout]   --> rwkv-rs/src/vocabulary.rs:25:19
[INFO] [stdout]    |
[INFO] [stdout] 24 | impl Vocabulary {
[INFO] [stdout]    | --------------- methods in this implementation
[INFO] [stdout] 25 |     pub(crate) fn token(&self, idx: usize) -> &[u8] {
[INFO] [stdout]    |                   ^^^^^
[INFO] [stdout] ...
[INFO] [stdout] 33 |     pub fn tokenize<'a>(
[INFO] [stdout]    |            ^^^^^^^^
[INFO] [stdout] 
[INFO] [stdout] 
[INFO] [stdout] warning: unused `Result` that must be used
[INFO] [stdout]    --> rwkv-rs/src/loader.rs:373:9
[INFO] [stdout]     |
[INFO] [stdout] 373 |         reader.read_exact(slice);
[INFO] [stdout]     |         ^^^^^^^^^^^^^^^^^^^^^^^^
[INFO] [stdout]     |
[INFO] [stdout]     = note: this `Result` may be an `Err` variant, which should be handled
[INFO] [stdout]     = note: `#[warn(unused_must_use)]` on by default
[INFO] [stdout] help: use `let _ = ...` to ignore the resulting value
[INFO] [stdout]     |
[INFO] [stdout] 373 |         let _ = reader.read_exact(slice);
[INFO] [stdout]     |         +++++++
[INFO] [stdout] 
[INFO] [stdout] 
[INFO] [stderr]    Compiling generate-ggml-bindings v0.1.0 (/opt/rustwide/workdir/generate-ggml-bindings)
[INFO] [stderr]     Finished `dev` profile [unoptimized + debuginfo] target(s) in 31.08s
[INFO] running `Command { std: "docker" "inspect" "4fb2728126c57deb6b748d1aa3404c8a9f465197a0078d531a6a15c6533d5c2a", kill_on_drop: false }`
[INFO] running `Command { std: "docker" "rm" "-f" "4fb2728126c57deb6b748d1aa3404c8a9f465197a0078d531a6a15c6533d5c2a", kill_on_drop: false }`
[INFO] [stdout] 4fb2728126c57deb6b748d1aa3404c8a9f465197a0078d531a6a15c6533d5c2a
[INFO] running `Command { std: "docker" "create" "-v" "/var/lib/crater-agent-workspace/builds/worker-4-tc1/target:/opt/rustwide/target:rw,Z" "-v" "/var/lib/crater-agent-workspace/builds/worker-4-tc1/source:/opt/rustwide/workdir:ro,Z" "-v" "/var/lib/crater-agent-workspace/cargo-home:/opt/rustwide/cargo-home:ro,Z" "-v" "/var/lib/crater-agent-workspace/rustup-home:/opt/rustwide/rustup-home:ro,Z" "-e" "SOURCE_DIR=/opt/rustwide/workdir" "-e" "CARGO_TARGET_DIR=/opt/rustwide/target" "-e" "CARGO_INCREMENTAL=0" "-e" "RUST_BACKTRACE=full" "-e" "RUSTFLAGS=--cap-lints=warn" "-e" "RUSTDOCFLAGS=--cap-lints=warn" "-e" "CARGO_HOME=/opt/rustwide/cargo-home" "-e" "RUSTUP_HOME=/opt/rustwide/rustup-home" "-w" "/opt/rustwide/workdir" "-m" "1610612736" "--user" "0:0" "--network" "none" "ghcr.io/rust-lang/crates-build-env/linux@sha256:f3a9d4ad9d972b27faf3965f35b62e55ba32bbce8f20bc8fe909558a86702fde" "/opt/rustwide/cargo-home/bin/cargo" "+1.83.0" "test" "--frozen" "--no-run" "--message-format=json", kill_on_drop: false }`
[INFO] [stdout] c2dce7d1bbdc00fdafb6c1ae72659afb1a71e4d262b3e4661437589978f70a6d
[INFO] running `Command { std: "docker" "start" "-a" "c2dce7d1bbdc00fdafb6c1ae72659afb1a71e4d262b3e4661437589978f70a6d", kill_on_drop: false }`
[INFO] [stderr]    Compiling ggml-rwkv-internal v0.1.0 (/opt/rustwide/workdir/ggml-rwkv-internal)
[INFO] [stderr]    Compiling ggml-rwkv v0.1.0 (/opt/rustwide/workdir/ggml-rwkv)
[INFO] [stdout] warning: unused import: `std::env::temp_dir`
[INFO] [stdout]  --> rwkv-rs/src/loader.rs:2:5
[INFO] [stdout]   |
[INFO] [stdout] 2 | use std::env::temp_dir;
[INFO] [stdout]   |     ^^^^^^^^^^^^^^^^^^
[INFO] [stdout]   |
[INFO] [stdout]   = note: `#[warn(unused_imports)]` on by default
[INFO] [stdout] 
[INFO] [stdout] 
[INFO] [stdout] warning: unused import: `std::process::abort`
[INFO] [stdout]  --> rwkv-rs/src/loader.rs:5:5
[INFO] [stdout]   |
[INFO] [stdout] 5 | use std::process::abort;
[INFO] [stdout]   |     ^^^^^^^^^^^^^^^^^^^
[INFO] [stdout] 
[INFO] [stdout] 
[INFO] [stdout] warning: unused import: `crate::rwkv_session::InferenceSessionParameters`
[INFO] [stdout]  --> rwkv-rs/src/loader.rs:7:5
[INFO] [stdout]   |
[INFO] [stdout] 7 | use crate::rwkv_session::InferenceSessionParameters;
[INFO] [stdout]   |     ^^^^^^^^^^^^^^^^^^^^^^^^^^^^^^^^^^^^^^^^^^^^^^^
[INFO] [stdout] 
[INFO] [stdout] 
[INFO] [stdout] warning: unused import: `std::ptr::null`
[INFO] [stdout]  --> rwkv-rs/src/model.rs:7:5
[INFO] [stdout]   |
[INFO] [stdout] 7 | use std::ptr::null;
[INFO] [stdout]   |     ^^^^^^^^^^^^^^
[INFO] [stdout] 
[INFO] [stdout] 
[INFO] [stdout] warning: unused import: `EvaluateOutputRequest`
[INFO] [stdout]  --> rwkv-rs/src/rwkv_session.rs:4:13
[INFO] [stdout]   |
[INFO] [stdout] 4 | use crate::{EvaluateOutputRequest, InferenceParameters};
[INFO] [stdout]   |             ^^^^^^^^^^^^^^^^^^^^^
[INFO] [stdout] 
[INFO] [stdout] 
[INFO] [stdout] warning: unused variable: `ggml_data_type`
[INFO] [stdout]    --> rwkv-rs/src/loader.rs:328:13
[INFO] [stdout]     |
[INFO] [stdout] 328 |         let ggml_data_type = match data_t {
[INFO] [stdout]     |             ^^^^^^^^^^^^^^ help: if this is intentional, prefix it with an underscore: `_ggml_data_type`
[INFO] [stdout]     |
[INFO] [stdout]     = note: `#[warn(unused_variables)]` on by default
[INFO] [stdout] 
[INFO] [stdout] 
[INFO] [stdout] warning: unused variable: `n_vocab`
[INFO] [stdout]    --> rwkv-rs/src/rwkv_session.rs:356:13
[INFO] [stdout]     |
[INFO] [stdout] 356 |         let n_vocab = model.hparams.n_vocab;
[INFO] [stdout]     |             ^^^^^^^ help: if this is intentional, prefix it with an underscore: `_n_vocab`
[INFO] [stdout] 
[INFO] [stdout] 
[INFO] [stdout] warning: unused variable: `src`
[INFO] [stdout]    --> rwkv-rs/src/rwkv_session.rs:388:21
[INFO] [stdout]     |
[INFO] [stdout] 388 |                 let src = self.logits.data();
[INFO] [stdout]     |                     ^^^ help: if this is intentional, prefix it with an underscore: `_src`
[INFO] [stdout] 
[INFO] [stdout] 
[INFO] [stdout] warning: unused variable: `dst`
[INFO] [stdout]    --> rwkv-rs/src/rwkv_session.rs:389:21
[INFO] [stdout]     |
[INFO] [stdout] 389 |                 let dst = self.last_logits.as_mut_ptr();
[INFO] [stdout]     |                     ^^^ help: if this is intentional, prefix it with an underscore: `_dst`
[INFO] [stdout] 
[INFO] [stdout] 
[INFO] [stdout] warning: variants `HyperparametersLoaded`, `ContextSize`, `PartLoading`, `PartTensorLoaded`, and `PartLoaded` are never constructed
[INFO] [stdout]   --> rwkv-rs/src/loader.rs:16:5
[INFO] [stdout]    |
[INFO] [stdout] 14 | pub enum LoadProgress<'a> {
[INFO] [stdout]    |          ------------ variants in this enum
[INFO] [stdout] 15 |     /// The hyperparameters have been loaded from the model.
[INFO] [stdout] 16 |     HyperparametersLoaded(&'a Hyperparameters),
[INFO] [stdout]    |     ^^^^^^^^^^^^^^^^^^^^^
[INFO] [stdout] 17 |     /// The context has been created.
[INFO] [stdout] 18 |     ContextSize {
[INFO] [stdout]    |     ^^^^^^^^^^^
[INFO] [stdout] ...
[INFO] [stdout] 23 |     PartLoading {
[INFO] [stdout]    |     ^^^^^^^^^^^
[INFO] [stdout] ...
[INFO] [stdout] 32 |     PartTensorLoaded {
[INFO] [stdout]    |     ^^^^^^^^^^^^^^^^
[INFO] [stdout] ...
[INFO] [stdout] 41 |     PartLoaded {
[INFO] [stdout]    |     ^^^^^^^^^^
[INFO] [stdout]    |
[INFO] [stdout]    = note: `LoadProgress` has derived impls for the traits `Debug` and `Clone`, but these are intentionally ignored during dead code analysis
[INFO] [stdout]    = note: `#[warn(dead_code)]` on by default
[INFO] [stdout] 
[INFO] [stdout] 
[INFO] [stdout] warning: multiple variants are never constructed
[INFO] [stdout]    --> rwkv-rs/src/loader.rs:56:5
[INFO] [stdout]     |
[INFO] [stdout] 53  | pub enum LoadError {
[INFO] [stdout]     |          --------- variants in this enum
[INFO] [stdout] ...
[INFO] [stdout] 56  |     OpenFileFailed {
[INFO] [stdout]     |     ^^^^^^^^^^^^^^
[INFO] [stdout] ...
[INFO] [stdout] 64  |     NoParentPath {
[INFO] [stdout]     |     ^^^^^^^^^^^^
[INFO] [stdout] ...
[INFO] [stdout] 70  |     ReadExactFailed {
[INFO] [stdout]     |     ^^^^^^^^^^^^^^^
[INFO] [stdout] ...
[INFO] [stdout] 87  |     InvalidMagic {
[INFO] [stdout]     |     ^^^^^^^^^^^^
[INFO] [stdout] ...
[INFO] [stdout] 93  |     InvalidFormatVersion {
[INFO] [stdout]     |     ^^^^^^^^^^^^^^^^^^^^
[INFO] [stdout] ...
[INFO] [stdout] 99  |     HyperparametersF16Invalid {
[INFO] [stdout]     |     ^^^^^^^^^^^^^^^^^^^^^^^^^
[INFO] [stdout] ...
[INFO] [stdout] 106 |     UnknownTensor {
[INFO] [stdout]     |     ^^^^^^^^^^^^^
[INFO] [stdout] ...
[INFO] [stdout] 114 |     TensorWrongSize {
[INFO] [stdout]     |     ^^^^^^^^^^^^^^^
[INFO] [stdout] ...
[INFO] [stdout] 122 |     InvalidFtype {
[INFO] [stdout]     |     ^^^^^^^^^^^^
[INFO] [stdout]     |
[INFO] [stdout]     = note: `LoadError` has a derived impl for the trait `Debug`, but this is intentionally ignored during dead code analysis
[INFO] [stdout] 
[INFO] [stdout] 
[INFO] [stdout] warning: constant `RWKV_FORMAT_VERSION` is never used
[INFO] [stdout]    --> rwkv-rs/src/loader.rs:132:11
[INFO] [stdout]     |
[INFO] [stdout] 132 | pub const RWKV_FORMAT_VERSION: u32 = 100;
[INFO] [stdout]     |           ^^^^^^^^^^^^^^^^^^^
[INFO] [stdout] 
[INFO] [stdout] 
[INFO] [stdout] warning: function `load` is never used
[INFO] [stdout]    --> rwkv-rs/src/loader.rs:134:8
[INFO] [stdout]     |
[INFO] [stdout] 134 | pub fn load(
[INFO] [stdout]     |        ^^^^
[INFO] [stdout] 
[INFO] [stdout] 
[INFO] [stdout] warning: function `read_bytes` is never used
[INFO] [stdout]    --> rwkv-rs/src/loader.rs:398:8
[INFO] [stdout]     |
[INFO] [stdout] 398 | pub fn read_bytes<const N: usize>(reader: &mut impl BufRead) -> Result<[u8; N], LoadError> {
[INFO] [stdout]     |        ^^^^^^^^^^
[INFO] [stdout] 
[INFO] [stdout] 
[INFO] [stdout] warning: function `read_bytes_with_len` is never used
[INFO] [stdout]    --> rwkv-rs/src/loader.rs:409:8
[INFO] [stdout]     |
[INFO] [stdout] 409 | pub fn read_bytes_with_len(reader: &mut impl BufRead, len: usize) -> Result<Vec<u8>, LoadError> {
[INFO] [stdout]     |        ^^^^^^^^^^^^^^^^^^^
[INFO] [stdout] 
[INFO] [stdout] 
[INFO] [stdout] warning: function `read_i32` is never used
[INFO] [stdout]    --> rwkv-rs/src/loader.rs:420:8
[INFO] [stdout]     |
[INFO] [stdout] 420 | pub fn read_i32(reader: &mut impl BufRead) -> Result<i32, LoadError> {
[INFO] [stdout]     |        ^^^^^^^^
[INFO] [stdout] 
[INFO] [stdout] 
[INFO] [stdout] warning: function `read_u32` is never used
[INFO] [stdout]    --> rwkv-rs/src/loader.rs:424:8
[INFO] [stdout]     |
[INFO] [stdout] 424 | pub fn read_u32(reader: &mut impl BufRead) -> Result<u32, LoadError> {
[INFO] [stdout]     |        ^^^^^^^^
[INFO] [stdout] 
[INFO] [stdout] 
[INFO] [stdout] warning: function `read_f32` is never used
[INFO] [stdout]    --> rwkv-rs/src/loader.rs:428:8
[INFO] [stdout]     |
[INFO] [stdout] 428 | pub fn read_f32(reader: &mut impl BufRead) -> Result<f32, LoadError> {
[INFO] [stdout]     |        ^^^^^^^^
[INFO] [stdout] 
[INFO] [stdout] 
[INFO] [stdout] warning: function `read_string` is never used
[INFO] [stdout]    --> rwkv-rs/src/loader.rs:433:8
[INFO] [stdout]     |
[INFO] [stdout] 433 | pub fn read_string(reader: &mut impl BufRead, len: usize) -> Result<String, LoadError> {
[INFO] [stdout]     |        ^^^^^^^^^^^
[INFO] [stdout] 
[INFO] [stdout] 
[INFO] [stdout] warning: struct `Model` is never constructed
[INFO] [stdout]  --> rwkv-rs/src/model.rs:9:12
[INFO] [stdout]   |
[INFO] [stdout] 9 | pub struct Model {
[INFO] [stdout]   |            ^^^^^
[INFO] [stdout] 
[INFO] [stdout] 
[INFO] [stdout] warning: associated items `new`, `tensors`, `load`, and `start_session` are never used
[INFO] [stdout]    --> rwkv-rs/src/model.rs:31:19
[INFO] [stdout]     |
[INFO] [stdout] 30  | impl Model {
[INFO] [stdout]     | ---------- associated items in this implementation
[INFO] [stdout] 31  |     pub(crate) fn new(
[INFO] [stdout]     |                   ^^^
[INFO] [stdout] ...
[INFO] [stdout] 160 |     pub(crate) fn tensors(&self) -> &HashMap<String, ggml_rwkv::Tensor> {
[INFO] [stdout]     |                   ^^^^^^^
[INFO] [stdout] ...
[INFO] [stdout] 167 |     pub fn load(
[INFO] [stdout]     |            ^^^^
[INFO] [stdout] ...
[INFO] [stdout] 175 |     pub fn start_session(&self, params: InferenceSessionParameters) -> InferenceSession {
[INFO] [stdout]     |            ^^^^^^^^^^^^^
[INFO] [stdout] 
[INFO] [stdout] 
[INFO] [stdout] warning: struct `Layer` is never constructed
[INFO] [stdout]    --> rwkv-rs/src/model.rs:193:12
[INFO] [stdout]     |
[INFO] [stdout] 193 | pub struct Layer {
[INFO] [stdout]     |            ^^^^^
[INFO] [stdout] 
[INFO] [stdout] 
[INFO] [stdout] warning: constant `SCRATCH_SIZE` is never used
[INFO] [stdout]   --> rwkv-rs/src/rwkv_session.rs:11:7
[INFO] [stdout]    |
[INFO] [stdout] 11 | const SCRATCH_SIZE: usize = 256 * 1024 * 1024;
[INFO] [stdout]    |       ^^^^^^^^^^^^
[INFO] [stdout] 
[INFO] [stdout] 
[INFO] [stdout] warning: struct `InferenceSession` is never constructed
[INFO] [stdout]   --> rwkv-rs/src/rwkv_session.rs:30:12
[INFO] [stdout]    |
[INFO] [stdout] 30 | pub struct InferenceSession {
[INFO] [stdout]    |            ^^^^^^^^^^^^^^^^
[INFO] [stdout] 
[INFO] [stdout] 
[INFO] [stdout] warning: constant `FP32_SIZE` is never used
[INFO] [stdout]   --> rwkv-rs/src/rwkv_session.rs:57:7
[INFO] [stdout]    |
[INFO] [stdout] 57 | const FP32_SIZE: usize = 4;
[INFO] [stdout]    |       ^^^^^^^^^
[INFO] [stdout] 
[INFO] [stdout] 
[INFO] [stdout] warning: associated items `new`, `sample_top_p_top_k`, `repetition_penalty_tokens`, and `evaluate` are never used
[INFO] [stdout]    --> rwkv-rs/src/rwkv_session.rs:60:19
[INFO] [stdout]     |
[INFO] [stdout] 59  | impl InferenceSession {
[INFO] [stdout]     | --------------------- associated items in this implementation
[INFO] [stdout] 60  |     pub(crate) fn new(params: InferenceSessionParameters, model: &Model) -> InferenceSession {
[INFO] [stdout]     |                   ^^^
[INFO] [stdout] ...
[INFO] [stdout] 256 |     pub fn sample_top_p_top_k(
[INFO] [stdout]     |            ^^^^^^^^^^^^^^^^^^
[INFO] [stdout] ...
[INFO] [stdout] 341 |     fn repetition_penalty_tokens(&self) -> &[TokenId] {
[INFO] [stdout]     |        ^^^^^^^^^^^^^^^^^^^^^^^^^
[INFO] [stdout] ...
[INFO] [stdout] 348 |     pub fn evaluate(
[INFO] [stdout]     |            ^^^^^^^^
[INFO] [stdout] 
[INFO] [stdout] 
[INFO] [stdout] warning: function `autodetect_num_threads` is never used
[INFO] [stdout]   --> rwkv-rs/src/util.rs:28:8
[INFO] [stdout]    |
[INFO] [stdout] 28 | pub fn autodetect_num_threads() -> usize {
[INFO] [stdout]    |        ^^^^^^^^^^^^^^^^^^^^^^
[INFO] [stdout] 
[INFO] [stdout] 
[INFO] [stdout] warning: type alias `Token` is never used
[INFO] [stdout]  --> rwkv-rs/src/vocabulary.rs:6:17
[INFO] [stdout]   |
[INFO] [stdout] 6 | pub(crate) type Token = Vec<u8>;
[INFO] [stdout]   |                 ^^^^^
[INFO] [stdout] 
[INFO] [stdout] 
[INFO] [stdout] warning: type alias `TokenScore` is never used
[INFO] [stdout]  --> rwkv-rs/src/vocabulary.rs:7:17
[INFO] [stdout]   |
[INFO] [stdout] 7 | pub(crate) type TokenScore = f32;
[INFO] [stdout]   |                 ^^^^^^^^^^
[INFO] [stdout] 
[INFO] [stdout] 
[INFO] [stdout] warning: struct `Vocabulary` is never constructed
[INFO] [stdout]   --> rwkv-rs/src/vocabulary.rs:11:12
[INFO] [stdout]    |
[INFO] [stdout] 11 | pub struct Vocabulary {
[INFO] [stdout]    |            ^^^^^^^^^^
[INFO] [stdout]    |
[INFO] [stdout]    = note: `Vocabulary` has derived impls for the traits `Clone` and `Debug`, but these are intentionally ignored during dead code analysis
[INFO] [stdout] 
[INFO] [stdout] 
[INFO] [stdout] warning: methods `token` and `tokenize` are never used
[INFO] [stdout]   --> rwkv-rs/src/vocabulary.rs:25:19
[INFO] [stdout]    |
[INFO] [stdout] 24 | impl Vocabulary {
[INFO] [stdout]    | --------------- methods in this implementation
[INFO] [stdout] 25 |     pub(crate) fn token(&self, idx: usize) -> &[u8] {
[INFO] [stdout]    |                   ^^^^^
[INFO] [stdout] ...
[INFO] [stdout] 33 |     pub fn tokenize<'a>(
[INFO] [stdout]    |            ^^^^^^^^
[INFO] [stdout] 
[INFO] [stdout] 
[INFO] [stdout] warning: unused `Result` that must be used
[INFO] [stdout]    --> rwkv-rs/src/loader.rs:373:9
[INFO] [stdout]     |
[INFO] [stdout] 373 |         reader.read_exact(slice);
[INFO] [stdout]     |         ^^^^^^^^^^^^^^^^^^^^^^^^
[INFO] [stdout]     |
[INFO] [stdout]     = note: this `Result` may be an `Err` variant, which should be handled
[INFO] [stdout]     = note: `#[warn(unused_must_use)]` on by default
[INFO] [stdout] help: use `let _ = ...` to ignore the resulting value
[INFO] [stdout]     |
[INFO] [stdout] 373 |         let _ = reader.read_exact(slice);
[INFO] [stdout]     |         +++++++
[INFO] [stdout] 
[INFO] [stdout] 
[INFO] [stderr]    Compiling rwkv-rs v0.1.0 (/opt/rustwide/workdir/rwkv-rs)
[INFO] [stderr]    Compiling generate-ggml-bindings v0.1.0 (/opt/rustwide/workdir/generate-ggml-bindings)
[INFO] [stdout] warning: unused import: `std::env::temp_dir`
[INFO] [stdout]  --> rwkv-rs/src/loader.rs:2:5
[INFO] [stdout]   |
[INFO] [stdout] 2 | use std::env::temp_dir;
[INFO] [stdout]   |     ^^^^^^^^^^^^^^^^^^
[INFO] [stdout]   |
[INFO] [stdout]   = note: `#[warn(unused_imports)]` on by default
[INFO] [stdout] 
[INFO] [stdout] 
[INFO] [stdout] warning: unused import: `std::process::abort`
[INFO] [stdout]  --> rwkv-rs/src/loader.rs:5:5
[INFO] [stdout]   |
[INFO] [stdout] 5 | use std::process::abort;
[INFO] [stdout]   |     ^^^^^^^^^^^^^^^^^^^
[INFO] [stdout] 
[INFO] [stdout] 
[INFO] [stdout] warning: unused import: `std::ptr::null`
[INFO] [stdout]  --> rwkv-rs/src/model.rs:7:5
[INFO] [stdout]   |
[INFO] [stdout] 7 | use std::ptr::null;
[INFO] [stdout]   |     ^^^^^^^^^^^^^^
[INFO] [stdout] 
[INFO] [stdout] 
[INFO] [stdout] warning: unused import: `EvaluateOutputRequest`
[INFO] [stdout]  --> rwkv-rs/src/rwkv_session.rs:4:13
[INFO] [stdout]   |
[INFO] [stdout] 4 | use crate::{EvaluateOutputRequest, InferenceParameters};
[INFO] [stdout]   |             ^^^^^^^^^^^^^^^^^^^^^
[INFO] [stdout] 
[INFO] [stdout] 
[INFO] [stdout] warning: unused variable: `ggml_data_type`
[INFO] [stdout]    --> rwkv-rs/src/loader.rs:328:13
[INFO] [stdout]     |
[INFO] [stdout] 328 |         let ggml_data_type = match data_t {
[INFO] [stdout]     |             ^^^^^^^^^^^^^^ help: if this is intentional, prefix it with an underscore: `_ggml_data_type`
[INFO] [stdout]     |
[INFO] [stdout]     = note: `#[warn(unused_variables)]` on by default
[INFO] [stdout] 
[INFO] [stdout] 
[INFO] [stdout] warning: unused variable: `progress`
[INFO] [stdout]    --> rwkv-rs/src/loader.rs:441:10
[INFO] [stdout]     |
[INFO] [stdout] 441 |         |progress| {},
[INFO] [stdout]     |          ^^^^^^^^ help: if this is intentional, prefix it with an underscore: `_progress`
[INFO] [stdout] 
[INFO] [stdout] 
[INFO] [stdout] warning: unused variable: `n_vocab`
[INFO] [stdout]    --> rwkv-rs/src/rwkv_session.rs:356:13
[INFO] [stdout]     |
[INFO] [stdout] 356 |         let n_vocab = model.hparams.n_vocab;
[INFO] [stdout]     |             ^^^^^^^ help: if this is intentional, prefix it with an underscore: `_n_vocab`
[INFO] [stdout] 
[INFO] [stdout] 
[INFO] [stdout] warning: unused variable: `src`
[INFO] [stdout]    --> rwkv-rs/src/rwkv_session.rs:388:21
[INFO] [stdout]     |
[INFO] [stdout] 388 |                 let src = self.logits.data();
[INFO] [stdout]     |                     ^^^ help: if this is intentional, prefix it with an underscore: `_src`
[INFO] [stdout] 
[INFO] [stdout] 
[INFO] [stdout] warning: unused variable: `dst`
[INFO] [stdout]    --> rwkv-rs/src/rwkv_session.rs:389:21
[INFO] [stdout]     |
[INFO] [stdout] 389 |                 let dst = self.last_logits.as_mut_ptr();
[INFO] [stdout]     |                     ^^^ help: if this is intentional, prefix it with an underscore: `_dst`
[INFO] [stdout] 
[INFO] [stdout] 
[INFO] [stdout] warning: variant `PartLoading` is never constructed
[INFO] [stdout]   --> rwkv-rs/src/loader.rs:23:5
[INFO] [stdout]    |
[INFO] [stdout] 14 | pub enum LoadProgress<'a> {
[INFO] [stdout]    |          ------------ variant in this enum
[INFO] [stdout] ...
[INFO] [stdout] 23 |     PartLoading {
[INFO] [stdout]    |     ^^^^^^^^^^^
[INFO] [stdout]    |
[INFO] [stdout]    = note: `LoadProgress` has derived impls for the traits `Debug` and `Clone`, but these are intentionally ignored during dead code analysis
[INFO] [stdout]    = note: `#[warn(dead_code)]` on by default
[INFO] [stdout] 
[INFO] [stdout] 
[INFO] [stdout] warning: variants `NoParentPath` and `InvalidFtype` are never constructed
[INFO] [stdout]    --> rwkv-rs/src/loader.rs:64:5
[INFO] [stdout]     |
[INFO] [stdout] 53  | pub enum LoadError {
[INFO] [stdout]     |          --------- variants in this enum
[INFO] [stdout] ...
[INFO] [stdout] 64  |     NoParentPath {
[INFO] [stdout]     |     ^^^^^^^^^^^^
[INFO] [stdout] ...
[INFO] [stdout] 122 |     InvalidFtype {
[INFO] [stdout]     |     ^^^^^^^^^^^^
[INFO] [stdout]     |
[INFO] [stdout]     = note: `LoadError` has a derived impl for the trait `Debug`, but this is intentionally ignored during dead code analysis
[INFO] [stdout] 
[INFO] [stdout] 
[INFO] [stdout] warning: function `read_f32` is never used
[INFO] [stdout]    --> rwkv-rs/src/loader.rs:428:8
[INFO] [stdout]     |
[INFO] [stdout] 428 | pub fn read_f32(reader: &mut impl BufRead) -> Result<f32, LoadError> {
[INFO] [stdout]     |        ^^^^^^^^
[INFO] [stdout] 
[INFO] [stdout] 
[INFO] [stdout] warning: associated function `load` is never used
[INFO] [stdout]    --> rwkv-rs/src/model.rs:167:12
[INFO] [stdout]     |
[INFO] [stdout] 30  | impl Model {
[INFO] [stdout]     | ---------- associated function in this implementation
[INFO] [stdout] ...
[INFO] [stdout] 167 |     pub fn load(
[INFO] [stdout]     |            ^^^^
[INFO] [stdout] 
[INFO] [stdout] 
[INFO] [stdout] warning: constant `SCRATCH_SIZE` is never used
[INFO] [stdout]   --> rwkv-rs/src/rwkv_session.rs:11:7
[INFO] [stdout]    |
[INFO] [stdout] 11 | const SCRATCH_SIZE: usize = 256 * 1024 * 1024;
[INFO] [stdout]    |       ^^^^^^^^^^^^
[INFO] [stdout] 
[INFO] [stdout] 
[INFO] [stdout] warning: fields `memory_size`, `params`, `mem_per_token`, and `tokens` are never read
[INFO] [stdout]   --> rwkv-rs/src/rwkv_session.rs:34:16
[INFO] [stdout]    |
[INFO] [stdout] 30 | pub struct InferenceSession {
[INFO] [stdout]    |            ---------------- fields in this struct
[INFO] [stdout] ...
[INFO] [stdout] 34 |     pub(crate) memory_size: usize,
[INFO] [stdout]    |                ^^^^^^^^^^^
[INFO] [stdout] ...
[INFO] [stdout] 37 |     pub(crate) params: InferenceSessionParameters,
[INFO] [stdout]    |                ^^^^^^
[INFO] [stdout] ...
[INFO] [stdout] 48 |     pub(crate) mem_per_token: usize,
[INFO] [stdout]    |                ^^^^^^^^^^^^^
[INFO] [stdout] ...
[INFO] [stdout] 51 |     pub(crate) tokens: Vec<TokenId>,
[INFO] [stdout]    |                ^^^^^^
[INFO] [stdout] 
[INFO] [stdout] 
[INFO] [stdout] warning: methods `sample_top_p_top_k` and `repetition_penalty_tokens` are never used
[INFO] [stdout]    --> rwkv-rs/src/rwkv_session.rs:256:12
[INFO] [stdout]     |
[INFO] [stdout] 59  | impl InferenceSession {
[INFO] [stdout]     | --------------------- methods in this implementation
[INFO] [stdout] ...
[INFO] [stdout] 256 |     pub fn sample_top_p_top_k(
[INFO] [stdout]     |            ^^^^^^^^^^^^^^^^^^
[INFO] [stdout] ...
[INFO] [stdout] 341 |     fn repetition_penalty_tokens(&self) -> &[TokenId] {
[INFO] [stdout]     |        ^^^^^^^^^^^^^^^^^^^^^^^^^
[INFO] [stdout] 
[INFO] [stdout] 
[INFO] [stdout] warning: function `autodetect_num_threads` is never used
[INFO] [stdout]   --> rwkv-rs/src/util.rs:28:8
[INFO] [stdout]    |
[INFO] [stdout] 28 | pub fn autodetect_num_threads() -> usize {
[INFO] [stdout]    |        ^^^^^^^^^^^^^^^^^^^^^^
[INFO] [stdout] 
[INFO] [stdout] 
[INFO] [stdout] warning: type alias `Token` is never used
[INFO] [stdout]  --> rwkv-rs/src/vocabulary.rs:6:17
[INFO] [stdout]   |
[INFO] [stdout] 6 | pub(crate) type Token = Vec<u8>;
[INFO] [stdout]   |                 ^^^^^
[INFO] [stdout] 
[INFO] [stdout] 
[INFO] [stdout] warning: type alias `TokenScore` is never used
[INFO] [stdout]  --> rwkv-rs/src/vocabulary.rs:7:17
[INFO] [stdout]   |
[INFO] [stdout] 7 | pub(crate) type TokenScore = f32;
[INFO] [stdout]   |                 ^^^^^^^^^^
[INFO] [stdout] 
[INFO] [stdout] 
[INFO] [stdout] warning: struct `Vocabulary` is never constructed
[INFO] [stdout]   --> rwkv-rs/src/vocabulary.rs:11:12
[INFO] [stdout]    |
[INFO] [stdout] 11 | pub struct Vocabulary {
[INFO] [stdout]    |            ^^^^^^^^^^
[INFO] [stdout]    |
[INFO] [stdout]    = note: `Vocabulary` has derived impls for the traits `Clone` and `Debug`, but these are intentionally ignored during dead code analysis
[INFO] [stdout] 
[INFO] [stdout] 
[INFO] [stdout] warning: methods `token` and `tokenize` are never used
[INFO] [stdout]   --> rwkv-rs/src/vocabulary.rs:25:19
[INFO] [stdout]    |
[INFO] [stdout] 24 | impl Vocabulary {
[INFO] [stdout]    | --------------- methods in this implementation
[INFO] [stdout] 25 |     pub(crate) fn token(&self, idx: usize) -> &[u8] {
[INFO] [stdout]    |                   ^^^^^
[INFO] [stdout] ...
[INFO] [stdout] 33 |     pub fn tokenize<'a>(
[INFO] [stdout]    |            ^^^^^^^^
[INFO] [stdout] 
[INFO] [stdout] 
[INFO] [stdout] warning: unused `Result` that must be used
[INFO] [stdout]    --> rwkv-rs/src/loader.rs:373:9
[INFO] [stdout]     |
[INFO] [stdout] 373 |         reader.read_exact(slice);
[INFO] [stdout]     |         ^^^^^^^^^^^^^^^^^^^^^^^^
[INFO] [stdout]     |
[INFO] [stdout]     = note: this `Result` may be an `Err` variant, which should be handled
[INFO] [stdout]     = note: `#[warn(unused_must_use)]` on by default
[INFO] [stdout] help: use `let _ = ...` to ignore the resulting value
[INFO] [stdout]     |
[INFO] [stdout] 373 |         let _ = reader.read_exact(slice);
[INFO] [stdout]     |         +++++++
[INFO] [stdout] 
[INFO] [stdout] 
[INFO] [stderr]     Finished `test` profile [unoptimized + debuginfo] target(s) in 1.38s
[INFO] running `Command { std: "docker" "inspect" "c2dce7d1bbdc00fdafb6c1ae72659afb1a71e4d262b3e4661437589978f70a6d", kill_on_drop: false }`
[INFO] running `Command { std: "docker" "rm" "-f" "c2dce7d1bbdc00fdafb6c1ae72659afb1a71e4d262b3e4661437589978f70a6d", kill_on_drop: false }`
[INFO] [stdout] c2dce7d1bbdc00fdafb6c1ae72659afb1a71e4d262b3e4661437589978f70a6d
[INFO] running `Command { std: "docker" "create" "-v" "/var/lib/crater-agent-workspace/builds/worker-4-tc1/target:/opt/rustwide/target:rw,Z" "-v" "/var/lib/crater-agent-workspace/builds/worker-4-tc1/source:/opt/rustwide/workdir:ro,Z" "-v" "/var/lib/crater-agent-workspace/cargo-home:/opt/rustwide/cargo-home:ro,Z" "-v" "/var/lib/crater-agent-workspace/rustup-home:/opt/rustwide/rustup-home:ro,Z" "-e" "SOURCE_DIR=/opt/rustwide/workdir" "-e" "CARGO_TARGET_DIR=/opt/rustwide/target" "-e" "CARGO_INCREMENTAL=0" "-e" "RUST_BACKTRACE=full" "-e" "RUSTFLAGS=--cap-lints=warn" "-e" "RUSTDOCFLAGS=--cap-lints=warn" "-e" "CARGO_HOME=/opt/rustwide/cargo-home" "-e" "RUSTUP_HOME=/opt/rustwide/rustup-home" "-w" "/opt/rustwide/workdir" "-m" "1610612736" "--user" "0:0" "--network" "none" "ghcr.io/rust-lang/crates-build-env/linux@sha256:f3a9d4ad9d972b27faf3965f35b62e55ba32bbce8f20bc8fe909558a86702fde" "/opt/rustwide/cargo-home/bin/cargo" "+1.83.0" "test" "--frozen", kill_on_drop: false }`
[INFO] [stdout] fe1c97a7068ff2c5e783fbae12daa6f1be110af452089a4f61361d552144517e
[INFO] running `Command { std: "docker" "start" "-a" "fe1c97a7068ff2c5e783fbae12daa6f1be110af452089a4f61361d552144517e", kill_on_drop: false }`
[INFO] [stderr] warning: unused import: `std::env::temp_dir`
[INFO] [stderr]  --> rwkv-rs/src/loader.rs:2:5
[INFO] [stderr]   |
[INFO] [stderr] 2 | use std::env::temp_dir;
[INFO] [stderr]   |     ^^^^^^^^^^^^^^^^^^
[INFO] [stderr]   |
[INFO] [stderr]   = note: `#[warn(unused_imports)]` on by default
[INFO] [stderr] 
[INFO] [stderr] warning: unused import: `std::process::abort`
[INFO] [stderr]  --> rwkv-rs/src/loader.rs:5:5
[INFO] [stderr]   |
[INFO] [stderr] 5 | use std::process::abort;
[INFO] [stderr]   |     ^^^^^^^^^^^^^^^^^^^
[INFO] [stderr] 
[INFO] [stderr] warning: unused import: `crate::rwkv_session::InferenceSessionParameters`
[INFO] [stderr]  --> rwkv-rs/src/loader.rs:7:5
[INFO] [stderr]   |
[INFO] [stderr] 7 | use crate::rwkv_session::InferenceSessionParameters;
[INFO] [stderr]   |     ^^^^^^^^^^^^^^^^^^^^^^^^^^^^^^^^^^^^^^^^^^^^^^^
[INFO] [stderr] 
[INFO] [stderr] warning: unused import: `std::ptr::null`
[INFO] [stderr]  --> rwkv-rs/src/model.rs:7:5
[INFO] [stderr]   |
[INFO] [stderr] 7 | use std::ptr::null;
[INFO] [stderr]   |     ^^^^^^^^^^^^^^
[INFO] [stderr] 
[INFO] [stderr] warning: unused import: `EvaluateOutputRequest`
[INFO] [stderr]  --> rwkv-rs/src/rwkv_session.rs:4:13
[INFO] [stderr]   |
[INFO] [stderr] 4 | use crate::{EvaluateOutputRequest, InferenceParameters};
[INFO] [stderr]   |             ^^^^^^^^^^^^^^^^^^^^^
[INFO] [stderr] 
[INFO] [stderr] warning: unused variable: `ggml_data_type`
[INFO] [stderr]    --> rwkv-rs/src/loader.rs:328:13
[INFO] [stderr]     |
[INFO] [stderr] 328 |         let ggml_data_type = match data_t {
[INFO] [stderr]     |             ^^^^^^^^^^^^^^ help: if this is intentional, prefix it with an underscore: `_ggml_data_type`
[INFO] [stderr]     |
[INFO] [stderr]     = note: `#[warn(unused_variables)]` on by default
[INFO] [stderr] 
[INFO] [stderr] warning: unused variable: `n_vocab`
[INFO] [stderr]    --> rwkv-rs/src/rwkv_session.rs:356:13
[INFO] [stderr]     |
[INFO] [stderr] 356 |         let n_vocab = model.hparams.n_vocab;
[INFO] [stderr]     |             ^^^^^^^ help: if this is intentional, prefix it with an underscore: `_n_vocab`
[INFO] [stderr] 
[INFO] [stderr] warning: unused variable: `src`
[INFO] [stderr]    --> rwkv-rs/src/rwkv_session.rs:388:21
[INFO] [stderr]     |
[INFO] [stderr] 388 |                 let src = self.logits.data();
[INFO] [stderr]     |                     ^^^ help: if this is intentional, prefix it with an underscore: `_src`
[INFO] [stderr] 
[INFO] [stderr] warning: unused variable: `dst`
[INFO] [stderr]    --> rwkv-rs/src/rwkv_session.rs:389:21
[INFO] [stderr]     |
[INFO] [stderr] 389 |                 let dst = self.last_logits.as_mut_ptr();
[INFO] [stderr]     |                     ^^^ help: if this is intentional, prefix it with an underscore: `_dst`
[INFO] [stderr] 
[INFO] [stderr] warning: variants `HyperparametersLoaded`, `ContextSize`, `PartLoading`, `PartTensorLoaded`, and `PartLoaded` are never constructed
[INFO] [stderr]   --> rwkv-rs/src/loader.rs:16:5
[INFO] [stderr]    |
[INFO] [stderr] 14 | pub enum LoadProgress<'a> {
[INFO] [stderr]    |          ------------ variants in this enum
[INFO] [stderr] 15 |     /// The hyperparameters have been loaded from the model.
[INFO] [stderr] 16 |     HyperparametersLoaded(&'a Hyperparameters),
[INFO] [stderr]    |     ^^^^^^^^^^^^^^^^^^^^^
[INFO] [stderr] 17 |     /// The context has been created.
[INFO] [stderr] 18 |     ContextSize {
[INFO] [stderr]    |     ^^^^^^^^^^^
[INFO] [stderr] ...
[INFO] [stderr] 23 |     PartLoading {
[INFO] [stderr]    |     ^^^^^^^^^^^
[INFO] [stderr] ...
[INFO] [stderr] 32 |     PartTensorLoaded {
[INFO] [stderr]    |     ^^^^^^^^^^^^^^^^
[INFO] [stderr] ...
[INFO] [stderr] 41 |     PartLoaded {
[INFO] [stderr]    |     ^^^^^^^^^^
[INFO] [stderr]    |
[INFO] [stderr]    = note: `LoadProgress` has derived impls for the traits `Debug` and `Clone`, but these are intentionally ignored during dead code analysis
[INFO] [stderr]    = note: `#[warn(dead_code)]` on by default
[INFO] [stderr] 
[INFO] [stderr] warning: multiple variants are never constructed
[INFO] [stderr]    --> rwkv-rs/src/loader.rs:56:5
[INFO] [stderr]     |
[INFO] [stderr] 53  | pub enum LoadError {
[INFO] [stderr]     |          --------- variants in this enum
[INFO] [stderr] ...
[INFO] [stderr] 56  |     OpenFileFailed {
[INFO] [stderr]     |     ^^^^^^^^^^^^^^
[INFO] [stderr] ...
[INFO] [stderr] 64  |     NoParentPath {
[INFO] [stderr]     |     ^^^^^^^^^^^^
[INFO] [stderr] ...
[INFO] [stderr] 70  |     ReadExactFailed {
[INFO] [stderr]     |     ^^^^^^^^^^^^^^^
[INFO] [stderr] ...
[INFO] [stderr] 87  |     InvalidMagic {
[INFO] [stderr]     |     ^^^^^^^^^^^^
[INFO] [stderr] ...
[INFO] [stderr] 93  |     InvalidFormatVersion {
[INFO] [stderr]     |     ^^^^^^^^^^^^^^^^^^^^
[INFO] [stderr] ...
[INFO] [stderr] 99  |     HyperparametersF16Invalid {
[INFO] [stderr]     |     ^^^^^^^^^^^^^^^^^^^^^^^^^
[INFO] [stderr] ...
[INFO] [stderr] 106 |     UnknownTensor {
[INFO] [stderr]     |     ^^^^^^^^^^^^^
[INFO] [stderr] ...
[INFO] [stderr] 114 |     TensorWrongSize {
[INFO] [stderr]     |     ^^^^^^^^^^^^^^^
[INFO] [stderr] ...
[INFO] [stderr] 122 |     InvalidFtype {
[INFO] [stderr]     |     ^^^^^^^^^^^^
[INFO] [stderr]     |
[INFO] [stderr]     = note: `LoadError` has a derived impl for the trait `Debug`, but this is intentionally ignored during dead code analysis
[INFO] [stderr] 
[INFO] [stderr] warning: constant `RWKV_FORMAT_VERSION` is never used
[INFO] [stderr]    --> rwkv-rs/src/loader.rs:132:11
[INFO] [stderr]     |
[INFO] [stderr] 132 | pub const RWKV_FORMAT_VERSION: u32 = 100;
[INFO] [stderr]     |           ^^^^^^^^^^^^^^^^^^^
[INFO] [stderr] 
[INFO] [stderr] warning: function `load` is never used
[INFO] [stderr]    --> rwkv-rs/src/loader.rs:134:8
[INFO] [stderr]     |
[INFO] [stderr] 134 | pub fn load(
[INFO] [stderr]     |        ^^^^
[INFO] [stderr] 
[INFO] [stderr] warning: function `read_bytes` is never used
[INFO] [stderr]    --> rwkv-rs/src/loader.rs:398:8
[INFO] [stderr]     |
[INFO] [stderr] 398 | pub fn read_bytes<const N: usize>(reader: &mut impl BufRead) -> Result<[u8; N], LoadError> {
[INFO] [stderr]     |        ^^^^^^^^^^
[INFO] [stderr] 
[INFO] [stderr] warning: function `read_bytes_with_len` is never used
[INFO] [stderr]    --> rwkv-rs/src/loader.rs:409:8
[INFO] [stderr]     |
[INFO] [stderr] 409 | pub fn read_bytes_with_len(reader: &mut impl BufRead, len: usize) -> Result<Vec<u8>, LoadError> {
[INFO] [stderr]     |        ^^^^^^^^^^^^^^^^^^^
[INFO] [stderr] 
[INFO] [stderr] warning: function `read_i32` is never used
[INFO] [stderr]    --> rwkv-rs/src/loader.rs:420:8
[INFO] [stderr]     |
[INFO] [stderr] 420 | pub fn read_i32(reader: &mut impl BufRead) -> Result<i32, LoadError> {
[INFO] [stderr]     |        ^^^^^^^^
[INFO] [stderr] 
[INFO] [stderr] warning: function `read_u32` is never used
[INFO] [stderr]    --> rwkv-rs/src/loader.rs:424:8
[INFO] [stderr]     |
[INFO] [stderr] 424 | pub fn read_u32(reader: &mut impl BufRead) -> Result<u32, LoadError> {
[INFO] [stderr]     |        ^^^^^^^^
[INFO] [stderr] 
[INFO] [stderr] warning: function `read_f32` is never used
[INFO] [stderr]    --> rwkv-rs/src/loader.rs:428:8
[INFO] [stderr]     |
[INFO] [stderr] 428 | pub fn read_f32(reader: &mut impl BufRead) -> Result<f32, LoadError> {
[INFO] [stderr]     |        ^^^^^^^^
[INFO] [stderr] 
[INFO] [stderr] warning: function `read_string` is never used
[INFO] [stderr]    --> rwkv-rs/src/loader.rs:433:8
[INFO] [stderr]     |
[INFO] [stderr] 433 | pub fn read_string(reader: &mut impl BufRead, len: usize) -> Result<String, LoadError> {
[INFO] [stderr]     |        ^^^^^^^^^^^
[INFO] [stderr] 
[INFO] [stderr] warning: struct `Model` is never constructed
[INFO] [stderr]  --> rwkv-rs/src/model.rs:9:12
[INFO] [stderr]   |
[INFO] [stderr] 9 | pub struct Model {
[INFO] [stderr]   |            ^^^^^
[INFO] [stderr] 
[INFO] [stderr] warning: associated items `new`, `tensors`, `load`, and `start_session` are never used
[INFO] [stderr]    --> rwkv-rs/src/model.rs:31:19
[INFO] [stderr]     |
[INFO] [stderr] 30  | impl Model {
[INFO] [stderr]     | ---------- associated items in this implementation
[INFO] [stderr] 31  |     pub(crate) fn new(
[INFO] [stderr]     |                   ^^^
[INFO] [stderr] ...
[INFO] [stderr] 160 |     pub(crate) fn tensors(&self) -> &HashMap<String, ggml_rwkv::Tensor> {
[INFO] [stderr]     |                   ^^^^^^^
[INFO] [stderr] ...
[INFO] [stderr] 167 |     pub fn load(
[INFO] [stderr]     |            ^^^^
[INFO] [stderr] ...
[INFO] [stderr] 175 |     pub fn start_session(&self, params: InferenceSessionParameters) -> InferenceSession {
[INFO] [stderr]     |            ^^^^^^^^^^^^^
[INFO] [stderr] 
[INFO] [stderr] warning: struct `Layer` is never constructed
[INFO] [stderr]    --> rwkv-rs/src/model.rs:193:12
[INFO] [stderr]     |
[INFO] [stderr] 193 | pub struct Layer {
[INFO] [stderr]     |            ^^^^^
[INFO] [stderr] 
[INFO] [stderr] warning: constant `SCRATCH_SIZE` is never used
[INFO] [stderr]   --> rwkv-rs/src/rwkv_session.rs:11:7
[INFO] [stderr]    |
[INFO] [stderr] 11 | const SCRATCH_SIZE: usize = 256 * 1024 * 1024;
[INFO] [stderr]    |       ^^^^^^^^^^^^
[INFO] [stderr] 
[INFO] [stderr] warning: struct `InferenceSession` is never constructed
[INFO] [stderr]   --> rwkv-rs/src/rwkv_session.rs:30:12
[INFO] [stderr]    |
[INFO] [stderr] 30 | pub struct InferenceSession {
[INFO] [stderr]    |            ^^^^^^^^^^^^^^^^
[INFO] [stderr] 
[INFO] [stderr] warning: constant `FP32_SIZE` is never used
[INFO] [stderr]   --> rwkv-rs/src/rwkv_session.rs:57:7
[INFO] [stderr]    |
[INFO] [stderr] 57 | const FP32_SIZE: usize = 4;
[INFO] [stderr]    |       ^^^^^^^^^
[INFO] [stderr] 
[INFO] [stderr] warning: associated items `new`, `sample_top_p_top_k`, `repetition_penalty_tokens`, and `evaluate` are never used
[INFO] [stderr]    --> rwkv-rs/src/rwkv_session.rs:60:19
[INFO] [stderr]     |
[INFO] [stderr] 59  | impl InferenceSession {
[INFO] [stderr]     | --------------------- associated items in this implementation
[INFO] [stderr] 60  |     pub(crate) fn new(params: InferenceSessionParameters, model: &Model) -> InferenceSession {
[INFO] [stderr]     |                   ^^^
[INFO] [stderr] ...
[INFO] [stderr] 256 |     pub fn sample_top_p_top_k(
[INFO] [stderr]     |            ^^^^^^^^^^^^^^^^^^
[INFO] [stderr] ...
[INFO] [stderr] 341 |     fn repetition_penalty_tokens(&self) -> &[TokenId] {
[INFO] [stderr]     |        ^^^^^^^^^^^^^^^^^^^^^^^^^
[INFO] [stderr] ...
[INFO] [stderr] 348 |     pub fn evaluate(
[INFO] [stderr]     |            ^^^^^^^^
[INFO] [stderr] 
[INFO] [stderr] warning: function `autodetect_num_threads` is never used
[INFO] [stderr]   --> rwkv-rs/src/util.rs:28:8
[INFO] [stderr]    |
[INFO] [stderr] 28 | pub fn autodetect_num_threads() -> usize {
[INFO] [stderr]    |        ^^^^^^^^^^^^^^^^^^^^^^
[INFO] [stderr] 
[INFO] [stderr] warning: type alias `Token` is never used
[INFO] [stderr]  --> rwkv-rs/src/vocabulary.rs:6:17
[INFO] [stderr]   |
[INFO] [stderr] 6 | pub(crate) type Token = Vec<u8>;
[INFO] [stderr]   |                 ^^^^^
[INFO] [stderr] 
[INFO] [stderr] warning: type alias `TokenScore` is never used
[INFO] [stderr]  --> rwkv-rs/src/vocabulary.rs:7:17
[INFO] [stderr]   |
[INFO] [stderr] 7 | pub(crate) type TokenScore = f32;
[INFO] [stderr]   |                 ^^^^^^^^^^
[INFO] [stderr] 
[INFO] [stderr] warning: struct `Vocabulary` is never constructed
[INFO] [stderr]   --> rwkv-rs/src/vocabulary.rs:11:12
[INFO] [stderr]    |
[INFO] [stderr] 11 | pub struct Vocabulary {
[INFO] [stderr]    |            ^^^^^^^^^^
[INFO] [stderr]    |
[INFO] [stderr]    = note: `Vocabulary` has derived impls for the traits `Clone` and `Debug`, but these are intentionally ignored during dead code analysis
[INFO] [stderr] 
[INFO] [stderr] warning: methods `token` and `tokenize` are never used
[INFO] [stderr]   --> rwkv-rs/src/vocabulary.rs:25:19
[INFO] [stderr]    |
[INFO] [stderr] 24 | impl Vocabulary {
[INFO] [stderr]    | --------------- methods in this implementation
[INFO] [stderr] 25 |     pub(crate) fn token(&self, idx: usize) -> &[u8] {
[INFO] [stderr]    |                   ^^^^^
[INFO] [stderr] ...
[INFO] [stderr] 33 |     pub fn tokenize<'a>(
[INFO] [stderr]    |            ^^^^^^^^
[INFO] [stderr] 
[INFO] [stderr] warning: unused `Result` that must be used
[INFO] [stderr]    --> rwkv-rs/src/loader.rs:373:9
[INFO] [stderr]     |
[INFO] [stderr] 373 |         reader.read_exact(slice);
[INFO] [stderr]     |         ^^^^^^^^^^^^^^^^^^^^^^^^
[INFO] [stderr]     |
[INFO] [stderr]     = note: this `Result` may be an `Err` variant, which should be handled
[INFO] [stderr]     = note: `#[warn(unused_must_use)]` on by default
[INFO] [stderr] help: use `let _ = ...` to ignore the resulting value
[INFO] [stderr]     |
[INFO] [stderr] 373 |         let _ = reader.read_exact(slice);
[INFO] [stderr]     |         +++++++
[INFO] [stderr] 
[INFO] [stderr] warning: unused variable: `progress`
[INFO] [stderr]    --> rwkv-rs/src/loader.rs:441:10
[INFO] [stderr]     |
[INFO] [stderr] 441 |         |progress| {},
[INFO] [stderr]     |          ^^^^^^^^ help: if this is intentional, prefix it with an underscore: `_progress`
[INFO] [stderr] 
[INFO] [stderr] warning: variant `PartLoading` is never constructed
[INFO] [stderr]   --> rwkv-rs/src/loader.rs:23:5
[INFO] [stderr]    |
[INFO] [stderr] 14 | pub enum LoadProgress<'a> {
[INFO] [stderr]    |          ------------ variant in this enum
[INFO] [stderr] ...
[INFO] [stderr] 23 |     PartLoading {
[INFO] [stderr]    |     ^^^^^^^^^^^
[INFO] [stderr]    |
[INFO] [stderr]    = note: `LoadProgress` has derived impls for the traits `Debug` and `Clone`, but these are intentionally ignored during dead code analysis
[INFO] [stderr]    = note: `#[warn(dead_code)]` on by default
[INFO] [stderr] 
[INFO] [stderr] warning: variants `NoParentPath` and `InvalidFtype` are never constructed
[INFO] [stderr]    --> rwkv-rs/src/loader.rs:64:5
[INFO] [stderr]     |
[INFO] [stderr] 53  | pub enum LoadError {
[INFO] [stderr]     |          --------- variants in this enum
[INFO] [stderr] ...
[INFO] [stderr] 64  |     NoParentPath {
[INFO] [stderr]     |     ^^^^^^^^^^^^
[INFO] [stderr] ...
[INFO] [stderr] 122 |     InvalidFtype {
[INFO] [stderr]     |     ^^^^^^^^^^^^
[INFO] [stderr]     |
[INFO] [stderr]     = note: `LoadError` has a derived impl for the trait `Debug`, but this is intentionally ignored during dead code analysis
[INFO] [stderr] 
[INFO] [stderr] warning: associated function `load` is never used
[INFO] [stderr]    --> rwkv-rs/src/model.rs:167:12
[INFO] [stderr]     |
[INFO] [stderr] 30  | impl Model {
[INFO] [stderr]     | ---------- associated function in this implementation
[INFO] [stderr] ...
[INFO] [stderr] 167 |     pub fn load(
[INFO] [stderr]     |            ^^^^
[INFO] [stderr] 
[INFO] [stderr] warning: fields `memory_size`, `params`, `mem_per_token`, and `tokens` are never read
[INFO] [stderr]   --> rwkv-rs/src/rwkv_session.rs:34:16
[INFO] [stderr]    |
[INFO] [stderr] 30 | pub struct InferenceSession {
[INFO] [stderr]    |            ---------------- fields in this struct
[INFO] [stderr] ...
[INFO] [stderr] 34 |     pub(crate) memory_size: usize,
[INFO] [stderr]    |                ^^^^^^^^^^^
[INFO] [stderr] ...
[INFO] [stderr] 37 |     pub(crate) params: InferenceSessionParameters,
[INFO] [stderr]    |                ^^^^^^
[INFO] [stderr] ...
[INFO] [stderr] 48 |     pub(crate) mem_per_token: usize,
[INFO] [stderr]    |                ^^^^^^^^^^^^^
[INFO] [stderr] ...
[INFO] [stderr] 51 |     pub(crate) tokens: Vec<TokenId>,
[INFO] [stderr]    |                ^^^^^^
[INFO] [stderr] 
[INFO] [stderr] warning: methods `sample_top_p_top_k` and `repetition_penalty_tokens` are never used
[INFO] [stderr]    --> rwkv-rs/src/rwkv_session.rs:256:12
[INFO] [stderr]     |
[INFO] [stderr] 59  | impl InferenceSession {
[INFO] [stderr]     | --------------------- methods in this implementation
[INFO] [stderr] ...
[INFO] [stderr] 256 |     pub fn sample_top_p_top_k(
[INFO] [stderr]     |            ^^^^^^^^^^^^^^^^^^
[INFO] [stderr] ...
[INFO] [stderr] 341 |     fn repetition_penalty_tokens(&self) -> &[TokenId] {
[INFO] [stderr]     |        ^^^^^^^^^^^^^^^^^^^^^^^^^
[INFO] [stderr] 
[INFO] [stderr] warning: `rwkv-rs` (lib) generated 32 warnings (run `cargo fix --lib -p rwkv-rs` to apply 5 suggestions)
[INFO] [stderr] warning: `rwkv-rs` (lib test) generated 22 warnings (16 duplicates)
[INFO] [stderr]     Finished `test` profile [unoptimized + debuginfo] target(s) in 0.08s
[INFO] [stderr]      Running unittests src/main.rs (/opt/rustwide/target/debug/deps/generate_ggml_bindings-f155d0aa6369adfb)
[INFO] [stdout] 
[INFO] [stdout] running 0 tests
[INFO] [stdout] 
[INFO] [stdout] test result: ok. 0 passed; 0 failed; 0 ignored; 0 measured; 0 filtered out; finished in 0.00s
[INFO] [stdout] 
[INFO] [stderr]      Running unittests src/lib.rs (/opt/rustwide/target/debug/deps/ggml_rwkv-24a9de6c9ba9cb13)
[INFO] [stderr]      Running unittests src/lib.rs (/opt/rustwide/target/debug/deps/ggml_rwkv_internal-65a51050af870159)
[INFO] [stdout] 
[INFO] [stdout] running 0 tests
[INFO] [stdout] 
[INFO] [stdout] test result: ok. 0 passed; 0 failed; 0 ignored; 0 measured; 0 filtered out; finished in 0.00s
[INFO] [stdout] 
[INFO] [stdout] 
[INFO] [stdout] running 9 tests
[INFO] [stdout] test bindgen_test_layout_ggml_cgraph ... ok
[INFO] [stdout] test bindgen_test_layout_ggml_init_params ... ok
[INFO] [stdout] test bindgen_test_layout_ggml_opt_params__bindgen_ty_1 ... ok
[INFO] [stdout] test bindgen_test_layout_ggml_opt_params__bindgen_ty_2 ... ok
[INFO] [stdout] test bindgen_test_layout_ggml_scratch ... ok
[INFO] [stdout] test bindgen_test_layout_ggml_tensor ... ok
[INFO] [stdout] test bindgen_test_layout_quantize_fns_t ... ok
[INFO] [stdout] test bindgen_test_layout_ggml_object ... ok
[INFO] [stdout] test bindgen_test_layout_ggml_opt_params ... ok
[INFO] [stdout] 
[INFO] [stdout] test result: ok. 9 passed; 0 failed; 0 ignored; 0 measured; 0 filtered out; finished in 0.00s
[INFO] [stdout] 
[INFO] [stderr]      Running unittests src/lib.rs (/opt/rustwide/target/debug/deps/rwkv_rs-5dbab19063e67392)
[INFO] [stdout] 
[INFO] [stdout] running 1 test
[INFO] [stdout] test loader::test ... FAILED
[INFO] [stdout] 
[INFO] [stdout] failures:
[INFO] [stdout] 
[INFO] [stdout] ---- loader::test stdout ----
[INFO] [stdout] thread 'loader::test' panicked at rwkv-rs/src/loader.rs:143:42:
[INFO] [stdout] called `Result::unwrap()` on an `Err` value: Os { code: 2, kind: NotFound, message: "No such file or directory" }
[INFO] [stdout] stack backtrace:
[INFO] [stdout]    0:     0x5de1cb67912a - std::backtrace_rs::backtrace::libunwind::trace::h5a5b8284f2d0c266
[INFO] [stdout]                                at /rustc/90b35a6239c3d8bdabc530a6a0816f7ff89a0aaf/library/std/src/../../backtrace/src/backtrace/libunwind.rs:116:5
[INFO] [stdout]    1:     0x5de1cb67912a - std::backtrace_rs::backtrace::trace_unsynchronized::h76d4f1c9b0b875e3
[INFO] [stdout]                                at /rustc/90b35a6239c3d8bdabc530a6a0816f7ff89a0aaf/library/std/src/../../backtrace/src/backtrace/mod.rs:66:5
[INFO] [stdout]    2:     0x5de1cb67912a - std::sys::backtrace::_print_fmt::hc4546b8364a537c6
[INFO] [stdout]                                at /rustc/90b35a6239c3d8bdabc530a6a0816f7ff89a0aaf/library/std/src/sys/backtrace.rs:66:9
[INFO] [stdout]    3:     0x5de1cb67912a - <std::sys::backtrace::BacktraceLock::print::DisplayBacktrace as core::fmt::Display>::fmt::h5b6bd5631a6d1f6b
[INFO] [stdout]                                at /rustc/90b35a6239c3d8bdabc530a6a0816f7ff89a0aaf/library/std/src/sys/backtrace.rs:39:26
[INFO] [stdout]    4:     0x5de1cb69e5f3 - core::fmt::rt::Argument::fmt::h270f6602a2b96f62
[INFO] [stdout]                                at /rustc/90b35a6239c3d8bdabc530a6a0816f7ff89a0aaf/library/core/src/fmt/rt.rs:177:76
[INFO] [stdout]    5:     0x5de1cb69e5f3 - core::fmt::write::h7550c97b06c86515
[INFO] [stdout]                                at /rustc/90b35a6239c3d8bdabc530a6a0816f7ff89a0aaf/library/core/src/fmt/mod.rs:1186:21
[INFO] [stdout]    6:     0x5de1cb676153 - std::io::Write::write_fmt::h509ff860e5956e5e
[INFO] [stdout]                                at /rustc/90b35a6239c3d8bdabc530a6a0816f7ff89a0aaf/library/std/src/io/mod.rs:1839:15
[INFO] [stdout]    7:     0x5de1cb678f72 - std::sys::backtrace::BacktraceLock::print::h2395ccd2c84ba3aa
[INFO] [stdout]                                at /rustc/90b35a6239c3d8bdabc530a6a0816f7ff89a0aaf/library/std/src/sys/backtrace.rs:42:9
[INFO] [stdout]    8:     0x5de1cb67a58a - std::panicking::default_hook::{{closure}}::he19d4c7230e07961
[INFO] [stdout]                                at /rustc/90b35a6239c3d8bdabc530a6a0816f7ff89a0aaf/library/std/src/panicking.rs:268:22
[INFO] [stdout]    9:     0x5de1cb67a394 - std::panicking::default_hook::hf614597d3c67bbdb
[INFO] [stdout]                                at /rustc/90b35a6239c3d8bdabc530a6a0816f7ff89a0aaf/library/std/src/panicking.rs:292:9
[INFO] [stdout]   10:     0x5de1cb626219 - <alloc::boxed::Box<F,A> as core::ops::function::Fn<Args>>::call::h39b51ce4599c23d1
[INFO] [stdout]                                at /rustc/90b35a6239c3d8bdabc530a6a0816f7ff89a0aaf/library/alloc/src/boxed.rs:2468:9
[INFO] [stdout]   11:     0x5de1cb626219 - test::test_main::{{closure}}::he977ae839a582784
[INFO] [stdout]                                at /rustc/90b35a6239c3d8bdabc530a6a0816f7ff89a0aaf/library/test/src/lib.rs:133:21
[INFO] [stdout]   12:     0x5de1cb67ac28 - <alloc::boxed::Box<F,A> as core::ops::function::Fn<Args>>::call::h9455091b6b06f9fb
[INFO] [stdout]                                at /rustc/90b35a6239c3d8bdabc530a6a0816f7ff89a0aaf/library/alloc/src/boxed.rs:2468:9
[INFO] [stdout]   13:     0x5de1cb67ac28 - std::panicking::rust_panic_with_hook::h8942133a8b252070
[INFO] [stdout]                                at /rustc/90b35a6239c3d8bdabc530a6a0816f7ff89a0aaf/library/std/src/panicking.rs:809:13
[INFO] [stdout]   14:     0x5de1cb67a9ea - std::panicking::begin_panic_handler::{{closure}}::hb5f5963570096b29
[INFO] [stdout]                                at /rustc/90b35a6239c3d8bdabc530a6a0816f7ff89a0aaf/library/std/src/panicking.rs:674:13
[INFO] [stdout]   15:     0x5de1cb679609 - std::sys::backtrace::__rust_end_short_backtrace::h6208cedc1922feda
[INFO] [stdout]                                at /rustc/90b35a6239c3d8bdabc530a6a0816f7ff89a0aaf/library/std/src/sys/backtrace.rs:170:18
[INFO] [stdout]   16:     0x5de1cb67a67c - rust_begin_unwind
[INFO] [stdout]                                at /rustc/90b35a6239c3d8bdabc530a6a0816f7ff89a0aaf/library/std/src/panicking.rs:665:5
[INFO] [stdout]   17:     0x5de1cb5c6b50 - core::panicking::panic_fmt::h0c3082644d1bf418
[INFO] [stdout]                                at /rustc/90b35a6239c3d8bdabc530a6a0816f7ff89a0aaf/library/core/src/panicking.rs:74:14
[INFO] [stdout]   18:     0x5de1cb5c6f96 - core::result::unwrap_failed::hd20b4aa073bda1e2
[INFO] [stdout]                                at /rustc/90b35a6239c3d8bdabc530a6a0816f7ff89a0aaf/library/core/src/result.rs:1700:5
[INFO] [stdout]   19:     0x5de1cb5cae51 - core::result::Result<T,E>::unwrap::he90ca3ffab8fa1ec
[INFO] [stdout]                                at /rustc/90b35a6239c3d8bdabc530a6a0816f7ff89a0aaf/library/core/src/result.rs:1104:23
[INFO] [stdout]   20:     0x5de1cb5cae51 - rwkv_rs::loader::load::h95b6841e7258a9b7
[INFO] [stdout]                                at /opt/rustwide/workdir/rwkv-rs/src/loader.rs:143:21
[INFO] [stdout]   21:     0x5de1cb5d7cb3 - rwkv_rs::loader::test::he2db810a0035c565
[INFO] [stdout]                                at /opt/rustwide/workdir/rwkv-rs/src/loader.rs:439:17
[INFO] [stdout]   22:     0x5de1cb5d7c57 - rwkv_rs::loader::test::{{closure}}::hd2ce5dff0ad96dd0
[INFO] [stdout]                                at /opt/rustwide/workdir/rwkv-rs/src/loader.rs:438:10
[INFO] [stdout]   23:     0x5de1cb5c7f86 - core::ops::function::FnOnce::call_once::h639f9562e9bed01e
[INFO] [stdout]                                at /rustc/90b35a6239c3d8bdabc530a6a0816f7ff89a0aaf/library/core/src/ops/function.rs:250:5
[INFO] [stdout]   24:     0x5de1cb62abdb - core::ops::function::FnOnce::call_once::h109cf8051a59b34e
[INFO] [stdout]                                at /rustc/90b35a6239c3d8bdabc530a6a0816f7ff89a0aaf/library/core/src/ops/function.rs:250:5
[INFO] [stdout]   25:     0x5de1cb62abdb - test::__rust_begin_short_backtrace::hf4fff89d377446ba
[INFO] [stdout]                                at /rustc/90b35a6239c3d8bdabc530a6a0816f7ff89a0aaf/library/test/src/lib.rs:621:18
[INFO] [stdout]   26:     0x5de1cb62a417 - test::run_test_in_process::{{closure}}::h0e39181dd7ee5a43
[INFO] [stdout]                                at /rustc/90b35a6239c3d8bdabc530a6a0816f7ff89a0aaf/library/test/src/lib.rs:644:60
[INFO] [stdout]   27:     0x5de1cb62a417 - <core::panic::unwind_safe::AssertUnwindSafe<F> as core::ops::function::FnOnce<()>>::call_once::hc5a66a30f0bdfd1f
[INFO] [stdout]                                at /rustc/90b35a6239c3d8bdabc530a6a0816f7ff89a0aaf/library/core/src/panic/unwind_safe.rs:272:9
[INFO] [stdout]   28:     0x5de1cb62a417 - std::panicking::try::do_call::h873b7cf639554a5e
[INFO] [stdout]                                at /rustc/90b35a6239c3d8bdabc530a6a0816f7ff89a0aaf/library/std/src/panicking.rs:557:40
[INFO] [stdout]   29:     0x5de1cb62a417 - std::panicking::try::hdb19862fad9c8bd1
[INFO] [stdout]                                at /rustc/90b35a6239c3d8bdabc530a6a0816f7ff89a0aaf/library/std/src/panicking.rs:520:19
[INFO] [stdout]   30:     0x5de1cb62a417 - std::panic::catch_unwind::h281fe732d236d260
[INFO] [stdout]                                at /rustc/90b35a6239c3d8bdabc530a6a0816f7ff89a0aaf/library/std/src/panic.rs:358:14
[INFO] [stdout]   31:     0x5de1cb62a417 - test::run_test_in_process::h949b6df8457ed338
[INFO] [stdout]                                at /rustc/90b35a6239c3d8bdabc530a6a0816f7ff89a0aaf/library/test/src/lib.rs:644:27
[INFO] [stdout]   32:     0x5de1cb62a417 - test::run_test::{{closure}}::h52c556a6d4740e10
[INFO] [stdout]                                at /rustc/90b35a6239c3d8bdabc530a6a0816f7ff89a0aaf/library/test/src/lib.rs:565:43
[INFO] [stdout]   33:     0x5de1cb5ef6f4 - test::run_test::{{closure}}::h4237f6381c45ccb9
[INFO] [stdout]                                at /rustc/90b35a6239c3d8bdabc530a6a0816f7ff89a0aaf/library/test/src/lib.rs:595:41
[INFO] [stdout]   34:     0x5de1cb5ef6f4 - std::sys::backtrace::__rust_begin_short_backtrace::h505c97a579eca628
[INFO] [stdout]                                at /rustc/90b35a6239c3d8bdabc530a6a0816f7ff89a0aaf/library/std/src/sys/backtrace.rs:154:18
[INFO] [stdout]   35:     0x5de1cb5f2dbe - std::thread::Builder::spawn_unchecked_::{{closure}}::{{closure}}::h9e86b2e2bc107ea3
[INFO] [stdout]                                at /rustc/90b35a6239c3d8bdabc530a6a0816f7ff89a0aaf/library/std/src/thread/mod.rs:538:17
[INFO] [stdout]   36:     0x5de1cb5f2dbe - <core::panic::unwind_safe::AssertUnwindSafe<F> as core::ops::function::FnOnce<()>>::call_once::h8b06ddb275ff4a25
[INFO] [stdout]                                at /rustc/90b35a6239c3d8bdabc530a6a0816f7ff89a0aaf/library/core/src/panic/unwind_safe.rs:272:9
[INFO] [stdout]   37:     0x5de1cb5f2dbe - std::panicking::try::do_call::hb26ecd7cd9a9355d
[INFO] [stdout]                                at /rustc/90b35a6239c3d8bdabc530a6a0816f7ff89a0aaf/library/std/src/panicking.rs:557:40
[INFO] [stdout]   38:     0x5de1cb5f2dbe - std::panicking::try::h8ddeca9d705f9069
[INFO] [stdout]                                at /rustc/90b35a6239c3d8bdabc530a6a0816f7ff89a0aaf/library/std/src/panicking.rs:520:19
[INFO] [stdout]   39:     0x5de1cb5f2dbe - std::panic::catch_unwind::h49e1c33078844c46
[INFO] [stdout]                                at /rustc/90b35a6239c3d8bdabc530a6a0816f7ff89a0aaf/library/std/src/panic.rs:358:14
[INFO] [stdout]   40:     0x5de1cb5f2dbe - std::thread::Builder::spawn_unchecked_::{{closure}}::h6073db6ff56ad35d
[INFO] [stdout]                                at /rustc/90b35a6239c3d8bdabc530a6a0816f7ff89a0aaf/library/std/src/thread/mod.rs:537:30
[INFO] [stdout]   41:     0x5de1cb5f2dbe - core::ops::function::FnOnce::call_once{{vtable.shim}}::h2c5a5f3779c774f1
[INFO] [stdout]                                at /rustc/90b35a6239c3d8bdabc530a6a0816f7ff89a0aaf/library/core/src/ops/function.rs:250:5
[INFO] [stdout]   42:     0x5de1cb67ea0b - <alloc::boxed::Box<F,A> as core::ops::function::FnOnce<Args>>::call_once::hf75717d9f28faebf
[INFO] [stdout]                                at /rustc/90b35a6239c3d8bdabc530a6a0816f7ff89a0aaf/library/alloc/src/boxed.rs:2454:9
[INFO] [stdout]   43:     0x5de1cb67ea0b - <alloc::boxed::Box<F,A> as core::ops::function::FnOnce<Args>>::call_once::h7bd883a5f3c5f3c1
[INFO] [stdout]                                at /rustc/90b35a6239c3d8bdabc530a6a0816f7ff89a0aaf/library/alloc/src/boxed.rs:2454:9
[INFO] [stdout]   44:     0x5de1cb67ea0b - std::sys::pal::unix::thread::Thread::new::thread_start::hcc78f3943333fa94
[INFO] [stdout]                                at /rustc/90b35a6239c3d8bdabc530a6a0816f7ff89a0aaf/library/std/src/sys/pal/unix/thread.rs:105:17
[INFO] [stdout]   45:     0x7fab0c871ac3 - <unknown>
[INFO] [stdout]   46:     0x7fab0c902a04 - clone
[INFO] [stdout]   47:                0x0 - <unknown>
[INFO] [stdout] 
[INFO] [stdout] 
[INFO] [stdout] failures:
[INFO] [stdout]     loader::test
[INFO] [stdout] 
[INFO] [stdout] test result: FAILED. 0 passed; 1 failed; 0 ignored; 0 measured; 0 filtered out; finished in 0.04s
[INFO] [stdout] 
[INFO] [stderr] error: test failed, to rerun pass `-p rwkv-rs --lib`
[INFO] running `Command { std: "docker" "inspect" "fe1c97a7068ff2c5e783fbae12daa6f1be110af452089a4f61361d552144517e", kill_on_drop: false }`
[INFO] running `Command { std: "docker" "rm" "-f" "fe1c97a7068ff2c5e783fbae12daa6f1be110af452089a4f61361d552144517e", kill_on_drop: false }`
[INFO] [stdout] fe1c97a7068ff2c5e783fbae12daa6f1be110af452089a4f61361d552144517e
