[INFO] cloning repository https://github.com/yohachiSuga/n2t_vmtrans_rust
[INFO] running `Command { std: "git" "-c" "credential.helper=" "-c" "credential.helper=/workspace/cargo-home/bin/git-credential-null" "clone" "--bare" "https://github.com/yohachiSuga/n2t_vmtrans_rust" "/workspace/cache/git-repos/https%3A%2F%2Fgithub.com%2FyohachiSuga%2Fn2t_vmtrans_rust", kill_on_drop: false }`
[INFO] [stderr] Cloning into bare repository '/workspace/cache/git-repos/https%3A%2F%2Fgithub.com%2FyohachiSuga%2Fn2t_vmtrans_rust'...
[INFO] running `Command { std: "git" "rev-parse" "HEAD", kill_on_drop: false }`
[INFO] [stdout] 12da3307ae556b9de3012a2fa2a88b9f68108534
[INFO] testing yohachiSuga/n2t_vmtrans_rust against 1.83.0 for beta-1.84.0-4-retry
[INFO] running `Command { std: "git" "clone" "/workspace/cache/git-repos/https%3A%2F%2Fgithub.com%2FyohachiSuga%2Fn2t_vmtrans_rust" "/workspace/builds/worker-3-tc1/source", kill_on_drop: false }`
[INFO] [stderr] Cloning into '/workspace/builds/worker-3-tc1/source'...
[INFO] [stderr] done.
[INFO] validating manifest of git repo https://github.com/yohachiSuga/n2t_vmtrans_rust on toolchain 1.83.0
[INFO] running `Command { std: CARGO_HOME="/workspace/cargo-home" RUSTUP_HOME="/workspace/rustup-home" "/workspace/cargo-home/bin/cargo" "+1.83.0" "metadata" "--manifest-path" "Cargo.toml" "--no-deps", kill_on_drop: false }`
[INFO] started tweaking git repo https://github.com/yohachiSuga/n2t_vmtrans_rust
[INFO] finished tweaking git repo https://github.com/yohachiSuga/n2t_vmtrans_rust
[INFO] tweaked toml for git repo https://github.com/yohachiSuga/n2t_vmtrans_rust written to /workspace/builds/worker-3-tc1/source/Cargo.toml
[INFO] crate git repo https://github.com/yohachiSuga/n2t_vmtrans_rust already has a lockfile, it will not be regenerated
[INFO] running `Command { std: CARGO_HOME="/workspace/cargo-home" RUSTUP_HOME="/workspace/rustup-home" "/workspace/cargo-home/bin/cargo" "+1.83.0" "fetch" "--manifest-path" "Cargo.toml", kill_on_drop: false }`
[INFO] [stderr]  Downloading crates ...
[INFO] [stderr]   Downloaded clap_derive v3.2.15
[INFO] [stderr]   Downloaded strum_macros v0.24.2
[INFO] [stderr]   Downloaded clap v3.2.16
[INFO] [stderr]   Downloaded os_str_bytes v6.2.0
[INFO] running `Command { std: "docker" "create" "-v" "/var/lib/crater-agent-workspace/builds/worker-3-tc1/target:/opt/rustwide/target:rw,Z" "-v" "/var/lib/crater-agent-workspace/builds/worker-3-tc1/source:/opt/rustwide/workdir:ro,Z" "-v" "/var/lib/crater-agent-workspace/cargo-home:/opt/rustwide/cargo-home:ro,Z" "-v" "/var/lib/crater-agent-workspace/rustup-home:/opt/rustwide/rustup-home:ro,Z" "-e" "SOURCE_DIR=/opt/rustwide/workdir" "-e" "CARGO_TARGET_DIR=/opt/rustwide/target" "-e" "CARGO_HOME=/opt/rustwide/cargo-home" "-e" "RUSTUP_HOME=/opt/rustwide/rustup-home" "-w" "/opt/rustwide/workdir" "-m" "1610612736" "--user" "0:0" "--network" "none" "ghcr.io/rust-lang/crates-build-env/linux@sha256:f3a9d4ad9d972b27faf3965f35b62e55ba32bbce8f20bc8fe909558a86702fde" "/opt/rustwide/cargo-home/bin/cargo" "+1.83.0" "metadata" "--no-deps" "--format-version=1", kill_on_drop: false }`
[INFO] [stdout] f6c97fdb171ad316e5c550e761d9bb5f788ab98c65682a967cc1e0faa0bdb39a
[INFO] running `Command { std: "docker" "start" "-a" "f6c97fdb171ad316e5c550e761d9bb5f788ab98c65682a967cc1e0faa0bdb39a", kill_on_drop: false }`
[INFO] running `Command { std: "docker" "inspect" "f6c97fdb171ad316e5c550e761d9bb5f788ab98c65682a967cc1e0faa0bdb39a", kill_on_drop: false }`
[INFO] running `Command { std: "docker" "rm" "-f" "f6c97fdb171ad316e5c550e761d9bb5f788ab98c65682a967cc1e0faa0bdb39a", kill_on_drop: false }`
[INFO] [stdout] f6c97fdb171ad316e5c550e761d9bb5f788ab98c65682a967cc1e0faa0bdb39a
[INFO] running `Command { std: "docker" "create" "-v" "/var/lib/crater-agent-workspace/builds/worker-3-tc1/target:/opt/rustwide/target:rw,Z" "-v" "/var/lib/crater-agent-workspace/builds/worker-3-tc1/source:/opt/rustwide/workdir:ro,Z" "-v" "/var/lib/crater-agent-workspace/cargo-home:/opt/rustwide/cargo-home:ro,Z" "-v" "/var/lib/crater-agent-workspace/rustup-home:/opt/rustwide/rustup-home:ro,Z" "-e" "SOURCE_DIR=/opt/rustwide/workdir" "-e" "CARGO_TARGET_DIR=/opt/rustwide/target" "-e" "CARGO_INCREMENTAL=0" "-e" "RUST_BACKTRACE=full" "-e" "RUSTFLAGS=--cap-lints=warn" "-e" "RUSTDOCFLAGS=--cap-lints=warn" "-e" "CARGO_HOME=/opt/rustwide/cargo-home" "-e" "RUSTUP_HOME=/opt/rustwide/rustup-home" "-w" "/opt/rustwide/workdir" "-m" "1610612736" "--user" "0:0" "--network" "none" "ghcr.io/rust-lang/crates-build-env/linux@sha256:f3a9d4ad9d972b27faf3965f35b62e55ba32bbce8f20bc8fe909558a86702fde" "/opt/rustwide/cargo-home/bin/cargo" "+1.83.0" "build" "--frozen" "--message-format=json", kill_on_drop: false }`
[INFO] [stdout] 1c291af5b4621d849e7a3c597c305e81159d16a333ff75d49eeb131a9c45449c
[INFO] running `Command { std: "docker" "start" "-a" "1c291af5b4621d849e7a3c597c305e81159d16a333ff75d49eeb131a9c45449c", kill_on_drop: false }`
[INFO] [stderr]    Compiling proc-macro2 v1.0.42
[INFO] [stderr]    Compiling quote v1.0.20
[INFO] [stderr]    Compiling unicode-ident v1.0.2
[INFO] [stderr]    Compiling syn v1.0.98
[INFO] [stderr]    Compiling rustversion v1.0.9
[INFO] [stderr]    Compiling log v0.4.17
[INFO] [stderr]    Compiling heck v0.4.0
[INFO] [stderr]    Compiling termcolor v1.1.3
[INFO] [stderr]    Compiling regex-syntax v0.6.27
[INFO] [stderr]    Compiling hashbrown v0.12.3
[INFO] [stderr]    Compiling os_str_bytes v6.2.0
[INFO] [stderr]    Compiling indexmap v1.9.1
[INFO] [stderr]    Compiling textwrap v0.15.0
[INFO] [stderr]    Compiling once_cell v1.13.0
[INFO] [stderr]    Compiling strsim v0.10.0
[INFO] [stderr]    Compiling humantime v2.1.0
[INFO] [stderr]    Compiling strum v0.24.1
[INFO] [stderr]    Compiling clap_lex v0.2.4
[INFO] [stderr]    Compiling proc-macro-error-attr v1.0.4
[INFO] [stderr]    Compiling regex v1.6.0
[INFO] [stderr]    Compiling env_logger v0.9.0
[INFO] [stderr]    Compiling proc-macro-error v1.0.4
[INFO] [stderr]    Compiling clap_derive v3.2.15
[INFO] [stderr]    Compiling strum_macros v0.24.2
[INFO] [stderr]    Compiling clap v3.2.16
[INFO] [stderr]    Compiling vmtrans v0.1.0 (/opt/rustwide/workdir)
[INFO] [stdout] warning: unused import: `debug`
[INFO] [stdout]  --> src/main.rs:8:11
[INFO] [stdout]   |
[INFO] [stdout] 8 | use log::{debug, info};
[INFO] [stdout]   |           ^^^^^
[INFO] [stdout]   |
[INFO] [stdout]   = note: `#[warn(unused_imports)]` on by default
[INFO] [stdout] 
[INFO] [stdout] 
[INFO] [stdout] warning: variant `C_ARITHMETIC` should have an upper camel case name
[INFO] [stdout]   --> src/parser.rs:35:5
[INFO] [stdout]    |
[INFO] [stdout] 35 |     C_ARITHMETIC,
[INFO] [stdout]    |     ^^^^^^^^^^^^ help: convert the identifier to upper camel case: `CArithmetic`
[INFO] [stdout]    |
[INFO] [stdout]    = note: `#[warn(non_camel_case_types)]` on by default
[INFO] [stdout] 
[INFO] [stdout] 
[INFO] [stdout] warning: variant `C_PUSH` should have an upper camel case name
[INFO] [stdout]   --> src/parser.rs:37:5
[INFO] [stdout]    |
[INFO] [stdout] 37 |     C_PUSH,
[INFO] [stdout]    |     ^^^^^^ help: convert the identifier to upper camel case: `CPush`
[INFO] [stdout] 
[INFO] [stdout] 
[INFO] [stdout] warning: variant `C_POP` should have an upper camel case name
[INFO] [stdout]   --> src/parser.rs:39:5
[INFO] [stdout]    |
[INFO] [stdout] 39 |     C_POP,
[INFO] [stdout]    |     ^^^^^ help: convert the identifier to upper camel case: `CPop`
[INFO] [stdout] 
[INFO] [stdout] 
[INFO] [stdout] warning: variant `C_LABEL` should have an upper camel case name
[INFO] [stdout]   --> src/parser.rs:41:5
[INFO] [stdout]    |
[INFO] [stdout] 41 |     C_LABEL,
[INFO] [stdout]    |     ^^^^^^^ help: convert the identifier to upper camel case: `CLabel`
[INFO] [stdout] 
[INFO] [stdout] 
[INFO] [stdout] warning: variant `C_GOTO` should have an upper camel case name
[INFO] [stdout]   --> src/parser.rs:43:5
[INFO] [stdout]    |
[INFO] [stdout] 43 |     C_GOTO,
[INFO] [stdout]    |     ^^^^^^ help: convert the identifier to upper camel case: `CGoto`
[INFO] [stdout] 
[INFO] [stdout] 
[INFO] [stdout] warning: variant `C_IF` should have an upper camel case name
[INFO] [stdout]   --> src/parser.rs:45:5
[INFO] [stdout]    |
[INFO] [stdout] 45 |     C_IF,
[INFO] [stdout]    |     ^^^^ help: convert the identifier to upper camel case: `CIf`
[INFO] [stdout] 
[INFO] [stdout] 
[INFO] [stdout] warning: variant `C_FUNCTION` should have an upper camel case name
[INFO] [stdout]   --> src/parser.rs:47:5
[INFO] [stdout]    |
[INFO] [stdout] 47 |     C_FUNCTION,
[INFO] [stdout]    |     ^^^^^^^^^^ help: convert the identifier to upper camel case: `CFunction`
[INFO] [stdout] 
[INFO] [stdout] 
[INFO] [stdout] warning: variant `C_RETURN` should have an upper camel case name
[INFO] [stdout]   --> src/parser.rs:49:5
[INFO] [stdout]    |
[INFO] [stdout] 49 |     C_RETURN,
[INFO] [stdout]    |     ^^^^^^^^ help: convert the identifier to upper camel case: `CReturn`
[INFO] [stdout] 
[INFO] [stdout] 
[INFO] [stdout] warning: variant `C_CALL` should have an upper camel case name
[INFO] [stdout]   --> src/parser.rs:51:5
[INFO] [stdout]    |
[INFO] [stdout] 51 |     C_CALL,
[INFO] [stdout]    |     ^^^^^^ help: convert the identifier to upper camel case: `CCall`
[INFO] [stdout] 
[INFO] [stdout] 
[INFO] [stdout] warning: variant `constant` should have an upper camel case name
[INFO] [stdout]   --> src/writer.rs:21:5
[INFO] [stdout]    |
[INFO] [stdout] 21 |     constant,
[INFO] [stdout]    |     ^^^^^^^^ help: convert the identifier to upper camel case (notice the capitalization): `Constant`
[INFO] [stdout] 
[INFO] [stdout] 
[INFO] [stdout] warning: unreachable pattern
[INFO] [stdout]   --> src/parser.rs:50:25
[INFO] [stdout]    |
[INFO] [stdout] 40 |     #[strum(serialize = "label")]
[INFO] [stdout]    |                         ------- matches all the relevant values
[INFO] [stdout] ...
[INFO] [stdout] 50 |     #[strum(serialize = "label")]
[INFO] [stdout]    |                         ^^^^^^^ no value can reach this
[INFO] [stdout]    |
[INFO] [stdout]    = note: `#[warn(unreachable_patterns)]` on by default
[INFO] [stdout] 
[INFO] [stdout] 
[INFO] [stdout] warning: unused variable: `command`
[INFO] [stdout]    --> src/writer.rs:219:34
[INFO] [stdout]     |
[INFO] [stdout] 219 |     pub fn writeLabel(&mut self, command: &CommandType, label: &str) {
[INFO] [stdout]     |                                  ^^^^^^^ help: if this is intentional, prefix it with an underscore: `_command`
[INFO] [stdout]     |
[INFO] [stdout]     = note: `#[warn(unused_variables)]` on by default
[INFO] [stdout] 
[INFO] [stdout] 
[INFO] [stdout] warning: unused variable: `command`
[INFO] [stdout]    --> src/writer.rs:223:33
[INFO] [stdout]     |
[INFO] [stdout] 223 |     pub fn writeGoto(&mut self, command: &CommandType, label: &str) {
[INFO] [stdout]     |                                 ^^^^^^^ help: if this is intentional, prefix it with an underscore: `_command`
[INFO] [stdout] 
[INFO] [stdout] 
[INFO] [stdout] warning: unused variable: `command`
[INFO] [stdout]    --> src/writer.rs:227:31
[INFO] [stdout]     |
[INFO] [stdout] 227 |     pub fn writeIf(&mut self, command: &CommandType, label: &str) {
[INFO] [stdout]     |                               ^^^^^^^ help: if this is intentional, prefix it with an underscore: `_command`
[INFO] [stdout] 
[INFO] [stdout] 
[INFO] [stdout] warning: variable does not need to be mutable
[INFO] [stdout]    --> src/main.rs:104:9
[INFO] [stdout]     |
[INFO] [stdout] 104 |     let mut writer = BufWriter::new(file);
[INFO] [stdout]     |         ----^^^^^^
[INFO] [stdout]     |         |
[INFO] [stdout]     |         help: remove this `mut`
[INFO] [stdout]     |
[INFO] [stdout]     = note: `#[warn(unused_mut)]` on by default
[INFO] [stdout] 
[INFO] [stdout] 
[INFO] [stdout] warning: method `setFileName` should have a snake case name
[INFO] [stdout]    --> src/writer.rs:141:12
[INFO] [stdout]     |
[INFO] [stdout] 141 |     pub fn setFileName(&mut self, filename: &str) {
[INFO] [stdout]     |            ^^^^^^^^^^^ help: convert the identifier to snake case: `set_file_name`
[INFO] [stdout]     |
[INFO] [stdout]     = note: `#[warn(non_snake_case)]` on by default
[INFO] [stdout] 
[INFO] [stdout] 
[INFO] [stdout] warning: method `writeArithmetic` should have a snake case name
[INFO] [stdout]    --> src/writer.rs:185:12
[INFO] [stdout]     |
[INFO] [stdout] 185 |     pub fn writeArithmetic(&mut self, command: &str) {
[INFO] [stdout]     |            ^^^^^^^^^^^^^^^ help: convert the identifier to snake case: `write_arithmetic`
[INFO] [stdout] 
[INFO] [stdout] 
[INFO] [stdout] warning: method `writePushPop` should have a snake case name
[INFO] [stdout]    --> src/writer.rs:204:12
[INFO] [stdout]     |
[INFO] [stdout] 204 |     pub fn writePushPop(&mut self, command: &CommandType, segment: &str, index: i64) {
[INFO] [stdout]     |            ^^^^^^^^^^^^ help: convert the identifier to snake case: `write_push_pop`
[INFO] [stdout] 
[INFO] [stdout] 
[INFO] [stdout] warning: method `writeLabel` should have a snake case name
[INFO] [stdout]    --> src/writer.rs:219:12
[INFO] [stdout]     |
[INFO] [stdout] 219 |     pub fn writeLabel(&mut self, command: &CommandType, label: &str) {
[INFO] [stdout]     |            ^^^^^^^^^^ help: convert the identifier to snake case: `write_label`
[INFO] [stdout] 
[INFO] [stdout] 
[INFO] [stdout] warning: method `writeGoto` should have a snake case name
[INFO] [stdout]    --> src/writer.rs:223:12
[INFO] [stdout]     |
[INFO] [stdout] 223 |     pub fn writeGoto(&mut self, command: &CommandType, label: &str) {
[INFO] [stdout]     |            ^^^^^^^^^ help: convert the identifier to snake case: `write_goto`
[INFO] [stdout] 
[INFO] [stdout] 
[INFO] [stdout] warning: method `writeIf` should have a snake case name
[INFO] [stdout]    --> src/writer.rs:227:12
[INFO] [stdout]     |
[INFO] [stdout] 227 |     pub fn writeIf(&mut self, command: &CommandType, label: &str) {
[INFO] [stdout]     |            ^^^^^^^ help: convert the identifier to snake case: `write_if`
[INFO] [stdout] 
[INFO] [stdout] 
[INFO] [stderr]     Finished `dev` profile [unoptimized + debuginfo] target(s) in 22.96s
[INFO] running `Command { std: "docker" "inspect" "1c291af5b4621d849e7a3c597c305e81159d16a333ff75d49eeb131a9c45449c", kill_on_drop: false }`
[INFO] running `Command { std: "docker" "rm" "-f" "1c291af5b4621d849e7a3c597c305e81159d16a333ff75d49eeb131a9c45449c", kill_on_drop: false }`
[INFO] [stdout] 1c291af5b4621d849e7a3c597c305e81159d16a333ff75d49eeb131a9c45449c
[INFO] running `Command { std: "docker" "create" "-v" "/var/lib/crater-agent-workspace/builds/worker-3-tc1/target:/opt/rustwide/target:rw,Z" "-v" "/var/lib/crater-agent-workspace/builds/worker-3-tc1/source:/opt/rustwide/workdir:ro,Z" "-v" "/var/lib/crater-agent-workspace/cargo-home:/opt/rustwide/cargo-home:ro,Z" "-v" "/var/lib/crater-agent-workspace/rustup-home:/opt/rustwide/rustup-home:ro,Z" "-e" "SOURCE_DIR=/opt/rustwide/workdir" "-e" "CARGO_TARGET_DIR=/opt/rustwide/target" "-e" "CARGO_INCREMENTAL=0" "-e" "RUST_BACKTRACE=full" "-e" "RUSTFLAGS=--cap-lints=warn" "-e" "RUSTDOCFLAGS=--cap-lints=warn" "-e" "CARGO_HOME=/opt/rustwide/cargo-home" "-e" "RUSTUP_HOME=/opt/rustwide/rustup-home" "-w" "/opt/rustwide/workdir" "-m" "1610612736" "--user" "0:0" "--network" "none" "ghcr.io/rust-lang/crates-build-env/linux@sha256:f3a9d4ad9d972b27faf3965f35b62e55ba32bbce8f20bc8fe909558a86702fde" "/opt/rustwide/cargo-home/bin/cargo" "+1.83.0" "test" "--frozen" "--no-run" "--message-format=json", kill_on_drop: false }`
[INFO] [stdout] cbd3a07a8d531948c7c1f47f74a8e2a66c9acaec9df69fcf05a020ae588f38d6
[INFO] running `Command { std: "docker" "start" "-a" "cbd3a07a8d531948c7c1f47f74a8e2a66c9acaec9df69fcf05a020ae588f38d6", kill_on_drop: false }`
[INFO] [stderr]    Compiling vmtrans v0.1.0 (/opt/rustwide/workdir)
[INFO] [stdout] warning: unused import: `debug`
[INFO] [stdout]  --> src/main.rs:8:11
[INFO] [stdout]   |
[INFO] [stdout] 8 | use log::{debug, info};
[INFO] [stdout]   |           ^^^^^
[INFO] [stdout]   |
[INFO] [stdout]   = note: `#[warn(unused_imports)]` on by default
[INFO] [stdout] 
[INFO] [stdout] 
[INFO] [stdout] warning: variant `C_ARITHMETIC` should have an upper camel case name
[INFO] [stdout]   --> src/parser.rs:35:5
[INFO] [stdout]    |
[INFO] [stdout] 35 |     C_ARITHMETIC,
[INFO] [stdout]    |     ^^^^^^^^^^^^ help: convert the identifier to upper camel case: `CArithmetic`
[INFO] [stdout]    |
[INFO] [stdout]    = note: `#[warn(non_camel_case_types)]` on by default
[INFO] [stdout] 
[INFO] [stdout] 
[INFO] [stdout] warning: variant `C_PUSH` should have an upper camel case name
[INFO] [stdout]   --> src/parser.rs:37:5
[INFO] [stdout]    |
[INFO] [stdout] 37 |     C_PUSH,
[INFO] [stdout]    |     ^^^^^^ help: convert the identifier to upper camel case: `CPush`
[INFO] [stdout] 
[INFO] [stdout] 
[INFO] [stdout] warning: variant `C_POP` should have an upper camel case name
[INFO] [stdout]   --> src/parser.rs:39:5
[INFO] [stdout]    |
[INFO] [stdout] 39 |     C_POP,
[INFO] [stdout]    |     ^^^^^ help: convert the identifier to upper camel case: `CPop`
[INFO] [stdout] 
[INFO] [stdout] 
[INFO] [stdout] warning: variant `C_LABEL` should have an upper camel case name
[INFO] [stdout]   --> src/parser.rs:41:5
[INFO] [stdout]    |
[INFO] [stdout] 41 |     C_LABEL,
[INFO] [stdout]    |     ^^^^^^^ help: convert the identifier to upper camel case: `CLabel`
[INFO] [stdout] 
[INFO] [stdout] 
[INFO] [stdout] warning: variant `C_GOTO` should have an upper camel case name
[INFO] [stdout]   --> src/parser.rs:43:5
[INFO] [stdout]    |
[INFO] [stdout] 43 |     C_GOTO,
[INFO] [stdout]    |     ^^^^^^ help: convert the identifier to upper camel case: `CGoto`
[INFO] [stdout] 
[INFO] [stdout] 
[INFO] [stdout] warning: variant `C_IF` should have an upper camel case name
[INFO] [stdout]   --> src/parser.rs:45:5
[INFO] [stdout]    |
[INFO] [stdout] 45 |     C_IF,
[INFO] [stdout]    |     ^^^^ help: convert the identifier to upper camel case: `CIf`
[INFO] [stdout] 
[INFO] [stdout] 
[INFO] [stdout] warning: variant `C_FUNCTION` should have an upper camel case name
[INFO] [stdout]   --> src/parser.rs:47:5
[INFO] [stdout]    |
[INFO] [stdout] 47 |     C_FUNCTION,
[INFO] [stdout]    |     ^^^^^^^^^^ help: convert the identifier to upper camel case: `CFunction`
[INFO] [stdout] 
[INFO] [stdout] 
[INFO] [stdout] warning: variant `C_RETURN` should have an upper camel case name
[INFO] [stdout]   --> src/parser.rs:49:5
[INFO] [stdout]    |
[INFO] [stdout] 49 |     C_RETURN,
[INFO] [stdout]    |     ^^^^^^^^ help: convert the identifier to upper camel case: `CReturn`
[INFO] [stdout] 
[INFO] [stdout] 
[INFO] [stdout] warning: variant `C_CALL` should have an upper camel case name
[INFO] [stdout]   --> src/parser.rs:51:5
[INFO] [stdout]    |
[INFO] [stdout] 51 |     C_CALL,
[INFO] [stdout]    |     ^^^^^^ help: convert the identifier to upper camel case: `CCall`
[INFO] [stdout] 
[INFO] [stdout] 
[INFO] [stdout] warning: variant `constant` should have an upper camel case name
[INFO] [stdout]   --> src/writer.rs:21:5
[INFO] [stdout]    |
[INFO] [stdout] 21 |     constant,
[INFO] [stdout]    |     ^^^^^^^^ help: convert the identifier to upper camel case (notice the capitalization): `Constant`
[INFO] [stdout] 
[INFO] [stdout] 
[INFO] [stdout] warning: unused imports: `BufReader` and `Read`
[INFO] [stdout]    --> src/main.rs:111:19
[INFO] [stdout]     |
[INFO] [stdout] 111 |     use std::io::{BufReader, BufWriter, Read};
[INFO] [stdout]     |                   ^^^^^^^^^             ^^^^
[INFO] [stdout] 
[INFO] [stdout] 
[INFO] [stdout] warning: unreachable pattern
[INFO] [stdout]   --> src/parser.rs:50:25
[INFO] [stdout]    |
[INFO] [stdout] 40 |     #[strum(serialize = "label")]
[INFO] [stdout]    |                         ------- matches all the relevant values
[INFO] [stdout] ...
[INFO] [stdout] 50 |     #[strum(serialize = "label")]
[INFO] [stdout]    |                         ^^^^^^^ no value can reach this
[INFO] [stdout]    |
[INFO] [stdout]    = note: `#[warn(unreachable_patterns)]` on by default
[INFO] [stdout] 
[INFO] [stdout] 
[INFO] [stdout] warning: unused variable: `command`
[INFO] [stdout]    --> src/writer.rs:219:34
[INFO] [stdout]     |
[INFO] [stdout] 219 |     pub fn writeLabel(&mut self, command: &CommandType, label: &str) {
[INFO] [stdout]     |                                  ^^^^^^^ help: if this is intentional, prefix it with an underscore: `_command`
[INFO] [stdout]     |
[INFO] [stdout]     = note: `#[warn(unused_variables)]` on by default
[INFO] [stdout] 
[INFO] [stdout] 
[INFO] [stdout] warning: unused variable: `command`
[INFO] [stdout]    --> src/writer.rs:223:33
[INFO] [stdout]     |
[INFO] [stdout] 223 |     pub fn writeGoto(&mut self, command: &CommandType, label: &str) {
[INFO] [stdout]     |                                 ^^^^^^^ help: if this is intentional, prefix it with an underscore: `_command`
[INFO] [stdout] 
[INFO] [stdout] 
[INFO] [stdout] warning: unused variable: `command`
[INFO] [stdout]    --> src/writer.rs:227:31
[INFO] [stdout]     |
[INFO] [stdout] 227 |     pub fn writeIf(&mut self, command: &CommandType, label: &str) {
[INFO] [stdout]     |                               ^^^^^^^ help: if this is intentional, prefix it with an underscore: `_command`
[INFO] [stdout] 
[INFO] [stdout] 
[INFO] [stdout] warning: variable does not need to be mutable
[INFO] [stdout]    --> src/main.rs:104:9
[INFO] [stdout]     |
[INFO] [stdout] 104 |     let mut writer = BufWriter::new(file);
[INFO] [stdout]     |         ----^^^^^^
[INFO] [stdout]     |         |
[INFO] [stdout]     |         help: remove this `mut`
[INFO] [stdout]     |
[INFO] [stdout]     = note: `#[warn(unused_mut)]` on by default
[INFO] [stdout] 
[INFO] [stdout] 
[INFO] [stdout] warning: variable does not need to be mutable
[INFO] [stdout]    --> src/main.rs:119:17
[INFO] [stdout]     |
[INFO] [stdout] 119 |             let mut writer = BufWriter::new(&mut actual);
[INFO] [stdout]     |                 ----^^^^^^
[INFO] [stdout]     |                 |
[INFO] [stdout]     |                 help: remove this `mut`
[INFO] [stdout] 
[INFO] [stdout] 
[INFO] [stdout] warning: method `setFileName` should have a snake case name
[INFO] [stdout]    --> src/writer.rs:141:12
[INFO] [stdout]     |
[INFO] [stdout] 141 |     pub fn setFileName(&mut self, filename: &str) {
[INFO] [stdout]     |            ^^^^^^^^^^^ help: convert the identifier to snake case: `set_file_name`
[INFO] [stdout]     |
[INFO] [stdout]     = note: `#[warn(non_snake_case)]` on by default
[INFO] [stdout] 
[INFO] [stdout] 
[INFO] [stdout] warning: method `writeArithmetic` should have a snake case name
[INFO] [stdout]    --> src/writer.rs:185:12
[INFO] [stdout]     |
[INFO] [stdout] 185 |     pub fn writeArithmetic(&mut self, command: &str) {
[INFO] [stdout]     |            ^^^^^^^^^^^^^^^ help: convert the identifier to snake case: `write_arithmetic`
[INFO] [stdout] 
[INFO] [stdout] 
[INFO] [stdout] warning: method `writePushPop` should have a snake case name
[INFO] [stdout]    --> src/writer.rs:204:12
[INFO] [stdout]     |
[INFO] [stdout] 204 |     pub fn writePushPop(&mut self, command: &CommandType, segment: &str, index: i64) {
[INFO] [stdout]     |            ^^^^^^^^^^^^ help: convert the identifier to snake case: `write_push_pop`
[INFO] [stdout] 
[INFO] [stdout] 
[INFO] [stdout] warning: method `writeLabel` should have a snake case name
[INFO] [stdout]    --> src/writer.rs:219:12
[INFO] [stdout]     |
[INFO] [stdout] 219 |     pub fn writeLabel(&mut self, command: &CommandType, label: &str) {
[INFO] [stdout]     |            ^^^^^^^^^^ help: convert the identifier to snake case: `write_label`
[INFO] [stdout] 
[INFO] [stdout] 
[INFO] [stdout] warning: method `writeGoto` should have a snake case name
[INFO] [stdout]    --> src/writer.rs:223:12
[INFO] [stdout]     |
[INFO] [stdout] 223 |     pub fn writeGoto(&mut self, command: &CommandType, label: &str) {
[INFO] [stdout]     |            ^^^^^^^^^ help: convert the identifier to snake case: `write_goto`
[INFO] [stdout] 
[INFO] [stdout] 
[INFO] [stdout] warning: method `writeIf` should have a snake case name
[INFO] [stdout]    --> src/writer.rs:227:12
[INFO] [stdout]     |
[INFO] [stdout] 227 |     pub fn writeIf(&mut self, command: &CommandType, label: &str) {
[INFO] [stdout]     |            ^^^^^^^ help: convert the identifier to snake case: `write_if`
[INFO] [stdout] 
[INFO] [stdout] 
[INFO] [stderr]     Finished `test` profile [unoptimized + debuginfo] target(s) in 1.83s
[INFO] running `Command { std: "docker" "inspect" "cbd3a07a8d531948c7c1f47f74a8e2a66c9acaec9df69fcf05a020ae588f38d6", kill_on_drop: false }`
[INFO] running `Command { std: "docker" "rm" "-f" "cbd3a07a8d531948c7c1f47f74a8e2a66c9acaec9df69fcf05a020ae588f38d6", kill_on_drop: false }`
[INFO] [stdout] cbd3a07a8d531948c7c1f47f74a8e2a66c9acaec9df69fcf05a020ae588f38d6
[INFO] running `Command { std: "docker" "create" "-v" "/var/lib/crater-agent-workspace/builds/worker-3-tc1/target:/opt/rustwide/target:rw,Z" "-v" "/var/lib/crater-agent-workspace/builds/worker-3-tc1/source:/opt/rustwide/workdir:ro,Z" "-v" "/var/lib/crater-agent-workspace/cargo-home:/opt/rustwide/cargo-home:ro,Z" "-v" "/var/lib/crater-agent-workspace/rustup-home:/opt/rustwide/rustup-home:ro,Z" "-e" "SOURCE_DIR=/opt/rustwide/workdir" "-e" "CARGO_TARGET_DIR=/opt/rustwide/target" "-e" "CARGO_INCREMENTAL=0" "-e" "RUST_BACKTRACE=full" "-e" "RUSTFLAGS=--cap-lints=warn" "-e" "RUSTDOCFLAGS=--cap-lints=warn" "-e" "CARGO_HOME=/opt/rustwide/cargo-home" "-e" "RUSTUP_HOME=/opt/rustwide/rustup-home" "-w" "/opt/rustwide/workdir" "-m" "1610612736" "--user" "0:0" "--network" "none" "ghcr.io/rust-lang/crates-build-env/linux@sha256:f3a9d4ad9d972b27faf3965f35b62e55ba32bbce8f20bc8fe909558a86702fde" "/opt/rustwide/cargo-home/bin/cargo" "+1.83.0" "test" "--frozen", kill_on_drop: false }`
[INFO] [stdout] 53e4688a4e2c46b4034a25aa11ebed5489fe42e72d4aad4b9788ea4bee9d4acc
[INFO] running `Command { std: "docker" "start" "-a" "53e4688a4e2c46b4034a25aa11ebed5489fe42e72d4aad4b9788ea4bee9d4acc", kill_on_drop: false }`
[INFO] [stderr] warning: unused import: `debug`
[INFO] [stderr]  --> src/main.rs:8:11
[INFO] [stderr]   |
[INFO] [stderr] 8 | use log::{debug, info};
[INFO] [stderr]   |           ^^^^^
[INFO] [stderr]   |
[INFO] [stderr]   = note: `#[warn(unused_imports)]` on by default
[INFO] [stderr] 
[INFO] [stderr] warning: variant `C_ARITHMETIC` should have an upper camel case name
[INFO] [stderr]   --> src/parser.rs:35:5
[INFO] [stderr]    |
[INFO] [stderr] 35 |     C_ARITHMETIC,
[INFO] [stderr]    |     ^^^^^^^^^^^^ help: convert the identifier to upper camel case: `CArithmetic`
[INFO] [stderr]    |
[INFO] [stderr]    = note: `#[warn(non_camel_case_types)]` on by default
[INFO] [stderr] 
[INFO] [stderr] warning: variant `C_PUSH` should have an upper camel case name
[INFO] [stderr]   --> src/parser.rs:37:5
[INFO] [stderr]    |
[INFO] [stderr] 37 |     C_PUSH,
[INFO] [stderr]    |     ^^^^^^ help: convert the identifier to upper camel case: `CPush`
[INFO] [stderr] 
[INFO] [stderr] warning: variant `C_POP` should have an upper camel case name
[INFO] [stderr]   --> src/parser.rs:39:5
[INFO] [stderr]    |
[INFO] [stderr] 39 |     C_POP,
[INFO] [stderr]    |     ^^^^^ help: convert the identifier to upper camel case: `CPop`
[INFO] [stderr] 
[INFO] [stderr] warning: variant `C_LABEL` should have an upper camel case name
[INFO] [stderr]   --> src/parser.rs:41:5
[INFO] [stderr]    |
[INFO] [stderr] 41 |     C_LABEL,
[INFO] [stderr]    |     ^^^^^^^ help: convert the identifier to upper camel case: `CLabel`
[INFO] [stderr] 
[INFO] [stderr] warning: variant `C_GOTO` should have an upper camel case name
[INFO] [stderr]   --> src/parser.rs:43:5
[INFO] [stderr]    |
[INFO] [stderr] 43 |     C_GOTO,
[INFO] [stderr]    |     ^^^^^^ help: convert the identifier to upper camel case: `CGoto`
[INFO] [stderr] 
[INFO] [stderr] warning: variant `C_IF` should have an upper camel case name
[INFO] [stderr]   --> src/parser.rs:45:5
[INFO] [stderr]    |
[INFO] [stderr] 45 |     C_IF,
[INFO] [stderr]    |     ^^^^ help: convert the identifier to upper camel case: `CIf`
[INFO] [stderr] 
[INFO] [stderr] warning: variant `C_FUNCTION` should have an upper camel case name
[INFO] [stderr]   --> src/parser.rs:47:5
[INFO] [stderr]    |
[INFO] [stderr] 47 |     C_FUNCTION,
[INFO] [stderr]    |     ^^^^^^^^^^ help: convert the identifier to upper camel case: `CFunction`
[INFO] [stderr] 
[INFO] [stderr] warning: variant `C_RETURN` should have an upper camel case name
[INFO] [stderr]   --> src/parser.rs:49:5
[INFO] [stderr]    |
[INFO] [stderr] 49 |     C_RETURN,
[INFO] [stderr]    |     ^^^^^^^^ help: convert the identifier to upper camel case: `CReturn`
[INFO] [stderr] 
[INFO] [stderr] warning: variant `C_CALL` should have an upper camel case name
[INFO] [stderr]   --> src/parser.rs:51:5
[INFO] [stderr]    |
[INFO] [stderr] 51 |     C_CALL,
[INFO] [stderr]    |     ^^^^^^ help: convert the identifier to upper camel case: `CCall`
[INFO] [stderr] 
[INFO] [stderr] warning: variant `constant` should have an upper camel case name
[INFO] [stderr]   --> src/writer.rs:21:5
[INFO] [stderr]    |
[INFO] [stderr] 21 |     constant,
[INFO] [stderr]    |     ^^^^^^^^ help: convert the identifier to upper camel case (notice the capitalization): `Constant`
[INFO] [stderr] 
[INFO] [stderr] warning: unused imports: `BufReader` and `Read`
[INFO] [stderr]    --> src/main.rs:111:19
[INFO] [stderr]     |
[INFO] [stderr] 111 |     use std::io::{BufReader, BufWriter, Read};
[INFO] [stderr]     |                   ^^^^^^^^^             ^^^^
[INFO] [stderr] 
[INFO] [stderr] warning: unreachable pattern
[INFO] [stderr]   --> src/parser.rs:50:25
[INFO] [stderr]    |
[INFO] [stderr] 40 |     #[strum(serialize = "label")]
[INFO] [stderr]    |                         ------- matches all the relevant values
[INFO] [stderr] ...
[INFO] [stderr] 50 |     #[strum(serialize = "label")]
[INFO] [stderr]    |                         ^^^^^^^ no value can reach this
[INFO] [stderr]    |
[INFO] [stderr]    = note: `#[warn(unreachable_patterns)]` on by default
[INFO] [stderr] 
[INFO] [stderr] warning: unused variable: `command`
[INFO] [stderr]    --> src/writer.rs:219:34
[INFO] [stderr]     |
[INFO] [stderr] 219 |     pub fn writeLabel(&mut self, command: &CommandType, label: &str) {
[INFO] [stderr]     |                                  ^^^^^^^ help: if this is intentional, prefix it with an underscore: `_command`
[INFO] [stderr]     |
[INFO] [stderr]     = note: `#[warn(unused_variables)]` on by default
[INFO] [stderr] 
[INFO] [stderr] warning: unused variable: `command`
[INFO] [stderr]    --> src/writer.rs:223:33
[INFO] [stderr]     |
[INFO] [stderr] 223 |     pub fn writeGoto(&mut self, command: &CommandType, label: &str) {
[INFO] [stderr]     |                                 ^^^^^^^ help: if this is intentional, prefix it with an underscore: `_command`
[INFO] [stderr] 
[INFO] [stderr] warning: unused variable: `command`
[INFO] [stderr]    --> src/writer.rs:227:31
[INFO] [stderr]     |
[INFO] [stderr] 227 |     pub fn writeIf(&mut self, command: &CommandType, label: &str) {
[INFO] [stderr]     |                               ^^^^^^^ help: if this is intentional, prefix it with an underscore: `_command`
[INFO] [stderr] 
[INFO] [stderr] warning: variable does not need to be mutable
[INFO] [stderr]    --> src/main.rs:104:9
[INFO] [stderr]     |
[INFO] [stderr] 104 |     let mut writer = BufWriter::new(file);
[INFO] [stderr]     |         ----^^^^^^
[INFO] [stderr]     |         |
[INFO] [stderr]     |         help: remove this `mut`
[INFO] [stderr]     |
[INFO] [stderr]     = note: `#[warn(unused_mut)]` on by default
[INFO] [stderr] 
[INFO] [stderr] warning: variable does not need to be mutable
[INFO] [stderr]    --> src/main.rs:119:17
[INFO] [stderr]     |
[INFO] [stderr] 119 |             let mut writer = BufWriter::new(&mut actual);
[INFO] [stderr]     |                 ----^^^^^^
[INFO] [stderr]     |                 |
[INFO] [stderr]     |                 help: remove this `mut`
[INFO] [stderr] 
[INFO] [stderr] warning: method `setFileName` should have a snake case name
[INFO] [stderr]    --> src/writer.rs:141:12
[INFO] [stderr]     |
[INFO] [stderr] 141 |     pub fn setFileName(&mut self, filename: &str) {
[INFO] [stderr]     |            ^^^^^^^^^^^ help: convert the identifier to snake case: `set_file_name`
[INFO] [stderr]     |
[INFO] [stderr]     = note: `#[warn(non_snake_case)]` on by default
[INFO] [stderr] 
[INFO] [stderr] warning: method `writeArithmetic` should have a snake case name
[INFO] [stderr]    --> src/writer.rs:185:12
[INFO] [stderr]     |
[INFO] [stderr] 185 |     pub fn writeArithmetic(&mut self, command: &str) {
[INFO] [stderr]     |            ^^^^^^^^^^^^^^^ help: convert the identifier to snake case: `write_arithmetic`
[INFO] [stderr] 
[INFO] [stderr] warning: method `writePushPop` should have a snake case name
[INFO] [stderr]    --> src/writer.rs:204:12
[INFO] [stderr]     |
[INFO] [stderr] 204 |     pub fn writePushPop(&mut self, command: &CommandType, segment: &str, index: i64) {
[INFO] [stderr]     |            ^^^^^^^^^^^^ help: convert the identifier to snake case: `write_push_pop`
[INFO] [stderr] 
[INFO] [stderr] warning: method `writeLabel` should have a snake case name
[INFO] [stderr]    --> src/writer.rs:219:12
[INFO] [stderr]     |
[INFO] [stderr] 219 |     pub fn writeLabel(&mut self, command: &CommandType, label: &str) {
[INFO] [stderr]     |            ^^^^^^^^^^ help: convert the identifier to snake case: `write_label`
[INFO] [stderr] 
[INFO] [stderr] warning: method `writeGoto` should have a snake case name
[INFO] [stderr]    --> src/writer.rs:223:12
[INFO] [stderr]     |
[INFO] [stderr] 223 |     pub fn writeGoto(&mut self, command: &CommandType, label: &str) {
[INFO] [stderr]     |            ^^^^^^^^^ help: convert the identifier to snake case: `write_goto`
[INFO] [stderr] 
[INFO] [stderr] warning: method `writeIf` should have a snake case name
[INFO] [stderr]    --> src/writer.rs:227:12
[INFO] [stderr]     |
[INFO] [stderr] 227 |     pub fn writeIf(&mut self, command: &CommandType, label: &str) {
[INFO] [stderr]     |            ^^^^^^^ help: convert the identifier to snake case: `write_if`
[INFO] [stderr] 
[INFO] [stderr] warning: `vmtrans` (bin "vmtrans" test) generated 24 warnings (run `cargo fix --bin "vmtrans" --tests` to apply 4 suggestions)
[INFO] [stderr]     Finished `test` profile [unoptimized + debuginfo] target(s) in 0.06s
[INFO] [stderr]      Running unittests src/main.rs (/opt/rustwide/target/debug/deps/vmtrans-ee717a85c9be211d)
[INFO] [stdout] 
[INFO] [stdout] running 5 tests
[INFO] [stdout] test parser::tests::work_test_label ... FAILED
[INFO] [stdout] test parser::tests::work_test_stack ... FAILED
[INFO] [stdout] test writer::tests::work_test ... FAILED
[INFO] [stdout] test parser::tests::work_test ... FAILED
[INFO] [stdout] test tests::work_test ... FAILED
[INFO] [stdout] 
[INFO] [stdout] failures:
[INFO] [stdout] 
[INFO] [stdout] ---- parser::tests::work_test_label stdout ----
[INFO] [stdout] thread 'parser::tests::work_test_label' panicked at src/parser.rs:56:38:
[INFO] [stdout] called `Result::unwrap()` on an `Err` value: Os { code: 2, kind: NotFound, message: "No such file or directory" }
[INFO] [stdout] stack backtrace:
[INFO] [stdout]    0:     0x569f69c7a58a - std::backtrace_rs::backtrace::libunwind::trace::h5a5b8284f2d0c266
[INFO] [stdout]                                at /rustc/90b35a6239c3d8bdabc530a6a0816f7ff89a0aaf/library/std/src/../../backtrace/src/backtrace/libunwind.rs:116:5
[INFO] [stdout]    1:     0x569f69c7a58a - std::backtrace_rs::backtrace::trace_unsynchronized::h76d4f1c9b0b875e3
[INFO] [stdout]                                at /rustc/90b35a6239c3d8bdabc530a6a0816f7ff89a0aaf/library/std/src/../../backtrace/src/backtrace/mod.rs:66:5
[INFO] [stdout]    2:     0x569f69c7a58a - std::sys::backtrace::_print_fmt::hc4546b8364a537c6
[INFO] [stdout]                                at /rustc/90b35a6239c3d8bdabc530a6a0816f7ff89a0aaf/library/std/src/sys/backtrace.rs:66:9
[INFO] [stdout]    3:     0x569f69c7a58a - <std::sys::backtrace::BacktraceLock::print::DisplayBacktrace as core::fmt::Display>::fmt::h5b6bd5631a6d1f6b
[INFO] [stdout]                                at /rustc/90b35a6239c3d8bdabc530a6a0816f7ff89a0aaf/library/std/src/sys/backtrace.rs:39:26
[INFO] [stdout]    4:     0x569f69c9fa83 - core::fmt::rt::Argument::fmt::h270f6602a2b96f62
[INFO] [stdout]                                at /rustc/90b35a6239c3d8bdabc530a6a0816f7ff89a0aaf/library/core/src/fmt/rt.rs:177:76
[INFO] [stdout]    5:     0x569f69c9fa83 - core::fmt::write::h7550c97b06c86515
[INFO] [stdout]                                at /rustc/90b35a6239c3d8bdabc530a6a0816f7ff89a0aaf/library/core/src/fmt/mod.rs:1186:21
[INFO] [stdout]    6:     0x569f69c776f3 - std::io::Write::write_fmt::h509ff860e5956e5e
[INFO] [stdout]                                at /rustc/90b35a6239c3d8bdabc530a6a0816f7ff89a0aaf/library/std/src/io/mod.rs:1839:15
[INFO] [stdout]    7:     0x569f69c7a3d2 - std::sys::backtrace::BacktraceLock::print::h2395ccd2c84ba3aa
[INFO] [stdout]                                at /rustc/90b35a6239c3d8bdabc530a6a0816f7ff89a0aaf/library/std/src/sys/backtrace.rs:42:9
[INFO] [stdout]    8:     0x569f69c7b9ea - std::panicking::default_hook::{{closure}}::he19d4c7230e07961
[INFO] [stdout]                                at /rustc/90b35a6239c3d8bdabc530a6a0816f7ff89a0aaf/library/std/src/panicking.rs:268:22
[INFO] [stdout]    9:     0x569f69c7b7f4 - std::panicking::default_hook::hf614597d3c67bbdb
[INFO] [stdout]                                at /rustc/90b35a6239c3d8bdabc530a6a0816f7ff89a0aaf/library/std/src/panicking.rs:292:9
[INFO] [stdout]   10:     0x569f69adccb9 - <alloc::boxed::Box<F,A> as core::ops::function::Fn<Args>>::call::h39b51ce4599c23d1
[INFO] [stdout]                                at /rustc/90b35a6239c3d8bdabc530a6a0816f7ff89a0aaf/library/alloc/src/boxed.rs:2468:9
[INFO] [stdout]   11:     0x569f69adccb9 - test::test_main::{{closure}}::he977ae839a582784
[INFO] [stdout]                                at /rustc/90b35a6239c3d8bdabc530a6a0816f7ff89a0aaf/library/test/src/lib.rs:133:21
[INFO] [stdout]   12:     0x569f69c7c088 - <alloc::boxed::Box<F,A> as core::ops::function::Fn<Args>>::call::h9455091b6b06f9fb
[INFO] [stdout]                                at /rustc/90b35a6239c3d8bdabc530a6a0816f7ff89a0aaf/library/alloc/src/boxed.rs:2468:9
[INFO] [stdout]   13:     0x569f69c7c088 - std::panicking::rust_panic_with_hook::h8942133a8b252070
[INFO] [stdout]                                at /rustc/90b35a6239c3d8bdabc530a6a0816f7ff89a0aaf/library/std/src/panicking.rs:809:13
[INFO] [stdout]   14:     0x569f69c7be4a - std::panicking::begin_panic_handler::{{closure}}::hb5f5963570096b29
[INFO] [stdout]                                at /rustc/90b35a6239c3d8bdabc530a6a0816f7ff89a0aaf/library/std/src/panicking.rs:674:13
[INFO] [stdout]   15:     0x569f69c7aa69 - std::sys::backtrace::__rust_end_short_backtrace::h6208cedc1922feda
[INFO] [stdout]                                at /rustc/90b35a6239c3d8bdabc530a6a0816f7ff89a0aaf/library/std/src/sys/backtrace.rs:170:18
[INFO] [stdout]   16:     0x569f69c7badc - rust_begin_unwind
[INFO] [stdout]                                at /rustc/90b35a6239c3d8bdabc530a6a0816f7ff89a0aaf/library/std/src/panicking.rs:665:5
[INFO] [stdout]   17:     0x569f69a710d0 - core::panicking::panic_fmt::h0c3082644d1bf418
[INFO] [stdout]                                at /rustc/90b35a6239c3d8bdabc530a6a0816f7ff89a0aaf/library/core/src/panicking.rs:74:14
[INFO] [stdout]   18:     0x569f69a71556 - core::result::unwrap_failed::hd20b4aa073bda1e2
[INFO] [stdout]                                at /rustc/90b35a6239c3d8bdabc530a6a0816f7ff89a0aaf/library/core/src/result.rs:1700:5
[INFO] [stdout]   19:     0x569f69a753ed - core::result::Result<T,E>::unwrap::h3d5c8b2d76296dc3
[INFO] [stdout]                                at /rustc/90b35a6239c3d8bdabc530a6a0816f7ff89a0aaf/library/core/src/result.rs:1104:23
[INFO] [stdout]   20:     0x569f69a753ed - vmtrans::parser::Parser::new::hf6761629b2eeadb5
[INFO] [stdout]                                at /opt/rustwide/workdir/src/parser.rs:56:17
[INFO] [stdout]   21:     0x569f69a81b8b - vmtrans::parser::tests::work_test_label::h9c2b78dc7f0e7663
[INFO] [stdout]                                at /opt/rustwide/workdir/src/parser.rs:197:26
[INFO] [stdout]   22:     0x569f69a81b47 - vmtrans::parser::tests::work_test_label::{{closure}}::h7721a94edb4aadf7
[INFO] [stdout]                                at /opt/rustwide/workdir/src/parser.rs:194:25
[INFO] [stdout]   23:     0x569f69a7e216 - core::ops::function::FnOnce::call_once::h9701150fd82305d6
[INFO] [stdout]                                at /rustc/90b35a6239c3d8bdabc530a6a0816f7ff89a0aaf/library/core/src/ops/function.rs:250:5
[INFO] [stdout]   24:     0x569f69ae167b - core::ops::function::FnOnce::call_once::h109cf8051a59b34e
[INFO] [stdout]                                at /rustc/90b35a6239c3d8bdabc530a6a0816f7ff89a0aaf/library/core/src/ops/function.rs:250:5
[INFO] [stdout]   25:     0x569f69ae167b - test::__rust_begin_short_backtrace::hf4fff89d377446ba
[INFO] [stdout]                                at /rustc/90b35a6239c3d8bdabc530a6a0816f7ff89a0aaf/library/test/src/lib.rs:621:18
[INFO] [stdout]   26:     0x569f69ae0eb7 - test::run_test_in_process::{{closure}}::h0e39181dd7ee5a43
[INFO] [stdout]                                at /rustc/90b35a6239c3d8bdabc530a6a0816f7ff89a0aaf/library/test/src/lib.rs:644:60
[INFO] [stdout]   27:     0x569f69ae0eb7 - <core::panic::unwind_safe::AssertUnwindSafe<F> as core::ops::function::FnOnce<()>>::call_once::hc5a66a30f0bdfd1f
[INFO] [stdout]                                at /rustc/90b35a6239c3d8bdabc530a6a0816f7ff89a0aaf/library/core/src/panic/unwind_safe.rs:272:9
[INFO] [stdout]   28:     0x569f69ae0eb7 - std::panicking::try::do_call::h873b7cf639554a5e
[INFO] [stdout]                                at /rustc/90b35a6239c3d8bdabc530a6a0816f7ff89a0aaf/library/std/src/panicking.rs:557:40
[INFO] [stdout]   29:     0x569f69ae0eb7 - std::panicking::try::hdb19862fad9c8bd1
[INFO] [stdout]                                at /rustc/90b35a6239c3d8bdabc530a6a0816f7ff89a0aaf/library/std/src/panicking.rs:520:19
[INFO] [stdout]   30:     0x569f69ae0eb7 - std::panic::catch_unwind::h281fe732d236d260
[INFO] [stdout]                                at /rustc/90b35a6239c3d8bdabc530a6a0816f7ff89a0aaf/library/std/src/panic.rs:358:14
[INFO] [stdout]   31:     0x569f69ae0eb7 - test::run_test_in_process::h949b6df8457ed338
[INFO] [stdout]                                at /rustc/90b35a6239c3d8bdabc530a6a0816f7ff89a0aaf/library/test/src/lib.rs:644:27
[INFO] [stdout]   32:     0x569f69ae0eb7 - test::run_test::{{closure}}::h52c556a6d4740e10
[INFO] [stdout]                                at /rustc/90b35a6239c3d8bdabc530a6a0816f7ff89a0aaf/library/test/src/lib.rs:565:43
[INFO] [stdout]   33:     0x569f69aa6194 - test::run_test::{{closure}}::h4237f6381c45ccb9
[INFO] [stdout]                                at /rustc/90b35a6239c3d8bdabc530a6a0816f7ff89a0aaf/library/test/src/lib.rs:595:41
[INFO] [stdout]   34:     0x569f69aa6194 - std::sys::backtrace::__rust_begin_short_backtrace::h505c97a579eca628
[INFO] [stdout]                                at /rustc/90b35a6239c3d8bdabc530a6a0816f7ff89a0aaf/library/std/src/sys/backtrace.rs:154:18
[INFO] [stdout]   35:     0x569f69aa985e - std::thread::Builder::spawn_unchecked_::{{closure}}::{{closure}}::h9e86b2e2bc107ea3
[INFO] [stdout]                                at /rustc/90b35a6239c3d8bdabc530a6a0816f7ff89a0aaf/library/std/src/thread/mod.rs:538:17
[INFO] [stdout]   36:     0x569f69aa985e - <core::panic::unwind_safe::AssertUnwindSafe<F> as core::ops::function::FnOnce<()>>::call_once::h8b06ddb275ff4a25
[INFO] [stdout]                                at /rustc/90b35a6239c3d8bdabc530a6a0816f7ff89a0aaf/library/core/src/panic/unwind_safe.rs:272:9
[INFO] [stdout]   37:     0x569f69aa985e - std::panicking::try::do_call::hb26ecd7cd9a9355d
[INFO] [stdout]                                at /rustc/90b35a6239c3d8bdabc530a6a0816f7ff89a0aaf/library/std/src/panicking.rs:557:40
[INFO] [stdout]   38:     0x569f69aa985e - std::panicking::try::h8ddeca9d705f9069
[INFO] [stdout]                                at /rustc/90b35a6239c3d8bdabc530a6a0816f7ff89a0aaf/library/std/src/panicking.rs:520:19
[INFO] [stdout]   39:     0x569f69aa985e - std::panic::catch_unwind::h49e1c33078844c46
[INFO] [stdout]                                at /rustc/90b35a6239c3d8bdabc530a6a0816f7ff89a0aaf/library/std/src/panic.rs:358:14
[INFO] [stdout]   40:     0x569f69aa985e - std::thread::Builder::spawn_unchecked_::{{closure}}::h6073db6ff56ad35d
[INFO] [stdout]                                at /rustc/90b35a6239c3d8bdabc530a6a0816f7ff89a0aaf/library/std/src/thread/mod.rs:537:30
[INFO] [stdout]   41:     0x569f69aa985e - core::ops::function::FnOnce::call_once{{vtable.shim}}::h2c5a5f3779c774f1
[INFO] [stdout]                                at /rustc/90b35a6239c3d8bdabc530a6a0816f7ff89a0aaf/library/core/src/ops/function.rs:250:5
[INFO] [stdout]   42:     0x569f69c7fdeb - <alloc::boxed::Box<F,A> as core::ops::function::FnOnce<Args>>::call_once::hf75717d9f28faebf
[INFO] [stdout]                                at /rustc/90b35a6239c3d8bdabc530a6a0816f7ff89a0aaf/library/alloc/src/boxed.rs:2454:9
[INFO] [stdout]   43:     0x569f69c7fdeb - <alloc::boxed::Box<F,A> as core::ops::function::FnOnce<Args>>::call_once::h7bd883a5f3c5f3c1
[INFO] [stdout]                                at /rustc/90b35a6239c3d8bdabc530a6a0816f7ff89a0aaf/library/alloc/src/boxed.rs:2454:9
[INFO] [stdout]   44:     0x569f69c7fdeb - std::sys::pal::unix::thread::Thread::new::thread_start::hcc78f3943333fa94
[INFO] [stdout]                                at /rustc/90b35a6239c3d8bdabc530a6a0816f7ff89a0aaf/library/std/src/sys/pal/unix/thread.rs:105:17
[INFO] [stdout]   45:     0x7de03d56eac3 - <unknown>
[INFO] [stdout]   46:     0x7de03d5ffa04 - clone
[INFO] [stdout]   47:                0x0 - <unknown>
[INFO] [stdout] 
[INFO] [stdout] ---- parser::tests::work_test_stack stdout ----
[INFO] [stdout] thread 'parser::tests::work_test_stack' panicked at /opt/rustwide/cargo-home/registry/src/index.crates.io-6f17d22bba15001f/env_logger-0.9.0/src/lib.rs:1158:16:
[INFO] [stdout] env_logger::init should not be called after logger initialized: SetLoggerError(())
[INFO] [stdout] stack backtrace:
[INFO] [stdout]    0:     0x569f69c7a58a - std::backtrace_rs::backtrace::libunwind::trace::h5a5b8284f2d0c266
[INFO] [stdout]                                at /rustc/90b35a6239c3d8bdabc530a6a0816f7ff89a0aaf/library/std/src/../../backtrace/src/backtrace/libunwind.rs:116:5
[INFO] [stdout]    1:     0x569f69c7a58a - std::backtrace_rs::backtrace::trace_unsynchronized::h76d4f1c9b0b875e3
[INFO] [stdout]                                at /rustc/90b35a6239c3d8bdabc530a6a0816f7ff89a0aaf/library/std/src/../../backtrace/src/backtrace/mod.rs:66:5
[INFO] [stdout]    2:     0x569f69c7a58a - std::sys::backtrace::_print_fmt::hc4546b8364a537c6
[INFO] [stdout]                                at /rustc/90b35a6239c3d8bdabc530a6a0816f7ff89a0aaf/library/std/src/sys/backtrace.rs:66:9
[INFO] [stdout]    3:     0x569f69c7a58a - <std::sys::backtrace::BacktraceLock::print::DisplayBacktrace as core::fmt::Display>::fmt::h5b6bd5631a6d1f6b
[INFO] [stdout]                                at /rustc/90b35a6239c3d8bdabc530a6a0816f7ff89a0aaf/library/std/src/sys/backtrace.rs:39:26
[INFO] [stdout]    4:     0x569f69c9fa83 - core::fmt::rt::Argument::fmt::h270f6602a2b96f62
[INFO] [stdout]                                at /rustc/90b35a6239c3d8bdabc530a6a0816f7ff89a0aaf/library/core/src/fmt/rt.rs:177:76
[INFO] [stdout]    5:     0x569f69c9fa83 - core::fmt::write::h7550c97b06c86515
[INFO] [stdout]                                at /rustc/90b35a6239c3d8bdabc530a6a0816f7ff89a0aaf/library/core/src/fmt/mod.rs:1186:21
[INFO] [stdout]    6:     0x569f69c776f3 - std::io::Write::write_fmt::h509ff860e5956e5e
[INFO] [stdout]                                at /rustc/90b35a6239c3d8bdabc530a6a0816f7ff89a0aaf/library/std/src/io/mod.rs:1839:15
[INFO] [stdout]    7:     0x569f69c7a3d2 - std::sys::backtrace::BacktraceLock::print::h2395ccd2c84ba3aa
[INFO] [stdout]                                at /rustc/90b35a6239c3d8bdabc530a6a0816f7ff89a0aaf/library/std/src/sys/backtrace.rs:42:9
[INFO] [stdout]    8:     0x569f69c7b9ea - std::panicking::default_hook::{{closure}}::he19d4c7230e07961
[INFO] [stdout]                                at /rustc/90b35a6239c3d8bdabc530a6a0816f7ff89a0aaf/library/std/src/panicking.rs:268:22
[INFO] [stdout]    9:     0x569f69c7b7f4 - std::panicking::default_hook::hf614597d3c67bbdb
[INFO] [stdout]                                at /rustc/90b35a6239c3d8bdabc530a6a0816f7ff89a0aaf/library/std/src/panicking.rs:292:9
[INFO] [stdout]   10:     0x569f69adccb9 - <alloc::boxed::Box<F,A> as core::ops::function::Fn<Args>>::call::h39b51ce4599c23d1
[INFO] [stdout]                                at /rustc/90b35a6239c3d8bdabc530a6a0816f7ff89a0aaf/library/alloc/src/boxed.rs:2468:9
[INFO] [stdout]   11:     0x569f69adccb9 - test::test_main::{{closure}}::he977ae839a582784
[INFO] [stdout]                                at /rustc/90b35a6239c3d8bdabc530a6a0816f7ff89a0aaf/library/test/src/lib.rs:133:21
[INFO] [stdout]   12:     0x569f69c7c088 - <alloc::boxed::Box<F,A> as core::ops::function::Fn<Args>>::call::h9455091b6b06f9fb
[INFO] [stdout]                                at /rustc/90b35a6239c3d8bdabc530a6a0816f7ff89a0aaf/library/alloc/src/boxed.rs:2468:9
[INFO] [stdout]   13:     0x569f69c7c088 - std::panicking::rust_panic_with_hook::h8942133a8b252070
[INFO] [stdout]                                at /rustc/90b35a6239c3d8bdabc530a6a0816f7ff89a0aaf/library/std/src/panicking.rs:809:13
[INFO] [stdout]   14:     0x569f69c7be4a - std::panicking::begin_panic_handler::{{closure}}::hb5f5963570096b29
[INFO] [stdout]                                at /rustc/90b35a6239c3d8bdabc530a6a0816f7ff89a0aaf/library/std/src/panicking.rs:674:13
[INFO] [stdout]   15:     0x569f69c7aa69 - std::sys::backtrace::__rust_end_short_backtrace::h6208cedc1922feda
[INFO] [stdout]                                at /rustc/90b35a6239c3d8bdabc530a6a0816f7ff89a0aaf/library/std/src/sys/backtrace.rs:170:18
[INFO] [stdout]   16:     0x569f69c7badc - rust_begin_unwind
[INFO] [stdout]                                at /rustc/90b35a6239c3d8bdabc530a6a0816f7ff89a0aaf/library/std/src/panicking.rs:665:5
[INFO] [stdout]   17:     0x569f69a710d0 - core::panicking::panic_fmt::h0c3082644d1bf418
[INFO] [stdout]                                at /rustc/90b35a6239c3d8bdabc530a6a0816f7ff89a0aaf/library/core/src/panicking.rs:74:14
[INFO] [stdout]   18:     0x569f69a71556 - core::result::unwrap_failed::hd20b4aa073bda1e2
[INFO] [stdout]                                at /rustc/90b35a6239c3d8bdabc530a6a0816f7ff89a0aaf/library/core/src/result.rs:1700:5
[INFO] [stdout]   19:     0x569f69a8d7be - core::result::Result<T,E>::expect::h1ae25d72bfa7d89a
[INFO] [stdout]                                at /rustc/90b35a6239c3d8bdabc530a6a0816f7ff89a0aaf/library/core/src/result.rs:1061:23
[INFO] [stdout]   20:     0x569f69a92eb9 - env_logger::init::h6d0aede8d31f44e3
[INFO] [stdout]                                at /opt/rustwide/cargo-home/registry/src/index.crates.io-6f17d22bba15001f/env_logger-0.9.0/src/lib.rs:1158:5
[INFO] [stdout]   21:     0x569f69a815c0 - vmtrans::parser::tests::work_test_stack::h1e3bde08870d9d37
[INFO] [stdout]                                at /opt/rustwide/workdir/src/parser.rs:171:9
[INFO] [stdout]   22:     0x569f69a81597 - vmtrans::parser::tests::work_test_stack::{{closure}}::h9ff7e6470690dc31
[INFO] [stdout]                                at /opt/rustwide/workdir/src/parser.rs:170:25
[INFO] [stdout]   23:     0x569f69a7e256 - core::ops::function::FnOnce::call_once::hb9ffd505cd7a7110
[INFO] [stdout]                                at /rustc/90b35a6239c3d8bdabc530a6a0816f7ff89a0aaf/library/core/src/ops/function.rs:250:5
[INFO] [stdout]   24:     0x569f69ae167b - core::ops::function::FnOnce::call_once::h109cf8051a59b34e
[INFO] [stdout]                                at /rustc/90b35a6239c3d8bdabc530a6a0816f7ff89a0aaf/library/core/src/ops/function.rs:250:5
[INFO] [stdout]   25:     0x569f69ae167b - test::__rust_begin_short_backtrace::hf4fff89d377446ba
[INFO] [stdout]                                at /rustc/90b35a6239c3d8bdabc530a6a0816f7ff89a0aaf/library/test/src/lib.rs:621:18
[INFO] [stdout]   26:     0x569f69ae0eb7 - test::run_test_in_process::{{closure}}::h0e39181dd7ee5a43
[INFO] [stdout]                                at /rustc/90b35a6239c3d8bdabc530a6a0816f7ff89a0aaf/library/test/src/lib.rs:644:60
[INFO] [stdout]   27:     0x569f69ae0eb7 - <core::panic::unwind_safe::AssertUnwindSafe<F> as core::ops::function::FnOnce<()>>::call_once::hc5a66a30f0bdfd1f
[INFO] [stdout]                                at /rustc/90b35a6239c3d8bdabc530a6a0816f7ff89a0aaf/library/core/src/panic/unwind_safe.rs:272:9
[INFO] [stdout]   28:     0x569f69ae0eb7 - std::panicking::try::do_call::h873b7cf639554a5e
[INFO] [stdout]                                at /rustc/90b35a6239c3d8bdabc530a6a0816f7ff89a0aaf/library/std/src/panicking.rs:557:40
[INFO] [stdout]   29:     0x569f69ae0eb7 - std::panicking::try::hdb19862fad9c8bd1
[INFO] [stdout]                                at /rustc/90b35a6239c3d8bdabc530a6a0816f7ff89a0aaf/library/std/src/panicking.rs:520:19
[INFO] [stdout]   30:     0x569f69ae0eb7 - std::panic::catch_unwind::h281fe732d236d260
[INFO] [stdout]                                at /rustc/90b35a6239c3d8bdabc530a6a0816f7ff89a0aaf/library/std/src/panic.rs:358:14
[INFO] [stdout]   31:     0x569f69ae0eb7 - test::run_test_in_process::h949b6df8457ed338
[INFO] [stdout]                                at /rustc/90b35a6239c3d8bdabc530a6a0816f7ff89a0aaf/library/test/src/lib.rs:644:27
[INFO] [stdout]   32:     0x569f69ae0eb7 - test::run_test::{{closure}}::h52c556a6d4740e10
[INFO] [stdout]                                at /rustc/90b35a6239c3d8bdabc530a6a0816f7ff89a0aaf/library/test/src/lib.rs:565:43
[INFO] [stdout]   33:     0x569f69aa6194 - test::run_test::{{closure}}::h4237f6381c45ccb9
[INFO] [stdout]                                at /rustc/90b35a6239c3d8bdabc530a6a0816f7ff89a0aaf/library/test/src/lib.rs:595:41
[INFO] [stdout]   34:     0x569f69aa6194 - std::sys::backtrace::__rust_begin_short_backtrace::h505c97a579eca628
[INFO] [stdout]                                at /rustc/90b35a6239c3d8bdabc530a6a0816f7ff89a0aaf/library/std/src/sys/backtrace.rs:154:18
[INFO] [stdout]   35:     0x569f69aa985e - std::thread::Builder::spawn_unchecked_::{{closure}}::{{closure}}::h9e86b2e2bc107ea3
[INFO] [stdout]                                at /rustc/90b35a6239c3d8bdabc530a6a0816f7ff89a0aaf/library/std/src/thread/mod.rs:538:17
[INFO] [stdout]   36:     0x569f69aa985e - <core::panic::unwind_safe::AssertUnwindSafe<F> as core::ops::function::FnOnce<()>>::call_once::h8b06ddb275ff4a25
[INFO] [stdout]                                at /rustc/90b35a6239c3d8bdabc530a6a0816f7ff89a0aaf/library/core/src/panic/unwind_safe.rs:272:9
[INFO] [stdout]   37:     0x569f69aa985e - std::panicking::try::do_call::hb26ecd7cd9a9355d
[INFO] [stdout]                                at /rustc/90b35a6239c3d8bdabc530a6a0816f7ff89a0aaf/library/std/src/panicking.rs:557:40
[INFO] [stdout]   38:     0x569f69aa985e - std::panicking::try::h8ddeca9d705f9069
[INFO] [stdout]                                at /rustc/90b35a6239c3d8bdabc530a6a0816f7ff89a0aaf/library/std/src/panicking.rs:520:19
[INFO] [stdout]   39:     0x569f69aa985e - std::panic::catch_unwind::h49e1c33078844c46
[INFO] [stdout]                                at /rustc/90b35a6239c3d8bdabc530a6a0816f7ff89a0aaf/library/std/src/panic.rs:358:14
[INFO] [stdout]   40:     0x569f69aa985e - std::thread::Builder::spawn_unchecked_::{{closure}}::h6073db6ff56ad35d
[INFO] [stdout]                                at /rustc/90b35a6239c3d8bdabc530a6a0816f7ff89a0aaf/library/std/src/thread/mod.rs:537:30
[INFO] [stdout]   41:     0x569f69aa985e - core::ops::function::FnOnce::call_once{{vtable.shim}}::h2c5a5f3779c774f1
[INFO] [stdout]                                at /rustc/90b35a6239c3d8bdabc530a6a0816f7ff89a0aaf/library/core/src/ops/function.rs:250:5
[INFO] [stdout]   42:     0x569f69c7fdeb - <alloc::boxed::Box<F,A> as core::ops::function::FnOnce<Args>>::call_once::hf75717d9f28faebf
[INFO] [stdout]                                at /rustc/90b35a6239c3d8bdabc530a6a0816f7ff89a0aaf/library/alloc/src/boxed.rs:2454:9
[INFO] [stdout]   43:     0x569f69c7fdeb - <alloc::boxed::Box<F,A> as core::ops::function::FnOnce<Args>>::call_once::h7bd883a5f3c5f3c1
[INFO] [stdout]                                at /rustc/90b35a6239c3d8bdabc530a6a0816f7ff89a0aaf/library/alloc/src/boxed.rs:2454:9
[INFO] [stdout]   44:     0x569f69c7fdeb - std::sys::pal::unix::thread::Thread::new::thread_start::hcc78f3943333fa94
[INFO] [stdout]                                at /rustc/90b35a6239c3d8bdabc530a6a0816f7ff89a0aaf/library/std/src/sys/pal/unix/thread.rs:105:17
[INFO] [stdout]   45:     0x7de03d56eac3 - <unknown>
[INFO] [stdout]   46:     0x7de03d5ffa04 - clone
[INFO] [stdout]   47:                0x0 - <unknown>
[INFO] [stdout] 
[INFO] [stdout] ---- writer::tests::work_test stdout ----
[INFO] [stdout] thread 'writer::tests::work_test' panicked at src/writer.rs:247:45:
[INFO] [stdout] called `Result::unwrap()` on an `Err` value: Os { code: 30, kind: ReadOnlyFilesystem, message: "Read-only file system" }
[INFO] [stdout] stack backtrace:
[INFO] [stdout]    0:     0x569f69c7a58a - std::backtrace_rs::backtrace::libunwind::trace::h5a5b8284f2d0c266
[INFO] [stdout]                                at /rustc/90b35a6239c3d8bdabc530a6a0816f7ff89a0aaf/library/std/src/../../backtrace/src/backtrace/libunwind.rs:116:5
[INFO] [stdout]    1:     0x569f69c7a58a - std::backtrace_rs::backtrace::trace_unsynchronized::h76d4f1c9b0b875e3
[INFO] [stdout]                                at /rustc/90b35a6239c3d8bdabc530a6a0816f7ff89a0aaf/library/std/src/../../backtrace/src/backtrace/mod.rs:66:5
[INFO] [stdout]    2:     0x569f69c7a58a - std::sys::backtrace::_print_fmt::hc4546b8364a537c6
[INFO] [stdout]                                at /rustc/90b35a6239c3d8bdabc530a6a0816f7ff89a0aaf/library/std/src/sys/backtrace.rs:66:9
[INFO] [stdout]    3:     0x569f69c7a58a - <std::sys::backtrace::BacktraceLock::print::DisplayBacktrace as core::fmt::Display>::fmt::h5b6bd5631a6d1f6b
[INFO] [stdout]                                at /rustc/90b35a6239c3d8bdabc530a6a0816f7ff89a0aaf/library/std/src/sys/backtrace.rs:39:26
[INFO] [stdout]    4:     0x569f69c9fa83 - core::fmt::rt::Argument::fmt::h270f6602a2b96f62
[INFO] [stdout]                                at /rustc/90b35a6239c3d8bdabc530a6a0816f7ff89a0aaf/library/core/src/fmt/rt.rs:177:76
[INFO] [stdout]    5:     0x569f69c9fa83 - core::fmt::write::h7550c97b06c86515
[INFO] [stdout]                                at /rustc/90b35a6239c3d8bdabc530a6a0816f7ff89a0aaf/library/core/src/fmt/mod.rs:1186:21
[INFO] [stdout]    6:     0x569f69c776f3 - std::io::Write::write_fmt::h509ff860e5956e5e
[INFO] [stdout]                                at /rustc/90b35a6239c3d8bdabc530a6a0816f7ff89a0aaf/library/std/src/io/mod.rs:1839:15
[INFO] [stdout]    7:     0x569f69c7a3d2 - std::sys::backtrace::BacktraceLock::print::h2395ccd2c84ba3aa
[INFO] [stdout]                                at /rustc/90b35a6239c3d8bdabc530a6a0816f7ff89a0aaf/library/std/src/sys/backtrace.rs:42:9
[INFO] [stdout]    8:     0x569f69c7b9ea - std::panicking::default_hook::{{closure}}::he19d4c7230e07961
[INFO] [stdout]                                at /rustc/90b35a6239c3d8bdabc530a6a0816f7ff89a0aaf/library/std/src/panicking.rs:268:22
[INFO] [stdout]    9:     0x569f69c7b7f4 - std::panicking::default_hook::hf614597d3c67bbdb
[INFO] [stdout]                                at /rustc/90b35a6239c3d8bdabc530a6a0816f7ff89a0aaf/library/std/src/panicking.rs:292:9
[INFO] [stdout]   10:     0x569f69adccb9 - <alloc::boxed::Box<F,A> as core::ops::function::Fn<Args>>::call::h39b51ce4599c23d1
[INFO] [stdout]                                at /rustc/90b35a6239c3d8bdabc530a6a0816f7ff89a0aaf/library/alloc/src/boxed.rs:2468:9
[INFO] [stdout]   11:     0x569f69adccb9 - test::test_main::{{closure}}::he977ae839a582784
[INFO] [stdout]                                at /rustc/90b35a6239c3d8bdabc530a6a0816f7ff89a0aaf/library/test/src/lib.rs:133:21
[INFO] [stdout]   12:     0x569f69c7c088 - <alloc::boxed::Box<F,A> as core::ops::function::Fn<Args>>::call::h9455091b6b06f9fb
[INFO] [stdout]                                at /rustc/90b35a6239c3d8bdabc530a6a0816f7ff89a0aaf/library/alloc/src/boxed.rs:2468:9
[INFO] [stdout]   13:     0x569f69c7c088 - std::panicking::rust_panic_with_hook::h8942133a8b252070
[INFO] [stdout]                                at /rustc/90b35a6239c3d8bdabc530a6a0816f7ff89a0aaf/library/std/src/panicking.rs:809:13
[INFO] [stdout]   14:     0x569f69c7be4a - std::panicking::begin_panic_handler::{{closure}}::hb5f5963570096b29
[INFO] [stdout]                                at /rustc/90b35a6239c3d8bdabc530a6a0816f7ff89a0aaf/library/std/src/panicking.rs:674:13
[INFO] [stdout]   15:     0x569f69c7aa69 - std::sys::backtrace::__rust_end_short_backtrace::h6208cedc1922feda
[INFO] [stdout]                                at /rustc/90b35a6239c3d8bdabc530a6a0816f7ff89a0aaf/library/std/src/sys/backtrace.rs:170:18
[INFO] [stdout]   16:     0x569f69c7badc - rust_begin_unwind
[INFO] [stdout]                                at /rustc/90b35a6239c3d8bdabc530a6a0816f7ff89a0aaf/library/std/src/panicking.rs:665:5
[INFO] [stdout]   17:     0x569f69a710d0 - core::panicking::panic_fmt::h0c3082644d1bf418
[INFO] [stdout]                                at /rustc/90b35a6239c3d8bdabc530a6a0816f7ff89a0aaf/library/core/src/panicking.rs:74:14
[INFO] [stdout]   18:     0x569f69a71556 - core::result::unwrap_failed::hd20b4aa073bda1e2
[INFO] [stdout]                                at /rustc/90b35a6239c3d8bdabc530a6a0816f7ff89a0aaf/library/core/src/result.rs:1700:5
[INFO] [stdout]   19:     0x569f69a81def - core::result::Result<T,E>::unwrap::h3d5c8b2d76296dc3
[INFO] [stdout]                                at /rustc/90b35a6239c3d8bdabc530a6a0816f7ff89a0aaf/library/core/src/result.rs:1104:23
[INFO] [stdout]   20:     0x569f69a81def - vmtrans::writer::tests::work_test::h4d26bbf2ad1f5300
[INFO] [stdout]                                at /opt/rustwide/workdir/src/writer.rs:247:20
[INFO] [stdout]   21:     0x569f69a81d77 - vmtrans::writer::tests::work_test::{{closure}}::hf10a39191371d0b6
[INFO] [stdout]                                at /opt/rustwide/workdir/src/writer.rs:246:19
[INFO] [stdout]   22:     0x569f69a7e156 - core::ops::function::FnOnce::call_once::h24865a11ed8d3555
[INFO] [stdout]                                at /rustc/90b35a6239c3d8bdabc530a6a0816f7ff89a0aaf/library/core/src/ops/function.rs:250:5
[INFO] [stdout]   23:     0x569f69ae167b - core::ops::function::FnOnce::call_once::h109cf8051a59b34e
[INFO] [stdout]                                at /rustc/90b35a6239c3d8bdabc530a6a0816f7ff89a0aaf/library/core/src/ops/function.rs:250:5
[INFO] [stdout]   24:     0x569f69ae167b - test::__rust_begin_short_backtrace::hf4fff89d377446ba
[INFO] [stdout]                                at /rustc/90b35a6239c3d8bdabc530a6a0816f7ff89a0aaf/library/test/src/lib.rs:621:18
[INFO] [stdout]   25:     0x569f69ae0eb7 - test::run_test_in_process::{{closure}}::h0e39181dd7ee5a43
[INFO] [stdout]                                at /rustc/90b35a6239c3d8bdabc530a6a0816f7ff89a0aaf/library/test/src/lib.rs:644:60
[INFO] [stdout]   26:     0x569f69ae0eb7 - <core::panic::unwind_safe::AssertUnwindSafe<F> as core::ops::function::FnOnce<()>>::call_once::hc5a66a30f0bdfd1f
[INFO] [stdout]                                at /rustc/90b35a6239c3d8bdabc530a6a0816f7ff89a0aaf/library/core/src/panic/unwind_safe.rs:272:9
[INFO] [stdout]   27:     0x569f69ae0eb7 - std::panicking::try::do_call::h873b7cf639554a5e
[INFO] [stdout]                                at /rustc/90b35a6239c3d8bdabc530a6a0816f7ff89a0aaf/library/std/src/panicking.rs:557:40
[INFO] [stdout]   28:     0x569f69ae0eb7 - std::panicking::try::hdb19862fad9c8bd1
[INFO] [stdout]                                at /rustc/90b35a6239c3d8bdabc530a6a0816f7ff89a0aaf/library/std/src/panicking.rs:520:19
[INFO] [stdout]   29:     0x569f69ae0eb7 - std::panic::catch_unwind::h281fe732d236d260
[INFO] [stdout]                                at /rustc/90b35a6239c3d8bdabc530a6a0816f7ff89a0aaf/library/std/src/panic.rs:358:14
[INFO] [stdout]   30:     0x569f69ae0eb7 - test::run_test_in_process::h949b6df8457ed338
[INFO] [stdout]                                at /rustc/90b35a6239c3d8bdabc530a6a0816f7ff89a0aaf/library/test/src/lib.rs:644:27
[INFO] [stdout]   31:     0x569f69ae0eb7 - test::run_test::{{closure}}::h52c556a6d4740e10
[INFO] [stdout]                                at /rustc/90b35a6239c3d8bdabc530a6a0816f7ff89a0aaf/library/test/src/lib.rs:565:43
[INFO] [stdout]   32:     0x569f69aa6194 - test::run_test::{{closure}}::h4237f6381c45ccb9
[INFO] [stdout]                                at /rustc/90b35a6239c3d8bdabc530a6a0816f7ff89a0aaf/library/test/src/lib.rs:595:41
[INFO] [stdout]   33:     0x569f69aa6194 - std::sys::backtrace::__rust_begin_short_backtrace::h505c97a579eca628
[INFO] [stdout]                                at /rustc/90b35a6239c3d8bdabc530a6a0816f7ff89a0aaf/library/std/src/sys/backtrace.rs:154:18
[INFO] [stdout]   34:     0x569f69aa985e - std::thread::Builder::spawn_unchecked_::{{closure}}::{{closure}}::h9e86b2e2bc107ea3
[INFO] [stdout]                                at /rustc/90b35a6239c3d8bdabc530a6a0816f7ff89a0aaf/library/std/src/thread/mod.rs:538:17
[INFO] [stdout]   35:     0x569f69aa985e - <core::panic::unwind_safe::AssertUnwindSafe<F> as core::ops::function::FnOnce<()>>::call_once::h8b06ddb275ff4a25
[INFO] [stdout]                                at /rustc/90b35a6239c3d8bdabc530a6a0816f7ff89a0aaf/library/core/src/panic/unwind_safe.rs:272:9
[INFO] [stdout]   36:     0x569f69aa985e - std::panicking::try::do_call::hb26ecd7cd9a9355d
[INFO] [stdout]                                at /rustc/90b35a6239c3d8bdabc530a6a0816f7ff89a0aaf/library/std/src/panicking.rs:557:40
[INFO] [stdout]   37:     0x569f69aa985e - std::panicking::try::h8ddeca9d705f9069
[INFO] [stdout]                                at /rustc/90b35a6239c3d8bdabc530a6a0816f7ff89a0aaf/library/std/src/panicking.rs:520:19
[INFO] [stdout]   38:     0x569f69aa985e - std::panic::catch_unwind::h49e1c33078844c46
[INFO] [stdout]                                at /rustc/90b35a6239c3d8bdabc530a6a0816f7ff89a0aaf/library/std/src/panic.rs:358:14
[INFO] [stdout]   39:     0x569f69aa985e - std::thread::Builder::spawn_unchecked_::{{closure}}::h6073db6ff56ad35d
[INFO] [stdout]                                at /rustc/90b35a6239c3d8bdabc530a6a0816f7ff89a0aaf/library/std/src/thread/mod.rs:537:30
[INFO] [stdout]   40:     0x569f69aa985e - core::ops::function::FnOnce::call_once{{vtable.shim}}::h2c5a5f3779c774f1
[INFO] [stdout]                                at /rustc/90b35a6239c3d8bdabc530a6a0816f7ff89a0aaf/library/core/src/ops/function.rs:250:5
[INFO] [stdout]   41:     0x569f69c7fdeb - <alloc::boxed::Box<F,A> as core::ops::function::FnOnce<Args>>::call_once::hf75717d9f28faebf
[INFO] [stdout]                                at /rustc/90b35a6239c3d8bdabc530a6a0816f7ff89a0aaf/library/alloc/src/boxed.rs:2454:9
[INFO] [stdout]   42:     0x569f69c7fdeb - <alloc::boxed::Box<F,A> as core::ops::function::FnOnce<Args>>::call_once::h7bd883a5f3c5f3c1
[INFO] [stdout]                                at /rustc/90b35a6239c3d8bdabc530a6a0816f7ff89a0aaf/library/alloc/src/boxed.rs:2454:9
[INFO] [stdout]   43:     0x569f69c7fdeb - std::sys::pal::unix::thread::Thread::new::thread_start::hcc78f3943333fa94
[INFO] [stdout]                                at /rustc/90b35a6239c3d8bdabc530a6a0816f7ff89a0aaf/library/std/src/sys/pal/unix/thread.rs:105:17
[INFO] [stdout]   44:     0x7de03d56eac3 - <unknown>
[INFO] [stdout]   45:     0x7de03d5ffa04 - clone
[INFO] [stdout]   46:                0x0 - <unknown>
[INFO] [stdout] 
[INFO] [stdout] ---- parser::tests::work_test stdout ----
[INFO] [stdout] thread 'parser::tests::work_test' panicked at src/parser.rs:56:38:
[INFO] [stdout] called `Result::unwrap()` on an `Err` value: Os { code: 2, kind: NotFound, message: "No such file or directory" }
[INFO] [stdout] stack backtrace:
[INFO] [stdout]    0:     0x569f69c7a58a - std::backtrace_rs::backtrace::libunwind::trace::h5a5b8284f2d0c266
[INFO] [stdout]                                at /rustc/90b35a6239c3d8bdabc530a6a0816f7ff89a0aaf/library/std/src/../../backtrace/src/backtrace/libunwind.rs:116:5
[INFO] [stdout]    1:     0x569f69c7a58a - std::backtrace_rs::backtrace::trace_unsynchronized::h76d4f1c9b0b875e3
[INFO] [stdout]                                at /rustc/90b35a6239c3d8bdabc530a6a0816f7ff89a0aaf/library/std/src/../../backtrace/src/backtrace/mod.rs:66:5
[INFO] [stdout]    2:     0x569f69c7a58a - std::sys::backtrace::_print_fmt::hc4546b8364a537c6
[INFO] [stdout]                                at /rustc/90b35a6239c3d8bdabc530a6a0816f7ff89a0aaf/library/std/src/sys/backtrace.rs:66:9
[INFO] [stdout]    3:     0x569f69c7a58a - <std::sys::backtrace::BacktraceLock::print::DisplayBacktrace as core::fmt::Display>::fmt::h5b6bd5631a6d1f6b
[INFO] [stdout]                                at /rustc/90b35a6239c3d8bdabc530a6a0816f7ff89a0aaf/library/std/src/sys/backtrace.rs:39:26
[INFO] [stdout]    4:     0x569f69c9fa83 - core::fmt::rt::Argument::fmt::h270f6602a2b96f62
[INFO] [stdout]                                at /rustc/90b35a6239c3d8bdabc530a6a0816f7ff89a0aaf/library/core/src/fmt/rt.rs:177:76
[INFO] [stdout]    5:     0x569f69c9fa83 - core::fmt::write::h7550c97b06c86515
[INFO] [stdout]                                at /rustc/90b35a6239c3d8bdabc530a6a0816f7ff89a0aaf/library/core/src/fmt/mod.rs:1186:21
[INFO] [stdout]    6:     0x569f69c776f3 - std::io::Write::write_fmt::h509ff860e5956e5e
[INFO] [stdout]                                at /rustc/90b35a6239c3d8bdabc530a6a0816f7ff89a0aaf/library/std/src/io/mod.rs:1839:15
[INFO] [stdout]    7:     0x569f69c7a3d2 - std::sys::backtrace::BacktraceLock::print::h2395ccd2c84ba3aa
[INFO] [stdout]                                at /rustc/90b35a6239c3d8bdabc530a6a0816f7ff89a0aaf/library/std/src/sys/backtrace.rs:42:9
[INFO] [stdout]    8:     0x569f69c7b9ea - std::panicking::default_hook::{{closure}}::he19d4c7230e07961
[INFO] [stdout]                                at /rustc/90b35a6239c3d8bdabc530a6a0816f7ff89a0aaf/library/std/src/panicking.rs:268:22
[INFO] [stdout]    9:     0x569f69c7b7f4 - std::panicking::default_hook::hf614597d3c67bbdb
[INFO] [stdout]                                at /rustc/90b35a6239c3d8bdabc530a6a0816f7ff89a0aaf/library/std/src/panicking.rs:292:9
[INFO] [stdout]   10:     0x569f69adccb9 - <alloc::boxed::Box<F,A> as core::ops::function::Fn<Args>>::call::h39b51ce4599c23d1
[INFO] [stdout]                                at /rustc/90b35a6239c3d8bdabc530a6a0816f7ff89a0aaf/library/alloc/src/boxed.rs:2468:9
[INFO] [stdout]   11:     0x569f69adccb9 - test::test_main::{{closure}}::he977ae839a582784
[INFO] [stdout]                                at /rustc/90b35a6239c3d8bdabc530a6a0816f7ff89a0aaf/library/test/src/lib.rs:133:21
[INFO] [stdout]   12:     0x569f69c7c088 - <alloc::boxed::Box<F,A> as core::ops::function::Fn<Args>>::call::h9455091b6b06f9fb
[INFO] [stdout]                                at /rustc/90b35a6239c3d8bdabc530a6a0816f7ff89a0aaf/library/alloc/src/boxed.rs:2468:9
[INFO] [stdout]   13:     0x569f69c7c088 - std::panicking::rust_panic_with_hook::h8942133a8b252070
[INFO] [stdout]                                at /rustc/90b35a6239c3d8bdabc530a6a0816f7ff89a0aaf/library/std/src/panicking.rs:809:13
[INFO] [stdout]   14:     0x569f69c7be4a - std::panicking::begin_panic_handler::{{closure}}::hb5f5963570096b29
[INFO] [stdout]                                at /rustc/90b35a6239c3d8bdabc530a6a0816f7ff89a0aaf/library/std/src/panicking.rs:674:13
[INFO] [stdout]   15:     0x569f69c7aa69 - std::sys::backtrace::__rust_end_short_backtrace::h6208cedc1922feda
[INFO] [stdout]                                at /rustc/90b35a6239c3d8bdabc530a6a0816f7ff89a0aaf/library/std/src/sys/backtrace.rs:170:18
[INFO] [stdout]   16:     0x569f69c7badc - rust_begin_unwind
[INFO] [stdout]                                at /rustc/90b35a6239c3d8bdabc530a6a0816f7ff89a0aaf/library/std/src/panicking.rs:665:5
[INFO] [stdout]   17:     0x569f69a710d0 - core::panicking::panic_fmt::h0c3082644d1bf418
[INFO] [stdout]                                at /rustc/90b35a6239c3d8bdabc530a6a0816f7ff89a0aaf/library/core/src/panicking.rs:74:14
[INFO] [stdout]   18:     0x569f69a71556 - core::result::unwrap_failed::hd20b4aa073bda1e2
[INFO] [stdout]                                at /rustc/90b35a6239c3d8bdabc530a6a0816f7ff89a0aaf/library/core/src/result.rs:1700:5
[INFO] [stderr] error: test failed, to rerun pass `--bin vmtrans`
[INFO] [stdout]   19:     0x569f69a753ed - core::result::Result<T,E>::unwrap::h3d5c8b2d76296dc3
[INFO] [stdout]                                at /rustc/90b35a6239c3d8bdabc530a6a0816f7ff89a0aaf/library/core/src/result.rs:1104:23
[INFO] [stdout]   20:     0x569f69a753ed - vmtrans::parser::Parser::new::hf6761629b2eeadb5
[INFO] [stdout]                                at /opt/rustwide/workdir/src/parser.rs:56:17
[INFO] [stdout]   21:     0x569f69a81032 - vmtrans::parser::tests::work_test::hdd0ae00bec72dbcf
[INFO] [stdout]                                at /opt/rustwide/workdir/src/parser.rs:149:26
[INFO] [stdout]   22:     0x569f69a80ff7 - vmtrans::parser::tests::work_test::{{closure}}::hfafe7cf5b38a6a8e
[INFO] [stdout]                                at /opt/rustwide/workdir/src/parser.rs:146:19
[INFO] [stdout]   23:     0x569f69a7e196 - core::ops::function::FnOnce::call_once::h2bda4c17faaec277
[INFO] [stdout]                                at /rustc/90b35a6239c3d8bdabc530a6a0816f7ff89a0aaf/library/core/src/ops/function.rs:250:5
[INFO] [stdout]   24:     0x569f69ae167b - core::ops::function::FnOnce::call_once::h109cf8051a59b34e
[INFO] [stdout]                                at /rustc/90b35a6239c3d8bdabc530a6a0816f7ff89a0aaf/library/core/src/ops/function.rs:250:5
[INFO] [stdout]   25:     0x569f69ae167b - test::__rust_begin_short_backtrace::hf4fff89d377446ba
[INFO] [stdout]                                at /rustc/90b35a6239c3d8bdabc530a6a0816f7ff89a0aaf/library/test/src/lib.rs:621:18
[INFO] [stdout]   26:     0x569f69ae0eb7 - test::run_test_in_process::{{closure}}::h0e39181dd7ee5a43
[INFO] [stdout]                                at /rustc/90b35a6239c3d8bdabc530a6a0816f7ff89a0aaf/library/test/src/lib.rs:644:60
[INFO] [stdout]   27:     0x569f69ae0eb7 - <core::panic::unwind_safe::AssertUnwindSafe<F> as core::ops::function::FnOnce<()>>::call_once::hc5a66a30f0bdfd1f
[INFO] [stdout]                                at /rustc/90b35a6239c3d8bdabc530a6a0816f7ff89a0aaf/library/core/src/panic/unwind_safe.rs:272:9
[INFO] [stdout]   28:     0x569f69ae0eb7 - std::panicking::try::do_call::h873b7cf639554a5e
[INFO] [stdout]                                at /rustc/90b35a6239c3d8bdabc530a6a0816f7ff89a0aaf/library/std/src/panicking.rs:557:40
[INFO] [stdout]   29:     0x569f69ae0eb7 - std::panicking::try::hdb19862fad9c8bd1
[INFO] [stdout]                                at /rustc/90b35a6239c3d8bdabc530a6a0816f7ff89a0aaf/library/std/src/panicking.rs:520:19
[INFO] [stdout]   30:     0x569f69ae0eb7 - std::panic::catch_unwind::h281fe732d236d260
[INFO] [stdout]                                at /rustc/90b35a6239c3d8bdabc530a6a0816f7ff89a0aaf/library/std/src/panic.rs:358:14
[INFO] [stdout]   31:     0x569f69ae0eb7 - test::run_test_in_process::h949b6df8457ed338
[INFO] [stdout]                                at /rustc/90b35a6239c3d8bdabc530a6a0816f7ff89a0aaf/library/test/src/lib.rs:644:27
[INFO] [stdout]   32:     0x569f69ae0eb7 - test::run_test::{{closure}}::h52c556a6d4740e10
[INFO] [stdout]                                at /rustc/90b35a6239c3d8bdabc530a6a0816f7ff89a0aaf/library/test/src/lib.rs:565:43
[INFO] [stdout]   33:     0x569f69aa6194 - test::run_test::{{closure}}::h4237f6381c45ccb9
[INFO] [stdout]                                at /rustc/90b35a6239c3d8bdabc530a6a0816f7ff89a0aaf/library/test/src/lib.rs:595:41
[INFO] [stdout]   34:     0x569f69aa6194 - std::sys::backtrace::__rust_begin_short_backtrace::h505c97a579eca628
[INFO] [stdout]                                at /rustc/90b35a6239c3d8bdabc530a6a0816f7ff89a0aaf/library/std/src/sys/backtrace.rs:154:18
[INFO] [stdout]   35:     0x569f69aa985e - std::thread::Builder::spawn_unchecked_::{{closure}}::{{closure}}::h9e86b2e2bc107ea3
[INFO] [stdout]                                at /rustc/90b35a6239c3d8bdabc530a6a0816f7ff89a0aaf/library/std/src/thread/mod.rs:538:17
[INFO] [stdout]   36:     0x569f69aa985e - <core::panic::unwind_safe::AssertUnwindSafe<F> as core::ops::function::FnOnce<()>>::call_once::h8b06ddb275ff4a25
[INFO] [stdout]                                at /rustc/90b35a6239c3d8bdabc530a6a0816f7ff89a0aaf/library/core/src/panic/unwind_safe.rs:272:9
[INFO] [stdout]   37:     0x569f69aa985e - std::panicking::try::do_call::hb26ecd7cd9a9355d
[INFO] [stdout]                                at /rustc/90b35a6239c3d8bdabc530a6a0816f7ff89a0aaf/library/std/src/panicking.rs:557:40
[INFO] [stdout]   38:     0x569f69aa985e - std::panicking::try::h8ddeca9d705f9069
[INFO] [stdout]                                at /rustc/90b35a6239c3d8bdabc530a6a0816f7ff89a0aaf/library/std/src/panicking.rs:520:19
[INFO] [stdout]   39:     0x569f69aa985e - std::panic::catch_unwind::h49e1c33078844c46
[INFO] [stdout]                                at /rustc/90b35a6239c3d8bdabc530a6a0816f7ff89a0aaf/library/std/src/panic.rs:358:14
[INFO] [stdout]   40:     0x569f69aa985e - std::thread::Builder::spawn_unchecked_::{{closure}}::h6073db6ff56ad35d
[INFO] [stdout]                                at /rustc/90b35a6239c3d8bdabc530a6a0816f7ff89a0aaf/library/std/src/thread/mod.rs:537:30
[INFO] [stdout]   41:     0x569f69aa985e - core::ops::function::FnOnce::call_once{{vtable.shim}}::h2c5a5f3779c774f1
[INFO] [stdout]                                at /rustc/90b35a6239c3d8bdabc530a6a0816f7ff89a0aaf/library/core/src/ops/function.rs:250:5
[INFO] [stdout]   42:     0x569f69c7fdeb - <alloc::boxed::Box<F,A> as core::ops::function::FnOnce<Args>>::call_once::hf75717d9f28faebf
[INFO] [stdout]                                at /rustc/90b35a6239c3d8bdabc530a6a0816f7ff89a0aaf/library/alloc/src/boxed.rs:2454:9
[INFO] [stdout]   43:     0x569f69c7fdeb - <alloc::boxed::Box<F,A> as core::ops::function::FnOnce<Args>>::call_once::h7bd883a5f3c5f3c1
[INFO] [stdout]                                at /rustc/90b35a6239c3d8bdabc530a6a0816f7ff89a0aaf/library/alloc/src/boxed.rs:2454:9
[INFO] [stdout]   44:     0x569f69c7fdeb - std::sys::pal::unix::thread::Thread::new::thread_start::hcc78f3943333fa94
[INFO] [stdout]                                at /rustc/90b35a6239c3d8bdabc530a6a0816f7ff89a0aaf/library/std/src/sys/pal/unix/thread.rs:105:17
[INFO] [stdout]   45:     0x7de03d56eac3 - <unknown>
[INFO] [stdout]   46:     0x7de03d5ffa04 - clone
[INFO] [stdout]   47:                0x0 - <unknown>
[INFO] [stdout] 
[INFO] [stdout] ---- tests::work_test stdout ----
[INFO] [stdout] thread 'tests::work_test' panicked at src/parser.rs:56:38:
[INFO] [stdout] called `Result::unwrap()` on an `Err` value: Os { code: 2, kind: NotFound, message: "No such file or directory" }
[INFO] [stdout] stack backtrace:
[INFO] [stdout]    0:     0x569f69c7a58a - std::backtrace_rs::backtrace::libunwind::trace::h5a5b8284f2d0c266
[INFO] [stdout]                                at /rustc/90b35a6239c3d8bdabc530a6a0816f7ff89a0aaf/library/std/src/../../backtrace/src/backtrace/libunwind.rs:116:5
[INFO] [stdout]    1:     0x569f69c7a58a - std::backtrace_rs::backtrace::trace_unsynchronized::h76d4f1c9b0b875e3
[INFO] [stdout]                                at /rustc/90b35a6239c3d8bdabc530a6a0816f7ff89a0aaf/library/std/src/../../backtrace/src/backtrace/mod.rs:66:5
[INFO] [stdout]    2:     0x569f69c7a58a - std::sys::backtrace::_print_fmt::hc4546b8364a537c6
[INFO] [stdout]                                at /rustc/90b35a6239c3d8bdabc530a6a0816f7ff89a0aaf/library/std/src/sys/backtrace.rs:66:9
[INFO] [stdout]    3:     0x569f69c7a58a - <std::sys::backtrace::BacktraceLock::print::DisplayBacktrace as core::fmt::Display>::fmt::h5b6bd5631a6d1f6b
[INFO] [stdout]                                at /rustc/90b35a6239c3d8bdabc530a6a0816f7ff89a0aaf/library/std/src/sys/backtrace.rs:39:26
[INFO] [stdout]    4:     0x569f69c9fa83 - core::fmt::rt::Argument::fmt::h270f6602a2b96f62
[INFO] [stdout]                                at /rustc/90b35a6239c3d8bdabc530a6a0816f7ff89a0aaf/library/core/src/fmt/rt.rs:177:76
[INFO] [stdout]    5:     0x569f69c9fa83 - core::fmt::write::h7550c97b06c86515
[INFO] [stdout]                                at /rustc/90b35a6239c3d8bdabc530a6a0816f7ff89a0aaf/library/core/src/fmt/mod.rs:1186:21
[INFO] [stdout]    6:     0x569f69c776f3 - std::io::Write::write_fmt::h509ff860e5956e5e
[INFO] [stdout]                                at /rustc/90b35a6239c3d8bdabc530a6a0816f7ff89a0aaf/library/std/src/io/mod.rs:1839:15
[INFO] [stdout]    7:     0x569f69c7a3d2 - std::sys::backtrace::BacktraceLock::print::h2395ccd2c84ba3aa
[INFO] [stdout]                                at /rustc/90b35a6239c3d8bdabc530a6a0816f7ff89a0aaf/library/std/src/sys/backtrace.rs:42:9
[INFO] [stdout]    8:     0x569f69c7b9ea - std::panicking::default_hook::{{closure}}::he19d4c7230e07961
[INFO] [stdout]                                at /rustc/90b35a6239c3d8bdabc530a6a0816f7ff89a0aaf/library/std/src/panicking.rs:268:22
[INFO] [stdout]    9:     0x569f69c7b7f4 - std::panicking::default_hook::hf614597d3c67bbdb
[INFO] [stdout]                                at /rustc/90b35a6239c3d8bdabc530a6a0816f7ff89a0aaf/library/std/src/panicking.rs:292:9
[INFO] [stdout]   10:     0x569f69adccb9 - <alloc::boxed::Box<F,A> as core::ops::function::Fn<Args>>::call::h39b51ce4599c23d1
[INFO] [stdout]                                at /rustc/90b35a6239c3d8bdabc530a6a0816f7ff89a0aaf/library/alloc/src/boxed.rs:2468:9
[INFO] [stdout]   11:     0x569f69adccb9 - test::test_main::{{closure}}::he977ae839a582784
[INFO] [stdout]                                at /rustc/90b35a6239c3d8bdabc530a6a0816f7ff89a0aaf/library/test/src/lib.rs:133:21
[INFO] [stdout]   12:     0x569f69c7c088 - <alloc::boxed::Box<F,A> as core::ops::function::Fn<Args>>::call::h9455091b6b06f9fb
[INFO] [stdout]                                at /rustc/90b35a6239c3d8bdabc530a6a0816f7ff89a0aaf/library/alloc/src/boxed.rs:2468:9
[INFO] [stdout]   13:     0x569f69c7c088 - std::panicking::rust_panic_with_hook::h8942133a8b252070
[INFO] [stdout]                                at /rustc/90b35a6239c3d8bdabc530a6a0816f7ff89a0aaf/library/std/src/panicking.rs:809:13
[INFO] [stdout]   14:     0x569f69c7be4a - std::panicking::begin_panic_handler::{{closure}}::hb5f5963570096b29
[INFO] [stdout]                                at /rustc/90b35a6239c3d8bdabc530a6a0816f7ff89a0aaf/library/std/src/panicking.rs:674:13
[INFO] [stdout]   15:     0x569f69c7aa69 - std::sys::backtrace::__rust_end_short_backtrace::h6208cedc1922feda
[INFO] [stdout]                                at /rustc/90b35a6239c3d8bdabc530a6a0816f7ff89a0aaf/library/std/src/sys/backtrace.rs:170:18
[INFO] [stdout]   16:     0x569f69c7badc - rust_begin_unwind
[INFO] [stdout]                                at /rustc/90b35a6239c3d8bdabc530a6a0816f7ff89a0aaf/library/std/src/panicking.rs:665:5
[INFO] [stdout]   17:     0x569f69a710d0 - core::panicking::panic_fmt::h0c3082644d1bf418
[INFO] [stdout]                                at /rustc/90b35a6239c3d8bdabc530a6a0816f7ff89a0aaf/library/core/src/panicking.rs:74:14
[INFO] [stdout]   18:     0x569f69a71556 - core::result::unwrap_failed::hd20b4aa073bda1e2
[INFO] [stdout]                                at /rustc/90b35a6239c3d8bdabc530a6a0816f7ff89a0aaf/library/core/src/result.rs:1700:5
[INFO] [stdout]   19:     0x569f69a753ed - core::result::Result<T,E>::unwrap::h3d5c8b2d76296dc3
[INFO] [stdout]                                at /rustc/90b35a6239c3d8bdabc530a6a0816f7ff89a0aaf/library/core/src/result.rs:1104:23
[INFO] [stdout]   20:     0x569f69a753ed - vmtrans::parser::Parser::new::hf6761629b2eeadb5
[INFO] [stdout]                                at /opt/rustwide/workdir/src/parser.rs:56:17
[INFO] [stdout]   21:     0x569f69a80aaa - vmtrans::compile::hc9a12a3330bcc550
[INFO] [stdout]                                at /opt/rustwide/workdir/src/main.rs:32:26
[INFO] [stdout]   22:     0x569f69a820c2 - vmtrans::tests::work_test::h3df5c26ef06331c0
[INFO] [stdout]                                at /opt/rustwide/workdir/src/main.rs:121:13
[INFO] [stdout]   23:     0x569f69a81f37 - vmtrans::tests::work_test::{{closure}}::hc0ed725982273bff
[INFO] [stdout]                                at /opt/rustwide/workdir/src/main.rs:116:19
[INFO] [stdout]   24:     0x569f69a7e1d6 - core::ops::function::FnOnce::call_once::h2d56c9d1f361b339
[INFO] [stdout]                                at /rustc/90b35a6239c3d8bdabc530a6a0816f7ff89a0aaf/library/core/src/ops/function.rs:250:5
[INFO] [stdout]   25:     0x569f69ae167b - core::ops::function::FnOnce::call_once::h109cf8051a59b34e
[INFO] [stdout]                                at /rustc/90b35a6239c3d8bdabc530a6a0816f7ff89a0aaf/library/core/src/ops/function.rs:250:5
[INFO] [stdout]   26:     0x569f69ae167b - test::__rust_begin_short_backtrace::hf4fff89d377446ba
[INFO] [stdout]                                at /rustc/90b35a6239c3d8bdabc530a6a0816f7ff89a0aaf/library/test/src/lib.rs:621:18
[INFO] [stdout]   27:     0x569f69ae0eb7 - test::run_test_in_process::{{closure}}::h0e39181dd7ee5a43
[INFO] [stdout]                                at /rustc/90b35a6239c3d8bdabc530a6a0816f7ff89a0aaf/library/test/src/lib.rs:644:60
[INFO] [stdout]   28:     0x569f69ae0eb7 - <core::panic::unwind_safe::AssertUnwindSafe<F> as core::ops::function::FnOnce<()>>::call_once::hc5a66a30f0bdfd1f
[INFO] [stdout]                                at /rustc/90b35a6239c3d8bdabc530a6a0816f7ff89a0aaf/library/core/src/panic/unwind_safe.rs:272:9
[INFO] [stdout]   29:     0x569f69ae0eb7 - std::panicking::try::do_call::h873b7cf639554a5e
[INFO] [stdout]                                at /rustc/90b35a6239c3d8bdabc530a6a0816f7ff89a0aaf/library/std/src/panicking.rs:557:40
[INFO] [stdout]   30:     0x569f69ae0eb7 - std::panicking::try::hdb19862fad9c8bd1
[INFO] [stdout]                                at /rustc/90b35a6239c3d8bdabc530a6a0816f7ff89a0aaf/library/std/src/panicking.rs:520:19
[INFO] [stdout]   31:     0x569f69ae0eb7 - std::panic::catch_unwind::h281fe732d236d260
[INFO] [stdout]                                at /rustc/90b35a6239c3d8bdabc530a6a0816f7ff89a0aaf/library/std/src/panic.rs:358:14
[INFO] [stdout]   32:     0x569f69ae0eb7 - test::run_test_in_process::h949b6df8457ed338
[INFO] [stdout]                                at /rustc/90b35a6239c3d8bdabc530a6a0816f7ff89a0aaf/library/test/src/lib.rs:644:27
[INFO] [stdout]   33:     0x569f69ae0eb7 - test::run_test::{{closure}}::h52c556a6d4740e10
[INFO] [stdout]                                at /rustc/90b35a6239c3d8bdabc530a6a0816f7ff89a0aaf/library/test/src/lib.rs:565:43
[INFO] [stdout]   34:     0x569f69aa6194 - test::run_test::{{closure}}::h4237f6381c45ccb9
[INFO] [stdout]                                at /rustc/90b35a6239c3d8bdabc530a6a0816f7ff89a0aaf/library/test/src/lib.rs:595:41
[INFO] [stdout]   35:     0x569f69aa6194 - std::sys::backtrace::__rust_begin_short_backtrace::h505c97a579eca628
[INFO] [stdout]                                at /rustc/90b35a6239c3d8bdabc530a6a0816f7ff89a0aaf/library/std/src/sys/backtrace.rs:154:18
[INFO] [stdout]   36:     0x569f69aa985e - std::thread::Builder::spawn_unchecked_::{{closure}}::{{closure}}::h9e86b2e2bc107ea3
[INFO] [stdout]                                at /rustc/90b35a6239c3d8bdabc530a6a0816f7ff89a0aaf/library/std/src/thread/mod.rs:538:17
[INFO] [stdout]   37:     0x569f69aa985e - <core::panic::unwind_safe::AssertUnwindSafe<F> as core::ops::function::FnOnce<()>>::call_once::h8b06ddb275ff4a25
[INFO] [stdout]                                at /rustc/90b35a6239c3d8bdabc530a6a0816f7ff89a0aaf/library/core/src/panic/unwind_safe.rs:272:9
[INFO] [stdout]   38:     0x569f69aa985e - std::panicking::try::do_call::hb26ecd7cd9a9355d
[INFO] [stdout]                                at /rustc/90b35a6239c3d8bdabc530a6a0816f7ff89a0aaf/library/std/src/panicking.rs:557:40
[INFO] [stdout]   39:     0x569f69aa985e - std::panicking::try::h8ddeca9d705f9069
[INFO] [stdout]                                at /rustc/90b35a6239c3d8bdabc530a6a0816f7ff89a0aaf/library/std/src/panicking.rs:520:19
[INFO] [stdout]   40:     0x569f69aa985e - std::panic::catch_unwind::h49e1c33078844c46
[INFO] [stdout]                                at /rustc/90b35a6239c3d8bdabc530a6a0816f7ff89a0aaf/library/std/src/panic.rs:358:14
[INFO] [stdout]   41:     0x569f69aa985e - std::thread::Builder::spawn_unchecked_::{{closure}}::h6073db6ff56ad35d
[INFO] [stdout]                                at /rustc/90b35a6239c3d8bdabc530a6a0816f7ff89a0aaf/library/std/src/thread/mod.rs:537:30
[INFO] [stdout]   42:     0x569f69aa985e - core::ops::function::FnOnce::call_once{{vtable.shim}}::h2c5a5f3779c774f1
[INFO] [stdout]                                at /rustc/90b35a6239c3d8bdabc530a6a0816f7ff89a0aaf/library/core/src/ops/function.rs:250:5
[INFO] [stdout]   43:     0x569f69c7fdeb - <alloc::boxed::Box<F,A> as core::ops::function::FnOnce<Args>>::call_once::hf75717d9f28faebf
[INFO] [stdout]                                at /rustc/90b35a6239c3d8bdabc530a6a0816f7ff89a0aaf/library/alloc/src/boxed.rs:2454:9
[INFO] [stdout]   44:     0x569f69c7fdeb - <alloc::boxed::Box<F,A> as core::ops::function::FnOnce<Args>>::call_once::h7bd883a5f3c5f3c1
[INFO] [stdout]                                at /rustc/90b35a6239c3d8bdabc530a6a0816f7ff89a0aaf/library/alloc/src/boxed.rs:2454:9
[INFO] [stdout]   45:     0x569f69c7fdeb - std::sys::pal::unix::thread::Thread::new::thread_start::hcc78f3943333fa94
[INFO] [stdout]                                at /rustc/90b35a6239c3d8bdabc530a6a0816f7ff89a0aaf/library/std/src/sys/pal/unix/thread.rs:105:17
[INFO] [stdout]   46:     0x7de03d56eac3 - <unknown>
[INFO] [stdout]   47:     0x7de03d5ffa04 - clone
[INFO] [stdout]   48:                0x0 - <unknown>
[INFO] [stdout] 
[INFO] [stdout] 
[INFO] [stdout] failures:
[INFO] [stdout]     parser::tests::work_test
[INFO] [stdout]     parser::tests::work_test_label
[INFO] [stdout]     parser::tests::work_test_stack
[INFO] [stdout]     tests::work_test
[INFO] [stdout]     writer::tests::work_test
[INFO] [stdout] 
[INFO] [stdout] test result: FAILED. 0 passed; 5 failed; 0 ignored; 0 measured; 0 filtered out; finished in 0.08s
[INFO] [stdout] 
[INFO] running `Command { std: "docker" "inspect" "53e4688a4e2c46b4034a25aa11ebed5489fe42e72d4aad4b9788ea4bee9d4acc", kill_on_drop: false }`
[INFO] running `Command { std: "docker" "rm" "-f" "53e4688a4e2c46b4034a25aa11ebed5489fe42e72d4aad4b9788ea4bee9d4acc", kill_on_drop: false }`
[INFO] [stdout] 53e4688a4e2c46b4034a25aa11ebed5489fe42e72d4aad4b9788ea4bee9d4acc
