[INFO] cloning repository https://github.com/yogimathius/my_rust_redis
[INFO] running `Command { std: "git" "-c" "credential.helper=" "-c" "credential.helper=/workspace/cargo-home/bin/git-credential-null" "clone" "--bare" "https://github.com/yogimathius/my_rust_redis" "/workspace/cache/git-repos/https%3A%2F%2Fgithub.com%2Fyogimathius%2Fmy_rust_redis", kill_on_drop: false }`
[INFO] [stderr] Cloning into bare repository '/workspace/cache/git-repos/https%3A%2F%2Fgithub.com%2Fyogimathius%2Fmy_rust_redis'...
[INFO] running `Command { std: "git" "rev-parse" "HEAD", kill_on_drop: false }`
[INFO] [stdout] 37c5953e296f81dce41aafeebe4f4acf99369dff
[INFO] testing yogimathius/my_rust_redis against 1.83.0 for beta-1.84.0-4-retry
[INFO] running `Command { std: "git" "clone" "/workspace/cache/git-repos/https%3A%2F%2Fgithub.com%2Fyogimathius%2Fmy_rust_redis" "/workspace/builds/worker-3-tc1/source", kill_on_drop: false }`
[INFO] [stderr] Cloning into '/workspace/builds/worker-3-tc1/source'...
[INFO] [stderr] done.
[INFO] validating manifest of git repo https://github.com/yogimathius/my_rust_redis on toolchain 1.83.0
[INFO] running `Command { std: CARGO_HOME="/workspace/cargo-home" RUSTUP_HOME="/workspace/rustup-home" "/workspace/cargo-home/bin/cargo" "+1.83.0" "metadata" "--manifest-path" "Cargo.toml" "--no-deps", kill_on_drop: false }`
[INFO] started tweaking git repo https://github.com/yogimathius/my_rust_redis
[INFO] finished tweaking git repo https://github.com/yogimathius/my_rust_redis
[INFO] tweaked toml for git repo https://github.com/yogimathius/my_rust_redis written to /workspace/builds/worker-3-tc1/source/Cargo.toml
[INFO] crate git repo https://github.com/yogimathius/my_rust_redis already has a lockfile, it will not be regenerated
[INFO] running `Command { std: CARGO_HOME="/workspace/cargo-home" RUSTUP_HOME="/workspace/rustup-home" "/workspace/cargo-home/bin/cargo" "+1.83.0" "fetch" "--manifest-path" "Cargo.toml", kill_on_drop: false }`
[INFO] [stderr]     Updating crates.io index
[INFO] [stderr]  Downloading crates ...
[INFO] [stderr]   Downloaded crc64 v2.0.0
[INFO] running `Command { std: "docker" "create" "-v" "/var/lib/crater-agent-workspace/builds/worker-3-tc1/target:/opt/rustwide/target:rw,Z" "-v" "/var/lib/crater-agent-workspace/builds/worker-3-tc1/source:/opt/rustwide/workdir:ro,Z" "-v" "/var/lib/crater-agent-workspace/cargo-home:/opt/rustwide/cargo-home:ro,Z" "-v" "/var/lib/crater-agent-workspace/rustup-home:/opt/rustwide/rustup-home:ro,Z" "-e" "SOURCE_DIR=/opt/rustwide/workdir" "-e" "CARGO_TARGET_DIR=/opt/rustwide/target" "-e" "CARGO_HOME=/opt/rustwide/cargo-home" "-e" "RUSTUP_HOME=/opt/rustwide/rustup-home" "-w" "/opt/rustwide/workdir" "-m" "1610612736" "--user" "0:0" "--network" "none" "ghcr.io/rust-lang/crates-build-env/linux@sha256:f3a9d4ad9d972b27faf3965f35b62e55ba32bbce8f20bc8fe909558a86702fde" "/opt/rustwide/cargo-home/bin/cargo" "+1.83.0" "metadata" "--no-deps" "--format-version=1", kill_on_drop: false }`
[INFO] [stdout] 08a2f58a715f1d9895fbcee38e394471dcc264de292cd9c777bd132307c5070c
[INFO] running `Command { std: "docker" "start" "-a" "08a2f58a715f1d9895fbcee38e394471dcc264de292cd9c777bd132307c5070c", kill_on_drop: false }`
[INFO] running `Command { std: "docker" "inspect" "08a2f58a715f1d9895fbcee38e394471dcc264de292cd9c777bd132307c5070c", kill_on_drop: false }`
[INFO] running `Command { std: "docker" "rm" "-f" "08a2f58a715f1d9895fbcee38e394471dcc264de292cd9c777bd132307c5070c", kill_on_drop: false }`
[INFO] [stdout] 08a2f58a715f1d9895fbcee38e394471dcc264de292cd9c777bd132307c5070c
[INFO] running `Command { std: "docker" "create" "-v" "/var/lib/crater-agent-workspace/builds/worker-3-tc1/target:/opt/rustwide/target:rw,Z" "-v" "/var/lib/crater-agent-workspace/builds/worker-3-tc1/source:/opt/rustwide/workdir:ro,Z" "-v" "/var/lib/crater-agent-workspace/cargo-home:/opt/rustwide/cargo-home:ro,Z" "-v" "/var/lib/crater-agent-workspace/rustup-home:/opt/rustwide/rustup-home:ro,Z" "-e" "SOURCE_DIR=/opt/rustwide/workdir" "-e" "CARGO_TARGET_DIR=/opt/rustwide/target" "-e" "CARGO_INCREMENTAL=0" "-e" "RUST_BACKTRACE=full" "-e" "RUSTFLAGS=--cap-lints=warn" "-e" "RUSTDOCFLAGS=--cap-lints=warn" "-e" "CARGO_HOME=/opt/rustwide/cargo-home" "-e" "RUSTUP_HOME=/opt/rustwide/rustup-home" "-w" "/opt/rustwide/workdir" "-m" "1610612736" "--user" "0:0" "--network" "none" "ghcr.io/rust-lang/crates-build-env/linux@sha256:f3a9d4ad9d972b27faf3965f35b62e55ba32bbce8f20bc8fe909558a86702fde" "/opt/rustwide/cargo-home/bin/cargo" "+1.83.0" "build" "--frozen" "--message-format=json", kill_on_drop: false }`
[INFO] [stdout] fb643c0ebb4594ab37bea3b33461ad72dab61bbb33a8ff59f4b8ae70f0125f5f
[INFO] running `Command { std: "docker" "start" "-a" "fb643c0ebb4594ab37bea3b33461ad72dab61bbb33a8ff59f4b8ae70f0125f5f", kill_on_drop: false }`
[INFO] [stderr]    Compiling proc-macro2 v1.0.79
[INFO] [stderr]    Compiling unicode-ident v1.0.12
[INFO] [stderr]    Compiling libc v0.2.138
[INFO] [stderr]    Compiling autocfg v1.1.0
[INFO] [stderr]    Compiling syn v1.0.67
[INFO] [stderr]    Compiling unicode-xid v0.2.1
[INFO] [stderr]    Compiling cfg-if v1.0.0
[INFO] [stderr]    Compiling version_check v0.9.5
[INFO] [stderr]    Compiling memchr v2.7.4
[INFO] [stderr]    Compiling byteorder v1.5.0
[INFO] [stderr]    Compiling log v0.4.11
[INFO] [stderr]    Compiling utf8parse v0.2.1
[INFO] [stderr]    Compiling proc-macro-error-attr v1.0.4
[INFO] [stderr]    Compiling lock_api v0.4.9
[INFO] [stderr]    Compiling proc-macro-error v1.0.4
[INFO] [stderr]    Compiling bitflags v1.2.1
[INFO] [stderr]    Compiling parking_lot_core v0.9.5
[INFO] [stderr]    Compiling serde v1.0.210
[INFO] [stderr]    Compiling num-traits v0.2.19
[INFO] [stderr]    Compiling anstyle-parse v0.2.3
[INFO] [stderr]    Compiling unicode-width v0.1.14
[INFO] [stderr]    Compiling scopeguard v1.1.0
[INFO] [stderr]    Compiling anstyle-query v1.0.2
[INFO] [stderr]    Compiling smallvec v1.10.0
[INFO] [stderr]    Compiling unicode-segmentation v1.12.0
[INFO] [stderr]    Compiling quote v1.0.35
[INFO] [stderr]    Compiling cfg-if v0.1.10
[INFO] [stderr]    Compiling anstyle v1.0.6
[INFO] [stderr]    Compiling colorchoice v1.0.0
[INFO] [stderr]    Compiling syn v2.0.57
[INFO] [stderr]    Compiling textwrap v0.11.0
[INFO] [stderr]    Compiling getrandom v0.2.8
[INFO] [stderr]    Compiling anstream v0.6.13
[INFO] [stderr]    Compiling atty v0.2.14
[INFO] [stderr]    Compiling rand_core v0.6.4
[INFO] [stderr]    Compiling heck v0.3.3
[INFO] [stderr]    Compiling aho-corasick v1.1.3
[INFO] [stderr]    Compiling tokio v1.23.0
[INFO] [stderr]    Compiling regex-syntax v0.8.5
[INFO] [stderr]    Compiling clap_lex v0.7.0
[INFO] [stderr]    Compiling vec_map v0.8.2
[INFO] [stderr]    Compiling strsim v0.11.0
[INFO] [stderr]    Compiling ansi_term v0.12.1
[INFO] [stderr]    Compiling serde_json v1.0.128
[INFO] [stderr]    Compiling anyhow v1.0.59
[INFO] [stderr]    Compiling heck v0.5.0
[INFO] [stderr]    Compiling strsim v0.8.0
[INFO] [stderr]    Compiling clap v2.34.0
[INFO] [stderr]    Compiling clap_builder v4.5.2
[INFO] [stderr]    Compiling parking_lot v0.12.1
[INFO] [stderr]    Compiling num_cpus v1.13.0
[INFO] [stderr]    Compiling regex-automata v0.4.8
[INFO] [stderr]    Compiling signal-hook-registry v1.2.2
[INFO] [stderr]    Compiling mio v0.8.5
[INFO] [stderr]    Compiling socket2 v0.4.7
[INFO] [stderr]    Compiling lazy_static v1.5.0
[INFO] [stderr]    Compiling bytes v1.3.0
[INFO] [stderr]    Compiling ryu v1.0.18
[INFO] [stderr]    Compiling iana-time-zone v0.1.61
[INFO] [stderr]    Compiling pin-project-lite v0.2.9
[INFO] [stderr]    Compiling itoa v1.0.11
[INFO] [stderr]    Compiling regex v1.11.0
[INFO] [stderr]    Compiling chrono v0.4.38
[INFO] [stderr]    Compiling zerocopy-derive v0.7.35
[INFO] [stderr]    Compiling serde_derive v1.0.210
[INFO] [stderr]    Compiling structopt-derive v0.4.18
[INFO] [stderr]    Compiling tokio-macros v1.8.2
[INFO] [stderr]    Compiling thiserror-impl v1.0.32
[INFO] [stderr]    Compiling zerocopy v0.7.35
[INFO] [stderr]    Compiling uuid-macro-internal v1.10.0
[INFO] [stderr]    Compiling ppv-lite86 v0.2.20
[INFO] [stderr]    Compiling clap_derive v4.5.4
[INFO] [stderr]    Compiling structopt v0.3.26
[INFO] [stderr]    Compiling crc64 v2.0.0
[INFO] [stderr]    Compiling hex v0.4.3
[INFO] [stderr]    Compiling base64 v0.22.1
[INFO] [stderr]    Compiling rand_chacha v0.3.1
[INFO] [stderr]    Compiling rand v0.8.5
[INFO] [stderr]    Compiling thiserror v1.0.32
[INFO] [stderr]    Compiling uuid v1.10.0
[INFO] [stderr]    Compiling clap v4.5.4
[INFO] [stderr]    Compiling bincode v1.3.3
[INFO] [stderr]    Compiling redis-starter-rust v0.1.0 (/opt/rustwide/workdir)
[INFO] [stderr]     Finished `dev` profile [unoptimized + debuginfo] target(s) in 1m 20s
[INFO] running `Command { std: "docker" "inspect" "fb643c0ebb4594ab37bea3b33461ad72dab61bbb33a8ff59f4b8ae70f0125f5f", kill_on_drop: false }`
[INFO] running `Command { std: "docker" "rm" "-f" "fb643c0ebb4594ab37bea3b33461ad72dab61bbb33a8ff59f4b8ae70f0125f5f", kill_on_drop: false }`
[INFO] [stdout] fb643c0ebb4594ab37bea3b33461ad72dab61bbb33a8ff59f4b8ae70f0125f5f
[INFO] running `Command { std: "docker" "create" "-v" "/var/lib/crater-agent-workspace/builds/worker-3-tc1/target:/opt/rustwide/target:rw,Z" "-v" "/var/lib/crater-agent-workspace/builds/worker-3-tc1/source:/opt/rustwide/workdir:ro,Z" "-v" "/var/lib/crater-agent-workspace/cargo-home:/opt/rustwide/cargo-home:ro,Z" "-v" "/var/lib/crater-agent-workspace/rustup-home:/opt/rustwide/rustup-home:ro,Z" "-e" "SOURCE_DIR=/opt/rustwide/workdir" "-e" "CARGO_TARGET_DIR=/opt/rustwide/target" "-e" "CARGO_INCREMENTAL=0" "-e" "RUST_BACKTRACE=full" "-e" "RUSTFLAGS=--cap-lints=warn" "-e" "RUSTDOCFLAGS=--cap-lints=warn" "-e" "CARGO_HOME=/opt/rustwide/cargo-home" "-e" "RUSTUP_HOME=/opt/rustwide/rustup-home" "-w" "/opt/rustwide/workdir" "-m" "1610612736" "--user" "0:0" "--network" "none" "ghcr.io/rust-lang/crates-build-env/linux@sha256:f3a9d4ad9d972b27faf3965f35b62e55ba32bbce8f20bc8fe909558a86702fde" "/opt/rustwide/cargo-home/bin/cargo" "+1.83.0" "test" "--frozen" "--no-run" "--message-format=json", kill_on_drop: false }`
[INFO] [stdout] 2863fe296ad81e264111e411c6847d4a45c8499499d5a91fb8a8fd655304df09
[INFO] running `Command { std: "docker" "start" "-a" "2863fe296ad81e264111e411c6847d4a45c8499499d5a91fb8a8fd655304df09", kill_on_drop: false }`
[INFO] [stderr]    Compiling redis-starter-rust v0.1.0 (/opt/rustwide/workdir)
[INFO] [stderr]     Finished `test` profile [unoptimized + debuginfo] target(s) in 4.35s
[INFO] running `Command { std: "docker" "inspect" "2863fe296ad81e264111e411c6847d4a45c8499499d5a91fb8a8fd655304df09", kill_on_drop: false }`
[INFO] running `Command { std: "docker" "rm" "-f" "2863fe296ad81e264111e411c6847d4a45c8499499d5a91fb8a8fd655304df09", kill_on_drop: false }`
[INFO] [stdout] 2863fe296ad81e264111e411c6847d4a45c8499499d5a91fb8a8fd655304df09
[INFO] running `Command { std: "docker" "create" "-v" "/var/lib/crater-agent-workspace/builds/worker-3-tc1/target:/opt/rustwide/target:rw,Z" "-v" "/var/lib/crater-agent-workspace/builds/worker-3-tc1/source:/opt/rustwide/workdir:ro,Z" "-v" "/var/lib/crater-agent-workspace/cargo-home:/opt/rustwide/cargo-home:ro,Z" "-v" "/var/lib/crater-agent-workspace/rustup-home:/opt/rustwide/rustup-home:ro,Z" "-e" "SOURCE_DIR=/opt/rustwide/workdir" "-e" "CARGO_TARGET_DIR=/opt/rustwide/target" "-e" "CARGO_INCREMENTAL=0" "-e" "RUST_BACKTRACE=full" "-e" "RUSTFLAGS=--cap-lints=warn" "-e" "RUSTDOCFLAGS=--cap-lints=warn" "-e" "CARGO_HOME=/opt/rustwide/cargo-home" "-e" "RUSTUP_HOME=/opt/rustwide/rustup-home" "-w" "/opt/rustwide/workdir" "-m" "1610612736" "--user" "0:0" "--network" "none" "ghcr.io/rust-lang/crates-build-env/linux@sha256:f3a9d4ad9d972b27faf3965f35b62e55ba32bbce8f20bc8fe909558a86702fde" "/opt/rustwide/cargo-home/bin/cargo" "+1.83.0" "test" "--frozen", kill_on_drop: false }`
[INFO] [stdout] 33e66e233d961ce68641961e6db723e48453d649ccffc9fec28edfdc3fa32860
[INFO] running `Command { std: "docker" "start" "-a" "33e66e233d961ce68641961e6db723e48453d649ccffc9fec28edfdc3fa32860", kill_on_drop: false }`
[INFO] [stderr]     Finished `test` profile [unoptimized + debuginfo] target(s) in 0.11s
[INFO] [stderr]      Running unittests src/lib.rs (/opt/rustwide/target/debug/deps/redis_starter_rust-09af8adbcebd8865)
[INFO] [stdout] 
[INFO] [stdout] running 0 tests
[INFO] [stdout] 
[INFO] [stdout] test result: ok. 0 passed; 0 failed; 0 ignored; 0 measured; 0 filtered out; finished in 0.00s
[INFO] [stdout] 
[INFO] [stderr]      Running unittests src/main.rs (/opt/rustwide/target/debug/deps/redis_starter_rust-10beec6fefe35719)
[INFO] [stdout] 
[INFO] [stdout] running 0 tests
[INFO] [stdout] 
[INFO] [stdout] test result: ok. 0 passed; 0 failed; 0 ignored; 0 measured; 0 filtered out; finished in 0.00s
[INFO] [stdout] 
[INFO] [stderr]      Running tests/main.rs (/opt/rustwide/target/debug/deps/main-1820acec5f8673f9)
[INFO] [stdout] 
[INFO] [stdout] running 77 tests
[INFO] [stdout] test hash_handlers::hdel_handler_test::tests::test_hdel_handler_no_fields ... ok
[INFO] [stdout] test hash_handlers::hexists_handler_test::tests::test_hexists_existing_field ... ok
[INFO] [stdout] test hash_handlers::hdel_handler_test::tests::test_hdel_handler ... ok
[INFO] [stdout] test hash_handlers::hexists_handler_test::tests::test_hexists_non_existent_key ... ok
[INFO] [stdout] test hash_handlers::hexists_handler_test::tests::test_hexists_non_hash_type_key ... ok
[INFO] [stdout] test hash_handlers::hexists_handler_test::tests::test_hexists_invalid_arguments ... ok
[INFO] [stdout] test hash_handlers::hget_handler_test::tests::test_hget_non_existent_field ... ok
[INFO] [stdout] test hash_handlers::hget_handler_test::tests::test_hget_non_existent_key ... ok
[INFO] [stdout] test hash_handlers::hget_handler_test::tests::test_hget_non_hash_type_key ... ok
[INFO] [stdout] test hash_handlers::hgetall_handler_test::tests::test_hgetall_empty_hash ... ok
[INFO] [stdout] test hash_handlers::hgetall_handler_test::tests::test_hgetall_multiple_fields ... ok
[INFO] [stdout] test hash_handlers::hgetall_handler_test::tests::test_hgetall_non_existent_key ... ok
[INFO] [stdout] test hash_handlers::hgetall_handler_test::tests::test_hgetall_non_hash_type_key ... ok
[INFO] [stdout] test hash_handlers::hkeys_handler_test::tests::test_hkeys_empty_hash ... ok
[INFO] [stdout] test hash_handlers::hexists_handler_test::tests::test_hexists_non_existent_field ... ok
[INFO] [stdout] test hash_handlers::hdel_handler_test::tests::test_hdel_handler_no_key ... ok
[INFO] [stdout] test hash_handlers::hget_handler_test::tests::test_hget_handler ... ok
[INFO] [stdout] test hash_handlers::hget_handler_test::tests::test_hget_invalid_arguments ... ok
[INFO] [stdout] test hash_handlers::hkeys_handler_test::tests::test_hkeys_non_existent_key ... ok
[INFO] [stdout] test hash_handlers::hkeys_handler_test::tests::test_hkeys_non_hash_type_key ... ok
[INFO] [stdout] test hash_handlers::hkeys_handler_test::tests::test_hkeys_invalid_arguments ... ok
[INFO] [stdout] test hash_handlers::hkeys_handler_test::tests::test_hkeys_handler ... ok
[INFO] [stdout] test hash_handlers::hlen_handler_test::tests::test_hlen_non_hash_type_key ... ok
[INFO] [stdout] test hash_handlers::hset_handler_test::tests::test_hset_update_existing_field ... ok
[INFO] [stdout] test hash_handlers::hset_handler_test::tests::test_hset_wrong_type ... ok
[INFO] [stdout] test hash_handlers::hvals_handler_test::tests::test_hvals_empty_hash ... ok
[INFO] [stdout] test hash_handlers::hvals_handler_test::tests::test_hvals_multiple_fields ... ok
[INFO] [stdout] test hash_handlers::hset_handler_test::tests::test_hset_new_hash ... ok
[INFO] [stdout] test hash_handlers::hvals_handler_test::tests::test_hvals_non_existent_key ... ok
[INFO] [stdout] test hash_handlers::hvals_handler_test::tests::test_hvals_non_hash_type_key ... ok
[INFO] [stdout] test hash_handlers::hdel_handler_test::tests::test_hdel_handler_multiple_fields ... ok
[INFO] [stdout] test key_handlers::del_handler_test::tests::test_del_handler ... ok
[INFO] [stdout] test hash_handlers::hlen_handler_test::tests::test_hlen_non_existent_key ... ok
[INFO] [stdout] test hash_handlers::hlen_handler_test::tests::test_hlen_empty_hash ... ok
[INFO] [stdout] test hash_handlers::hlen_handler_test::tests::test_hlen_multiple_fields ... ok
[INFO] [stdout] test hash_handlers::hset_handler_test::tests::test_hset_invalid_arguments ... ok
[INFO] [stdout] test key_handlers::expire_handler_test::tests::test_expire_handler ... ok
[INFO] [stdout] test key_handlers::expire_handler_test::tests::test_expire_handler_with_gt ... ok
[INFO] [stdout] test key_handlers::expire_handler_test::tests::test_expire_handler_with_lt ... ok
[INFO] [stdout] test key_handlers::expire_handler_test::tests::test_expire_handler_with_xx ... ok
[INFO] [stdout] test key_handlers::expire_handler_test::tests::test_expire_handler_with_nx ... ok
[INFO] [stdout] test key_handlers::get_handler_test::tests::test_get_handler ... ok
[INFO] [stdout] test key_handlers::rename_handler_test::tests::test_rename_key_does_not_exist ... ok
[INFO] [stdout] test key_handlers::set_handler_test::tests::test_set_handler ... ok
[INFO] [stdout] test key_handlers::type_handler_test::tests::test_type_handler ... ok
[INFO] [stdout] test list_handlers::lindex_handler_test::tests::test_lindex_handler_get_first ... ok
[INFO] [stdout] test key_handlers::rename_handler_test::tests::test_rename_new_key_already_exists ... ok
[INFO] [stdout] test list_handlers::lindex_handler_test::tests::test_lindex_handler_get_last ... ok
[INFO] [stdout] test list_handlers::lindex_handler_test::tests::test_lindex_handler_negative_one_gets_last ... ok
[INFO] [stdout] test list_handlers::lindex_handler_test::tests::test_lindex_handler_negative_out_of_range ... ok
[INFO] [stdout] test list_handlers::lindex_handler_test::tests::test_lindex_handler_negative_two_gets_second_to_last ... ok
[INFO] [stdout] test list_handlers::lindex_handler_test::tests::test_lindex_handler_out_of_range ... ok
[INFO] [stdout] test list_handlers::llen_handler_test::tests::test_llen_handler ... ok
[INFO] [stdout] test list_handlers::llen_handler_test::tests::test_llen_handler_no_key ... ok
[INFO] [stdout] test list_handlers::llen_handler_test::tests::test_llen_handler_wrong_type ... ok
[INFO] [stdout] test list_handlers::lpop_handler_test::tests::test_lpop_handler_existing_list ... ok
[INFO] [stdout] test list_handlers::lpush_handler_test::tests::test_lpush_handler_existing_list ... ok
[INFO] [stdout] test list_handlers::lpush_handler_test::tests::test_lpush_handler_multiple_value_types ... ok
[INFO] [stdout] test list_handlers::lrem_handler_test::tests::test_lrem_handler_invalid_value_type ... ok
[INFO] [stdout] test list_handlers::lrem_handler_test::tests::test_lrem_handler_remove_existing_value ... ok
[INFO] [stdout] test list_handlers::lrem_handler_test::tests::test_lrem_handler_remove_multiple_values ... ok
[INFO] [stdout] test list_handlers::lrem_handler_test::tests::test_lrem_handler_remove_non_existing_value ... ok
[INFO] [stdout] test key_handlers::set_handler_test::tests::test_set_handler_with_expiration ... ok
[INFO] [stdout] test list_handlers::lrem_handler_test::tests::test_lrem_handler_invalid_count ... ok
[INFO] [stdout] test list_handlers::lpush_handler_test::tests::test_lpush_handler_new_list ... ok
[INFO] [stdout] test list_handlers::lpush_handler_test::tests::test_lpush_handler_non_list_value ... ok
[INFO] [stdout] test list_handlers::lset_handler_test::tests::test_lset_handler_no_such_key ... ok
[INFO] [stdout] test list_handlers::lset_handler_test::tests::test_lset_handler_index_out_of_range ... ok
[INFO] [stdout] test list_handlers::lset_handler_test::tests::test_lset_handler_wrong_type ... ok
[INFO] [stdout] test list_handlers::rpop_handler_test::tests::test_rpop_handler_existing_list ... ok
[INFO] [stdout] test list_handlers::rpush_handler_test::tests::test_rpush_handler_existing_list ... ok
[INFO] [stdout] test list_handlers::rpush_handler_test::tests::test_rpush_handler_non_list_value ... ok
[INFO] [stdout] test list_handlers::lset_handler_test::tests::test_lset_handler ... ok
[INFO] [stdout] test list_handlers::rpush_handler_test::tests::test_rpush_handler_new_list ... ok
[INFO] [stdout] test key_handlers::keys_handler_test::test_keys_handler ... ok
[INFO] [stdout] test key_handlers::unlink_handler_test::tests::test_unlink_handler ... ok
[INFO] [stdout] test key_handlers::rename_handler_test::tests::test_rename_success ... FAILED
[INFO] [stdout] 
[INFO] [stdout] failures:
[INFO] [stdout] 
[INFO] [stdout] ---- key_handlers::rename_handler_test::tests::test_rename_success stdout ----
[INFO] [stdout] src/handlers/key_handlers/rename_handler.rs:6: rename_handler key "old_key"
[INFO] [stdout] src/handlers/key_handlers/rename_handler.rs:7: rename_handler handler [BulkString("old_key"), BulkString("new_key")]
[INFO] [stdout] thread 'key_handlers::rename_handler_test::tests::test_rename_success' panicked at tests/key_handlers/rename_handler_test.rs:41:9:
[INFO] [stdout] assertion `left == right` failed
[INFO] [stdout]   left: Some(Error("ERR no such key"))
[INFO] [stdout]  right: Some(SimpleString("OK"))
[INFO] [stdout] stack backtrace:
[INFO] [stdout]    0:     0x635a52e2b92a - std::backtrace_rs::backtrace::libunwind::trace::h5a5b8284f2d0c266
[INFO] [stdout]                                at /rustc/90b35a6239c3d8bdabc530a6a0816f7ff89a0aaf/library/std/src/../../backtrace/src/backtrace/libunwind.rs:116:5
[INFO] [stdout]    1:     0x635a52e2b92a - std::backtrace_rs::backtrace::trace_unsynchronized::h76d4f1c9b0b875e3
[INFO] [stdout]                                at /rustc/90b35a6239c3d8bdabc530a6a0816f7ff89a0aaf/library/std/src/../../backtrace/src/backtrace/mod.rs:66:5
[INFO] [stdout]    2:     0x635a52e2b92a - std::sys::backtrace::_print_fmt::hc4546b8364a537c6
[INFO] [stdout]                                at /rustc/90b35a6239c3d8bdabc530a6a0816f7ff89a0aaf/library/std/src/sys/backtrace.rs:66:9
[INFO] [stdout]    3:     0x635a52e2b92a - <std::sys::backtrace::BacktraceLock::print::DisplayBacktrace as core::fmt::Display>::fmt::h5b6bd5631a6d1f6b
[INFO] [stdout]                                at /rustc/90b35a6239c3d8bdabc530a6a0816f7ff89a0aaf/library/std/src/sys/backtrace.rs:39:26
[INFO] [stdout]    4:     0x635a52e51ab3 - core::fmt::rt::Argument::fmt::h270f6602a2b96f62
[INFO] [stdout]                                at /rustc/90b35a6239c3d8bdabc530a6a0816f7ff89a0aaf/library/core/src/fmt/rt.rs:177:76
[INFO] [stdout]    5:     0x635a52e51ab3 - core::fmt::write::h7550c97b06c86515
[INFO] [stdout]                                at /rustc/90b35a6239c3d8bdabc530a6a0816f7ff89a0aaf/library/core/src/fmt/mod.rs:1186:21
[INFO] [stdout]    6:     0x635a52e28a63 - std::io::Write::write_fmt::h509ff860e5956e5e
[INFO] [stdout]                                at /rustc/90b35a6239c3d8bdabc530a6a0816f7ff89a0aaf/library/std/src/io/mod.rs:1839:15
[INFO] [stdout]    7:     0x635a52e2b772 - std::sys::backtrace::BacktraceLock::print::h2395ccd2c84ba3aa
[INFO] [stdout]                                at /rustc/90b35a6239c3d8bdabc530a6a0816f7ff89a0aaf/library/std/src/sys/backtrace.rs:42:9
[INFO] [stdout]    8:     0x635a52e2cd8a - std::panicking::default_hook::{{closure}}::he19d4c7230e07961
[INFO] [stdout]                                at /rustc/90b35a6239c3d8bdabc530a6a0816f7ff89a0aaf/library/std/src/panicking.rs:268:22
[INFO] [stdout]    9:     0x635a52e2cb94 - std::panicking::default_hook::hf614597d3c67bbdb
[INFO] [stdout]                                at /rustc/90b35a6239c3d8bdabc530a6a0816f7ff89a0aaf/library/std/src/panicking.rs:292:9
[INFO] [stdout]   10:     0x635a52b2f619 - <alloc::boxed::Box<F,A> as core::ops::function::Fn<Args>>::call::h39b51ce4599c23d1
[INFO] [stdout]                                at /rustc/90b35a6239c3d8bdabc530a6a0816f7ff89a0aaf/library/alloc/src/boxed.rs:2468:9
[INFO] [stdout]   11:     0x635a52b2f619 - test::test_main::{{closure}}::he977ae839a582784
[INFO] [stdout]                                at /rustc/90b35a6239c3d8bdabc530a6a0816f7ff89a0aaf/library/test/src/lib.rs:133:21
[INFO] [stdout]   12:     0x635a52e2d428 - <alloc::boxed::Box<F,A> as core::ops::function::Fn<Args>>::call::h9455091b6b06f9fb
[INFO] [stdout]                                at /rustc/90b35a6239c3d8bdabc530a6a0816f7ff89a0aaf/library/alloc/src/boxed.rs:2468:9
[INFO] [stdout]   13:     0x635a52e2d428 - std::panicking::rust_panic_with_hook::h8942133a8b252070
[INFO] [stdout]                                at /rustc/90b35a6239c3d8bdabc530a6a0816f7ff89a0aaf/library/std/src/panicking.rs:809:13
[INFO] [stdout]   14:     0x635a52e2d1ea - std::panicking::begin_panic_handler::{{closure}}::hb5f5963570096b29
[INFO] [stdout]                                at /rustc/90b35a6239c3d8bdabc530a6a0816f7ff89a0aaf/library/std/src/panicking.rs:674:13
[INFO] [stdout]   15:     0x635a52e2be09 - std::sys::backtrace::__rust_end_short_backtrace::h6208cedc1922feda
[INFO] [stdout]                                at /rustc/90b35a6239c3d8bdabc530a6a0816f7ff89a0aaf/library/std/src/sys/backtrace.rs:170:18
[INFO] [stdout]   16:     0x635a52e2ce7c - rust_begin_unwind
[INFO] [stdout]                                at /rustc/90b35a6239c3d8bdabc530a6a0816f7ff89a0aaf/library/std/src/panicking.rs:665:5
[INFO] [stdout]   17:     0x635a52ac5130 - core::panicking::panic_fmt::h0c3082644d1bf418
[INFO] [stdout]                                at /rustc/90b35a6239c3d8bdabc530a6a0816f7ff89a0aaf/library/core/src/panicking.rs:74:14
[INFO] [stdout]   18:     0x635a52ac5534 - core::panicking::assert_failed_inner::h2ddf1fcc067fa858
[INFO] [stdout]   19:     0x635a52aecf1f - core::panicking::assert_failed::h2ca2e939db99f099
[INFO] [stdout]                                at /rustc/90b35a6239c3d8bdabc530a6a0816f7ff89a0aaf/library/core/src/panicking.rs:367:5
[INFO] [stdout]   20:     0x635a52ae7022 - main::key_handlers::rename_handler_test::tests::test_rename_success::hc0fa3c32992e0215
[INFO] [stdout]                                at /opt/rustwide/workdir/tests/key_handlers/rename_handler_test.rs:41:9
[INFO] [stdout]   21:     0x635a52ae6c57 - main::key_handlers::rename_handler_test::tests::test_rename_success::{{closure}}::h8ffc02dff489eb14
[INFO] [stdout]                                at /opt/rustwide/workdir/tests/key_handlers/rename_handler_test.rs:36:29
[INFO] [stdout]   22:     0x635a52add136 - core::ops::function::FnOnce::call_once::hd73d2c1ebe534918
[INFO] [stdout]                                at /rustc/90b35a6239c3d8bdabc530a6a0816f7ff89a0aaf/library/core/src/ops/function.rs:250:5
[INFO] [stdout]   23:     0x635a52b33fdb - core::ops::function::FnOnce::call_once::h109cf8051a59b34e
[INFO] [stdout]                                at /rustc/90b35a6239c3d8bdabc530a6a0816f7ff89a0aaf/library/core/src/ops/function.rs:250:5
[INFO] [stdout]   24:     0x635a52b33fdb - test::__rust_begin_short_backtrace::hf4fff89d377446ba
[INFO] [stdout]                                at /rustc/90b35a6239c3d8bdabc530a6a0816f7ff89a0aaf/library/test/src/lib.rs:621:18
[INFO] [stdout]   25:     0x635a52b33817 - test::run_test_in_process::{{closure}}::h0e39181dd7ee5a43
[INFO] [stdout]                                at /rustc/90b35a6239c3d8bdabc530a6a0816f7ff89a0aaf/library/test/src/lib.rs:644:60
[INFO] [stdout]   26:     0x635a52b33817 - <core::panic::unwind_safe::AssertUnwindSafe<F> as core::ops::function::FnOnce<()>>::call_once::hc5a66a30f0bdfd1f
[INFO] [stdout]                                at /rustc/90b35a6239c3d8bdabc530a6a0816f7ff89a0aaf/library/core/src/panic/unwind_safe.rs:272:9
[INFO] [stdout]   27:     0x635a52b33817 - std::panicking::try::do_call::h873b7cf639554a5e
[INFO] [stdout]                                at /rustc/90b35a6239c3d8bdabc530a6a0816f7ff89a0aaf/library/std/src/panicking.rs:557:40
[INFO] [stdout]   28:     0x635a52b33817 - std::panicking::try::hdb19862fad9c8bd1
[INFO] [stdout]                                at /rustc/90b35a6239c3d8bdabc530a6a0816f7ff89a0aaf/library/std/src/panicking.rs:520:19
[INFO] [stdout]   29:     0x635a52b33817 - std::panic::catch_unwind::h281fe732d236d260
[INFO] [stdout]                                at /rustc/90b35a6239c3d8bdabc530a6a0816f7ff89a0aaf/library/std/src/panic.rs:358:14
[INFO] [stdout]   30:     0x635a52b33817 - test::run_test_in_process::h949b6df8457ed338
[INFO] [stdout]                                at /rustc/90b35a6239c3d8bdabc530a6a0816f7ff89a0aaf/library/test/src/lib.rs:644:27
[INFO] [stdout]   31:     0x635a52b33817 - test::run_test::{{closure}}::h52c556a6d4740e10
[INFO] [stdout]                                at /rustc/90b35a6239c3d8bdabc530a6a0816f7ff89a0aaf/library/test/src/lib.rs:565:43
[INFO] [stdout]   32:     0x635a52af8af4 - test::run_test::{{closure}}::h4237f6381c45ccb9
[INFO] [stdout]                                at /rustc/90b35a6239c3d8bdabc530a6a0816f7ff89a0aaf/library/test/src/lib.rs:595:41
[INFO] [stdout]   33:     0x635a52af8af4 - std::sys::backtrace::__rust_begin_short_backtrace::h505c97a579eca628
[INFO] [stdout]                                at /rustc/90b35a6239c3d8bdabc530a6a0816f7ff89a0aaf/library/std/src/sys/backtrace.rs:154:18
[INFO] [stdout]   34:     0x635a52afc1be - std::thread::Builder::spawn_unchecked_::{{closure}}::{{closure}}::h9e86b2e2bc107ea3
[INFO] [stdout]                                at /rustc/90b35a6239c3d8bdabc530a6a0816f7ff89a0aaf/library/std/src/thread/mod.rs:538:17
[INFO] [stdout]   35:     0x635a52afc1be - <core::panic::unwind_safe::AssertUnwindSafe<F> as core::ops::function::FnOnce<()>>::call_once::h8b06ddb275ff4a25
[INFO] [stdout]                                at /rustc/90b35a6239c3d8bdabc530a6a0816f7ff89a0aaf/library/core/src/panic/unwind_safe.rs:272:9
[INFO] [stdout]   36:     0x635a52afc1be - std::panicking::try::do_call::hb26ecd7cd9a9355d
[INFO] [stdout]                                at /rustc/90b35a6239c3d8bdabc530a6a0816f7ff89a0aaf/library/std/src/panicking.rs:557:40
[INFO] [stdout]   37:     0x635a52afc1be - std::panicking::try::h8ddeca9d705f9069
[INFO] [stdout]                                at /rustc/90b35a6239c3d8bdabc530a6a0816f7ff89a0aaf/library/std/src/panicking.rs:520:19
[INFO] [stdout]   38:     0x635a52afc1be - std::panic::catch_unwind::h49e1c33078844c46
[INFO] [stdout]                                at /rustc/90b35a6239c3d8bdabc530a6a0816f7ff89a0aaf/library/std/src/panic.rs:358:14
[INFO] [stdout]   39:     0x635a52afc1be - std::thread::Builder::spawn_unchecked_::{{closure}}::h6073db6ff56ad35d
[INFO] [stdout]                                at /rustc/90b35a6239c3d8bdabc530a6a0816f7ff89a0aaf/library/std/src/thread/mod.rs:537:30
[INFO] [stdout]   40:     0x635a52afc1be - core::ops::function::FnOnce::call_once{{vtable.shim}}::h2c5a5f3779c774f1
[INFO] [stdout]                                at /rustc/90b35a6239c3d8bdabc530a6a0816f7ff89a0aaf/library/core/src/ops/function.rs:250:5
[INFO] [stdout]   41:     0x635a52e3117b - <alloc::boxed::Box<F,A> as core::ops::function::FnOnce<Args>>::call_once::hf75717d9f28faebf
[INFO] [stdout]                                at /rustc/90b35a6239c3d8bdabc530a6a0816f7ff89a0aaf/library/alloc/src/boxed.rs:2454:9
[INFO] [stdout]   42:     0x635a52e3117b - <alloc::boxed::Box<F,A> as core::ops::function::FnOnce<Args>>::call_once::h7bd883a5f3c5f3c1
[INFO] [stdout]                                at /rustc/90b35a6239c3d8bdabc530a6a0816f7ff89a0aaf/library/alloc/src/boxed.rs:2454:9
[INFO] [stdout]   43:     0x635a52e3117b - std::sys::pal::unix::thread::Thread::new::thread_start::hcc78f3943333fa94
[INFO] [stdout]                                at /rustc/90b35a6239c3d8bdabc530a6a0816f7ff89a0aaf/library/std/src/sys/pal/unix/thread.rs:105:17
[INFO] [stdout]   44:     0x7d086795cac3 - <unknown>
[INFO] [stdout]   45:     0x7d08679eda04 - clone
[INFO] [stdout]   46:                0x0 - <unknown>
[INFO] [stdout] 
[INFO] [stdout] 
[INFO] [stdout] failures:
[INFO] [stdout]     key_handlers::rename_handler_test::tests::test_rename_success
[INFO] [stdout] 
[INFO] [stdout] test result: FAILED. 76 passed; 1 failed; 0 ignored; 0 measured; 0 filtered out; finished in 0.17s
[INFO] [stdout] 
[INFO] [stderr] error: test failed, to rerun pass `--test main`
[INFO] running `Command { std: "docker" "inspect" "33e66e233d961ce68641961e6db723e48453d649ccffc9fec28edfdc3fa32860", kill_on_drop: false }`
[INFO] running `Command { std: "docker" "rm" "-f" "33e66e233d961ce68641961e6db723e48453d649ccffc9fec28edfdc3fa32860", kill_on_drop: false }`
[INFO] [stdout] 33e66e233d961ce68641961e6db723e48453d649ccffc9fec28edfdc3fa32860
