[INFO] cloning repository https://github.com/ylwnet/vpncloud
[INFO] running `Command { std: "git" "-c" "credential.helper=" "-c" "credential.helper=/workspace/cargo-home/bin/git-credential-null" "clone" "--bare" "https://github.com/ylwnet/vpncloud" "/workspace/cache/git-repos/https%3A%2F%2Fgithub.com%2Fylwnet%2Fvpncloud", kill_on_drop: false }`
[INFO] [stderr] Cloning into bare repository '/workspace/cache/git-repos/https%3A%2F%2Fgithub.com%2Fylwnet%2Fvpncloud'...
[INFO] running `Command { std: "git" "rev-parse" "HEAD", kill_on_drop: false }`
[INFO] [stdout] fba72882a63efd4fe4ee900950b3b29a2009b3c5
[INFO] testing ylwnet/vpncloud against 1.83.0 for beta-1.84.0-4-retry
[INFO] running `Command { std: "git" "clone" "/workspace/cache/git-repos/https%3A%2F%2Fgithub.com%2Fylwnet%2Fvpncloud" "/workspace/builds/worker-7-tc1/source", kill_on_drop: false }`
[INFO] [stderr] Cloning into '/workspace/builds/worker-7-tc1/source'...
[INFO] [stderr] done.
[INFO] validating manifest of git repo https://github.com/ylwnet/vpncloud on toolchain 1.83.0
[INFO] running `Command { std: CARGO_HOME="/workspace/cargo-home" RUSTUP_HOME="/workspace/rustup-home" "/workspace/cargo-home/bin/cargo" "+1.83.0" "metadata" "--manifest-path" "Cargo.toml" "--no-deps", kill_on_drop: false }`
[INFO] removed /workspace/builds/worker-7-tc1/source/.cargo/config
[INFO] started tweaking git repo https://github.com/ylwnet/vpncloud
[INFO] finished tweaking git repo https://github.com/ylwnet/vpncloud
[INFO] tweaked toml for git repo https://github.com/ylwnet/vpncloud written to /workspace/builds/worker-7-tc1/source/Cargo.toml
[INFO] crate git repo https://github.com/ylwnet/vpncloud already has a lockfile, it will not be regenerated
[INFO] running `Command { std: CARGO_HOME="/workspace/cargo-home" RUSTUP_HOME="/workspace/rustup-home" "/workspace/cargo-home/bin/cargo" "+1.83.0" "fetch" "--manifest-path" "Cargo.toml", kill_on_drop: false }`
[INFO] [stderr]     Updating crates.io index
[INFO] [stderr]  Downloading crates ...
[INFO] [stderr]   Downloaded time-macros-impl v0.1.0
[INFO] [stderr]   Downloaded igd v0.10.0
[INFO] [stderr]   Downloaded boxfnonce v0.1.1
[INFO] [stderr]   Downloaded attohttpc v0.4.5
[INFO] [stderr]   Downloaded signal v0.7.0
[INFO] [stderr]   Downloaded time v0.2.4
[INFO] [stderr]   Downloaded daemonize v0.4.1
[INFO] [stderr]   Downloaded privdrop v0.3.3
[INFO] running `Command { std: "docker" "create" "-v" "/var/lib/crater-agent-workspace/builds/worker-7-tc1/target:/opt/rustwide/target:rw,Z" "-v" "/var/lib/crater-agent-workspace/builds/worker-7-tc1/source:/opt/rustwide/workdir:ro,Z" "-v" "/var/lib/crater-agent-workspace/cargo-home:/opt/rustwide/cargo-home:ro,Z" "-v" "/var/lib/crater-agent-workspace/rustup-home:/opt/rustwide/rustup-home:ro,Z" "-e" "SOURCE_DIR=/opt/rustwide/workdir" "-e" "CARGO_TARGET_DIR=/opt/rustwide/target" "-e" "CARGO_HOME=/opt/rustwide/cargo-home" "-e" "RUSTUP_HOME=/opt/rustwide/rustup-home" "-w" "/opt/rustwide/workdir" "-m" "1610612736" "--user" "0:0" "--network" "none" "ghcr.io/rust-lang/crates-build-env/linux@sha256:f3a9d4ad9d972b27faf3965f35b62e55ba32bbce8f20bc8fe909558a86702fde" "/opt/rustwide/cargo-home/bin/cargo" "+1.83.0" "metadata" "--no-deps" "--format-version=1", kill_on_drop: false }`
[INFO] [stdout] f8d94c1c0645504c8fd3a3823675a370330d80aa73a637ebaf42c1a08d46d882
[INFO] running `Command { std: "docker" "start" "-a" "f8d94c1c0645504c8fd3a3823675a370330d80aa73a637ebaf42c1a08d46d882", kill_on_drop: false }`
[INFO] running `Command { std: "docker" "inspect" "f8d94c1c0645504c8fd3a3823675a370330d80aa73a637ebaf42c1a08d46d882", kill_on_drop: false }`
[INFO] running `Command { std: "docker" "rm" "-f" "f8d94c1c0645504c8fd3a3823675a370330d80aa73a637ebaf42c1a08d46d882", kill_on_drop: false }`
[INFO] [stdout] f8d94c1c0645504c8fd3a3823675a370330d80aa73a637ebaf42c1a08d46d882
[INFO] running `Command { std: "docker" "create" "-v" "/var/lib/crater-agent-workspace/builds/worker-7-tc1/target:/opt/rustwide/target:rw,Z" "-v" "/var/lib/crater-agent-workspace/builds/worker-7-tc1/source:/opt/rustwide/workdir:ro,Z" "-v" "/var/lib/crater-agent-workspace/cargo-home:/opt/rustwide/cargo-home:ro,Z" "-v" "/var/lib/crater-agent-workspace/rustup-home:/opt/rustwide/rustup-home:ro,Z" "-e" "SOURCE_DIR=/opt/rustwide/workdir" "-e" "CARGO_TARGET_DIR=/opt/rustwide/target" "-e" "CARGO_INCREMENTAL=0" "-e" "RUST_BACKTRACE=full" "-e" "RUSTFLAGS=--cap-lints=warn" "-e" "RUSTDOCFLAGS=--cap-lints=warn" "-e" "CARGO_HOME=/opt/rustwide/cargo-home" "-e" "RUSTUP_HOME=/opt/rustwide/rustup-home" "-w" "/opt/rustwide/workdir" "-m" "1610612736" "--user" "0:0" "--network" "none" "ghcr.io/rust-lang/crates-build-env/linux@sha256:f3a9d4ad9d972b27faf3965f35b62e55ba32bbce8f20bc8fe909558a86702fde" "/opt/rustwide/cargo-home/bin/cargo" "+1.83.0" "build" "--frozen" "--message-format=json", kill_on_drop: false }`
[INFO] [stdout] 022cc3c962070c2971a7d110d9c46a2a6024d83607cd85353b329c1e55472443
[INFO] running `Command { std: "docker" "start" "-a" "022cc3c962070c2971a7d110d9c46a2a6024d83607cd85353b329c1e55472443", kill_on_drop: false }`
[INFO] [stderr]    Compiling libc v0.2.66
[INFO] [stderr]    Compiling proc-macro2 v1.0.8
[INFO] [stderr]    Compiling cfg-if v0.1.10
[INFO] [stderr]    Compiling unicode-xid v0.2.0
[INFO] [stderr]    Compiling syn v1.0.14
[INFO] [stderr]    Compiling bitflags v1.2.1
[INFO] [stderr]    Compiling byteorder v1.3.2
[INFO] [stderr]    Compiling matches v0.1.8
[INFO] [stderr]    Compiling smallvec v1.1.0
[INFO] [stderr]    Compiling getrandom v0.1.14
[INFO] [stderr]    Compiling cc v1.0.50
[INFO] [stderr]    Compiling memchr v2.3.0
[INFO] [stderr]    Compiling log v0.4.8
[INFO] [stderr]    Compiling void v1.0.2
[INFO] [stderr]    Compiling serde v1.0.104
[INFO] [stderr]    Compiling fnv v1.0.6
[INFO] [stderr]    Compiling unicode-bidi v0.3.4
[INFO] [stderr]    Compiling nix v0.14.1
[INFO] [stderr]    Compiling ppv-lite86 v0.2.6
[INFO] [stderr]    Compiling percent-encoding v1.0.1
[INFO] [stderr]    Compiling itoa v0.4.5
[INFO] [stderr]    Compiling unicode-normalization v0.1.12
[INFO] [stderr]    Compiling nix v0.15.0
[INFO] [stderr]    Compiling rustversion v1.0.2
[INFO] [stderr]    Compiling thread_local v1.0.1
[INFO] [stderr]    Compiling pkg-config v0.3.17
[INFO] [stderr]    Compiling regex-syntax v0.6.13
[INFO] [stderr]    Compiling linked-hash-map v0.5.2
[INFO] [stderr]    Compiling spin v0.5.2
[INFO] [stderr]    Compiling xml-rs v0.7.0
[INFO] [stderr]    Compiling untrusted v0.7.0
[INFO] [stderr]    Compiling strsim v0.9.3
[INFO] [stderr]    Compiling boxfnonce v0.1.1
[INFO] [stderr]    Compiling aho-corasick v0.7.6
[INFO] [stderr]    Compiling c2-chacha v0.2.3
[INFO] [stderr]    Compiling yaml-rust v0.4.3
[INFO] [stderr]    Compiling dtoa v0.4.4
[INFO] [stderr]    Compiling siphasher v0.3.1
[INFO] [stderr]    Compiling ring v0.16.9
[INFO] [stderr]    Compiling vpncloud v1.3.0 (/opt/rustwide/workdir)
[INFO] [stderr]    Compiling quote v1.0.2
[INFO] [stderr]    Compiling xmltree v0.8.0
[INFO] [stderr]    Compiling idna v0.1.5
[INFO] [stderr]    Compiling iovec v0.1.4
[INFO] [stderr]    Compiling rand v0.4.6
[INFO] [stderr]    Compiling net2 v0.2.33
[INFO] [stderr]    Compiling daemonize v0.4.1
[INFO] [stderr]    Compiling bytes v0.4.12
[INFO] [stderr]    Compiling rand_core v0.5.1
[INFO] [stderr]    Compiling http v0.1.21
[INFO] [stderr]    Compiling rand_chacha v0.2.1
[INFO] [stderr]    Compiling rand v0.7.3
[INFO] [stderr]    Compiling url v1.7.2
[INFO] [stderr]    Compiling regex v1.3.3
[INFO] [stderr]    Compiling attohttpc v0.4.5
[INFO] [stderr] warning: vpncloud@1.3.0: Error building manpage: No such file or directory (os error 2)
[INFO] [stderr] warning: vpncloud@1.3.0: The manpage will not be build. Do you have 'ronn'?
[INFO] [stderr]    Compiling igd v0.10.0
[INFO] [stderr]    Compiling signal v0.7.0
[INFO] [stderr]    Compiling serde_derive v1.0.104
[INFO] [stderr]    Compiling proc-macro-hack v0.5.11
[INFO] [stderr]    Compiling privdrop v0.3.3
[INFO] [stderr]    Compiling time-macros-impl v0.1.0
[INFO] [stderr]    Compiling time-macros v0.1.0
[INFO] [stderr]    Compiling time v0.2.4
[INFO] [stderr]    Compiling serde_yaml v0.8.11
[INFO] [stderr]    Compiling docopt v1.1.0
[INFO] [stdout] warning: unnecessary parentheses around match arm expression
[INFO] [stdout]    --> src/util.rs:296:26
[INFO] [stdout]     |
[INFO] [stdout] 296 |             '0'..='9' => ((c as usize) % ('0' as usize)),
[INFO] [stdout]     |                          ^                             ^
[INFO] [stdout]     |
[INFO] [stdout]     = note: `#[warn(unused_parens)]` on by default
[INFO] [stdout] help: remove these parentheses
[INFO] [stdout]     |
[INFO] [stdout] 296 -             '0'..='9' => ((c as usize) % ('0' as usize)),
[INFO] [stdout] 296 +             '0'..='9' => (c as usize) % ('0' as usize),
[INFO] [stdout]     |
[INFO] [stdout] 
[INFO] [stdout] 
[INFO] [stdout] warning: unexpected `cfg` condition value: `bitrig`
[INFO] [stdout]    --> src/device.rs:171:9
[INFO] [stdout]     |
[INFO] [stdout] 171 |         target_os = "bitrig",
[INFO] [stdout]     |         ^^^^^^^^^^^^^^^^^^^^
[INFO] [stdout]     |
[INFO] [stdout]     = note: expected values for `target_os` are: `aix`, `android`, `cuda`, `dragonfly`, `emscripten`, `espidf`, `freebsd`, `fuchsia`, `haiku`, `hermit`, `horizon`, `hurd`, `illumos`, `ios`, `l4re`, `linux`, `macos`, `netbsd`, `none`, `nto`, `nuttx`, `openbsd`, `psp`, `redox`, `rtems`, `solaris`, `solid_asp3`, `teeos`, `trusty`, `tvos`, `uefi`, `unknown`, `visionos`, `vita`, and `vxworks` and 5 more
[INFO] [stdout]     = note: see <https://doc.rust-lang.org/nightly/rustc/check-cfg/cargo-specifics.html> for more information about checking conditional configuration
[INFO] [stdout]     = note: `#[warn(unexpected_cfgs)]` on by default
[INFO] [stdout] 
[INFO] [stdout] 
[INFO] [stdout] warning: unexpected `cfg` condition value: `bitrig`
[INFO] [stdout]    --> src/device.rs:197:9
[INFO] [stdout]     |
[INFO] [stdout] 197 |         target_os = "bitrig",
[INFO] [stdout]     |         ^^^^^^^^^^^^^^^^^^^^
[INFO] [stdout]     |
[INFO] [stdout]     = note: expected values for `target_os` are: `aix`, `android`, `cuda`, `dragonfly`, `emscripten`, `espidf`, `freebsd`, `fuchsia`, `haiku`, `hermit`, `horizon`, `hurd`, `illumos`, `ios`, `l4re`, `linux`, `macos`, `netbsd`, `none`, `nto`, `nuttx`, `openbsd`, `psp`, `redox`, `rtems`, `solaris`, `solid_asp3`, `teeos`, `trusty`, `tvos`, `uefi`, `unknown`, `visionos`, `vita`, and `vxworks` and 5 more
[INFO] [stdout]     = note: see <https://doc.rust-lang.org/nightly/rustc/check-cfg/cargo-specifics.html> for more information about checking conditional configuration
[INFO] [stdout] 
[INFO] [stdout] 
[INFO] [stdout] warning: variable does not need to be mutable
[INFO] [stdout]    --> src/ethernet.rs:130:21
[INFO] [stdout]     |
[INFO] [stdout] 130 |                 let mut entry = entry.get_mut();
[INFO] [stdout]     |                     ----^^^^^
[INFO] [stdout]     |                     |
[INFO] [stdout]     |                     help: remove this `mut`
[INFO] [stdout]     |
[INFO] [stdout]     = note: `#[warn(unused_mut)]` on by default
[INFO] [stdout] 
[INFO] [stdout] 
[INFO] [stdout] warning: non-local `impl` definition, `impl` blocks should be written at the same level as their item
[INFO] [stdout]   --> src/main.rs:65:10
[INFO] [stdout]    |
[INFO] [stdout] 65 | #[derive(Deserialize, Debug, Default)]
[INFO] [stdout]    |          ^----------
[INFO] [stdout]    |          |
[INFO] [stdout]    |          `Deserialize` is not local
[INFO] [stdout]    |          move the `impl` block outside of this constant `_IMPL_DESERIALIZE_FOR_Args`
[INFO] [stdout] 66 | pub struct Args {
[INFO] [stdout]    |            ---- `Args` is not local
[INFO] [stdout]    |
[INFO] [stdout]    = note: the derive macro `Deserialize` defines the non-local `impl`, and may need to be changed
[INFO] [stdout]    = note: the derive macro `Deserialize` may come from an old version of the `serde_derive` crate, try updating your dependency with `cargo update -p serde_derive`
[INFO] [stdout]    = note: an `impl` is never scoped, even when it is nested inside an item, as it may impact type checking outside of that item, which can be the case if neither the trait or the self type are at the same nesting level as the `impl`
[INFO] [stdout]    = note: items in an anonymous const item (`const _: () = { ... }`) are treated as in the same scope as the anonymous const's declaration for the purpose of this lint
[INFO] [stdout]    = note: `#[warn(non_local_definitions)]` on by default
[INFO] [stdout]    = note: this warning originates in the derive macro `Deserialize` (in Nightly builds, run with -Z macro-backtrace for more info)
[INFO] [stdout] 
[INFO] [stdout] 
[INFO] [stdout] warning: non-local `impl` definition, `impl` blocks should be written at the same level as their item
[INFO] [stdout]   --> src/config.rs:22:10
[INFO] [stdout]    |
[INFO] [stdout] 22 | #[derive(Deserialize, Debug, PartialEq, Clone)]
[INFO] [stdout]    |          ^----------
[INFO] [stdout]    |          |
[INFO] [stdout]    |          `Deserialize` is not local
[INFO] [stdout]    |          move the `impl` block outside of this constant `_IMPL_DESERIALIZE_FOR_Config`
[INFO] [stdout] 23 | pub struct Config {
[INFO] [stdout]    |            ------ `Config` is not local
[INFO] [stdout]    |
[INFO] [stdout]    = note: the derive macro `Deserialize` defines the non-local `impl`, and may need to be changed
[INFO] [stdout]    = note: the derive macro `Deserialize` may come from an old version of the `serde_derive` crate, try updating your dependency with `cargo update -p serde_derive`
[INFO] [stdout]    = note: an `impl` is never scoped, even when it is nested inside an item, as it may impact type checking outside of that item, which can be the case if neither the trait or the self type are at the same nesting level as the `impl`
[INFO] [stdout]    = note: items in an anonymous const item (`const _: () = { ... }`) are treated as in the same scope as the anonymous const's declaration for the purpose of this lint
[INFO] [stdout]    = note: this warning originates in the derive macro `Deserialize` (in Nightly builds, run with -Z macro-backtrace for more info)
[INFO] [stdout] 
[INFO] [stdout] 
[INFO] [stdout] warning: non-local `impl` definition, `impl` blocks should be written at the same level as their item
[INFO] [stdout]    --> src/config.rs:257:10
[INFO] [stdout]     |
[INFO] [stdout] 257 | #[derive(Serialize, Deserialize, Debug, PartialEq, Default)]
[INFO] [stdout]     |          ^--------
[INFO] [stdout]     |          |
[INFO] [stdout]     |          `Serialize` is not local
[INFO] [stdout]     |          move the `impl` block outside of this constant `_IMPL_SERIALIZE_FOR_ConfigFile`
[INFO] [stdout] 258 | pub struct ConfigFile {
[INFO] [stdout]     |            ---------- `ConfigFile` is not local
[INFO] [stdout]     |
[INFO] [stdout]     = note: the derive macro `Serialize` defines the non-local `impl`, and may need to be changed
[INFO] [stdout]     = note: the derive macro `Serialize` may come from an old version of the `serde_derive` crate, try updating your dependency with `cargo update -p serde_derive`
[INFO] [stdout]     = note: an `impl` is never scoped, even when it is nested inside an item, as it may impact type checking outside of that item, which can be the case if neither the trait or the self type are at the same nesting level as the `impl`
[INFO] [stdout]     = note: items in an anonymous const item (`const _: () = { ... }`) are treated as in the same scope as the anonymous const's declaration for the purpose of this lint
[INFO] [stdout]     = note: this warning originates in the derive macro `Serialize` (in Nightly builds, run with -Z macro-backtrace for more info)
[INFO] [stdout] 
[INFO] [stdout] 
[INFO] [stdout] warning: non-local `impl` definition, `impl` blocks should be written at the same level as their item
[INFO] [stdout]    --> src/config.rs:257:21
[INFO] [stdout]     |
[INFO] [stdout] 257 | #[derive(Serialize, Deserialize, Debug, PartialEq, Default)]
[INFO] [stdout]     |                     ^----------
[INFO] [stdout]     |                     |
[INFO] [stdout]     |                     `Deserialize` is not local
[INFO] [stdout]     |                     move the `impl` block outside of this constant `_IMPL_DESERIALIZE_FOR_ConfigFile`
[INFO] [stdout] 258 | pub struct ConfigFile {
[INFO] [stdout]     |            ---------- `ConfigFile` is not local
[INFO] [stdout]     |
[INFO] [stdout]     = note: the derive macro `Deserialize` defines the non-local `impl`, and may need to be changed
[INFO] [stdout]     = note: the derive macro `Deserialize` may come from an old version of the `serde_derive` crate, try updating your dependency with `cargo update -p serde_derive`
[INFO] [stdout]     = note: an `impl` is never scoped, even when it is nested inside an item, as it may impact type checking outside of that item, which can be the case if neither the trait or the self type are at the same nesting level as the `impl`
[INFO] [stdout]     = note: items in an anonymous const item (`const _: () = { ... }`) are treated as in the same scope as the anonymous const's declaration for the purpose of this lint
[INFO] [stdout]     = note: this warning originates in the derive macro `Deserialize` (in Nightly builds, run with -Z macro-backtrace for more info)
[INFO] [stdout] 
[INFO] [stdout] 
[INFO] [stdout] warning: non-local `impl` definition, `impl` blocks should be written at the same level as their item
[INFO] [stdout]   --> src/crypto.rs:15:10
[INFO] [stdout]    |
[INFO] [stdout] 15 | #[derive(Serialize, Deserialize, Debug, PartialEq, Clone, Copy)]
[INFO] [stdout]    |          ^--------
[INFO] [stdout]    |          |
[INFO] [stdout]    |          `Serialize` is not local
[INFO] [stdout]    |          move the `impl` block outside of this constant `_IMPL_SERIALIZE_FOR_CryptoMethod`
[INFO] [stdout] 16 | pub enum CryptoMethod {
[INFO] [stdout]    |          ------------ `CryptoMethod` is not local
[INFO] [stdout]    |
[INFO] [stdout]    = note: the derive macro `Serialize` defines the non-local `impl`, and may need to be changed
[INFO] [stdout]    = note: the derive macro `Serialize` may come from an old version of the `serde_derive` crate, try updating your dependency with `cargo update -p serde_derive`
[INFO] [stdout]    = note: an `impl` is never scoped, even when it is nested inside an item, as it may impact type checking outside of that item, which can be the case if neither the trait or the self type are at the same nesting level as the `impl`
[INFO] [stdout]    = note: items in an anonymous const item (`const _: () = { ... }`) are treated as in the same scope as the anonymous const's declaration for the purpose of this lint
[INFO] [stdout]    = note: this warning originates in the derive macro `Serialize` (in Nightly builds, run with -Z macro-backtrace for more info)
[INFO] [stdout] 
[INFO] [stdout] 
[INFO] [stdout] warning: non-local `impl` definition, `impl` blocks should be written at the same level as their item
[INFO] [stdout]   --> src/crypto.rs:15:21
[INFO] [stdout]    |
[INFO] [stdout] 15 | #[derive(Serialize, Deserialize, Debug, PartialEq, Clone, Copy)]
[INFO] [stdout]    |                     ^----------
[INFO] [stdout]    |                     |
[INFO] [stdout]    |                     `Deserialize` is not local
[INFO] [stdout]    |                     move the `impl` block outside of this constant `_IMPL_DESERIALIZE_FOR_CryptoMethod`
[INFO] [stdout] 16 | pub enum CryptoMethod {
[INFO] [stdout]    |          ------------ `CryptoMethod` is not local
[INFO] [stdout]    |
[INFO] [stdout]    = note: the derive macro `Deserialize` defines the non-local `impl`, and may need to be changed
[INFO] [stdout]    = note: the derive macro `Deserialize` may come from an old version of the `serde_derive` crate, try updating your dependency with `cargo update -p serde_derive`
[INFO] [stdout]    = note: an `impl` is never scoped, even when it is nested inside an item, as it may impact type checking outside of that item, which can be the case if neither the trait or the self type are at the same nesting level as the `impl`
[INFO] [stdout]    = note: items in an anonymous const item (`const _: () = { ... }`) are treated as in the same scope as the anonymous const's declaration for the purpose of this lint
[INFO] [stdout]    = note: this warning originates in the derive macro `Deserialize` (in Nightly builds, run with -Z macro-backtrace for more info)
[INFO] [stdout] 
[INFO] [stdout] 
[INFO] [stdout] warning: non-local `impl` definition, `impl` blocks should be written at the same level as their item
[INFO] [stdout]   --> src/device.rs:21:10
[INFO] [stdout]    |
[INFO] [stdout] 21 | #[derive(Serialize, Deserialize, Debug, Clone, Copy, PartialEq)]
[INFO] [stdout]    |          ^--------
[INFO] [stdout]    |          |
[INFO] [stdout]    |          `Serialize` is not local
[INFO] [stdout]    |          move the `impl` block outside of this constant `_IMPL_SERIALIZE_FOR_Type`
[INFO] [stdout] 22 | pub enum Type {
[INFO] [stdout]    |          ---- `Type` is not local
[INFO] [stdout]    |
[INFO] [stdout]    = note: the derive macro `Serialize` defines the non-local `impl`, and may need to be changed
[INFO] [stdout]    = note: the derive macro `Serialize` may come from an old version of the `serde_derive` crate, try updating your dependency with `cargo update -p serde_derive`
[INFO] [stdout]    = note: an `impl` is never scoped, even when it is nested inside an item, as it may impact type checking outside of that item, which can be the case if neither the trait or the self type are at the same nesting level as the `impl`
[INFO] [stdout]    = note: items in an anonymous const item (`const _: () = { ... }`) are treated as in the same scope as the anonymous const's declaration for the purpose of this lint
[INFO] [stdout]    = note: this warning originates in the derive macro `Serialize` (in Nightly builds, run with -Z macro-backtrace for more info)
[INFO] [stdout] 
[INFO] [stdout] 
[INFO] [stdout] warning: non-local `impl` definition, `impl` blocks should be written at the same level as their item
[INFO] [stdout]   --> src/device.rs:21:21
[INFO] [stdout]    |
[INFO] [stdout] 21 | #[derive(Serialize, Deserialize, Debug, Clone, Copy, PartialEq)]
[INFO] [stdout]    |                     ^----------
[INFO] [stdout]    |                     |
[INFO] [stdout]    |                     `Deserialize` is not local
[INFO] [stdout]    |                     move the `impl` block outside of this constant `_IMPL_DESERIALIZE_FOR_Type`
[INFO] [stdout] 22 | pub enum Type {
[INFO] [stdout]    |          ---- `Type` is not local
[INFO] [stdout]    |
[INFO] [stdout]    = note: the derive macro `Deserialize` defines the non-local `impl`, and may need to be changed
[INFO] [stdout]    = note: the derive macro `Deserialize` may come from an old version of the `serde_derive` crate, try updating your dependency with `cargo update -p serde_derive`
[INFO] [stdout]    = note: an `impl` is never scoped, even when it is nested inside an item, as it may impact type checking outside of that item, which can be the case if neither the trait or the self type are at the same nesting level as the `impl`
[INFO] [stdout]    = note: items in an anonymous const item (`const _: () = { ... }`) are treated as in the same scope as the anonymous const's declaration for the purpose of this lint
[INFO] [stdout]    = note: this warning originates in the derive macro `Deserialize` (in Nightly builds, run with -Z macro-backtrace for more info)
[INFO] [stdout] 
[INFO] [stdout] 
[INFO] [stdout] warning: non-local `impl` definition, `impl` blocks should be written at the same level as their item
[INFO] [stdout]    --> src/types.rs:188:10
[INFO] [stdout]     |
[INFO] [stdout] 188 | #[derive(Serialize, Deserialize, Debug, Clone, Copy, PartialEq)]
[INFO] [stdout]     |          ^--------
[INFO] [stdout]     |          |
[INFO] [stdout]     |          `Serialize` is not local
[INFO] [stdout]     |          move the `impl` block outside of this constant `_IMPL_SERIALIZE_FOR_Mode`
[INFO] [stdout] 189 | pub enum Mode {
[INFO] [stdout]     |          ---- `Mode` is not local
[INFO] [stdout]     |
[INFO] [stdout]     = note: the derive macro `Serialize` defines the non-local `impl`, and may need to be changed
[INFO] [stdout]     = note: the derive macro `Serialize` may come from an old version of the `serde_derive` crate, try updating your dependency with `cargo update -p serde_derive`
[INFO] [stdout]     = note: an `impl` is never scoped, even when it is nested inside an item, as it may impact type checking outside of that item, which can be the case if neither the trait or the self type are at the same nesting level as the `impl`
[INFO] [stdout]     = note: items in an anonymous const item (`const _: () = { ... }`) are treated as in the same scope as the anonymous const's declaration for the purpose of this lint
[INFO] [stdout]     = note: this warning originates in the derive macro `Serialize` (in Nightly builds, run with -Z macro-backtrace for more info)
[INFO] [stdout] 
[INFO] [stdout] 
[INFO] [stdout] warning: non-local `impl` definition, `impl` blocks should be written at the same level as their item
[INFO] [stdout]    --> src/types.rs:188:21
[INFO] [stdout]     |
[INFO] [stdout] 188 | #[derive(Serialize, Deserialize, Debug, Clone, Copy, PartialEq)]
[INFO] [stdout]     |                     ^----------
[INFO] [stdout]     |                     |
[INFO] [stdout]     |                     `Deserialize` is not local
[INFO] [stdout]     |                     move the `impl` block outside of this constant `_IMPL_DESERIALIZE_FOR_Mode`
[INFO] [stdout] 189 | pub enum Mode {
[INFO] [stdout]     |          ---- `Mode` is not local
[INFO] [stdout]     |
[INFO] [stdout]     = note: the derive macro `Deserialize` defines the non-local `impl`, and may need to be changed
[INFO] [stdout]     = note: the derive macro `Deserialize` may come from an old version of the `serde_derive` crate, try updating your dependency with `cargo update -p serde_derive`
[INFO] [stdout]     = note: an `impl` is never scoped, even when it is nested inside an item, as it may impact type checking outside of that item, which can be the case if neither the trait or the self type are at the same nesting level as the `impl`
[INFO] [stdout]     = note: items in an anonymous const item (`const _: () = { ... }`) are treated as in the same scope as the anonymous const's declaration for the purpose of this lint
[INFO] [stdout]     = note: this warning originates in the derive macro `Deserialize` (in Nightly builds, run with -Z macro-backtrace for more info)
[INFO] [stdout] 
[INFO] [stdout] 
[INFO] [stderr]     Finished `dev` profile [unoptimized + debuginfo] target(s) in 32.59s
[INFO] [stderr] warning: the following packages contain code that will be rejected by a future version of Rust: daemonize v0.4.1
[INFO] [stderr] note: to see what the problems were, use the option `--future-incompat-report`, or run `cargo report future-incompatibilities --id 1`
[INFO] running `Command { std: "docker" "inspect" "022cc3c962070c2971a7d110d9c46a2a6024d83607cd85353b329c1e55472443", kill_on_drop: false }`
[INFO] running `Command { std: "docker" "rm" "-f" "022cc3c962070c2971a7d110d9c46a2a6024d83607cd85353b329c1e55472443", kill_on_drop: false }`
[INFO] [stdout] 022cc3c962070c2971a7d110d9c46a2a6024d83607cd85353b329c1e55472443
[INFO] running `Command { std: "docker" "create" "-v" "/var/lib/crater-agent-workspace/builds/worker-7-tc1/target:/opt/rustwide/target:rw,Z" "-v" "/var/lib/crater-agent-workspace/builds/worker-7-tc1/source:/opt/rustwide/workdir:ro,Z" "-v" "/var/lib/crater-agent-workspace/cargo-home:/opt/rustwide/cargo-home:ro,Z" "-v" "/var/lib/crater-agent-workspace/rustup-home:/opt/rustwide/rustup-home:ro,Z" "-e" "SOURCE_DIR=/opt/rustwide/workdir" "-e" "CARGO_TARGET_DIR=/opt/rustwide/target" "-e" "CARGO_INCREMENTAL=0" "-e" "RUST_BACKTRACE=full" "-e" "RUSTFLAGS=--cap-lints=warn" "-e" "RUSTDOCFLAGS=--cap-lints=warn" "-e" "CARGO_HOME=/opt/rustwide/cargo-home" "-e" "RUSTUP_HOME=/opt/rustwide/rustup-home" "-w" "/opt/rustwide/workdir" "-m" "1610612736" "--user" "0:0" "--network" "none" "ghcr.io/rust-lang/crates-build-env/linux@sha256:f3a9d4ad9d972b27faf3965f35b62e55ba32bbce8f20bc8fe909558a86702fde" "/opt/rustwide/cargo-home/bin/cargo" "+1.83.0" "test" "--frozen" "--no-run" "--message-format=json", kill_on_drop: false }`
[INFO] [stdout] 15fe2fe6b5a76ab751a4e79c28770f107c7b936040b2e8cb6bd072951b8b96f6
[INFO] running `Command { std: "docker" "start" "-a" "15fe2fe6b5a76ab751a4e79c28770f107c7b936040b2e8cb6bd072951b8b96f6", kill_on_drop: false }`
[INFO] [stderr]    Compiling remove_dir_all v0.5.2
[INFO] [stderr] warning: vpncloud@1.3.0: Error building manpage: No such file or directory (os error 2)
[INFO] [stderr] warning: vpncloud@1.3.0: The manpage will not be build. Do you have 'ronn'?
[INFO] [stderr]    Compiling tempfile v3.1.0
[INFO] [stderr]    Compiling vpncloud v1.3.0 (/opt/rustwide/workdir)
[INFO] [stdout] warning: unnecessary parentheses around match arm expression
[INFO] [stdout]    --> src/util.rs:296:26
[INFO] [stdout]     |
[INFO] [stdout] 296 |             '0'..='9' => ((c as usize) % ('0' as usize)),
[INFO] [stdout]     |                          ^                             ^
[INFO] [stdout]     |
[INFO] [stdout]     = note: `#[warn(unused_parens)]` on by default
[INFO] [stdout] help: remove these parentheses
[INFO] [stdout]     |
[INFO] [stdout] 296 -             '0'..='9' => ((c as usize) % ('0' as usize)),
[INFO] [stdout] 296 +             '0'..='9' => (c as usize) % ('0' as usize),
[INFO] [stdout]     |
[INFO] [stdout] 
[INFO] [stdout] 
[INFO] [stdout] warning: unexpected `cfg` condition value: `bitrig`
[INFO] [stdout]    --> src/device.rs:171:9
[INFO] [stdout]     |
[INFO] [stdout] 171 |         target_os = "bitrig",
[INFO] [stdout]     |         ^^^^^^^^^^^^^^^^^^^^
[INFO] [stdout]     |
[INFO] [stdout]     = note: expected values for `target_os` are: `aix`, `android`, `cuda`, `dragonfly`, `emscripten`, `espidf`, `freebsd`, `fuchsia`, `haiku`, `hermit`, `horizon`, `hurd`, `illumos`, `ios`, `l4re`, `linux`, `macos`, `netbsd`, `none`, `nto`, `nuttx`, `openbsd`, `psp`, `redox`, `rtems`, `solaris`, `solid_asp3`, `teeos`, `trusty`, `tvos`, `uefi`, `unknown`, `visionos`, `vita`, and `vxworks` and 5 more
[INFO] [stdout]     = note: see <https://doc.rust-lang.org/nightly/rustc/check-cfg/cargo-specifics.html> for more information about checking conditional configuration
[INFO] [stdout]     = note: `#[warn(unexpected_cfgs)]` on by default
[INFO] [stdout] 
[INFO] [stdout] 
[INFO] [stdout] warning: unexpected `cfg` condition value: `bitrig`
[INFO] [stdout]    --> src/device.rs:197:9
[INFO] [stdout]     |
[INFO] [stdout] 197 |         target_os = "bitrig",
[INFO] [stdout]     |         ^^^^^^^^^^^^^^^^^^^^
[INFO] [stdout]     |
[INFO] [stdout]     = note: expected values for `target_os` are: `aix`, `android`, `cuda`, `dragonfly`, `emscripten`, `espidf`, `freebsd`, `fuchsia`, `haiku`, `hermit`, `horizon`, `hurd`, `illumos`, `ios`, `l4re`, `linux`, `macos`, `netbsd`, `none`, `nto`, `nuttx`, `openbsd`, `psp`, `redox`, `rtems`, `solaris`, `solid_asp3`, `teeos`, `trusty`, `tvos`, `uefi`, `unknown`, `visionos`, `vita`, and `vxworks` and 5 more
[INFO] [stdout]     = note: see <https://doc.rust-lang.org/nightly/rustc/check-cfg/cargo-specifics.html> for more information about checking conditional configuration
[INFO] [stdout] 
[INFO] [stdout] 
[INFO] [stdout] warning: variable does not need to be mutable
[INFO] [stdout]    --> src/ethernet.rs:130:21
[INFO] [stdout]     |
[INFO] [stdout] 130 |                 let mut entry = entry.get_mut();
[INFO] [stdout]     |                     ----^^^^^
[INFO] [stdout]     |                     |
[INFO] [stdout]     |                     help: remove this `mut`
[INFO] [stdout]     |
[INFO] [stdout]     = note: `#[warn(unused_mut)]` on by default
[INFO] [stdout] 
[INFO] [stdout] 
[INFO] [stdout] warning: non-local `impl` definition, `impl` blocks should be written at the same level as their item
[INFO] [stdout]   --> src/main.rs:65:10
[INFO] [stdout]    |
[INFO] [stdout] 65 | #[derive(Deserialize, Debug, Default)]
[INFO] [stdout]    |          ^----------
[INFO] [stdout]    |          |
[INFO] [stdout]    |          `Deserialize` is not local
[INFO] [stdout]    |          move the `impl` block outside of this constant `_IMPL_DESERIALIZE_FOR_Args`
[INFO] [stdout] 66 | pub struct Args {
[INFO] [stdout]    |            ---- `Args` is not local
[INFO] [stdout]    |
[INFO] [stdout]    = note: the derive macro `Deserialize` defines the non-local `impl`, and may need to be changed
[INFO] [stdout]    = note: the derive macro `Deserialize` may come from an old version of the `serde_derive` crate, try updating your dependency with `cargo update -p serde_derive`
[INFO] [stdout]    = note: an `impl` is never scoped, even when it is nested inside an item, as it may impact type checking outside of that item, which can be the case if neither the trait or the self type are at the same nesting level as the `impl`
[INFO] [stdout]    = note: items in an anonymous const item (`const _: () = { ... }`) are treated as in the same scope as the anonymous const's declaration for the purpose of this lint
[INFO] [stdout]    = note: `#[warn(non_local_definitions)]` on by default
[INFO] [stdout]    = note: this warning originates in the derive macro `Deserialize` (in Nightly builds, run with -Z macro-backtrace for more info)
[INFO] [stdout] 
[INFO] [stdout] 
[INFO] [stdout] warning: non-local `impl` definition, `impl` blocks should be written at the same level as their item
[INFO] [stdout]   --> src/config.rs:22:10
[INFO] [stdout]    |
[INFO] [stdout] 22 | #[derive(Deserialize, Debug, PartialEq, Clone)]
[INFO] [stdout]    |          ^----------
[INFO] [stdout]    |          |
[INFO] [stdout]    |          `Deserialize` is not local
[INFO] [stdout]    |          move the `impl` block outside of this constant `_IMPL_DESERIALIZE_FOR_Config`
[INFO] [stdout] 23 | pub struct Config {
[INFO] [stdout]    |            ------ `Config` is not local
[INFO] [stdout]    |
[INFO] [stdout]    = note: the derive macro `Deserialize` defines the non-local `impl`, and may need to be changed
[INFO] [stdout]    = note: the derive macro `Deserialize` may come from an old version of the `serde_derive` crate, try updating your dependency with `cargo update -p serde_derive`
[INFO] [stdout]    = note: an `impl` is never scoped, even when it is nested inside an item, as it may impact type checking outside of that item, which can be the case if neither the trait or the self type are at the same nesting level as the `impl`
[INFO] [stdout]    = note: items in an anonymous const item (`const _: () = { ... }`) are treated as in the same scope as the anonymous const's declaration for the purpose of this lint
[INFO] [stdout]    = note: this warning originates in the derive macro `Deserialize` (in Nightly builds, run with -Z macro-backtrace for more info)
[INFO] [stdout] 
[INFO] [stdout] 
[INFO] [stdout] warning: non-local `impl` definition, `impl` blocks should be written at the same level as their item
[INFO] [stdout]    --> src/config.rs:257:10
[INFO] [stdout]     |
[INFO] [stdout] 257 | #[derive(Serialize, Deserialize, Debug, PartialEq, Default)]
[INFO] [stdout]     |          ^--------
[INFO] [stdout]     |          |
[INFO] [stdout]     |          `Serialize` is not local
[INFO] [stdout]     |          move the `impl` block outside of this constant `_IMPL_SERIALIZE_FOR_ConfigFile`
[INFO] [stdout] 258 | pub struct ConfigFile {
[INFO] [stdout]     |            ---------- `ConfigFile` is not local
[INFO] [stdout]     |
[INFO] [stdout]     = note: the derive macro `Serialize` defines the non-local `impl`, and may need to be changed
[INFO] [stdout]     = note: the derive macro `Serialize` may come from an old version of the `serde_derive` crate, try updating your dependency with `cargo update -p serde_derive`
[INFO] [stdout]     = note: an `impl` is never scoped, even when it is nested inside an item, as it may impact type checking outside of that item, which can be the case if neither the trait or the self type are at the same nesting level as the `impl`
[INFO] [stdout]     = note: items in an anonymous const item (`const _: () = { ... }`) are treated as in the same scope as the anonymous const's declaration for the purpose of this lint
[INFO] [stdout]     = note: this warning originates in the derive macro `Serialize` (in Nightly builds, run with -Z macro-backtrace for more info)
[INFO] [stdout] 
[INFO] [stdout] 
[INFO] [stdout] warning: non-local `impl` definition, `impl` blocks should be written at the same level as their item
[INFO] [stdout]    --> src/config.rs:257:21
[INFO] [stdout]     |
[INFO] [stdout] 257 | #[derive(Serialize, Deserialize, Debug, PartialEq, Default)]
[INFO] [stdout]     |                     ^----------
[INFO] [stdout]     |                     |
[INFO] [stdout]     |                     `Deserialize` is not local
[INFO] [stdout]     |                     move the `impl` block outside of this constant `_IMPL_DESERIALIZE_FOR_ConfigFile`
[INFO] [stdout] 258 | pub struct ConfigFile {
[INFO] [stdout]     |            ---------- `ConfigFile` is not local
[INFO] [stdout]     |
[INFO] [stdout]     = note: the derive macro `Deserialize` defines the non-local `impl`, and may need to be changed
[INFO] [stdout]     = note: the derive macro `Deserialize` may come from an old version of the `serde_derive` crate, try updating your dependency with `cargo update -p serde_derive`
[INFO] [stdout]     = note: an `impl` is never scoped, even when it is nested inside an item, as it may impact type checking outside of that item, which can be the case if neither the trait or the self type are at the same nesting level as the `impl`
[INFO] [stdout]     = note: items in an anonymous const item (`const _: () = { ... }`) are treated as in the same scope as the anonymous const's declaration for the purpose of this lint
[INFO] [stdout]     = note: this warning originates in the derive macro `Deserialize` (in Nightly builds, run with -Z macro-backtrace for more info)
[INFO] [stdout] 
[INFO] [stdout] 
[INFO] [stdout] warning: non-local `impl` definition, `impl` blocks should be written at the same level as their item
[INFO] [stdout]   --> src/crypto.rs:15:10
[INFO] [stdout]    |
[INFO] [stdout] 15 | #[derive(Serialize, Deserialize, Debug, PartialEq, Clone, Copy)]
[INFO] [stdout]    |          ^--------
[INFO] [stdout]    |          |
[INFO] [stdout]    |          `Serialize` is not local
[INFO] [stdout]    |          move the `impl` block outside of this constant `_IMPL_SERIALIZE_FOR_CryptoMethod`
[INFO] [stdout] 16 | pub enum CryptoMethod {
[INFO] [stdout]    |          ------------ `CryptoMethod` is not local
[INFO] [stdout]    |
[INFO] [stdout]    = note: the derive macro `Serialize` defines the non-local `impl`, and may need to be changed
[INFO] [stdout]    = note: the derive macro `Serialize` may come from an old version of the `serde_derive` crate, try updating your dependency with `cargo update -p serde_derive`
[INFO] [stdout]    = note: an `impl` is never scoped, even when it is nested inside an item, as it may impact type checking outside of that item, which can be the case if neither the trait or the self type are at the same nesting level as the `impl`
[INFO] [stdout]    = note: items in an anonymous const item (`const _: () = { ... }`) are treated as in the same scope as the anonymous const's declaration for the purpose of this lint
[INFO] [stdout]    = note: this warning originates in the derive macro `Serialize` (in Nightly builds, run with -Z macro-backtrace for more info)
[INFO] [stdout] 
[INFO] [stdout] 
[INFO] [stdout] warning: non-local `impl` definition, `impl` blocks should be written at the same level as their item
[INFO] [stdout]   --> src/crypto.rs:15:21
[INFO] [stdout]    |
[INFO] [stdout] 15 | #[derive(Serialize, Deserialize, Debug, PartialEq, Clone, Copy)]
[INFO] [stdout]    |                     ^----------
[INFO] [stdout]    |                     |
[INFO] [stdout]    |                     `Deserialize` is not local
[INFO] [stdout]    |                     move the `impl` block outside of this constant `_IMPL_DESERIALIZE_FOR_CryptoMethod`
[INFO] [stdout] 16 | pub enum CryptoMethod {
[INFO] [stdout]    |          ------------ `CryptoMethod` is not local
[INFO] [stdout]    |
[INFO] [stdout]    = note: the derive macro `Deserialize` defines the non-local `impl`, and may need to be changed
[INFO] [stdout]    = note: the derive macro `Deserialize` may come from an old version of the `serde_derive` crate, try updating your dependency with `cargo update -p serde_derive`
[INFO] [stdout]    = note: an `impl` is never scoped, even when it is nested inside an item, as it may impact type checking outside of that item, which can be the case if neither the trait or the self type are at the same nesting level as the `impl`
[INFO] [stdout]    = note: items in an anonymous const item (`const _: () = { ... }`) are treated as in the same scope as the anonymous const's declaration for the purpose of this lint
[INFO] [stdout]    = note: this warning originates in the derive macro `Deserialize` (in Nightly builds, run with -Z macro-backtrace for more info)
[INFO] [stdout] 
[INFO] [stdout] 
[INFO] [stdout] warning: non-local `impl` definition, `impl` blocks should be written at the same level as their item
[INFO] [stdout]   --> src/device.rs:21:10
[INFO] [stdout]    |
[INFO] [stdout] 21 | #[derive(Serialize, Deserialize, Debug, Clone, Copy, PartialEq)]
[INFO] [stdout]    |          ^--------
[INFO] [stdout]    |          |
[INFO] [stdout]    |          `Serialize` is not local
[INFO] [stdout]    |          move the `impl` block outside of this constant `_IMPL_SERIALIZE_FOR_Type`
[INFO] [stdout] 22 | pub enum Type {
[INFO] [stdout]    |          ---- `Type` is not local
[INFO] [stdout]    |
[INFO] [stdout]    = note: the derive macro `Serialize` defines the non-local `impl`, and may need to be changed
[INFO] [stdout]    = note: the derive macro `Serialize` may come from an old version of the `serde_derive` crate, try updating your dependency with `cargo update -p serde_derive`
[INFO] [stdout]    = note: an `impl` is never scoped, even when it is nested inside an item, as it may impact type checking outside of that item, which can be the case if neither the trait or the self type are at the same nesting level as the `impl`
[INFO] [stdout]    = note: items in an anonymous const item (`const _: () = { ... }`) are treated as in the same scope as the anonymous const's declaration for the purpose of this lint
[INFO] [stdout]    = note: this warning originates in the derive macro `Serialize` (in Nightly builds, run with -Z macro-backtrace for more info)
[INFO] [stdout] 
[INFO] [stdout] 
[INFO] [stdout] warning: non-local `impl` definition, `impl` blocks should be written at the same level as their item
[INFO] [stdout]   --> src/device.rs:21:21
[INFO] [stdout]    |
[INFO] [stdout] 21 | #[derive(Serialize, Deserialize, Debug, Clone, Copy, PartialEq)]
[INFO] [stdout]    |                     ^----------
[INFO] [stdout]    |                     |
[INFO] [stdout]    |                     `Deserialize` is not local
[INFO] [stdout]    |                     move the `impl` block outside of this constant `_IMPL_DESERIALIZE_FOR_Type`
[INFO] [stdout] 22 | pub enum Type {
[INFO] [stdout]    |          ---- `Type` is not local
[INFO] [stdout]    |
[INFO] [stdout]    = note: the derive macro `Deserialize` defines the non-local `impl`, and may need to be changed
[INFO] [stdout]    = note: the derive macro `Deserialize` may come from an old version of the `serde_derive` crate, try updating your dependency with `cargo update -p serde_derive`
[INFO] [stdout]    = note: an `impl` is never scoped, even when it is nested inside an item, as it may impact type checking outside of that item, which can be the case if neither the trait or the self type are at the same nesting level as the `impl`
[INFO] [stdout]    = note: items in an anonymous const item (`const _: () = { ... }`) are treated as in the same scope as the anonymous const's declaration for the purpose of this lint
[INFO] [stdout]    = note: this warning originates in the derive macro `Deserialize` (in Nightly builds, run with -Z macro-backtrace for more info)
[INFO] [stdout] 
[INFO] [stdout] 
[INFO] [stdout] warning: non-local `impl` definition, `impl` blocks should be written at the same level as their item
[INFO] [stdout]    --> src/types.rs:188:10
[INFO] [stdout]     |
[INFO] [stdout] 188 | #[derive(Serialize, Deserialize, Debug, Clone, Copy, PartialEq)]
[INFO] [stdout]     |          ^--------
[INFO] [stdout]     |          |
[INFO] [stdout]     |          `Serialize` is not local
[INFO] [stdout]     |          move the `impl` block outside of this constant `_IMPL_SERIALIZE_FOR_Mode`
[INFO] [stdout] 189 | pub enum Mode {
[INFO] [stdout]     |          ---- `Mode` is not local
[INFO] [stdout]     |
[INFO] [stdout]     = note: the derive macro `Serialize` defines the non-local `impl`, and may need to be changed
[INFO] [stdout]     = note: the derive macro `Serialize` may come from an old version of the `serde_derive` crate, try updating your dependency with `cargo update -p serde_derive`
[INFO] [stdout]     = note: an `impl` is never scoped, even when it is nested inside an item, as it may impact type checking outside of that item, which can be the case if neither the trait or the self type are at the same nesting level as the `impl`
[INFO] [stdout]     = note: items in an anonymous const item (`const _: () = { ... }`) are treated as in the same scope as the anonymous const's declaration for the purpose of this lint
[INFO] [stdout]     = note: this warning originates in the derive macro `Serialize` (in Nightly builds, run with -Z macro-backtrace for more info)
[INFO] [stdout] 
[INFO] [stdout] 
[INFO] [stdout] warning: non-local `impl` definition, `impl` blocks should be written at the same level as their item
[INFO] [stdout]    --> src/types.rs:188:21
[INFO] [stdout]     |
[INFO] [stdout] 188 | #[derive(Serialize, Deserialize, Debug, Clone, Copy, PartialEq)]
[INFO] [stdout]     |                     ^----------
[INFO] [stdout]     |                     |
[INFO] [stdout]     |                     `Deserialize` is not local
[INFO] [stdout]     |                     move the `impl` block outside of this constant `_IMPL_DESERIALIZE_FOR_Mode`
[INFO] [stdout] 189 | pub enum Mode {
[INFO] [stdout]     |          ---- `Mode` is not local
[INFO] [stdout]     |
[INFO] [stdout]     = note: the derive macro `Deserialize` defines the non-local `impl`, and may need to be changed
[INFO] [stdout]     = note: the derive macro `Deserialize` may come from an old version of the `serde_derive` crate, try updating your dependency with `cargo update -p serde_derive`
[INFO] [stdout]     = note: an `impl` is never scoped, even when it is nested inside an item, as it may impact type checking outside of that item, which can be the case if neither the trait or the self type are at the same nesting level as the `impl`
[INFO] [stdout]     = note: items in an anonymous const item (`const _: () = { ... }`) are treated as in the same scope as the anonymous const's declaration for the purpose of this lint
[INFO] [stdout]     = note: this warning originates in the derive macro `Deserialize` (in Nightly builds, run with -Z macro-backtrace for more info)
[INFO] [stdout] 
[INFO] [stdout] 
[INFO] [stderr]     Finished `test` profile [unoptimized + debuginfo] target(s) in 5.33s
[INFO] [stderr] warning: the following packages contain code that will be rejected by a future version of Rust: daemonize v0.4.1
[INFO] [stderr] note: to see what the problems were, use the option `--future-incompat-report`, or run `cargo report future-incompatibilities --id 1`
[INFO] running `Command { std: "docker" "inspect" "15fe2fe6b5a76ab751a4e79c28770f107c7b936040b2e8cb6bd072951b8b96f6", kill_on_drop: false }`
[INFO] running `Command { std: "docker" "rm" "-f" "15fe2fe6b5a76ab751a4e79c28770f107c7b936040b2e8cb6bd072951b8b96f6", kill_on_drop: false }`
[INFO] [stdout] 15fe2fe6b5a76ab751a4e79c28770f107c7b936040b2e8cb6bd072951b8b96f6
[INFO] running `Command { std: "docker" "create" "-v" "/var/lib/crater-agent-workspace/builds/worker-7-tc1/target:/opt/rustwide/target:rw,Z" "-v" "/var/lib/crater-agent-workspace/builds/worker-7-tc1/source:/opt/rustwide/workdir:ro,Z" "-v" "/var/lib/crater-agent-workspace/cargo-home:/opt/rustwide/cargo-home:ro,Z" "-v" "/var/lib/crater-agent-workspace/rustup-home:/opt/rustwide/rustup-home:ro,Z" "-e" "SOURCE_DIR=/opt/rustwide/workdir" "-e" "CARGO_TARGET_DIR=/opt/rustwide/target" "-e" "CARGO_INCREMENTAL=0" "-e" "RUST_BACKTRACE=full" "-e" "RUSTFLAGS=--cap-lints=warn" "-e" "RUSTDOCFLAGS=--cap-lints=warn" "-e" "CARGO_HOME=/opt/rustwide/cargo-home" "-e" "RUSTUP_HOME=/opt/rustwide/rustup-home" "-w" "/opt/rustwide/workdir" "-m" "1610612736" "--user" "0:0" "--network" "none" "ghcr.io/rust-lang/crates-build-env/linux@sha256:f3a9d4ad9d972b27faf3965f35b62e55ba32bbce8f20bc8fe909558a86702fde" "/opt/rustwide/cargo-home/bin/cargo" "+1.83.0" "test" "--frozen", kill_on_drop: false }`
[INFO] [stdout] 71f31645a41f5d98b19ce082ceee0f9db4c8b9b23ec550c824c901c9b956cfea
[INFO] running `Command { std: "docker" "start" "-a" "71f31645a41f5d98b19ce082ceee0f9db4c8b9b23ec550c824c901c9b956cfea", kill_on_drop: false }`
[INFO] [stderr] warning: vpncloud@1.3.0: Error building manpage: No such file or directory (os error 2)
[INFO] [stderr] warning: vpncloud@1.3.0: The manpage will not be build. Do you have 'ronn'?
[INFO] [stderr] warning: unnecessary parentheses around match arm expression
[INFO] [stderr]    --> src/util.rs:296:26
[INFO] [stderr]     |
[INFO] [stderr] 296 |             '0'..='9' => ((c as usize) % ('0' as usize)),
[INFO] [stderr]     |                          ^                             ^
[INFO] [stderr]     |
[INFO] [stderr]     = note: `#[warn(unused_parens)]` on by default
[INFO] [stderr] help: remove these parentheses
[INFO] [stderr]     |
[INFO] [stderr] 296 -             '0'..='9' => ((c as usize) % ('0' as usize)),
[INFO] [stderr] 296 +             '0'..='9' => (c as usize) % ('0' as usize),
[INFO] [stderr]     |
[INFO] [stderr] 
[INFO] [stderr] warning: unexpected `cfg` condition value: `bitrig`
[INFO] [stderr]    --> src/device.rs:171:9
[INFO] [stderr]     |
[INFO] [stderr] 171 |         target_os = "bitrig",
[INFO] [stderr]     |         ^^^^^^^^^^^^^^^^^^^^
[INFO] [stderr]     |
[INFO] [stderr]     = note: expected values for `target_os` are: `aix`, `android`, `cuda`, `dragonfly`, `emscripten`, `espidf`, `freebsd`, `fuchsia`, `haiku`, `hermit`, `horizon`, `hurd`, `illumos`, `ios`, `l4re`, `linux`, `macos`, `netbsd`, `none`, `nto`, `nuttx`, `openbsd`, `psp`, `redox`, `rtems`, `solaris`, `solid_asp3`, `teeos`, `trusty`, `tvos`, `uefi`, `unknown`, `visionos`, `vita`, and `vxworks` and 5 more
[INFO] [stderr]     = note: see <https://doc.rust-lang.org/nightly/rustc/check-cfg/cargo-specifics.html> for more information about checking conditional configuration
[INFO] [stderr]     = note: `#[warn(unexpected_cfgs)]` on by default
[INFO] [stderr] 
[INFO] [stderr] warning: unexpected `cfg` condition value: `bitrig`
[INFO] [stderr]    --> src/device.rs:197:9
[INFO] [stderr]     |
[INFO] [stderr] 197 |         target_os = "bitrig",
[INFO] [stderr]     |         ^^^^^^^^^^^^^^^^^^^^
[INFO] [stderr]     |
[INFO] [stderr]     = note: expected values for `target_os` are: `aix`, `android`, `cuda`, `dragonfly`, `emscripten`, `espidf`, `freebsd`, `fuchsia`, `haiku`, `hermit`, `horizon`, `hurd`, `illumos`, `ios`, `l4re`, `linux`, `macos`, `netbsd`, `none`, `nto`, `nuttx`, `openbsd`, `psp`, `redox`, `rtems`, `solaris`, `solid_asp3`, `teeos`, `trusty`, `tvos`, `uefi`, `unknown`, `visionos`, `vita`, and `vxworks` and 5 more
[INFO] [stderr]     = note: see <https://doc.rust-lang.org/nightly/rustc/check-cfg/cargo-specifics.html> for more information about checking conditional configuration
[INFO] [stderr] 
[INFO] [stderr] warning: variable does not need to be mutable
[INFO] [stderr]    --> src/ethernet.rs:130:21
[INFO] [stderr]     |
[INFO] [stderr] 130 |                 let mut entry = entry.get_mut();
[INFO] [stderr]     |                     ----^^^^^
[INFO] [stderr]     |                     |
[INFO] [stderr]     |                     help: remove this `mut`
[INFO] [stderr]     |
[INFO] [stderr]     = note: `#[warn(unused_mut)]` on by default
[INFO] [stderr] 
[INFO] [stderr] warning: non-local `impl` definition, `impl` blocks should be written at the same level as their item
[INFO] [stderr]   --> src/main.rs:65:10
[INFO] [stderr]    |
[INFO] [stderr] 65 | #[derive(Deserialize, Debug, Default)]
[INFO] [stderr]    |          ^----------
[INFO] [stderr]    |          |
[INFO] [stderr]    |          `Deserialize` is not local
[INFO] [stderr]    |          move the `impl` block outside of this constant `_IMPL_DESERIALIZE_FOR_Args`
[INFO] [stderr] 66 | pub struct Args {
[INFO] [stderr]    |            ---- `Args` is not local
[INFO] [stderr]    |
[INFO] [stderr]    = note: the derive macro `Deserialize` defines the non-local `impl`, and may need to be changed
[INFO] [stderr]    = note: the derive macro `Deserialize` may come from an old version of the `serde_derive` crate, try updating your dependency with `cargo update -p serde_derive`
[INFO] [stderr]    = note: an `impl` is never scoped, even when it is nested inside an item, as it may impact type checking outside of that item, which can be the case if neither the trait or the self type are at the same nesting level as the `impl`
[INFO] [stderr]    = note: items in an anonymous const item (`const _: () = { ... }`) are treated as in the same scope as the anonymous const's declaration for the purpose of this lint
[INFO] [stderr]    = note: `#[warn(non_local_definitions)]` on by default
[INFO] [stderr]    = note: this warning originates in the derive macro `Deserialize` (in Nightly builds, run with -Z macro-backtrace for more info)
[INFO] [stderr] 
[INFO] [stderr] warning: non-local `impl` definition, `impl` blocks should be written at the same level as their item
[INFO] [stderr]   --> src/config.rs:22:10
[INFO] [stderr]    |
[INFO] [stderr] 22 | #[derive(Deserialize, Debug, PartialEq, Clone)]
[INFO] [stderr]    |          ^----------
[INFO] [stderr]    |          |
[INFO] [stderr]    |          `Deserialize` is not local
[INFO] [stderr]    |          move the `impl` block outside of this constant `_IMPL_DESERIALIZE_FOR_Config`
[INFO] [stderr] 23 | pub struct Config {
[INFO] [stderr]    |            ------ `Config` is not local
[INFO] [stderr]    |
[INFO] [stderr]    = note: the derive macro `Deserialize` defines the non-local `impl`, and may need to be changed
[INFO] [stderr]    = note: the derive macro `Deserialize` may come from an old version of the `serde_derive` crate, try updating your dependency with `cargo update -p serde_derive`
[INFO] [stderr]    = note: an `impl` is never scoped, even when it is nested inside an item, as it may impact type checking outside of that item, which can be the case if neither the trait or the self type are at the same nesting level as the `impl`
[INFO] [stderr]    = note: items in an anonymous const item (`const _: () = { ... }`) are treated as in the same scope as the anonymous const's declaration for the purpose of this lint
[INFO] [stderr]    = note: this warning originates in the derive macro `Deserialize` (in Nightly builds, run with -Z macro-backtrace for more info)
[INFO] [stderr] 
[INFO] [stderr] warning: non-local `impl` definition, `impl` blocks should be written at the same level as their item
[INFO] [stderr]    --> src/config.rs:257:10
[INFO] [stderr]     |
[INFO] [stderr] 257 | #[derive(Serialize, Deserialize, Debug, PartialEq, Default)]
[INFO] [stderr]     |          ^--------
[INFO] [stderr]     |          |
[INFO] [stderr]     |          `Serialize` is not local
[INFO] [stderr]     |          move the `impl` block outside of this constant `_IMPL_SERIALIZE_FOR_ConfigFile`
[INFO] [stderr] 258 | pub struct ConfigFile {
[INFO] [stderr]     |            ---------- `ConfigFile` is not local
[INFO] [stderr]     |
[INFO] [stderr]     = note: the derive macro `Serialize` defines the non-local `impl`, and may need to be changed
[INFO] [stderr]     = note: the derive macro `Serialize` may come from an old version of the `serde_derive` crate, try updating your dependency with `cargo update -p serde_derive`
[INFO] [stderr]     = note: an `impl` is never scoped, even when it is nested inside an item, as it may impact type checking outside of that item, which can be the case if neither the trait or the self type are at the same nesting level as the `impl`
[INFO] [stderr]     = note: items in an anonymous const item (`const _: () = { ... }`) are treated as in the same scope as the anonymous const's declaration for the purpose of this lint
[INFO] [stderr]     = note: this warning originates in the derive macro `Serialize` (in Nightly builds, run with -Z macro-backtrace for more info)
[INFO] [stderr] 
[INFO] [stderr] warning: non-local `impl` definition, `impl` blocks should be written at the same level as their item
[INFO] [stderr]    --> src/config.rs:257:21
[INFO] [stderr]     |
[INFO] [stderr] 257 | #[derive(Serialize, Deserialize, Debug, PartialEq, Default)]
[INFO] [stderr]     |                     ^----------
[INFO] [stderr]     |                     |
[INFO] [stderr]     |                     `Deserialize` is not local
[INFO] [stderr]     |                     move the `impl` block outside of this constant `_IMPL_DESERIALIZE_FOR_ConfigFile`
[INFO] [stderr] 258 | pub struct ConfigFile {
[INFO] [stderr]     |            ---------- `ConfigFile` is not local
[INFO] [stderr]     |
[INFO] [stderr]     = note: the derive macro `Deserialize` defines the non-local `impl`, and may need to be changed
[INFO] [stderr]     = note: the derive macro `Deserialize` may come from an old version of the `serde_derive` crate, try updating your dependency with `cargo update -p serde_derive`
[INFO] [stderr]     = note: an `impl` is never scoped, even when it is nested inside an item, as it may impact type checking outside of that item, which can be the case if neither the trait or the self type are at the same nesting level as the `impl`
[INFO] [stderr]     = note: items in an anonymous const item (`const _: () = { ... }`) are treated as in the same scope as the anonymous const's declaration for the purpose of this lint
[INFO] [stderr]     = note: this warning originates in the derive macro `Deserialize` (in Nightly builds, run with -Z macro-backtrace for more info)
[INFO] [stderr] 
[INFO] [stderr] warning: non-local `impl` definition, `impl` blocks should be written at the same level as their item
[INFO] [stderr]   --> src/crypto.rs:15:10
[INFO] [stderr]    |
[INFO] [stderr] 15 | #[derive(Serialize, Deserialize, Debug, PartialEq, Clone, Copy)]
[INFO] [stderr]    |          ^--------
[INFO] [stderr]    |          |
[INFO] [stderr]    |          `Serialize` is not local
[INFO] [stderr]    |          move the `impl` block outside of this constant `_IMPL_SERIALIZE_FOR_CryptoMethod`
[INFO] [stderr] 16 | pub enum CryptoMethod {
[INFO] [stderr]    |          ------------ `CryptoMethod` is not local
[INFO] [stderr]    |
[INFO] [stderr]    = note: the derive macro `Serialize` defines the non-local `impl`, and may need to be changed
[INFO] [stderr]    = note: the derive macro `Serialize` may come from an old version of the `serde_derive` crate, try updating your dependency with `cargo update -p serde_derive`
[INFO] [stderr]    = note: an `impl` is never scoped, even when it is nested inside an item, as it may impact type checking outside of that item, which can be the case if neither the trait or the self type are at the same nesting level as the `impl`
[INFO] [stderr]    = note: items in an anonymous const item (`const _: () = { ... }`) are treated as in the same scope as the anonymous const's declaration for the purpose of this lint
[INFO] [stderr]    = note: this warning originates in the derive macro `Serialize` (in Nightly builds, run with -Z macro-backtrace for more info)
[INFO] [stderr] 
[INFO] [stderr] warning: non-local `impl` definition, `impl` blocks should be written at the same level as their item
[INFO] [stderr]   --> src/crypto.rs:15:21
[INFO] [stderr]    |
[INFO] [stderr] 15 | #[derive(Serialize, Deserialize, Debug, PartialEq, Clone, Copy)]
[INFO] [stderr]    |                     ^----------
[INFO] [stderr]    |                     |
[INFO] [stderr]    |                     `Deserialize` is not local
[INFO] [stderr]    |                     move the `impl` block outside of this constant `_IMPL_DESERIALIZE_FOR_CryptoMethod`
[INFO] [stderr] 16 | pub enum CryptoMethod {
[INFO] [stderr]    |          ------------ `CryptoMethod` is not local
[INFO] [stderr]    |
[INFO] [stderr]    = note: the derive macro `Deserialize` defines the non-local `impl`, and may need to be changed
[INFO] [stderr]    = note: the derive macro `Deserialize` may come from an old version of the `serde_derive` crate, try updating your dependency with `cargo update -p serde_derive`
[INFO] [stderr]    = note: an `impl` is never scoped, even when it is nested inside an item, as it may impact type checking outside of that item, which can be the case if neither the trait or the self type are at the same nesting level as the `impl`
[INFO] [stderr]    = note: items in an anonymous const item (`const _: () = { ... }`) are treated as in the same scope as the anonymous const's declaration for the purpose of this lint
[INFO] [stderr]    = note: this warning originates in the derive macro `Deserialize` (in Nightly builds, run with -Z macro-backtrace for more info)
[INFO] [stderr] 
[INFO] [stderr] warning: non-local `impl` definition, `impl` blocks should be written at the same level as their item
[INFO] [stderr]   --> src/device.rs:21:10
[INFO] [stderr]    |
[INFO] [stderr] 21 | #[derive(Serialize, Deserialize, Debug, Clone, Copy, PartialEq)]
[INFO] [stderr]    |          ^--------
[INFO] [stderr]    |          |
[INFO] [stderr]    |          `Serialize` is not local
[INFO] [stderr]    |          move the `impl` block outside of this constant `_IMPL_SERIALIZE_FOR_Type`
[INFO] [stderr] 22 | pub enum Type {
[INFO] [stderr]    |          ---- `Type` is not local
[INFO] [stderr]    |
[INFO] [stderr]    = note: the derive macro `Serialize` defines the non-local `impl`, and may need to be changed
[INFO] [stderr]    = note: the derive macro `Serialize` may come from an old version of the `serde_derive` crate, try updating your dependency with `cargo update -p serde_derive`
[INFO] [stderr]    = note: an `impl` is never scoped, even when it is nested inside an item, as it may impact type checking outside of that item, which can be the case if neither the trait or the self type are at the same nesting level as the `impl`
[INFO] [stderr]    = note: items in an anonymous const item (`const _: () = { ... }`) are treated as in the same scope as the anonymous const's declaration for the purpose of this lint
[INFO] [stderr]    = note: this warning originates in the derive macro `Serialize` (in Nightly builds, run with -Z macro-backtrace for more info)
[INFO] [stderr] 
[INFO] [stderr] warning: non-local `impl` definition, `impl` blocks should be written at the same level as their item
[INFO] [stderr]   --> src/device.rs:21:21
[INFO] [stderr]    |
[INFO] [stderr] 21 | #[derive(Serialize, Deserialize, Debug, Clone, Copy, PartialEq)]
[INFO] [stderr]    |                     ^----------
[INFO] [stderr]    |                     |
[INFO] [stderr]    |                     `Deserialize` is not local
[INFO] [stderr]    |                     move the `impl` block outside of this constant `_IMPL_DESERIALIZE_FOR_Type`
[INFO] [stderr] 22 | pub enum Type {
[INFO] [stderr]    |          ---- `Type` is not local
[INFO] [stderr]    |
[INFO] [stderr]    = note: the derive macro `Deserialize` defines the non-local `impl`, and may need to be changed
[INFO] [stderr]    = note: the derive macro `Deserialize` may come from an old version of the `serde_derive` crate, try updating your dependency with `cargo update -p serde_derive`
[INFO] [stderr]    = note: an `impl` is never scoped, even when it is nested inside an item, as it may impact type checking outside of that item, which can be the case if neither the trait or the self type are at the same nesting level as the `impl`
[INFO] [stderr]    = note: items in an anonymous const item (`const _: () = { ... }`) are treated as in the same scope as the anonymous const's declaration for the purpose of this lint
[INFO] [stderr]    = note: this warning originates in the derive macro `Deserialize` (in Nightly builds, run with -Z macro-backtrace for more info)
[INFO] [stderr] 
[INFO] [stderr] warning: non-local `impl` definition, `impl` blocks should be written at the same level as their item
[INFO] [stderr]    --> src/types.rs:188:10
[INFO] [stderr]     |
[INFO] [stderr] 188 | #[derive(Serialize, Deserialize, Debug, Clone, Copy, PartialEq)]
[INFO] [stderr]     |          ^--------
[INFO] [stderr]     |          |
[INFO] [stderr]     |          `Serialize` is not local
[INFO] [stderr]     |          move the `impl` block outside of this constant `_IMPL_SERIALIZE_FOR_Mode`
[INFO] [stderr] 189 | pub enum Mode {
[INFO] [stderr]     |          ---- `Mode` is not local
[INFO] [stderr]     |
[INFO] [stderr]     = note: the derive macro `Serialize` defines the non-local `impl`, and may need to be changed
[INFO] [stderr]     = note: the derive macro `Serialize` may come from an old version of the `serde_derive` crate, try updating your dependency with `cargo update -p serde_derive`
[INFO] [stderr]     = note: an `impl` is never scoped, even when it is nested inside an item, as it may impact type checking outside of that item, which can be the case if neither the trait or the self type are at the same nesting level as the `impl`
[INFO] [stderr]     = note: items in an anonymous const item (`const _: () = { ... }`) are treated as in the same scope as the anonymous const's declaration for the purpose of this lint
[INFO] [stderr]     = note: this warning originates in the derive macro `Serialize` (in Nightly builds, run with -Z macro-backtrace for more info)
[INFO] [stderr] 
[INFO] [stderr] warning: non-local `impl` definition, `impl` blocks should be written at the same level as their item
[INFO] [stderr]    --> src/types.rs:188:21
[INFO] [stderr]     |
[INFO] [stderr] 188 | #[derive(Serialize, Deserialize, Debug, Clone, Copy, PartialEq)]
[INFO] [stderr]     |                     ^----------
[INFO] [stderr]     |                     |
[INFO] [stderr]     |                     `Deserialize` is not local
[INFO] [stderr]     |                     move the `impl` block outside of this constant `_IMPL_DESERIALIZE_FOR_Mode`
[INFO] [stderr] 189 | pub enum Mode {
[INFO] [stderr]     |          ---- `Mode` is not local
[INFO] [stderr]     |
[INFO] [stderr]     = note: the derive macro `Deserialize` defines the non-local `impl`, and may need to be changed
[INFO] [stderr]     = note: the derive macro `Deserialize` may come from an old version of the `serde_derive` crate, try updating your dependency with `cargo update -p serde_derive`
[INFO] [stderr]     = note: an `impl` is never scoped, even when it is nested inside an item, as it may impact type checking outside of that item, which can be the case if neither the trait or the self type are at the same nesting level as the `impl`
[INFO] [stderr]     = note: items in an anonymous const item (`const _: () = { ... }`) are treated as in the same scope as the anonymous const's declaration for the purpose of this lint
[INFO] [stderr]     = note: this warning originates in the derive macro `Deserialize` (in Nightly builds, run with -Z macro-backtrace for more info)
[INFO] [stderr] 
[INFO] [stderr] warning: `vpncloud` (bin "vpncloud" test) generated 14 warnings (run `cargo fix --bin "vpncloud" --tests` to apply 2 suggestions)
[INFO] [stderr]     Finished `test` profile [unoptimized + debuginfo] target(s) in 0.09s
[INFO] [stderr] warning: the following packages contain code that will be rejected by a future version of Rust: daemonize v0.4.1
[INFO] [stderr] note: to see what the problems were, use the option `--future-incompat-report`, or run `cargo report future-incompatibilities --id 1`
[INFO] [stderr]      Running unittests src/main.rs (/opt/rustwide/target/debug/deps/vpncloud-e9039ac48636e55b)
[INFO] [stdout] 
[INFO] [stdout] running 57 tests
[INFO] [stdout] test beacon::decode ... ok
[INFO] [stdout] test beacon::decode_multiple ... ok
[INFO] [stdout] test beacon::decode_invalid ... ok
[INFO] [stdout] test ethernet::decode_frame_with_vlan ... ok
[INFO] [stdout] test ethernet::decode_invalid_frame ... ok
[INFO] [stdout] test ip::decode_invalid_packet ... ok
[INFO] [stdout] test ethernet::switch ... ok
[INFO] [stdout] test beacon::decode_split ... ok
[INFO] [stdout] test ip::decode_ipv6_packet ... ok
[INFO] [stdout] test ip::decode_ipv4_packet ... ok
[INFO] [stdout] test config::config_file ... ok
[INFO] [stdout] test ethernet::decode_frame_without_vlan ... ok
[INFO] [stdout] test beacon::encode_decode ... ok
[INFO] [stdout] test ip::routing_table_ipv6 ... ok
[INFO] [stdout] test ip::routing_table_ipv4 ... ok
[INFO] [stdout] test tests::payload::router_delivers ... ok
[INFO] [stdout] test tests::payload::ethernet_delivers ... ok
[INFO] [stdout] test config::config_merge ... ok
[INFO] [stdout] test beacon::decode_ttl ... ok
[INFO] [stdout] test tests::payload::switch_learns ... ok
[INFO] [stdout] test beacon::encode_decode_file ... ok
[INFO] [stdout] test tests::nat::connect_nat_2_peers ... ok
[INFO] [stdout] test beacon::encode ... ok
[INFO] [stdout] test tests::payload::router_drops_unknown_dest ... ok
[INFO] [stdout] test tests::nat::connect_nat_3_peers ... ok
[INFO] [stdout] test tests::payload::switch_forgets ... ok
[INFO] [stdout] test tests::payload::switch_honours_vlans ... ok
[INFO] [stdout] test tests::peers::automatic_peer_timeout ... ok
[INFO] [stdout] test tests::peers::connect_v4 ... ok
[INFO] [stdout] test beacon::decode_offset ... ok
[INFO] [stdout] test tests::peers::connect_v6 ... ok
[INFO] [stdout] test tests::peers::cross_connect ... ok
[INFO] [stdout] test tests::peers::peer_exchange ... ok
[INFO] [stdout] test tests::peers::remove_dead_peers ... ok
[INFO] [stdout] test tests::peers::reconnect_after_timeout ... ok
[INFO] [stdout] test tests::peers::wrong_magic ... ok
[INFO] [stdout] test tests::peers::lost_init1 ... ok
[INFO] [stdout] test types::address_range_decode_encode ... ok
[INFO] [stdout] test udpmessage::message_fmt ... ok
[INFO] [stdout] test tests::peers::lost_peer_exchange ... ok
[INFO] [stdout] test udpmessage::udpmessage_invalid ... ok
[INFO] [stdout] test types::address_decode_encode ... ok
[INFO] [stdout] test udpmessage::udpmessage_peers ... ok
[INFO] [stdout] test tests::peers::update_primary_address ... ok
[INFO] [stdout] test types::address_eq ... ok
[INFO] [stdout] test types::address_parse_fmt ... ok
[INFO] [stdout] test udpmessage::udpmessage_init ... ok
[INFO] [stdout] test udpmessage::udpmessage_packet ... ok
[INFO] [stdout] test udpmessage::udpmessage_close ... ok
[INFO] [stdout] test util::base62 ... ok
[INFO] [stdout] test crypto::encrypt_decrypt_chacha20poly1305 ... ok
[INFO] [stdout] test udpmessage::udpmessage_encrypted ... ok
[INFO] [stdout] test udpmessage::udpmessage_invalid_crypto ... ok
[INFO] [stdout] test crypto::encrypt_decrypt_aes256 ... ok
[INFO] [stdout] test tests::nat::nat_keepalive ... ok
[INFO] [stdout] test tests::peers::connect_via_beacons ... FAILED
[INFO] [stdout] test beacon::encode_decode_cmd ... ok
[INFO] [stdout] 
[INFO] [stdout] failures:
[INFO] [stdout] 
[INFO] [stdout] ---- tests::peers::connect_via_beacons stdout ----
[INFO] [stdout] DEBUG - Send peer list to all peers
[INFO] [stdout] DEBUG - Broadcasting Peers []
[INFO] [stdout] DEBUG - Beacon: EtKWw1J0JN6VsuTwvicFK45zbf2VE1Qo1pwZ8tTaZu0fDHiK
[INFO] [stdout] thread 'tests::peers::connect_via_beacons' panicked at src/cloud.rs:873:9:
[INFO] [stdout] assertion failed: self.housekeep().is_ok()
[INFO] [stdout] stack backtrace:
[INFO] [stdout]    0:     0x5e8302a5574a - std::backtrace_rs::backtrace::libunwind::trace::h5a5b8284f2d0c266
[INFO] [stdout]                                at /rustc/90b35a6239c3d8bdabc530a6a0816f7ff89a0aaf/library/std/src/../../backtrace/src/backtrace/libunwind.rs:116:5
[INFO] [stdout]    1:     0x5e8302a5574a - std::backtrace_rs::backtrace::trace_unsynchronized::h76d4f1c9b0b875e3
[INFO] [stdout]                                at /rustc/90b35a6239c3d8bdabc530a6a0816f7ff89a0aaf/library/std/src/../../backtrace/src/backtrace/mod.rs:66:5
[INFO] [stdout]    2:     0x5e8302a5574a - std::sys::backtrace::_print_fmt::hc4546b8364a537c6
[INFO] [stdout]                                at /rustc/90b35a6239c3d8bdabc530a6a0816f7ff89a0aaf/library/std/src/sys/backtrace.rs:66:9
[INFO] [stdout]    3:     0x5e8302a5574a - <std::sys::backtrace::BacktraceLock::print::DisplayBacktrace as core::fmt::Display>::fmt::h5b6bd5631a6d1f6b
[INFO] [stdout]                                at /rustc/90b35a6239c3d8bdabc530a6a0816f7ff89a0aaf/library/std/src/sys/backtrace.rs:39:26
[INFO] [stdout]    4:     0x5e8302a7eed3 - core::fmt::rt::Argument::fmt::h270f6602a2b96f62
[INFO] [stdout]                                at /rustc/90b35a6239c3d8bdabc530a6a0816f7ff89a0aaf/library/core/src/fmt/rt.rs:177:76
[INFO] [stdout]    5:     0x5e8302a7eed3 - core::fmt::write::h7550c97b06c86515
[INFO] [stdout]                                at /rustc/90b35a6239c3d8bdabc530a6a0816f7ff89a0aaf/library/core/src/fmt/mod.rs:1186:21
[INFO] [stdout]    6:     0x5e8302a51d13 - std::io::Write::write_fmt::h509ff860e5956e5e
[INFO] [stdout]                                at /rustc/90b35a6239c3d8bdabc530a6a0816f7ff89a0aaf/library/std/src/io/mod.rs:1839:15
[INFO] [stdout]    7:     0x5e8302a55592 - std::sys::backtrace::BacktraceLock::print::h2395ccd2c84ba3aa
[INFO] [stdout]                                at /rustc/90b35a6239c3d8bdabc530a6a0816f7ff89a0aaf/library/std/src/sys/backtrace.rs:42:9
[INFO] [stdout]    8:     0x5e8302a56baa - std::panicking::default_hook::{{closure}}::he19d4c7230e07961
[INFO] [stdout]                                at /rustc/90b35a6239c3d8bdabc530a6a0816f7ff89a0aaf/library/std/src/panicking.rs:268:22
[INFO] [stdout]    9:     0x5e8302a569b4 - std::panicking::default_hook::hf614597d3c67bbdb
[INFO] [stdout]                                at /rustc/90b35a6239c3d8bdabc530a6a0816f7ff89a0aaf/library/std/src/panicking.rs:292:9
[INFO] [stdout]   10:     0x5e830289d7c9 - <alloc::boxed::Box<F,A> as core::ops::function::Fn<Args>>::call::h39b51ce4599c23d1
[INFO] [stdout]                                at /rustc/90b35a6239c3d8bdabc530a6a0816f7ff89a0aaf/library/alloc/src/boxed.rs:2468:9
[INFO] [stdout]   11:     0x5e830289d7c9 - test::test_main::{{closure}}::he977ae839a582784
[INFO] [stdout]                                at /rustc/90b35a6239c3d8bdabc530a6a0816f7ff89a0aaf/library/test/src/lib.rs:133:21
[INFO] [stdout]   12:     0x5e8302a57248 - <alloc::boxed::Box<F,A> as core::ops::function::Fn<Args>>::call::h9455091b6b06f9fb
[INFO] [stdout]                                at /rustc/90b35a6239c3d8bdabc530a6a0816f7ff89a0aaf/library/alloc/src/boxed.rs:2468:9
[INFO] [stdout]   13:     0x5e8302a57248 - std::panicking::rust_panic_with_hook::h8942133a8b252070
[INFO] [stdout]                                at /rustc/90b35a6239c3d8bdabc530a6a0816f7ff89a0aaf/library/std/src/panicking.rs:809:13
[INFO] [stdout]   14:     0x5e8302a56fd6 - std::panicking::begin_panic_handler::{{closure}}::hb5f5963570096b29
[INFO] [stdout]                                at /rustc/90b35a6239c3d8bdabc530a6a0816f7ff89a0aaf/library/std/src/panicking.rs:667:13
[INFO] [stdout]   15:     0x5e8302a55c29 - std::sys::backtrace::__rust_end_short_backtrace::h6208cedc1922feda
[INFO] [stdout]                                at /rustc/90b35a6239c3d8bdabc530a6a0816f7ff89a0aaf/library/std/src/sys/backtrace.rs:170:18
[INFO] [stdout]   16:     0x5e8302a56c9c - rust_begin_unwind
[INFO] [stdout]                                at /rustc/90b35a6239c3d8bdabc530a6a0816f7ff89a0aaf/library/std/src/panicking.rs:665:5
[INFO] [stdout]   17:     0x5e830274b290 - core::panicking::panic_fmt::h0c3082644d1bf418
[INFO] [stdout]                                at /rustc/90b35a6239c3d8bdabc530a6a0816f7ff89a0aaf/library/core/src/panicking.rs:74:14
[INFO] [stdout]   18:     0x5e830274b31c - core::panicking::panic::h957f98c65a3b3074
[INFO] [stdout]                                at /rustc/90b35a6239c3d8bdabc530a6a0816f7ff89a0aaf/library/core/src/panicking.rs:148:5
[INFO] [stdout]   19:     0x5e8302808605 - vpncloud::cloud::GenericCloud<vpncloud::device::MockDevice,P,T,vpncloud::net::MockSocket,vpncloud::util::MockTimeSource>::trigger_housekeep::hf8426ae5aa03ea9e
[INFO] [stdout]                                at /opt/rustwide/workdir/src/cloud.rs:873:9
[INFO] [stdout]   20:     0x5e8302785ff0 - vpncloud::tests::peers::connect_via_beacons::hd318f267b4d2bee9
[INFO] [stdout]                                at /opt/rustwide/workdir/src/tests/peers.rs:113:5
[INFO] [stdout]   21:     0x5e83027854c7 - vpncloud::tests::peers::connect_via_beacons::{{closure}}::h69d6608cbcbb8d80
[INFO] [stdout]                                at /opt/rustwide/workdir/src/tests/peers.rs:99:25
[INFO] [stdout]   22:     0x5e8302770676 - core::ops::function::FnOnce::call_once::h147278b9c00902e9
[INFO] [stdout]                                at /rustc/90b35a6239c3d8bdabc530a6a0816f7ff89a0aaf/library/core/src/ops/function.rs:250:5
[INFO] [stdout]   23:     0x5e83028a218b - core::ops::function::FnOnce::call_once::h109cf8051a59b34e
[INFO] [stdout]                                at /rustc/90b35a6239c3d8bdabc530a6a0816f7ff89a0aaf/library/core/src/ops/function.rs:250:5
[INFO] [stdout]   24:     0x5e83028a218b - test::__rust_begin_short_backtrace::hf4fff89d377446ba
[INFO] [stdout]                                at /rustc/90b35a6239c3d8bdabc530a6a0816f7ff89a0aaf/library/test/src/lib.rs:621:18
[INFO] [stdout]   25:     0x5e83028a19c7 - test::run_test_in_process::{{closure}}::h0e39181dd7ee5a43
[INFO] [stdout]                                at /rustc/90b35a6239c3d8bdabc530a6a0816f7ff89a0aaf/library/test/src/lib.rs:644:60
[INFO] [stdout]   26:     0x5e83028a19c7 - <core::panic::unwind_safe::AssertUnwindSafe<F> as core::ops::function::FnOnce<()>>::call_once::hc5a66a30f0bdfd1f
[INFO] [stdout]                                at /rustc/90b35a6239c3d8bdabc530a6a0816f7ff89a0aaf/library/core/src/panic/unwind_safe.rs:272:9
[INFO] [stdout]   27:     0x5e83028a19c7 - std::panicking::try::do_call::h873b7cf639554a5e
[INFO] [stdout]                                at /rustc/90b35a6239c3d8bdabc530a6a0816f7ff89a0aaf/library/std/src/panicking.rs:557:40
[INFO] [stdout]   28:     0x5e83028a19c7 - std::panicking::try::hdb19862fad9c8bd1
[INFO] [stdout]                                at /rustc/90b35a6239c3d8bdabc530a6a0816f7ff89a0aaf/library/std/src/panicking.rs:520:19
[INFO] [stdout]   29:     0x5e83028a19c7 - std::panic::catch_unwind::h281fe732d236d260
[INFO] [stdout]                                at /rustc/90b35a6239c3d8bdabc530a6a0816f7ff89a0aaf/library/std/src/panic.rs:358:14
[INFO] [stdout]   30:     0x5e83028a19c7 - test::run_test_in_process::h949b6df8457ed338
[INFO] [stdout]                                at /rustc/90b35a6239c3d8bdabc530a6a0816f7ff89a0aaf/library/test/src/lib.rs:644:27
[INFO] [stdout]   31:     0x5e83028a19c7 - test::run_test::{{closure}}::h52c556a6d4740e10
[INFO] [stdout]                                at /rustc/90b35a6239c3d8bdabc530a6a0816f7ff89a0aaf/library/test/src/lib.rs:565:43
[INFO] [stdout]   32:     0x5e8302866ca4 - test::run_test::{{closure}}::h4237f6381c45ccb9
[INFO] [stdout]                                at /rustc/90b35a6239c3d8bdabc530a6a0816f7ff89a0aaf/library/test/src/lib.rs:595:41
[INFO] [stdout]   33:     0x5e8302866ca4 - std::sys::backtrace::__rust_begin_short_backtrace::h505c97a579eca628
[INFO] [stdout]                                at /rustc/90b35a6239c3d8bdabc530a6a0816f7ff89a0aaf/library/std/src/sys/backtrace.rs:154:18
[INFO] [stdout]   34:     0x5e830286a36e - std::thread::Builder::spawn_unchecked_::{{closure}}::{{closure}}::h9e86b2e2bc107ea3
[INFO] [stdout]                                at /rustc/90b35a6239c3d8bdabc530a6a0816f7ff89a0aaf/library/std/src/thread/mod.rs:538:17
[INFO] [stdout]   35:     0x5e830286a36e - <core::panic::unwind_safe::AssertUnwindSafe<F> as core::ops::function::FnOnce<()>>::call_once::h8b06ddb275ff4a25
[INFO] [stdout]                                at /rustc/90b35a6239c3d8bdabc530a6a0816f7ff89a0aaf/library/core/src/panic/unwind_safe.rs:272:9
[INFO] [stdout]   36:     0x5e830286a36e - std::panicking::try::do_call::hb26ecd7cd9a9355d
[INFO] [stdout]                                at /rustc/90b35a6239c3d8bdabc530a6a0816f7ff89a0aaf/library/std/src/panicking.rs:557:40
[INFO] [stdout]   37:     0x5e830286a36e - std::panicking::try::h8ddeca9d705f9069
[INFO] [stdout]                                at /rustc/90b35a6239c3d8bdabc530a6a0816f7ff89a0aaf/library/std/src/panicking.rs:520:19
[INFO] [stdout]   38:     0x5e830286a36e - std::panic::catch_unwind::h49e1c33078844c46
[INFO] [stdout]                                at /rustc/90b35a6239c3d8bdabc530a6a0816f7ff89a0aaf/library/std/src/panic.rs:358:14
[INFO] [stdout]   39:     0x5e830286a36e - std::thread::Builder::spawn_unchecked_::{{closure}}::h6073db6ff56ad35d
[INFO] [stdout]                                at /rustc/90b35a6239c3d8bdabc530a6a0816f7ff89a0aaf/library/std/src/thread/mod.rs:537:30
[INFO] [stdout]   40:     0x5e830286a36e - core::ops::function::FnOnce::call_once{{vtable.shim}}::h2c5a5f3779c774f1
[INFO] [stdout]                                at /rustc/90b35a6239c3d8bdabc530a6a0816f7ff89a0aaf/library/core/src/ops/function.rs:250:5
[INFO] [stdout]   41:     0x5e8302a5b2fb - <alloc::boxed::Box<F,A> as core::ops::function::FnOnce<Args>>::call_once::hf75717d9f28faebf
[INFO] [stdout]                                at /rustc/90b35a6239c3d8bdabc530a6a0816f7ff89a0aaf/library/alloc/src/boxed.rs:2454:9
[INFO] [stdout]   42:     0x5e8302a5b2fb - <alloc::boxed::Box<F,A> as core::ops::function::FnOnce<Args>>::call_once::h7bd883a5f3c5f3c1
[INFO] [stdout]                                at /rustc/90b35a6239c3d8bdabc530a6a0816f7ff89a0aaf/library/alloc/src/boxed.rs:2454:9
[INFO] [stdout]   43:     0x5e8302a5b2fb - std::sys::pal::unix::thread::Thread::new::thread_start::hcc78f3943333fa94
[INFO] [stdout]                                at /rustc/90b35a6239c3d8bdabc530a6a0816f7ff89a0aaf/library/std/src/sys/pal/unix/thread.rs:105:17
[INFO] [stdout]   44:     0x76ef10f0aac3 - <unknown>
[INFO] [stdout]   45:     0x76ef10f9ba04 - clone
[INFO] [stdout]   46:                0x0 - <unknown>
[INFO] [stdout] 
[INFO] [stdout] 
[INFO] [stdout] failures:
[INFO] [stdout]     tests::peers::connect_via_beacons
[INFO] [stdout] 
[INFO] [stdout] test result: FAILED. 56 passed; 1 failed; 0 ignored; 0 measured; 0 filtered out; finished in 0.23s
[INFO] [stdout] 
[INFO] [stderr] error: test failed, to rerun pass `--bin vpncloud`
[INFO] running `Command { std: "docker" "inspect" "71f31645a41f5d98b19ce082ceee0f9db4c8b9b23ec550c824c901c9b956cfea", kill_on_drop: false }`
[INFO] running `Command { std: "docker" "rm" "-f" "71f31645a41f5d98b19ce082ceee0f9db4c8b9b23ec550c824c901c9b956cfea", kill_on_drop: false }`
[INFO] [stdout] 71f31645a41f5d98b19ce082ceee0f9db4c8b9b23ec550c824c901c9b956cfea
