[INFO] cloning repository https://github.com/yiuminghuynh/aoc2022
[INFO] running `Command { std: "git" "-c" "credential.helper=" "-c" "credential.helper=/workspace/cargo-home/bin/git-credential-null" "clone" "--bare" "https://github.com/yiuminghuynh/aoc2022" "/workspace/cache/git-repos/https%3A%2F%2Fgithub.com%2Fyiuminghuynh%2Faoc2022", kill_on_drop: false }`
[INFO] [stderr] Cloning into bare repository '/workspace/cache/git-repos/https%3A%2F%2Fgithub.com%2Fyiuminghuynh%2Faoc2022'...
[INFO] running `Command { std: "git" "rev-parse" "HEAD", kill_on_drop: false }`
[INFO] [stdout] 2b2f246321e01cff6ba88ffff72573609cce47ce
[INFO] testing yiuminghuynh/aoc2022 against 1.83.0 for beta-1.84.0-4-retry
[INFO] running `Command { std: "git" "clone" "/workspace/cache/git-repos/https%3A%2F%2Fgithub.com%2Fyiuminghuynh%2Faoc2022" "/workspace/builds/worker-5-tc1/source", kill_on_drop: false }`
[INFO] [stderr] Cloning into '/workspace/builds/worker-5-tc1/source'...
[INFO] [stderr] done.
[INFO] validating manifest of git repo https://github.com/yiuminghuynh/aoc2022 on toolchain 1.83.0
[INFO] running `Command { std: CARGO_HOME="/workspace/cargo-home" RUSTUP_HOME="/workspace/rustup-home" "/workspace/cargo-home/bin/cargo" "+1.83.0" "metadata" "--manifest-path" "Cargo.toml" "--no-deps", kill_on_drop: false }`
[INFO] started tweaking git repo https://github.com/yiuminghuynh/aoc2022
[INFO] finished tweaking git repo https://github.com/yiuminghuynh/aoc2022
[INFO] tweaked toml for git repo https://github.com/yiuminghuynh/aoc2022 written to /workspace/builds/worker-5-tc1/source/Cargo.toml
[INFO] crate git repo https://github.com/yiuminghuynh/aoc2022 already has a lockfile, it will not be regenerated
[INFO] running `Command { std: CARGO_HOME="/workspace/cargo-home" RUSTUP_HOME="/workspace/rustup-home" "/workspace/cargo-home/bin/cargo" "+1.83.0" "fetch" "--manifest-path" "Cargo.toml", kill_on_drop: false }`
[INFO] running `Command { std: "docker" "create" "-v" "/var/lib/crater-agent-workspace/builds/worker-5-tc1/target:/opt/rustwide/target:rw,Z" "-v" "/var/lib/crater-agent-workspace/builds/worker-5-tc1/source:/opt/rustwide/workdir:ro,Z" "-v" "/var/lib/crater-agent-workspace/cargo-home:/opt/rustwide/cargo-home:ro,Z" "-v" "/var/lib/crater-agent-workspace/rustup-home:/opt/rustwide/rustup-home:ro,Z" "-e" "SOURCE_DIR=/opt/rustwide/workdir" "-e" "CARGO_TARGET_DIR=/opt/rustwide/target" "-e" "CARGO_HOME=/opt/rustwide/cargo-home" "-e" "RUSTUP_HOME=/opt/rustwide/rustup-home" "-w" "/opt/rustwide/workdir" "-m" "1610612736" "--user" "0:0" "--network" "none" "ghcr.io/rust-lang/crates-build-env/linux@sha256:f3a9d4ad9d972b27faf3965f35b62e55ba32bbce8f20bc8fe909558a86702fde" "/opt/rustwide/cargo-home/bin/cargo" "+1.83.0" "metadata" "--no-deps" "--format-version=1", kill_on_drop: false }`
[INFO] [stdout] 79c1f5a5dbc4ff992390de6c8f666dce16b1bde4943c51790df1bb1c2bb0a305
[INFO] running `Command { std: "docker" "start" "-a" "79c1f5a5dbc4ff992390de6c8f666dce16b1bde4943c51790df1bb1c2bb0a305", kill_on_drop: false }`
[INFO] running `Command { std: "docker" "inspect" "79c1f5a5dbc4ff992390de6c8f666dce16b1bde4943c51790df1bb1c2bb0a305", kill_on_drop: false }`
[INFO] running `Command { std: "docker" "rm" "-f" "79c1f5a5dbc4ff992390de6c8f666dce16b1bde4943c51790df1bb1c2bb0a305", kill_on_drop: false }`
[INFO] [stdout] 79c1f5a5dbc4ff992390de6c8f666dce16b1bde4943c51790df1bb1c2bb0a305
[INFO] running `Command { std: "docker" "create" "-v" "/var/lib/crater-agent-workspace/builds/worker-5-tc1/target:/opt/rustwide/target:rw,Z" "-v" "/var/lib/crater-agent-workspace/builds/worker-5-tc1/source:/opt/rustwide/workdir:ro,Z" "-v" "/var/lib/crater-agent-workspace/cargo-home:/opt/rustwide/cargo-home:ro,Z" "-v" "/var/lib/crater-agent-workspace/rustup-home:/opt/rustwide/rustup-home:ro,Z" "-e" "SOURCE_DIR=/opt/rustwide/workdir" "-e" "CARGO_TARGET_DIR=/opt/rustwide/target" "-e" "CARGO_INCREMENTAL=0" "-e" "RUST_BACKTRACE=full" "-e" "RUSTFLAGS=--cap-lints=warn" "-e" "RUSTDOCFLAGS=--cap-lints=warn" "-e" "CARGO_HOME=/opt/rustwide/cargo-home" "-e" "RUSTUP_HOME=/opt/rustwide/rustup-home" "-w" "/opt/rustwide/workdir" "-m" "1610612736" "--user" "0:0" "--network" "none" "ghcr.io/rust-lang/crates-build-env/linux@sha256:f3a9d4ad9d972b27faf3965f35b62e55ba32bbce8f20bc8fe909558a86702fde" "/opt/rustwide/cargo-home/bin/cargo" "+1.83.0" "build" "--frozen" "--message-format=json", kill_on_drop: false }`
[INFO] [stdout] 234659445a433ec653befb1d40a28380fae981d110992726c3489d8dfb961084
[INFO] running `Command { std: "docker" "start" "-a" "234659445a433ec653befb1d40a28380fae981d110992726c3489d8dfb961084", kill_on_drop: false }`
[INFO] [stderr]    Compiling aoc2022 v0.1.0 (/opt/rustwide/workdir)
[INFO] [stdout] warning: function `run_aoc` is never used
[INFO] [stdout]  --> src/aocs/aoc1.rs:4:15
[INFO] [stdout]   |
[INFO] [stdout] 4 | pub(crate) fn run_aoc() -> Result<(i32, i32), Box<dyn error::Error>> {
[INFO] [stdout]   |               ^^^^^^^
[INFO] [stdout]   |
[INFO] [stdout]   = note: `#[warn(dead_code)]` on by default
[INFO] [stdout] 
[INFO] [stdout] 
[INFO] [stdout] warning: function `process_lines` is never used
[INFO] [stdout]   --> src/aocs/aoc1.rs:13:4
[INFO] [stdout]    |
[INFO] [stdout] 13 | fn process_lines(lines: Vec<String>) -> Result<Vec<i32>, Box<dyn error::Error>> {
[INFO] [stdout]    |    ^^^^^^^^^^^^^
[INFO] [stdout] 
[INFO] [stdout] 
[INFO] [stdout] warning: function `get_top_calorie` is never used
[INFO] [stdout]   --> src/aocs/aoc1.rs:27:4
[INFO] [stdout]    |
[INFO] [stdout] 27 | fn get_top_calorie(results: Vec<i32>) -> i32 {
[INFO] [stdout]    |    ^^^^^^^^^^^^^^^
[INFO] [stdout] 
[INFO] [stdout] 
[INFO] [stdout] warning: function `get_top_three_calorie_total` is never used
[INFO] [stdout]   --> src/aocs/aoc1.rs:34:4
[INFO] [stdout]    |
[INFO] [stdout] 34 | fn get_top_three_calorie_total(results: Vec<i32>) -> i32 {
[INFO] [stdout]    |    ^^^^^^^^^^^^^^^^^^^^^^^^^^^
[INFO] [stdout] 
[INFO] [stdout] 
[INFO] [stdout] warning: enum `RPS` is never used
[INFO] [stdout]  --> src/aocs/aoc2.rs:5:6
[INFO] [stdout]   |
[INFO] [stdout] 5 | enum RPS {
[INFO] [stdout]   |      ^^^
[INFO] [stdout] 
[INFO] [stdout] 
[INFO] [stdout] warning: enum `Outcome` is never used
[INFO] [stdout]   --> src/aocs/aoc2.rs:12:6
[INFO] [stdout]    |
[INFO] [stdout] 12 | enum Outcome {
[INFO] [stdout]    |      ^^^^^^^
[INFO] [stdout] 
[INFO] [stdout] 
[INFO] [stdout] warning: function `run_aoc` is never used
[INFO] [stdout]   --> src/aocs/aoc2.rs:18:15
[INFO] [stdout]    |
[INFO] [stdout] 18 | pub(crate) fn run_aoc() -> Result<(i32, i32), Box<dyn error::Error>> {
[INFO] [stdout]    |               ^^^^^^^
[INFO] [stdout] 
[INFO] [stdout] 
[INFO] [stdout] warning: function `process_lines` is never used
[INFO] [stdout]   --> src/aocs/aoc2.rs:25:4
[INFO] [stdout]    |
[INFO] [stdout] 25 | fn process_lines(lines: Vec<String>) -> i32 {
[INFO] [stdout]    |    ^^^^^^^^^^^^^
[INFO] [stdout] 
[INFO] [stdout] 
[INFO] [stdout] warning: function `process_line` is never used
[INFO] [stdout]   --> src/aocs/aoc2.rs:34:4
[INFO] [stdout]    |
[INFO] [stdout] 34 | fn process_line(line: String) -> i32 {
[INFO] [stdout]    |    ^^^^^^^^^^^^
[INFO] [stdout] 
[INFO] [stdout] 
[INFO] [stdout] warning: function `process_lines_v2` is never used
[INFO] [stdout]   --> src/aocs/aoc2.rs:50:4
[INFO] [stdout]    |
[INFO] [stdout] 50 | fn process_lines_v2(lines: Vec<String>) -> i32 {
[INFO] [stdout]    |    ^^^^^^^^^^^^^^^^
[INFO] [stdout] 
[INFO] [stdout] 
[INFO] [stdout] warning: function `process_line_v2` is never used
[INFO] [stdout]   --> src/aocs/aoc2.rs:59:4
[INFO] [stdout]    |
[INFO] [stdout] 59 | fn process_line_v2(line: String) -> i32 {
[INFO] [stdout]    |    ^^^^^^^^^^^^^^^
[INFO] [stdout] 
[INFO] [stdout] 
[INFO] [stdout] warning: function `process_char_vec` is never used
[INFO] [stdout]   --> src/aocs/aoc2.rs:74:4
[INFO] [stdout]    |
[INFO] [stdout] 74 | fn process_char_vec(line: String) -> Vec<char> {
[INFO] [stdout]    |    ^^^^^^^^^^^^^^^^
[INFO] [stdout] 
[INFO] [stdout] 
[INFO] [stdout] warning: function `determine_outcome` is never used
[INFO] [stdout]   --> src/aocs/aoc2.rs:83:4
[INFO] [stdout]    |
[INFO] [stdout] 83 | fn determine_outcome(opponent: RPS, me: RPS) -> Outcome {
[INFO] [stdout]    |    ^^^^^^^^^^^^^^^^^
[INFO] [stdout] 
[INFO] [stdout] 
[INFO] [stdout] warning: function `process_letter_as_move` is never used
[INFO] [stdout]   --> src/aocs/aoc2.rs:97:4
[INFO] [stdout]    |
[INFO] [stdout] 97 | fn process_letter_as_move(letter: char) -> RPS {
[INFO] [stdout]    |    ^^^^^^^^^^^^^^^^^^^^^^
[INFO] [stdout] 
[INFO] [stdout] 
[INFO] [stdout] warning: function `process_letter_as_outcome` is never used
[INFO] [stdout]    --> src/aocs/aoc2.rs:109:4
[INFO] [stdout]     |
[INFO] [stdout] 109 | fn process_letter_as_outcome(letter: char) -> Outcome {
[INFO] [stdout]     |    ^^^^^^^^^^^^^^^^^^^^^^^^^
[INFO] [stdout] 
[INFO] [stdout] 
[INFO] [stdout] warning: function `determine_move_from_outcome` is never used
[INFO] [stdout]    --> src/aocs/aoc2.rs:118:4
[INFO] [stdout]     |
[INFO] [stdout] 118 | fn determine_move_from_outcome(opponent: RPS, outcome: Outcome) -> RPS {
[INFO] [stdout]     |    ^^^^^^^^^^^^^^^^^^^^^^^^^^^
[INFO] [stdout] 
[INFO] [stdout] 
[INFO] [stdout] warning: function `determine_move_value` is never used
[INFO] [stdout]    --> src/aocs/aoc2.rs:132:4
[INFO] [stdout]     |
[INFO] [stdout] 132 | fn determine_move_value(rps: RPS) -> i32 {
[INFO] [stdout]     |    ^^^^^^^^^^^^^^^^^^^^
[INFO] [stdout] 
[INFO] [stdout] 
[INFO] [stdout] warning: function `determine_outcome_value` is never used
[INFO] [stdout]    --> src/aocs/aoc2.rs:140:4
[INFO] [stdout]     |
[INFO] [stdout] 140 | fn determine_outcome_value(outcome: Outcome) -> i32 {
[INFO] [stdout]     |    ^^^^^^^^^^^^^^^^^^^^^^^
[INFO] [stdout] 
[INFO] [stdout] 
[INFO] [stdout] warning: function `read_file` is never used
[INFO] [stdout]  --> src/utils.rs:5:15
[INFO] [stdout]   |
[INFO] [stdout] 5 | pub(crate) fn read_file(filename: &str) -> Result<Vec<String>, Box<dyn error::Error>> {
[INFO] [stdout]   |               ^^^^^^^^^
[INFO] [stdout] 
[INFO] [stdout] 
[INFO] [stderr]     Finished `dev` profile [unoptimized + debuginfo] target(s) in 0.32s
[INFO] running `Command { std: "docker" "inspect" "234659445a433ec653befb1d40a28380fae981d110992726c3489d8dfb961084", kill_on_drop: false }`
[INFO] running `Command { std: "docker" "rm" "-f" "234659445a433ec653befb1d40a28380fae981d110992726c3489d8dfb961084", kill_on_drop: false }`
[INFO] [stdout] 234659445a433ec653befb1d40a28380fae981d110992726c3489d8dfb961084
[INFO] running `Command { std: "docker" "create" "-v" "/var/lib/crater-agent-workspace/builds/worker-5-tc1/target:/opt/rustwide/target:rw,Z" "-v" "/var/lib/crater-agent-workspace/builds/worker-5-tc1/source:/opt/rustwide/workdir:ro,Z" "-v" "/var/lib/crater-agent-workspace/cargo-home:/opt/rustwide/cargo-home:ro,Z" "-v" "/var/lib/crater-agent-workspace/rustup-home:/opt/rustwide/rustup-home:ro,Z" "-e" "SOURCE_DIR=/opt/rustwide/workdir" "-e" "CARGO_TARGET_DIR=/opt/rustwide/target" "-e" "CARGO_INCREMENTAL=0" "-e" "RUST_BACKTRACE=full" "-e" "RUSTFLAGS=--cap-lints=warn" "-e" "RUSTDOCFLAGS=--cap-lints=warn" "-e" "CARGO_HOME=/opt/rustwide/cargo-home" "-e" "RUSTUP_HOME=/opt/rustwide/rustup-home" "-w" "/opt/rustwide/workdir" "-m" "1610612736" "--user" "0:0" "--network" "none" "ghcr.io/rust-lang/crates-build-env/linux@sha256:f3a9d4ad9d972b27faf3965f35b62e55ba32bbce8f20bc8fe909558a86702fde" "/opt/rustwide/cargo-home/bin/cargo" "+1.83.0" "test" "--frozen" "--no-run" "--message-format=json", kill_on_drop: false }`
[INFO] [stdout] 8e8d1091ab00735b6e360eaf3cd36dcdfff265734e27888b832a8c7e763a5c48
[INFO] running `Command { std: "docker" "start" "-a" "8e8d1091ab00735b6e360eaf3cd36dcdfff265734e27888b832a8c7e763a5c48", kill_on_drop: false }`
[INFO] [stderr]    Compiling aoc2022 v0.1.0 (/opt/rustwide/workdir)
[INFO] [stderr]     Finished `test` profile [unoptimized + debuginfo] target(s) in 0.68s
[INFO] running `Command { std: "docker" "inspect" "8e8d1091ab00735b6e360eaf3cd36dcdfff265734e27888b832a8c7e763a5c48", kill_on_drop: false }`
[INFO] running `Command { std: "docker" "rm" "-f" "8e8d1091ab00735b6e360eaf3cd36dcdfff265734e27888b832a8c7e763a5c48", kill_on_drop: false }`
[INFO] [stdout] 8e8d1091ab00735b6e360eaf3cd36dcdfff265734e27888b832a8c7e763a5c48
[INFO] running `Command { std: "docker" "create" "-v" "/var/lib/crater-agent-workspace/builds/worker-5-tc1/target:/opt/rustwide/target:rw,Z" "-v" "/var/lib/crater-agent-workspace/builds/worker-5-tc1/source:/opt/rustwide/workdir:ro,Z" "-v" "/var/lib/crater-agent-workspace/cargo-home:/opt/rustwide/cargo-home:ro,Z" "-v" "/var/lib/crater-agent-workspace/rustup-home:/opt/rustwide/rustup-home:ro,Z" "-e" "SOURCE_DIR=/opt/rustwide/workdir" "-e" "CARGO_TARGET_DIR=/opt/rustwide/target" "-e" "CARGO_INCREMENTAL=0" "-e" "RUST_BACKTRACE=full" "-e" "RUSTFLAGS=--cap-lints=warn" "-e" "RUSTDOCFLAGS=--cap-lints=warn" "-e" "CARGO_HOME=/opt/rustwide/cargo-home" "-e" "RUSTUP_HOME=/opt/rustwide/rustup-home" "-w" "/opt/rustwide/workdir" "-m" "1610612736" "--user" "0:0" "--network" "none" "ghcr.io/rust-lang/crates-build-env/linux@sha256:f3a9d4ad9d972b27faf3965f35b62e55ba32bbce8f20bc8fe909558a86702fde" "/opt/rustwide/cargo-home/bin/cargo" "+1.83.0" "test" "--frozen", kill_on_drop: false }`
[INFO] [stdout] 6be1ad3a6ad1a8c7803de3fd5605d63657fb75e0d6afd44638203942f0f4c6ab
[INFO] running `Command { std: "docker" "start" "-a" "6be1ad3a6ad1a8c7803de3fd5605d63657fb75e0d6afd44638203942f0f4c6ab", kill_on_drop: false }`
[INFO] [stderr]     Finished `test` profile [unoptimized + debuginfo] target(s) in 0.02s
[INFO] [stderr]      Running unittests src/main.rs (/opt/rustwide/target/debug/deps/aoc2022-1a649410111a92e5)
[INFO] [stdout] 
[INFO] [stdout] running 4 tests
[INFO] [stdout] test aocs::aoc1::tests::test_process_lines ... ok
[INFO] [stdout] test aocs::aoc1::tests::test_aoc_result ... ok
[INFO] [stdout] test aocs::aoc2::tests::test_process_line ... ok
[INFO] [stdout] test aocs::aoc2::tests::test_aoc ... FAILED
[INFO] [stdout] 
[INFO] [stdout] failures:
[INFO] [stdout] 
[INFO] [stdout] ---- aocs::aoc2::tests::test_aoc stdout ----
[INFO] [stdout] thread 'aocs::aoc2::tests::test_aoc' panicked at src/aocs/aoc2.rs:166:9:
[INFO] [stdout] assertion `left == right` failed
[INFO] [stdout]   left: (11666, 12767)
[INFO] [stdout]  right: (0, 0)
[INFO] [stdout] stack backtrace:
[INFO] [stdout]    0:     0x5d0d46bff95a - std::backtrace_rs::backtrace::libunwind::trace::h5a5b8284f2d0c266
[INFO] [stdout]                                at /rustc/90b35a6239c3d8bdabc530a6a0816f7ff89a0aaf/library/std/src/../../backtrace/src/backtrace/libunwind.rs:116:5
[INFO] [stdout]    1:     0x5d0d46bff95a - std::backtrace_rs::backtrace::trace_unsynchronized::h76d4f1c9b0b875e3
[INFO] [stdout]                                at /rustc/90b35a6239c3d8bdabc530a6a0816f7ff89a0aaf/library/std/src/../../backtrace/src/backtrace/mod.rs:66:5
[INFO] [stdout]    2:     0x5d0d46bff95a - std::sys::backtrace::_print_fmt::hc4546b8364a537c6
[INFO] [stdout]                                at /rustc/90b35a6239c3d8bdabc530a6a0816f7ff89a0aaf/library/std/src/sys/backtrace.rs:66:9
[INFO] [stdout]    3:     0x5d0d46bff95a - <std::sys::backtrace::BacktraceLock::print::DisplayBacktrace as core::fmt::Display>::fmt::h5b6bd5631a6d1f6b
[INFO] [stdout]                                at /rustc/90b35a6239c3d8bdabc530a6a0816f7ff89a0aaf/library/std/src/sys/backtrace.rs:39:26
[INFO] [stdout]    4:     0x5d0d46c24da3 - core::fmt::rt::Argument::fmt::h270f6602a2b96f62
[INFO] [stdout]                                at /rustc/90b35a6239c3d8bdabc530a6a0816f7ff89a0aaf/library/core/src/fmt/rt.rs:177:76
[INFO] [stdout]    5:     0x5d0d46c24da3 - core::fmt::write::h7550c97b06c86515
[INFO] [stdout]                                at /rustc/90b35a6239c3d8bdabc530a6a0816f7ff89a0aaf/library/core/src/fmt/mod.rs:1186:21
[INFO] [stdout]    6:     0x5d0d46bfcb23 - std::io::Write::write_fmt::h509ff860e5956e5e
[INFO] [stdout]                                at /rustc/90b35a6239c3d8bdabc530a6a0816f7ff89a0aaf/library/std/src/io/mod.rs:1839:15
[INFO] [stdout]    7:     0x5d0d46bff7a2 - std::sys::backtrace::BacktraceLock::print::h2395ccd2c84ba3aa
[INFO] [stdout]                                at /rustc/90b35a6239c3d8bdabc530a6a0816f7ff89a0aaf/library/std/src/sys/backtrace.rs:42:9
[INFO] [stdout]    8:     0x5d0d46c00dba - std::panicking::default_hook::{{closure}}::he19d4c7230e07961
[INFO] [stdout]                                at /rustc/90b35a6239c3d8bdabc530a6a0816f7ff89a0aaf/library/std/src/panicking.rs:268:22
[INFO] [stdout]    9:     0x5d0d46c00bc4 - std::panicking::default_hook::hf614597d3c67bbdb
[INFO] [stdout]                                at /rustc/90b35a6239c3d8bdabc530a6a0816f7ff89a0aaf/library/std/src/panicking.rs:292:9
[INFO] [stdout]   10:     0x5d0d46bcc3c9 - <alloc::boxed::Box<F,A> as core::ops::function::Fn<Args>>::call::h39b51ce4599c23d1
[INFO] [stdout]                                at /rustc/90b35a6239c3d8bdabc530a6a0816f7ff89a0aaf/library/alloc/src/boxed.rs:2468:9
[INFO] [stdout]   11:     0x5d0d46bcc3c9 - test::test_main::{{closure}}::he977ae839a582784
[INFO] [stdout]                                at /rustc/90b35a6239c3d8bdabc530a6a0816f7ff89a0aaf/library/test/src/lib.rs:133:21
[INFO] [stdout]   12:     0x5d0d46c01458 - <alloc::boxed::Box<F,A> as core::ops::function::Fn<Args>>::call::h9455091b6b06f9fb
[INFO] [stdout]                                at /rustc/90b35a6239c3d8bdabc530a6a0816f7ff89a0aaf/library/alloc/src/boxed.rs:2468:9
[INFO] [stdout]   13:     0x5d0d46c01458 - std::panicking::rust_panic_with_hook::h8942133a8b252070
[INFO] [stdout]                                at /rustc/90b35a6239c3d8bdabc530a6a0816f7ff89a0aaf/library/std/src/panicking.rs:809:13
[INFO] [stdout]   14:     0x5d0d46c0121a - std::panicking::begin_panic_handler::{{closure}}::hb5f5963570096b29
[INFO] [stdout]                                at /rustc/90b35a6239c3d8bdabc530a6a0816f7ff89a0aaf/library/std/src/panicking.rs:674:13
[INFO] [stdout]   15:     0x5d0d46bffe39 - std::sys::backtrace::__rust_end_short_backtrace::h6208cedc1922feda
[INFO] [stdout]                                at /rustc/90b35a6239c3d8bdabc530a6a0816f7ff89a0aaf/library/std/src/sys/backtrace.rs:170:18
[INFO] [stdout]   16:     0x5d0d46c00eac - rust_begin_unwind
[INFO] [stdout]                                at /rustc/90b35a6239c3d8bdabc530a6a0816f7ff89a0aaf/library/std/src/panicking.rs:665:5
[INFO] [stdout]   17:     0x5d0d46b82aa0 - core::panicking::panic_fmt::h0c3082644d1bf418
[INFO] [stdout]                                at /rustc/90b35a6239c3d8bdabc530a6a0816f7ff89a0aaf/library/core/src/panicking.rs:74:14
[INFO] [stdout]   18:     0x5d0d46b82e6b - core::panicking::assert_failed_inner::h2ddf1fcc067fa858
[INFO] [stdout]   19:     0x5d0d46b88944 - core::panicking::assert_failed::h0d942cfe502e0729
[INFO] [stdout]                                at /rustc/90b35a6239c3d8bdabc530a6a0816f7ff89a0aaf/library/core/src/panicking.rs:367:5
[INFO] [stdout]   20:     0x5d0d46b8c63d - aoc2022::aocs::aoc2::tests::test_aoc::h8d2f6d99c6ad739f
[INFO] [stdout]                                at /opt/rustwide/workdir/src/aocs/aoc2.rs:166:9
[INFO] [stdout]   21:     0x5d0d46b8c527 - aoc2022::aocs::aoc2::tests::test_aoc::{{closure}}::h7be235b5c007bfea
[INFO] [stdout]                                at /opt/rustwide/workdir/src/aocs/aoc2.rs:164:18
[INFO] [stdout]   22:     0x5d0d46b8ce36 - core::ops::function::FnOnce::call_once::had274ed97ad39b17
[INFO] [stdout]                                at /rustc/90b35a6239c3d8bdabc530a6a0816f7ff89a0aaf/library/core/src/ops/function.rs:250:5
[INFO] [stdout]   23:     0x5d0d46bd0d8b - core::ops::function::FnOnce::call_once::h109cf8051a59b34e
[INFO] [stdout]                                at /rustc/90b35a6239c3d8bdabc530a6a0816f7ff89a0aaf/library/core/src/ops/function.rs:250:5
[INFO] [stdout]   24:     0x5d0d46bd0d8b - test::__rust_begin_short_backtrace::hf4fff89d377446ba
[INFO] [stdout]                                at /rustc/90b35a6239c3d8bdabc530a6a0816f7ff89a0aaf/library/test/src/lib.rs:621:18
[INFO] [stdout]   25:     0x5d0d46bd05c7 - test::run_test_in_process::{{closure}}::h0e39181dd7ee5a43
[INFO] [stdout]                                at /rustc/90b35a6239c3d8bdabc530a6a0816f7ff89a0aaf/library/test/src/lib.rs:644:60
[INFO] [stdout]   26:     0x5d0d46bd05c7 - <core::panic::unwind_safe::AssertUnwindSafe<F> as core::ops::function::FnOnce<()>>::call_once::hc5a66a30f0bdfd1f
[INFO] [stdout]                                at /rustc/90b35a6239c3d8bdabc530a6a0816f7ff89a0aaf/library/core/src/panic/unwind_safe.rs:272:9
[INFO] [stdout]   27:     0x5d0d46bd05c7 - std::panicking::try::do_call::h873b7cf639554a5e
[INFO] [stdout]                                at /rustc/90b35a6239c3d8bdabc530a6a0816f7ff89a0aaf/library/std/src/panicking.rs:557:40
[INFO] [stdout]   28:     0x5d0d46bd05c7 - std::panicking::try::hdb19862fad9c8bd1
[INFO] [stdout]                                at /rustc/90b35a6239c3d8bdabc530a6a0816f7ff89a0aaf/library/std/src/panicking.rs:520:19
[INFO] [stdout]   29:     0x5d0d46bd05c7 - std::panic::catch_unwind::h281fe732d236d260
[INFO] [stdout]                                at /rustc/90b35a6239c3d8bdabc530a6a0816f7ff89a0aaf/library/std/src/panic.rs:358:14
[INFO] [stdout]   30:     0x5d0d46bd05c7 - test::run_test_in_process::h949b6df8457ed338
[INFO] [stdout]                                at /rustc/90b35a6239c3d8bdabc530a6a0816f7ff89a0aaf/library/test/src/lib.rs:644:27
[INFO] [stdout]   31:     0x5d0d46bd05c7 - test::run_test::{{closure}}::h52c556a6d4740e10
[INFO] [stdout]                                at /rustc/90b35a6239c3d8bdabc530a6a0816f7ff89a0aaf/library/test/src/lib.rs:565:43
[INFO] [stdout]   32:     0x5d0d46b958a4 - test::run_test::{{closure}}::h4237f6381c45ccb9
[INFO] [stdout]                                at /rustc/90b35a6239c3d8bdabc530a6a0816f7ff89a0aaf/library/test/src/lib.rs:595:41
[INFO] [stdout]   33:     0x5d0d46b958a4 - std::sys::backtrace::__rust_begin_short_backtrace::h505c97a579eca628
[INFO] [stdout]                                at /rustc/90b35a6239c3d8bdabc530a6a0816f7ff89a0aaf/library/std/src/sys/backtrace.rs:154:18
[INFO] [stdout]   34:     0x5d0d46b98f6e - std::thread::Builder::spawn_unchecked_::{{closure}}::{{closure}}::h9e86b2e2bc107ea3
[INFO] [stdout]                                at /rustc/90b35a6239c3d8bdabc530a6a0816f7ff89a0aaf/library/std/src/thread/mod.rs:538:17
[INFO] [stdout]   35:     0x5d0d46b98f6e - <core::panic::unwind_safe::AssertUnwindSafe<F> as core::ops::function::FnOnce<()>>::call_once::h8b06ddb275ff4a25
[INFO] [stdout]                                at /rustc/90b35a6239c3d8bdabc530a6a0816f7ff89a0aaf/library/core/src/panic/unwind_safe.rs:272:9
[INFO] [stdout]   36:     0x5d0d46b98f6e - std::panicking::try::do_call::hb26ecd7cd9a9355d
[INFO] [stdout]                                at /rustc/90b35a6239c3d8bdabc530a6a0816f7ff89a0aaf/library/std/src/panicking.rs:557:40
[INFO] [stdout]   37:     0x5d0d46b98f6e - std::panicking::try::h8ddeca9d705f9069
[INFO] [stdout]                                at /rustc/90b35a6239c3d8bdabc530a6a0816f7ff89a0aaf/library/std/src/panicking.rs:520:19
[INFO] [stdout]   38:     0x5d0d46b98f6e - std::panic::catch_unwind::h49e1c33078844c46
[INFO] [stdout]                                at /rustc/90b35a6239c3d8bdabc530a6a0816f7ff89a0aaf/library/std/src/panic.rs:358:14
[INFO] [stdout]   39:     0x5d0d46b98f6e - std::thread::Builder::spawn_unchecked_::{{closure}}::h6073db6ff56ad35d
[INFO] [stdout]                                at /rustc/90b35a6239c3d8bdabc530a6a0816f7ff89a0aaf/library/std/src/thread/mod.rs:537:30
[INFO] [stdout]   40:     0x5d0d46b98f6e - core::ops::function::FnOnce::call_once{{vtable.shim}}::h2c5a5f3779c774f1
[INFO] [stdout]                                at /rustc/90b35a6239c3d8bdabc530a6a0816f7ff89a0aaf/library/core/src/ops/function.rs:250:5
[INFO] [stdout]   41:     0x5d0d46c051bb - <alloc::boxed::Box<F,A> as core::ops::function::FnOnce<Args>>::call_once::hf75717d9f28faebf
[INFO] [stdout]                                at /rustc/90b35a6239c3d8bdabc530a6a0816f7ff89a0aaf/library/alloc/src/boxed.rs:2454:9
[INFO] [stdout]   42:     0x5d0d46c051bb - <alloc::boxed::Box<F,A> as core::ops::function::FnOnce<Args>>::call_once::h7bd883a5f3c5f3c1
[INFO] [stdout]                                at /rustc/90b35a6239c3d8bdabc530a6a0816f7ff89a0aaf/library/alloc/src/boxed.rs:2454:9
[INFO] [stdout]   43:     0x5d0d46c051bb - std::sys::pal::unix::thread::Thread::new::thread_start::hcc78f3943333fa94
[INFO] [stdout]                                at /rustc/90b35a6239c3d8bdabc530a6a0816f7ff89a0aaf/library/std/src/sys/pal/unix/thread.rs:105:17
[INFO] [stdout]   44:     0x7e6653280ac3 - <unknown>
[INFO] [stdout]   45:     0x7e6653311a04 - clone
[INFO] [stdout]   46:                0x0 - <unknown>
[INFO] [stdout] 
[INFO] [stdout] 
[INFO] [stdout] failures:
[INFO] [stdout]     aocs::aoc2::tests::test_aoc
[INFO] [stdout] 
[INFO] [stdout] test result: FAILED. 3 passed; 1 failed; 0 ignored; 0 measured; 0 filtered out; finished in 0.05s
[INFO] [stdout] 
[INFO] [stderr] error: test failed, to rerun pass `--bin aoc2022`
[INFO] running `Command { std: "docker" "inspect" "6be1ad3a6ad1a8c7803de3fd5605d63657fb75e0d6afd44638203942f0f4c6ab", kill_on_drop: false }`
[INFO] running `Command { std: "docker" "rm" "-f" "6be1ad3a6ad1a8c7803de3fd5605d63657fb75e0d6afd44638203942f0f4c6ab", kill_on_drop: false }`
[INFO] [stdout] 6be1ad3a6ad1a8c7803de3fd5605d63657fb75e0d6afd44638203942f0f4c6ab
