[INFO] cloning repository https://github.com/yezz123/CoveAPI
[INFO] running `Command { std: "git" "-c" "credential.helper=" "-c" "credential.helper=/workspace/cargo-home/bin/git-credential-null" "clone" "--bare" "https://github.com/yezz123/CoveAPI" "/workspace/cache/git-repos/https%3A%2F%2Fgithub.com%2Fyezz123%2FCoveAPI", kill_on_drop: false }`
[INFO] [stderr] Cloning into bare repository '/workspace/cache/git-repos/https%3A%2F%2Fgithub.com%2Fyezz123%2FCoveAPI'...
[INFO] running `Command { std: "git" "rev-parse" "HEAD", kill_on_drop: false }`
[INFO] [stdout] 2e877db2b116c0b30b6ed4f8aee05fa5c4513769
[INFO] testing yezz123/CoveAPI against beta-2024-12-08 for beta-1.84.0-4-retry
[INFO] running `Command { std: "git" "clone" "/workspace/cache/git-repos/https%3A%2F%2Fgithub.com%2Fyezz123%2FCoveAPI" "/workspace/builds/worker-1-tc2/source", kill_on_drop: false }`
[INFO] [stderr] Cloning into '/workspace/builds/worker-1-tc2/source'...
[INFO] [stderr] done.
[INFO] validating manifest of git repo https://github.com/yezz123/CoveAPI on toolchain beta-2024-12-08
[INFO] running `Command { std: CARGO_HOME="/workspace/cargo-home" RUSTUP_HOME="/workspace/rustup-home" "/workspace/cargo-home/bin/cargo" "+beta-2024-12-08" "metadata" "--manifest-path" "Cargo.toml" "--no-deps", kill_on_drop: false }`
[INFO] started tweaking git repo https://github.com/yezz123/CoveAPI
[INFO] finished tweaking git repo https://github.com/yezz123/CoveAPI
[INFO] tweaked toml for git repo https://github.com/yezz123/CoveAPI written to /workspace/builds/worker-1-tc2/source/Cargo.toml
[INFO] crate git repo https://github.com/yezz123/CoveAPI already has a lockfile, it will not be regenerated
[INFO] running `Command { std: CARGO_HOME="/workspace/cargo-home" RUSTUP_HOME="/workspace/rustup-home" "/workspace/cargo-home/bin/cargo" "+beta-2024-12-08" "fetch" "--manifest-path" "Cargo.toml", kill_on_drop: false }`
[INFO] running `Command { std: "docker" "create" "-v" "/var/lib/crater-agent-workspace/builds/worker-1-tc2/target:/opt/rustwide/target:rw,Z" "-v" "/var/lib/crater-agent-workspace/builds/worker-1-tc2/source:/opt/rustwide/workdir:ro,Z" "-v" "/var/lib/crater-agent-workspace/cargo-home:/opt/rustwide/cargo-home:ro,Z" "-v" "/var/lib/crater-agent-workspace/rustup-home:/opt/rustwide/rustup-home:ro,Z" "-e" "SOURCE_DIR=/opt/rustwide/workdir" "-e" "CARGO_TARGET_DIR=/opt/rustwide/target" "-e" "CARGO_HOME=/opt/rustwide/cargo-home" "-e" "RUSTUP_HOME=/opt/rustwide/rustup-home" "-w" "/opt/rustwide/workdir" "-m" "1610612736" "--user" "0:0" "--network" "none" "ghcr.io/rust-lang/crates-build-env/linux@sha256:f3a9d4ad9d972b27faf3965f35b62e55ba32bbce8f20bc8fe909558a86702fde" "/opt/rustwide/cargo-home/bin/cargo" "+beta-2024-12-08" "metadata" "--no-deps" "--format-version=1", kill_on_drop: false }`
[INFO] [stdout] 3b5583f5e66e2dac7b32a85f02d34d1ff197a1b3eb24c5079a9098d63b719528
[INFO] running `Command { std: "docker" "start" "-a" "3b5583f5e66e2dac7b32a85f02d34d1ff197a1b3eb24c5079a9098d63b719528", kill_on_drop: false }`
[INFO] running `Command { std: "docker" "inspect" "3b5583f5e66e2dac7b32a85f02d34d1ff197a1b3eb24c5079a9098d63b719528", kill_on_drop: false }`
[INFO] running `Command { std: "docker" "rm" "-f" "3b5583f5e66e2dac7b32a85f02d34d1ff197a1b3eb24c5079a9098d63b719528", kill_on_drop: false }`
[INFO] [stdout] 3b5583f5e66e2dac7b32a85f02d34d1ff197a1b3eb24c5079a9098d63b719528
[INFO] running `Command { std: "docker" "create" "-v" "/var/lib/crater-agent-workspace/builds/worker-1-tc2/target:/opt/rustwide/target:rw,Z" "-v" "/var/lib/crater-agent-workspace/builds/worker-1-tc2/source:/opt/rustwide/workdir:ro,Z" "-v" "/var/lib/crater-agent-workspace/cargo-home:/opt/rustwide/cargo-home:ro,Z" "-v" "/var/lib/crater-agent-workspace/rustup-home:/opt/rustwide/rustup-home:ro,Z" "-e" "SOURCE_DIR=/opt/rustwide/workdir" "-e" "CARGO_TARGET_DIR=/opt/rustwide/target" "-e" "CARGO_INCREMENTAL=0" "-e" "RUST_BACKTRACE=full" "-e" "RUSTFLAGS=--cap-lints=warn" "-e" "RUSTDOCFLAGS=--cap-lints=warn" "-e" "CARGO_HOME=/opt/rustwide/cargo-home" "-e" "RUSTUP_HOME=/opt/rustwide/rustup-home" "-w" "/opt/rustwide/workdir" "-m" "1610612736" "--user" "0:0" "--network" "none" "ghcr.io/rust-lang/crates-build-env/linux@sha256:f3a9d4ad9d972b27faf3965f35b62e55ba32bbce8f20bc8fe909558a86702fde" "/opt/rustwide/cargo-home/bin/cargo" "+beta-2024-12-08" "build" "--frozen" "--message-format=json", kill_on_drop: false }`
[INFO] [stdout] 803ede6a4655700d2a96a98dff0536619b2a051dc05dc56a807fe550d146dd94
[INFO] running `Command { std: "docker" "start" "-a" "803ede6a4655700d2a96a98dff0536619b2a051dc05dc56a807fe550d146dd94", kill_on_drop: false }`
[INFO] [stderr]    Compiling proc-macro2 v1.0.85
[INFO] [stderr]    Compiling libc v0.2.155
[INFO] [stderr]    Compiling memchr v2.7.2
[INFO] [stderr]    Compiling autocfg v1.3.0
[INFO] [stderr]    Compiling pin-project-lite v0.2.14
[INFO] [stderr]    Compiling unicode-ident v1.0.12
[INFO] [stderr]    Compiling futures-core v0.3.30
[INFO] [stderr]    Compiling itoa v1.0.11
[INFO] [stderr]    Compiling fnv v1.0.7
[INFO] [stderr]    Compiling futures-sink v0.3.30
[INFO] [stderr]    Compiling bytes v1.6.0
[INFO] [stderr]    Compiling serde v1.0.203
[INFO] [stderr]    Compiling httparse v1.8.0
[INFO] [stderr]    Compiling tinyvec_macros v0.1.1
[INFO] [stderr]    Compiling futures-task v0.3.30
[INFO] [stderr]    Compiling pin-utils v0.1.0
[INFO] [stderr]    Compiling futures-io v0.3.30
[INFO] [stderr]    Compiling tinyvec v1.6.0
[INFO] [stderr]    Compiling try-lock v0.2.5
[INFO] [stderr]    Compiling slab v0.4.9
[INFO] [stderr]    Compiling http v1.1.0
[INFO] [stderr]    Compiling once_cell v1.19.0
[INFO] [stderr]    Compiling percent-encoding v2.3.1
[INFO] [stderr]    Compiling tracing-core v0.1.32
[INFO] [stderr]    Compiling futures-util v0.3.30
[INFO] [stderr]    Compiling quote v1.0.36
[INFO] [stderr]    Compiling http-body v1.0.0
[INFO] [stderr]    Compiling form_urlencoded v1.2.1
[INFO] [stderr]    Compiling syn v2.0.66
[INFO] [stderr]    Compiling unicode-normalization v0.1.23
[INFO] [stderr]    Compiling want v0.3.1
[INFO] [stderr]    Compiling socket2 v0.5.7
[INFO] [stderr]    Compiling mio v0.8.11
[INFO] [stderr]    Compiling futures-channel v0.3.30
[INFO] [stderr]    Compiling unicode-bidi v0.3.15
[INFO] [stderr]    Compiling ryu v1.0.18
[INFO] [stderr]    Compiling tower-layer v0.3.2
[INFO] [stderr]    Compiling smallvec v1.13.2
[INFO] [stderr]    Compiling serde_json v1.0.117
[INFO] [stderr]    Compiling tokio v1.38.0
[INFO] [stderr]    Compiling tower-service v0.3.2
[INFO] [stderr]    Compiling idna v0.5.0
[INFO] [stderr]    Compiling tracing v0.1.40
[INFO] [stderr]    Compiling aho-corasick v1.1.3
[INFO] [stderr]    Compiling regex-syntax v0.8.3
[INFO] [stderr]    Compiling http-body-util v0.1.1
[INFO] [stderr]    Compiling sync_wrapper v1.0.1
[INFO] [stderr]    Compiling ipnet v2.9.0
[INFO] [stderr]    Compiling url v2.5.2
[INFO] [stderr]    Compiling linked-hash-map v0.5.6
[INFO] [stderr]    Compiling log v0.4.21
[INFO] [stderr]    Compiling base64 v0.22.1
[INFO] [stderr]    Compiling mime v0.3.17
[INFO] [stderr]    Compiling yaml-rust v0.4.5
[INFO] [stderr]    Compiling regex-automata v0.4.6
[INFO] [stderr]    Compiling json v0.12.4
[INFO] [stderr]    Compiling serde_urlencoded v0.7.1
[INFO] [stderr]    Compiling hyper v1.3.1
[INFO] [stderr]    Compiling lazy_static v1.5.0
[INFO] [stderr]    Compiling float_eq v1.0.1
[INFO] [stderr]    Compiling pin-project-internal v1.1.5
[INFO] [stderr]    Compiling regex v1.10.6
[INFO] [stderr]    Compiling pin-project v1.1.5
[INFO] [stderr]    Compiling tower v0.4.13
[INFO] [stderr]    Compiling hyper-util v0.1.5
[INFO] [stderr]    Compiling reqwest v0.12.7
[INFO] [stderr]    Compiling coveapi v2.2.0 (/opt/rustwide/workdir)
[INFO] [stderr]     Finished `dev` profile [unoptimized + debuginfo] target(s) in 1m 05s
[INFO] running `Command { std: "docker" "inspect" "803ede6a4655700d2a96a98dff0536619b2a051dc05dc56a807fe550d146dd94", kill_on_drop: false }`
[INFO] running `Command { std: "docker" "rm" "-f" "803ede6a4655700d2a96a98dff0536619b2a051dc05dc56a807fe550d146dd94", kill_on_drop: false }`
[INFO] [stdout] 803ede6a4655700d2a96a98dff0536619b2a051dc05dc56a807fe550d146dd94
[INFO] running `Command { std: "docker" "create" "-v" "/var/lib/crater-agent-workspace/builds/worker-1-tc2/target:/opt/rustwide/target:rw,Z" "-v" "/var/lib/crater-agent-workspace/builds/worker-1-tc2/source:/opt/rustwide/workdir:ro,Z" "-v" "/var/lib/crater-agent-workspace/cargo-home:/opt/rustwide/cargo-home:ro,Z" "-v" "/var/lib/crater-agent-workspace/rustup-home:/opt/rustwide/rustup-home:ro,Z" "-e" "SOURCE_DIR=/opt/rustwide/workdir" "-e" "CARGO_TARGET_DIR=/opt/rustwide/target" "-e" "CARGO_INCREMENTAL=0" "-e" "RUST_BACKTRACE=full" "-e" "RUSTFLAGS=--cap-lints=warn" "-e" "RUSTDOCFLAGS=--cap-lints=warn" "-e" "CARGO_HOME=/opt/rustwide/cargo-home" "-e" "RUSTUP_HOME=/opt/rustwide/rustup-home" "-w" "/opt/rustwide/workdir" "-m" "1610612736" "--user" "0:0" "--network" "none" "ghcr.io/rust-lang/crates-build-env/linux@sha256:f3a9d4ad9d972b27faf3965f35b62e55ba32bbce8f20bc8fe909558a86702fde" "/opt/rustwide/cargo-home/bin/cargo" "+beta-2024-12-08" "test" "--frozen" "--no-run" "--message-format=json", kill_on_drop: false }`
[INFO] [stdout] 885fb10d387cc5f9e067a078ec989f3b173c678ce5520eefe1554cb70eacd951
[INFO] running `Command { std: "docker" "start" "-a" "885fb10d387cc5f9e067a078ec989f3b173c678ce5520eefe1554cb70eacd951", kill_on_drop: false }`
[INFO] [stderr]    Compiling coveapi v2.2.0 (/opt/rustwide/workdir)
[INFO] [stderr]     Finished `test` profile [unoptimized + debuginfo] target(s) in 4.24s
[INFO] running `Command { std: "docker" "inspect" "885fb10d387cc5f9e067a078ec989f3b173c678ce5520eefe1554cb70eacd951", kill_on_drop: false }`
[INFO] running `Command { std: "docker" "rm" "-f" "885fb10d387cc5f9e067a078ec989f3b173c678ce5520eefe1554cb70eacd951", kill_on_drop: false }`
[INFO] [stdout] 885fb10d387cc5f9e067a078ec989f3b173c678ce5520eefe1554cb70eacd951
[INFO] running `Command { std: "docker" "create" "-v" "/var/lib/crater-agent-workspace/builds/worker-1-tc2/target:/opt/rustwide/target:rw,Z" "-v" "/var/lib/crater-agent-workspace/builds/worker-1-tc2/source:/opt/rustwide/workdir:ro,Z" "-v" "/var/lib/crater-agent-workspace/cargo-home:/opt/rustwide/cargo-home:ro,Z" "-v" "/var/lib/crater-agent-workspace/rustup-home:/opt/rustwide/rustup-home:ro,Z" "-e" "SOURCE_DIR=/opt/rustwide/workdir" "-e" "CARGO_TARGET_DIR=/opt/rustwide/target" "-e" "CARGO_INCREMENTAL=0" "-e" "RUST_BACKTRACE=full" "-e" "RUSTFLAGS=--cap-lints=warn" "-e" "RUSTDOCFLAGS=--cap-lints=warn" "-e" "CARGO_HOME=/opt/rustwide/cargo-home" "-e" "RUSTUP_HOME=/opt/rustwide/rustup-home" "-w" "/opt/rustwide/workdir" "-m" "1610612736" "--user" "0:0" "--network" "none" "ghcr.io/rust-lang/crates-build-env/linux@sha256:f3a9d4ad9d972b27faf3965f35b62e55ba32bbce8f20bc8fe909558a86702fde" "/opt/rustwide/cargo-home/bin/cargo" "+beta-2024-12-08" "test" "--frozen", kill_on_drop: false }`
[INFO] [stdout] f94a2aeb6615a3f3c0ae42d10087b1e97b4f42f820358af0fde11cddf5c707e2
[INFO] running `Command { std: "docker" "start" "-a" "f94a2aeb6615a3f3c0ae42d10087b1e97b4f42f820358af0fde11cddf5c707e2", kill_on_drop: false }`
[INFO] [stderr]     Finished `test` profile [unoptimized + debuginfo] target(s) in 0.11s
[INFO] [stderr]      Running unittests src/lib.rs (/opt/rustwide/target/debug/deps/coveapi-b2a1c09d017a7670)
[INFO] [stdout] 
[INFO] [stdout] running 96 tests
[INFO] [stdout] test config::environment::test::account_for_security_val_is_used ... ok
[INFO] [stdout] test config::environment::test::can_recognise_if_env_var_doesnt_exist ... ok
[INFO] [stdout] test config::environment::test::can_catch_invalid_url ... ok
[INFO] [stdout] test config::environment::test::can_fetch_valid_openapi_path ... ok
[INFO] [stdout] test config::environment::test::can_fetch_valid_url ... ok
[INFO] [stdout] test config::environment::test::can_recognise_if_env_var_is_empty ... ok
[INFO] [stdout] test config::environment::test::allows_different_whitespace_ammounts ... ok
[INFO] [stdout] test config::environment::test::can_recognise_if_env_var_is_not_empty ... ok
[INFO] [stdout] test config::environment::test::configuration_defaults_to_port_13750 ... ok
[INFO] [stdout] test config::environment::test::configuration_throws_error_for_invalid_port ... ok
[INFO] [stdout] test config::environment::test::configuration_recognises_port_number ... ok
[INFO] [stdout] test config::environment::test::debug_val_is_used ... ok
[INFO] [stdout] test config::environment::test::duplicate_ports_lead_to_error_in_mapping ... ok
[INFO] [stdout] test config::environment::test::defaults_to_70_percent_test_coverage ... ok
[INFO] [stdout] test config::environment::test::allows_escaping_of_semicolon ... ok
[INFO] [stdout] test config::environment::test::missing_keys_lead_to_err ... ok
[INFO] [stdout] test config::environment::test::non_existant_bool_is_false_no_error ... ok
[INFO] [stdout] test config::environment::test::mapping_gets_recognised_in_happy_case ... ok
[INFO] [stdout] test config::environment::test::nonzero_bool_is_true ... ok
[INFO] [stdout] test config::environment::test::parses_till_limit ... ok
[INFO] [stdout] test config::environment::test::parses_basic_mapping ... ok
[INFO] [stdout] test config::environment::test::passing_in_basic_parameters_leads_to_default_runtime_being_initialized ... ok
[INFO] [stdout] test config::environment::test::regocnises_forbidden_security_flag_in_config ... ok
[INFO] [stdout] test config::environment::test::regocnises_unautorized_security_flag_in_config ... ok
[INFO] [stdout] test config::environment::test::regonises_merge ... ok
[INFO] [stdout] test config::environment::test::recognises_if_account_merge ... ok
[INFO] [stdout] test config::environment::test::remove_escaped_sequences_ignored_unescaped ... ok
[INFO] [stdout] test config::environment::test::remove_escaped_sequences_replaces_escape_sequences ... ok
[INFO] [stdout] test config::environment::test::skips_over_escaped_chars ... ok
[INFO] [stdout] test config::environment::test::test_coverage_empty_sting_leads_to_default ... ok
[INFO] [stdout] test config::environment::test::test_coverage_throws_error_if_invalid_number ... ok
[INFO] [stdout] test config::environment::test::test_coverage_translator_can_recognise_float ... ok
[INFO] [stdout] test config::environment::test::throws_error_if_any_parallel_configuration_with_mapping_is_donw ... ok
[INFO] [stdout] test config::environment::test::zero_or_empty_bool_is_false ... ok
[INFO] [stdout] test config::nginx::tests::changes_marker_from_string ... ok
[INFO] [stdout] test config::nginx::tests::generates_multiple_configurations ... ok
[INFO] [stdout] test config::nginx::tests::repaces_port_number ... ok
[INFO] [stdout] test config::environment::test::test_coverage_throws_error_if_over_100_percent ... ok
[INFO] [stdout] test config::environment::test::throws_error_if_no_configuration_or_mapping_is_provided ... ok
[INFO] [stdout] test config::environment::test::returns_error_if_missing_delimiter ... ok
[INFO] [stdout] test config::environment::test::security_is_off_by_default ... ok
[INFO] [stdout] test config::environment::test::test_coverage_recognises_percentage_with_sign ... ok
[INFO] [stdout] test config::nginx::tests::replaces_log_when_debug_on ... ok
[INFO] [stdout] test config::tests::shoul_print_merge_if_is_merge_and_openapi_is_file ... ok
[INFO] [stdout] test config::tests::should_only_print_merge_if_openapi_source_is_file ... ok
[INFO] [stdout] test evaluator::compare::tests::evaluate_covers_simplest_test_coverage_case ... ok
[INFO] [stdout] test evaluator::compare::tests::evaluate_groups_two_endpoints ... ok
[INFO] [stdout] test evaluator::compare::tests::correctly_asserts_gateway_issues ... ok
[INFO] [stdout] test evaluator::compare::tests::evaluate_gives_full_coverage_when_no_wanted_and_no_provided ... ok
[INFO] [stdout] test evaluator::compare::tests::internal_incompases_all_check_returns_false_for_empty_possibilities ... ok
[INFO] [stdout] test evaluator::compare::tests::internal_incompases_all_check_matches_base_case ... ok
[INFO] [stdout] test models::endpoint::tests::correctly_identifies_variable_end ... ok
[INFO] [stdout] test models::endpoint::tests::expoints_with_different_methods_dont_encompas_eachother ... ok
[INFO] [stdout] test models::endpoint::tests::expoints_with_different_runtimes_dont_encompas_eachother ... ok
[INFO] [stdout] test models::endpoint::tests::expoints_with_different_status_codes_dont_encompas_eachother ... ok
[INFO] [stdout] test models::endpoint::tests::fixed_endpoints_encompas_eachother ... ok
[INFO] [stdout] test models::endpoint::tests::ignores_single_closing_bracket ... ok
[INFO] [stdout] test models::endpoint::tests::ignores_single_opening_bracket ... ok
[INFO] [stdout] test models::endpoint::tests::dynamic_endpoints_encompas_eachother ... ok
[INFO] [stdout] test models::endpoint::tests::different_endpoints_dont_encompas_eachother ... ok
[INFO] [stdout] test evaluator::compare::tests::evaluate_gives_zero_if_no_nginx_endpoint ... ok
[INFO] [stdout] test models::endpoint::tests::parses_fixed_path ... ok
[INFO] [stdout] test models::endpoint::tests::parses_variable_path ... ok
[INFO] [stdout] test models::endpoint::tests::same_variable_endpoints_encompas_eachother ... ok
[INFO] [stdout] test models::grouping::tests::different_method_leads_to_not_incompased ... ok
[INFO] [stdout] test models::grouping::tests::different_status_leads_to_not_incompased ... ok
[INFO] [stdout] test config::environment::test::test_coverage_recognises_percentage_without_sign ... ok
[INFO] [stdout] test parser::common::tests::removes_trailing_slash ... ok
[INFO] [stdout] test parser::common::tests::coverts_slash_to_empty_string ... ok
[INFO] [stdout] test parser::json_parser::test::adds_401_403_for_security_headers ... ok
[INFO] [stdout] test parser::json_parser::test::parses_correct_basepath ... ok
[INFO] [stdout] test parser::json_parser::test::parses_correct_method ... ok
[INFO] [stdout] test parser::json_parser::test::parses_correct_number_of_responses ... ok
[INFO] [stdout] test parser::json_parser::test::parses_correct_path ... ok
[INFO] [stdout] test parser::json_parser::test::parses_correct_status_codes ... ok
[INFO] [stdout] test parser::nginx_parser::test::finds_runtime_by_port ... ok
[INFO] [stdout] test evaluator::compare::tests::internal_incompases_all_check_functions_for_sized_arrays ... ok
[INFO] [stdout] test models::endpoint::tests::matches_numerics_as_vairable_in_path ... ok
[INFO] [stdout] test parser::common::tests::ignores_emty_string ... ok
[INFO] [stdout] test parser::nginx_parser::test::throws_error_if_port_is_not_from_runtime ... ok
[INFO] [stdout] test parser::tests::parses_json_file_correctly ... ok
[INFO] [stdout] test parser::tests::parses_old_file_correctly ... ok
[INFO] [stdout] test models::grouping::tests::grouping_detects_incompased_endpoint ... ok
[INFO] [stdout] test parser::tests::parses_yaml_file_correctly ... ok
[INFO] [stdout] test parser::yaml_parser::tests::adds_401_403_for_security_headers ... ok
[INFO] [stdout] test parser::tests::throws_error_when_providing_absolute_path ... ok
[INFO] [stdout] test parser::yaml_parser::tests::finds_all_methods ... ok
[INFO] [stdout] test parser::yaml_parser::tests::finds_all_paths ... ok
[INFO] [stdout] test parser::yaml_parser::tests::finds_all_statuses ... ok
[INFO] [stdout] test utils::runtime::tests::sorts_into_runtime_correctly ... ok
[INFO] [stdout] test parser::nginx_parser::test::parses_correct_port ... ok
[INFO] [stdout] test parser::nginx_parser::test::parses_correct_status ... ok
[INFO] [stdout] test parser::nginx_parser::test::parses_correct_path ... ok
[INFO] [stdout] test parser::nginx_parser::test::parses_correct_method ... ok
[INFO] [stdout] test parser::nginx_parser::test::parses_full_access_log ... ok
[INFO] [stdout] test config::nginx::tests::replaces_file_correctly ... FAILED
[INFO] [stdout] 
[INFO] [stdout] failures:
[INFO] [stdout] 
[INFO] [stdout] ---- config::nginx::tests::replaces_file_correctly stdout ----
[INFO] [stdout] thread 'config::nginx::tests::replaces_file_correctly' panicked at src/config/nginx.rs:173:79:
[INFO] [stdout] called `Result::unwrap()` on an `Err` value: UnexpectedIOIssue("issue opening file \"./dump/nginx.conf\" due to: Read-only file system (os error 30)")
[INFO] [stdout] stack backtrace:
[INFO] [stdout]    0:     0x5a8627dd51ba - std::backtrace_rs::backtrace::libunwind::trace::h8810477743020387
[INFO] [stdout]                                at /rustc/202008a1b8de96d2e5b6bc02d379db03a877d34d/library/std/src/../../backtrace/src/backtrace/libunwind.rs:116:5
[INFO] [stdout]    1:     0x5a8627dd51ba - std::backtrace_rs::backtrace::trace_unsynchronized::h3aa55355dd6c54a6
[INFO] [stdout]                                at /rustc/202008a1b8de96d2e5b6bc02d379db03a877d34d/library/std/src/../../backtrace/src/backtrace/mod.rs:66:5
[INFO] [stdout]    2:     0x5a8627dd51ba - std::sys::backtrace::_print_fmt::h8588b0f62410823f
[INFO] [stdout]                                at /rustc/202008a1b8de96d2e5b6bc02d379db03a877d34d/library/std/src/sys/backtrace.rs:66:9
[INFO] [stdout]    3:     0x5a8627dd51ba - <std::sys::backtrace::BacktraceLock::print::DisplayBacktrace as core::fmt::Display>::fmt::h98c26ac25ffe89bb
[INFO] [stdout]                                at /rustc/202008a1b8de96d2e5b6bc02d379db03a877d34d/library/std/src/sys/backtrace.rs:39:26
[INFO] [stdout]    4:     0x5a8627dfe5b3 - core::fmt::rt::Argument::fmt::hf95377f4aebd453b
[INFO] [stdout]                                at /rustc/202008a1b8de96d2e5b6bc02d379db03a877d34d/library/core/src/fmt/rt.rs:177:76
[INFO] [stdout]    5:     0x5a8627dfe5b3 - core::fmt::write::h0dd5f6e2238c7982
[INFO] [stdout]                                at /rustc/202008a1b8de96d2e5b6bc02d379db03a877d34d/library/core/src/fmt/mod.rs:1189:21
[INFO] [stdout]    6:     0x5a8627dd2043 - std::io::Write::write_fmt::h03bb0ca26e6faf8c
[INFO] [stdout]                                at /rustc/202008a1b8de96d2e5b6bc02d379db03a877d34d/library/std/src/io/mod.rs:1884:15
[INFO] [stdout]    7:     0x5a8627dd5002 - std::sys::backtrace::BacktraceLock::print::h5c19c1c038ee186d
[INFO] [stdout]                                at /rustc/202008a1b8de96d2e5b6bc02d379db03a877d34d/library/std/src/sys/backtrace.rs:42:9
[INFO] [stdout]    8:     0x5a8627dd663d - std::panicking::default_hook::{{closure}}::h77172f079a1fcb13
[INFO] [stdout]                                at /rustc/202008a1b8de96d2e5b6bc02d379db03a877d34d/library/std/src/panicking.rs:268:22
[INFO] [stdout]    9:     0x5a8627dd6447 - std::panicking::default_hook::he5f8e3b203ccddba
[INFO] [stdout]                                at /rustc/202008a1b8de96d2e5b6bc02d379db03a877d34d/library/std/src/panicking.rs:292:9
[INFO] [stdout]   10:     0x5a8627a79037 - <alloc::boxed::Box<F,A> as core::ops::function::Fn<Args>>::call::h7a3c7b4a1ae77f2f
[INFO] [stdout]                                at /rustc/202008a1b8de96d2e5b6bc02d379db03a877d34d/library/alloc/src/boxed.rs:1986:9
[INFO] [stdout]   11:     0x5a8627a79037 - test::test_main::{{closure}}::hf0d3b69ae9b353d1
[INFO] [stdout]                                at /rustc/202008a1b8de96d2e5b6bc02d379db03a877d34d/library/test/src/lib.rs:134:21
[INFO] [stdout]   12:     0x5a8627dd6ce8 - <alloc::boxed::Box<F,A> as core::ops::function::Fn<Args>>::call::h6332e82e7b189abd
[INFO] [stdout]                                at /rustc/202008a1b8de96d2e5b6bc02d379db03a877d34d/library/alloc/src/boxed.rs:1986:9
[INFO] [stdout]   13:     0x5a8627dd6ce8 - std::panicking::rust_panic_with_hook::h53863d4e9018df39
[INFO] [stdout]                                at /rustc/202008a1b8de96d2e5b6bc02d379db03a877d34d/library/std/src/panicking.rs:809:13
[INFO] [stdout]   14:     0x5a8627dd6aaa - std::panicking::begin_panic_handler::{{closure}}::h67280e6fa0757873
[INFO] [stdout]                                at /rustc/202008a1b8de96d2e5b6bc02d379db03a877d34d/library/std/src/panicking.rs:674:13
[INFO] [stdout]   15:     0x5a8627dd5699 - std::sys::backtrace::__rust_end_short_backtrace::h1dac3f54d6fbbeb2
[INFO] [stdout]                                at /rustc/202008a1b8de96d2e5b6bc02d379db03a877d34d/library/std/src/sys/backtrace.rs:170:18
[INFO] [stdout]   16:     0x5a8627dd673c - rust_begin_unwind
[INFO] [stdout]                                at /rustc/202008a1b8de96d2e5b6bc02d379db03a877d34d/library/std/src/panicking.rs:665:5
[INFO] [stdout]   17:     0x5a86279ed180 - core::panicking::panic_fmt::h6792bd1b2bf01041
[INFO] [stdout]                                at /rustc/202008a1b8de96d2e5b6bc02d379db03a877d34d/library/core/src/panicking.rs:76:14
[INFO] [stdout]   18:     0x5a86279ed606 - core::result::unwrap_failed::h05e0602ed34287c5
[INFO] [stdout]                                at /rustc/202008a1b8de96d2e5b6bc02d379db03a877d34d/library/core/src/result.rs:1699:5
[INFO] [stdout]   19:     0x5a8627a0ecd0 - core::result::Result<T,E>::unwrap::h1181aca1aeb42422
[INFO] [stdout]                                at /rustc/202008a1b8de96d2e5b6bc02d379db03a877d34d/library/core/src/result.rs:1104:23
[INFO] [stdout]   20:     0x5a8627a0ecd0 - coveapi::config::nginx::tests::write_default_config::he75e04fb2d1b829f
[INFO] [stdout]                                at /opt/rustwide/workdir/src/config/nginx.rs:173:24
[INFO] [stdout]   21:     0x5a8627a0fddc - coveapi::config::nginx::tests::replaces_file_correctly::h84aa401dcc8cd28e
[INFO] [stdout]                                at /opt/rustwide/workdir/src/config/nginx.rs:137:9
[INFO] [stdout]   22:     0x5a8627a0fdb7 - coveapi::config::nginx::tests::replaces_file_correctly::{{closure}}::h879e4761bf002cbe
[INFO] [stdout]                                at /opt/rustwide/workdir/src/config/nginx.rs:136:33
[INFO] [stdout]   23:     0x5a8627a18866 - core::ops::function::FnOnce::call_once::h3b58903ec2f89cd5
[INFO] [stdout]                                at /rustc/202008a1b8de96d2e5b6bc02d379db03a877d34d/library/core/src/ops/function.rs:250:5
[INFO] [stdout]   24:     0x5a8627a7db5b - core::ops::function::FnOnce::call_once::h871bf86719ec9aa4
[INFO] [stdout]                                at /rustc/202008a1b8de96d2e5b6bc02d379db03a877d34d/library/core/src/ops/function.rs:250:5
[INFO] [stdout]   25:     0x5a8627a7db5b - test::__rust_begin_short_backtrace::h2167df1e2b7d76fd
[INFO] [stdout]                                at /rustc/202008a1b8de96d2e5b6bc02d379db03a877d34d/library/test/src/lib.rs:632:18
[INFO] [stdout]   26:     0x5a8627a7d548 - test::run_test_in_process::{{closure}}::h15d92f75a3adfb79
[INFO] [stdout]                                at /rustc/202008a1b8de96d2e5b6bc02d379db03a877d34d/library/test/src/lib.rs:655:60
[INFO] [stdout]   27:     0x5a8627a7d548 - <core::panic::unwind_safe::AssertUnwindSafe<F> as core::ops::function::FnOnce<()>>::call_once::hb6c8955835a8dbbb
[INFO] [stdout]                                at /rustc/202008a1b8de96d2e5b6bc02d379db03a877d34d/library/core/src/panic/unwind_safe.rs:272:9
[INFO] [stdout]   28:     0x5a8627a7d548 - std::panicking::try::do_call::hc79d0fc888a0bd30
[INFO] [stdout]                                at /rustc/202008a1b8de96d2e5b6bc02d379db03a877d34d/library/std/src/panicking.rs:557:40
[INFO] [stdout]   29:     0x5a8627a7d548 - std::panicking::try::hb8a7878e3a8589d6
[INFO] [stdout]                                at /rustc/202008a1b8de96d2e5b6bc02d379db03a877d34d/library/std/src/panicking.rs:520:19
[INFO] [stdout]   30:     0x5a8627a7d548 - std::panic::catch_unwind::hb8e4600ff0ff5cfa
[INFO] [stdout]                                at /rustc/202008a1b8de96d2e5b6bc02d379db03a877d34d/library/std/src/panic.rs:358:14
[INFO] [stdout]   31:     0x5a8627a7d548 - test::run_test_in_process::hc2900b0b18688dd6
[INFO] [stdout]                                at /rustc/202008a1b8de96d2e5b6bc02d379db03a877d34d/library/test/src/lib.rs:655:27
[INFO] [stdout]   32:     0x5a8627a7d548 - test::run_test::{{closure}}::hac2a9cb07be3d48d
[INFO] [stdout]                                at /rustc/202008a1b8de96d2e5b6bc02d379db03a877d34d/library/test/src/lib.rs:576:43
[INFO] [stdout]   33:     0x5a8627a40fea - test::run_test::{{closure}}::h4a5b729e66a38cd8
[INFO] [stdout]                                at /rustc/202008a1b8de96d2e5b6bc02d379db03a877d34d/library/test/src/lib.rs:606:41
[INFO] [stdout]   34:     0x5a8627a40fea - std::sys::backtrace::__rust_begin_short_backtrace::h0496fb742492f573
[INFO] [stdout]                                at /rustc/202008a1b8de96d2e5b6bc02d379db03a877d34d/library/std/src/sys/backtrace.rs:154:18
[INFO] [stdout]   35:     0x5a8627a44964 - std::thread::Builder::spawn_unchecked_::{{closure}}::{{closure}}::hbb6d257c550a54bd
[INFO] [stdout]                                at /rustc/202008a1b8de96d2e5b6bc02d379db03a877d34d/library/std/src/thread/mod.rs:561:17
[INFO] [stdout]   36:     0x5a8627a44964 - <core::panic::unwind_safe::AssertUnwindSafe<F> as core::ops::function::FnOnce<()>>::call_once::h46696fe4a6832328
[INFO] [stdout]                                at /rustc/202008a1b8de96d2e5b6bc02d379db03a877d34d/library/core/src/panic/unwind_safe.rs:272:9
[INFO] [stdout]   37:     0x5a8627a44964 - std::panicking::try::do_call::h2625a51b667bfb64
[INFO] [stdout]                                at /rustc/202008a1b8de96d2e5b6bc02d379db03a877d34d/library/std/src/panicking.rs:557:40
[INFO] [stdout]   38:     0x5a8627a44964 - std::panicking::try::hb956a59a1973aa4c
[INFO] [stdout]                                at /rustc/202008a1b8de96d2e5b6bc02d379db03a877d34d/library/std/src/panicking.rs:520:19
[INFO] [stdout]   39:     0x5a8627a44964 - std::panic::catch_unwind::h64f3b9d1067ef6a0
[INFO] [stdout]                                at /rustc/202008a1b8de96d2e5b6bc02d379db03a877d34d/library/std/src/panic.rs:358:14
[INFO] [stdout]   40:     0x5a8627a44964 - std::thread::Builder::spawn_unchecked_::{{closure}}::h42b2841295b6c0b2
[INFO] [stdout]                                at /rustc/202008a1b8de96d2e5b6bc02d379db03a877d34d/library/std/src/thread/mod.rs:559:30
[INFO] [stdout]   41:     0x5a8627a44964 - core::ops::function::FnOnce::call_once{{vtable.shim}}::h6127de71b8124639
[INFO] [stdout]                                at /rustc/202008a1b8de96d2e5b6bc02d379db03a877d34d/library/core/src/ops/function.rs:250:5
[INFO] [stdout]   42:     0x5a8627ddaccb - <alloc::boxed::Box<F,A> as core::ops::function::FnOnce<Args>>::call_once::h42f0ba71002a1b2c
[INFO] [stdout]                                at /rustc/202008a1b8de96d2e5b6bc02d379db03a877d34d/library/alloc/src/boxed.rs:1972:9
[INFO] [stdout]   43:     0x5a8627ddaccb - <alloc::boxed::Box<F,A> as core::ops::function::FnOnce<Args>>::call_once::had9e47d7a3dcecb8
[INFO] [stdout]                                at /rustc/202008a1b8de96d2e5b6bc02d379db03a877d34d/library/alloc/src/boxed.rs:1972:9
[INFO] [stdout]   44:     0x5a8627ddaccb - std::sys::pal::unix::thread::Thread::new::thread_start::h48cf765408f6f5f2
[INFO] [stdout]                                at /rustc/202008a1b8de96d2e5b6bc02d379db03a877d34d/library/std/src/sys/pal/unix/thread.rs:105:17
[INFO] [stdout]   45:     0x7aded2997ac3 - <unknown>
[INFO] [stdout]   46:     0x7aded2a28a04 - clone
[INFO] [stdout]   47:                0x0 - <unknown>
[INFO] [stdout] 
[INFO] [stdout] 
[INFO] [stdout] failures:
[INFO] [stdout]     config::nginx::tests::replaces_file_correctly
[INFO] [stdout] 
[INFO] [stdout] test result: FAILED. 95 passed; 1 failed; 0 ignored; 0 measured; 0 filtered out; finished in 0.18s
[INFO] [stdout] 
[INFO] [stderr] error: test failed, to rerun pass `--lib`
[INFO] running `Command { std: "docker" "inspect" "f94a2aeb6615a3f3c0ae42d10087b1e97b4f42f820358af0fde11cddf5c707e2", kill_on_drop: false }`
[INFO] running `Command { std: "docker" "rm" "-f" "f94a2aeb6615a3f3c0ae42d10087b1e97b4f42f820358af0fde11cddf5c707e2", kill_on_drop: false }`
[INFO] [stdout] f94a2aeb6615a3f3c0ae42d10087b1e97b4f42f820358af0fde11cddf5c707e2
