[INFO] cloning repository https://github.com/yczhangsjtu/voproof-rust
[INFO] running `Command { std: "git" "-c" "credential.helper=" "-c" "credential.helper=/workspace/cargo-home/bin/git-credential-null" "clone" "--bare" "https://github.com/yczhangsjtu/voproof-rust" "/workspace/cache/git-repos/https%3A%2F%2Fgithub.com%2Fyczhangsjtu%2Fvoproof-rust", kill_on_drop: false }`
[INFO] [stderr] Cloning into bare repository '/workspace/cache/git-repos/https%3A%2F%2Fgithub.com%2Fyczhangsjtu%2Fvoproof-rust'...
[INFO] running `Command { std: "git" "rev-parse" "HEAD", kill_on_drop: false }`
[INFO] [stdout] 73b0fe6d915fcc8620334ce0d7508f73ee7f3b67
[INFO] testing yczhangsjtu/voproof-rust against beta-2024-12-08 for beta-1.84.0-4-retry
[INFO] running `Command { std: "git" "clone" "/workspace/cache/git-repos/https%3A%2F%2Fgithub.com%2Fyczhangsjtu%2Fvoproof-rust" "/workspace/builds/worker-4-tc2/source", kill_on_drop: false }`
[INFO] [stderr] Cloning into '/workspace/builds/worker-4-tc2/source'...
[INFO] [stderr] done.
[INFO] validating manifest of git repo https://github.com/yczhangsjtu/voproof-rust on toolchain beta-2024-12-08
[INFO] running `Command { std: CARGO_HOME="/workspace/cargo-home" RUSTUP_HOME="/workspace/rustup-home" "/workspace/cargo-home/bin/cargo" "+beta-2024-12-08" "metadata" "--manifest-path" "Cargo.toml" "--no-deps", kill_on_drop: false }`
[INFO] removed /workspace/builds/worker-4-tc2/source/rust-toolchain
[INFO] started tweaking git repo https://github.com/yczhangsjtu/voproof-rust
[INFO] finished tweaking git repo https://github.com/yczhangsjtu/voproof-rust
[INFO] tweaked toml for git repo https://github.com/yczhangsjtu/voproof-rust written to /workspace/builds/worker-4-tc2/source/Cargo.toml
[INFO] crate git repo https://github.com/yczhangsjtu/voproof-rust already has a lockfile, it will not be regenerated
[INFO] running `Command { std: CARGO_HOME="/workspace/cargo-home" RUSTUP_HOME="/workspace/rustup-home" "/workspace/cargo-home/bin/cargo" "+beta-2024-12-08" "fetch" "--manifest-path" "Cargo.toml", kill_on_drop: false }`
[INFO] [stderr] warning: /workspace/builds/worker-4-tc2/source/voproof/Cargo.toml: unused manifest key: tests
[INFO] running `Command { std: "docker" "create" "-v" "/var/lib/crater-agent-workspace/builds/worker-4-tc2/target:/opt/rustwide/target:rw,Z" "-v" "/var/lib/crater-agent-workspace/builds/worker-4-tc2/source:/opt/rustwide/workdir:ro,Z" "-v" "/var/lib/crater-agent-workspace/cargo-home:/opt/rustwide/cargo-home:ro,Z" "-v" "/var/lib/crater-agent-workspace/rustup-home:/opt/rustwide/rustup-home:ro,Z" "-e" "SOURCE_DIR=/opt/rustwide/workdir" "-e" "CARGO_TARGET_DIR=/opt/rustwide/target" "-e" "CARGO_HOME=/opt/rustwide/cargo-home" "-e" "RUSTUP_HOME=/opt/rustwide/rustup-home" "-w" "/opt/rustwide/workdir" "-m" "1610612736" "--user" "0:0" "--network" "none" "ghcr.io/rust-lang/crates-build-env/linux@sha256:f3a9d4ad9d972b27faf3965f35b62e55ba32bbce8f20bc8fe909558a86702fde" "/opt/rustwide/cargo-home/bin/cargo" "+beta-2024-12-08" "metadata" "--no-deps" "--format-version=1", kill_on_drop: false }`
[INFO] [stdout] 89cf5ddb2769b60e038227336a6f12d0ec0f3b6bdf056389dd6655d0da23cd32
[INFO] running `Command { std: "docker" "start" "-a" "89cf5ddb2769b60e038227336a6f12d0ec0f3b6bdf056389dd6655d0da23cd32", kill_on_drop: false }`
[INFO] running `Command { std: "docker" "inspect" "89cf5ddb2769b60e038227336a6f12d0ec0f3b6bdf056389dd6655d0da23cd32", kill_on_drop: false }`
[INFO] running `Command { std: "docker" "rm" "-f" "89cf5ddb2769b60e038227336a6f12d0ec0f3b6bdf056389dd6655d0da23cd32", kill_on_drop: false }`
[INFO] [stdout] 89cf5ddb2769b60e038227336a6f12d0ec0f3b6bdf056389dd6655d0da23cd32
[INFO] running `Command { std: "docker" "create" "-v" "/var/lib/crater-agent-workspace/builds/worker-4-tc2/target:/opt/rustwide/target:rw,Z" "-v" "/var/lib/crater-agent-workspace/builds/worker-4-tc2/source:/opt/rustwide/workdir:ro,Z" "-v" "/var/lib/crater-agent-workspace/cargo-home:/opt/rustwide/cargo-home:ro,Z" "-v" "/var/lib/crater-agent-workspace/rustup-home:/opt/rustwide/rustup-home:ro,Z" "-e" "SOURCE_DIR=/opt/rustwide/workdir" "-e" "CARGO_TARGET_DIR=/opt/rustwide/target" "-e" "CARGO_INCREMENTAL=0" "-e" "RUST_BACKTRACE=full" "-e" "RUSTFLAGS=--cap-lints=warn" "-e" "RUSTDOCFLAGS=--cap-lints=warn" "-e" "CARGO_HOME=/opt/rustwide/cargo-home" "-e" "RUSTUP_HOME=/opt/rustwide/rustup-home" "-w" "/opt/rustwide/workdir" "-m" "1610612736" "--user" "0:0" "--network" "none" "ghcr.io/rust-lang/crates-build-env/linux@sha256:f3a9d4ad9d972b27faf3965f35b62e55ba32bbce8f20bc8fe909558a86702fde" "/opt/rustwide/cargo-home/bin/cargo" "+beta-2024-12-08" "build" "--frozen" "--message-format=json", kill_on_drop: false }`
[INFO] [stdout] 45bd0e38e38bedef0189bc5de8fcd5c821d93bf340a1bcb2ed8414b0e3b8ac18
[INFO] running `Command { std: "docker" "start" "-a" "45bd0e38e38bedef0189bc5de8fcd5c821d93bf340a1bcb2ed8414b0e3b8ac18", kill_on_drop: false }`
[INFO] [stderr] warning: /opt/rustwide/workdir/voproof/Cargo.toml: unused manifest key: tests
[INFO] [stderr]    Compiling proc-macro2 v1.0.81
[INFO] [stderr]    Compiling unicode-ident v1.0.12
[INFO] [stderr]    Compiling autocfg v1.2.0
[INFO] [stderr]    Compiling version_check v0.9.4
[INFO] [stderr]    Compiling typenum v1.17.0
[INFO] [stderr]    Compiling syn v1.0.109
[INFO] [stderr]    Compiling crossbeam-utils v0.8.19
[INFO] [stderr]    Compiling rayon-core v1.12.1
[INFO] [stderr]    Compiling ppv-lite86 v0.2.17
[INFO] [stderr]    Compiling rand_core v0.6.4
[INFO] [stderr]    Compiling either v1.11.0
[INFO] [stderr]    Compiling once_cell v1.19.0
[INFO] [stderr]    Compiling paste v1.0.14
[INFO] [stderr]    Compiling thiserror v1.0.59
[INFO] [stderr]    Compiling cfg-if v1.0.0
[INFO] [stderr]    Compiling memchr v2.7.2
[INFO] [stderr]    Compiling ucd-trie v0.1.6
[INFO] [stderr]    Compiling subtle v2.5.0
[INFO] [stderr]    Compiling tracing-core v0.1.32
[INFO] [stderr]    Compiling pin-project-lite v0.2.14
[INFO] [stderr]    Compiling itertools v0.10.5
[INFO] [stderr]    Compiling zerocopy v0.7.32
[INFO] [stderr]    Compiling libc v0.2.153
[INFO] [stderr]    Compiling cpufeatures v0.2.12
[INFO] [stderr]    Compiling num-traits v0.2.18
[INFO] [stderr]    Compiling num-bigint v0.4.4
[INFO] [stderr]    Compiling generic-array v0.14.7
[INFO] [stderr]    Compiling rand_chacha v0.3.1
[INFO] [stderr]    Compiling ahash v0.8.11
[INFO] [stderr]    Compiling tracing-subscriber v0.2.25
[INFO] [stderr]    Compiling quote v1.0.36
[INFO] [stderr]    Compiling crossbeam-epoch v0.9.18
[INFO] [stderr]    Compiling rand v0.8.5
[INFO] [stderr]    Compiling ahash v0.7.8
[INFO] [stderr]    Compiling syn v2.0.60
[INFO] [stderr]    Compiling hashbrown v0.13.2
[INFO] [stderr]    Compiling crossbeam-deque v0.8.5
[INFO] [stderr]    Compiling getrandom v0.2.14
[INFO] [stderr]    Compiling hashbrown v0.11.2
[INFO] [stderr]    Compiling num-integer v0.1.46
[INFO] [stderr]    Compiling crypto-common v0.1.6
[INFO] [stderr]    Compiling block-buffer v0.10.4
[INFO] [stderr]    Compiling digest v0.9.0
[INFO] [stderr]    Compiling digest v0.10.7
[INFO] [stderr]    Compiling rayon v1.10.0
[INFO] [stderr]    Compiling sha2 v0.10.8
[INFO] [stderr]    Compiling blake2 v0.10.6
[INFO] [stderr]    Compiling ark-std v0.4.0
[INFO] [stderr]    Compiling ark-std v0.3.0
[INFO] [stderr]    Compiling derivative v2.2.0
[INFO] [stderr]    Compiling ark-serialize-derive v0.4.2
[INFO] [stderr]    Compiling ark-ff-asm v0.4.2
[INFO] [stderr]    Compiling ark-ff-macros v0.4.2
[INFO] [stderr]    Compiling ark-serialize-derive v0.3.0
[INFO] [stderr]    Compiling ark-ff-asm v0.3.0
[INFO] [stderr]    Compiling ark-ff-macros v0.3.0
[INFO] [stderr]    Compiling ark-serialize v0.3.0
[INFO] [stderr]    Compiling ark-serialize v0.4.2
[INFO] [stderr]    Compiling zeroize_derive v1.4.2
[INFO] [stderr]    Compiling thiserror-impl v1.0.59
[INFO] [stderr]    Compiling tracing-attributes v0.1.27
[INFO] [stderr]    Compiling zeroize v1.7.0
[INFO] [stderr]    Compiling ark-ff v0.4.2
[INFO] [stderr]    Compiling pest v2.7.9
[INFO] [stderr]    Compiling tracing v0.1.40
[INFO] [stderr]    Compiling semver-parser v0.10.2
[INFO] [stderr]    Compiling semver v0.11.0
[INFO] [stderr]    Compiling rustc_version v0.3.3
[INFO] [stderr]    Compiling ark-ff v0.3.0
[INFO] [stderr]    Compiling ark-poly v0.4.2
[INFO] [stderr]    Compiling ark-relations v0.4.0
[INFO] [stderr]    Compiling ark-snark v0.4.0
[INFO] [stderr]    Compiling ark-ec v0.4.2
[INFO] [stderr]    Compiling ark-relations v0.3.0
[INFO] [stderr]    Compiling ark-ec v0.3.0
[INFO] [stderr]    Compiling ark-poly v0.3.0
[INFO] [stderr]    Compiling ark-crypto-primitives v0.4.0
[INFO] [stderr]    Compiling ark-bls12-381 v0.4.0
[INFO] [stderr]    Compiling ark-bls12-377 v0.4.0
[INFO] [stderr]    Compiling ark-poly-commit v0.4.0
[INFO] [stderr]    Compiling ark-r1cs-std v0.3.1
[INFO] [stderr]    Compiling ark-nonnative-field v0.3.0
[INFO] [stderr]    Compiling ark-poly-commit v0.3.0
[INFO] [stderr]    Compiling ark-marlin v0.3.0
[INFO] [stderr]    Compiling voproof v0.2.0 (/opt/rustwide/workdir/voproof)
[INFO] [stdout] warning: unnecessary parentheses around assigned value
[INFO] [stdout]   --> voproof/src/snarks/range_check.rs:47:11
[INFO] [stdout]    |
[INFO] [stdout] 47 |     (max!((size.lookup_size as i64), (size.range as i64))) as usize
[INFO] [stdout]    |           ^                       ^
[INFO] [stdout]    |
[INFO] [stdout]    = note: `#[warn(unused_parens)]` on by default
[INFO] [stdout] help: remove these parentheses
[INFO] [stdout]    |
[INFO] [stdout] 47 -     (max!((size.lookup_size as i64), (size.range as i64))) as usize
[INFO] [stdout] 47 +     (max!(size.lookup_size as i64, (size.range as i64))) as usize
[INFO] [stdout]    |
[INFO] [stdout] 
[INFO] [stdout] 
[INFO] [stdout] warning: unnecessary parentheses around assigned value
[INFO] [stdout]   --> voproof/src/snarks/range_check.rs:47:38
[INFO] [stdout]    |
[INFO] [stdout] 47 |     (max!((size.lookup_size as i64), (size.range as i64))) as usize
[INFO] [stdout]    |                                      ^                 ^
[INFO] [stdout]    |
[INFO] [stdout] help: remove these parentheses
[INFO] [stdout]    |
[INFO] [stdout] 47 -     (max!((size.lookup_size as i64), (size.range as i64))) as usize
[INFO] [stdout] 47 +     (max!((size.lookup_size as i64), size.range as i64)) as usize
[INFO] [stdout]    |
[INFO] [stdout] 
[INFO] [stdout] 
[INFO] [stdout] warning: unused variable: `n`
[INFO] [stdout]     --> voproof/src/snarks/fibonacci.rs:72:16
[INFO] [stdout]      |
[INFO] [stdout] 72   |     init_size!(n, n, size);
[INFO] [stdout]      |                ^
[INFO] [stdout]      |
[INFO] [stdout] help: `n` is captured in macro and introduced a unused variable
[INFO] [stdout]     --> voproof/src/tools/mod.rs:1325:9
[INFO] [stdout]      |
[INFO] [stdout] 1325 |     let $name: i64 = $size.$attr as i64;
[INFO] [stdout]      |         ^^^^^
[INFO] [stdout]      |
[INFO] [stdout]     ::: voproof/src/snarks/fibonacci.rs:72:5
[INFO] [stdout]      |
[INFO] [stdout] 72   |     init_size!(n, n, size);
[INFO] [stdout]      |     ---------------------- in this macro invocation
[INFO] [stdout]      = note: `#[warn(unused_variables)]` on by default
[INFO] [stdout]      = note: this warning originates in the macro `init_size` (in Nightly builds, run with -Z macro-backtrace for more info)
[INFO] [stdout] 
[INFO] [stdout] 
[INFO] [stdout] warning: unused variable: `gamma`
[INFO] [stdout]     --> voproof/src/snarks/fibonacci.rs:73:23
[INFO] [stdout]      |
[INFO] [stdout] 73   |     define_generator!(gamma, E);
[INFO] [stdout]      |                       ^^^^^
[INFO] [stdout]      |
[INFO] [stdout] help: `gamma` is captured in macro and introduced a unused variable
[INFO] [stdout]     --> voproof/src/tools/mod.rs:1318:9
[INFO] [stdout]      |
[INFO] [stdout] 1318 |     let $gamma = generator_of!($e);
[INFO] [stdout]      |         ^^^^^^
[INFO] [stdout]      |
[INFO] [stdout]     ::: voproof/src/snarks/fibonacci.rs:73:5
[INFO] [stdout]      |
[INFO] [stdout] 73   |     define_generator!(gamma, E);
[INFO] [stdout]      |     --------------------------- in this macro invocation
[INFO] [stdout]      = note: this warning originates in the macro `define_generator` (in Nightly builds, run with -Z macro-backtrace for more info)
[INFO] [stdout] 
[INFO] [stdout] 
[INFO] [stdout] warning: unused variable: `n`
[INFO] [stdout]     --> voproof/src/snarks/fibonacci.rs:111:16
[INFO] [stdout]      |
[INFO] [stdout] 111  |     init_size!(n, n, size);
[INFO] [stdout]      |                ^
[INFO] [stdout]      |
[INFO] [stdout] help: `n` is captured in macro and introduced a unused variable
[INFO] [stdout]     --> voproof/src/tools/mod.rs:1325:9
[INFO] [stdout]      |
[INFO] [stdout] 1325 |     let $name: i64 = $size.$attr as i64;
[INFO] [stdout]      |         ^^^^^
[INFO] [stdout]      |
[INFO] [stdout]     ::: voproof/src/snarks/fibonacci.rs:111:5
[INFO] [stdout]      |
[INFO] [stdout] 111  |     init_size!(n, n, size);
[INFO] [stdout]      |     ---------------------- in this macro invocation
[INFO] [stdout]      = note: this warning originates in the macro `init_size` (in Nightly builds, run with -Z macro-backtrace for more info)
[INFO] [stdout] 
[INFO] [stdout] 
[INFO] [stdout] warning: unused variable: `gamma`
[INFO] [stdout]     --> voproof/src/snarks/fibonacci.rs:112:23
[INFO] [stdout]      |
[INFO] [stdout] 112  |     define_generator!(gamma, E);
[INFO] [stdout]      |                       ^^^^^
[INFO] [stdout]      |
[INFO] [stdout] help: `gamma` is captured in macro and introduced a unused variable
[INFO] [stdout]     --> voproof/src/tools/mod.rs:1318:9
[INFO] [stdout]      |
[INFO] [stdout] 1318 |     let $gamma = generator_of!($e);
[INFO] [stdout]      |         ^^^^^^
[INFO] [stdout]      |
[INFO] [stdout]     ::: voproof/src/snarks/fibonacci.rs:112:5
[INFO] [stdout]      |
[INFO] [stdout] 112  |     define_generator!(gamma, E);
[INFO] [stdout]      |     --------------------------- in this macro invocation
[INFO] [stdout]      = note: this warning originates in the macro `define_generator` (in Nightly builds, run with -Z macro-backtrace for more info)
[INFO] [stdout] 
[INFO] [stdout] 
[INFO] [stdout] warning: unused variable: `n`
[INFO] [stdout]     --> voproof/src/snarks/fibonacci.rs:996:16
[INFO] [stdout]      |
[INFO] [stdout] 996  |     init_size!(n, n, size);
[INFO] [stdout]      |                ^
[INFO] [stdout]      |
[INFO] [stdout] help: `n` is captured in macro and introduced a unused variable
[INFO] [stdout]     --> voproof/src/tools/mod.rs:1325:9
[INFO] [stdout]      |
[INFO] [stdout] 1325 |     let $name: i64 = $size.$attr as i64;
[INFO] [stdout]      |         ^^^^^
[INFO] [stdout]      |
[INFO] [stdout]     ::: voproof/src/snarks/fibonacci.rs:996:5
[INFO] [stdout]      |
[INFO] [stdout] 996  |     init_size!(n, n, size);
[INFO] [stdout]      |     ---------------------- in this macro invocation
[INFO] [stdout]      = note: this warning originates in the macro `init_size` (in Nightly builds, run with -Z macro-backtrace for more info)
[INFO] [stdout] 
[INFO] [stdout] 
[INFO] [stdout] warning: unused variable: `gamma`
[INFO] [stdout]     --> voproof/src/snarks/fibonacci.rs:997:23
[INFO] [stdout]      |
[INFO] [stdout] 997  |     define_generator!(gamma, E);
[INFO] [stdout]      |                       ^^^^^
[INFO] [stdout]      |
[INFO] [stdout] help: `gamma` is captured in macro and introduced a unused variable
[INFO] [stdout]     --> voproof/src/tools/mod.rs:1318:9
[INFO] [stdout]      |
[INFO] [stdout] 1318 |     let $gamma = generator_of!($e);
[INFO] [stdout]      |         ^^^^^^
[INFO] [stdout]      |
[INFO] [stdout]     ::: voproof/src/snarks/fibonacci.rs:997:5
[INFO] [stdout]      |
[INFO] [stdout] 997  |     define_generator!(gamma, E);
[INFO] [stdout]      |     --------------------------- in this macro invocation
[INFO] [stdout]      = note: this warning originates in the macro `define_generator` (in Nightly builds, run with -Z macro-backtrace for more info)
[INFO] [stdout] 
[INFO] [stdout] 
[INFO] [stdout] warning: unused variable: `nsize`
[INFO] [stdout]     --> voproof/src/snarks/range_check.rs:75:16
[INFO] [stdout]      |
[INFO] [stdout] 75   |     init_size!(nsize, lookup_size, size);
[INFO] [stdout]      |                ^^^^^
[INFO] [stdout]      |
[INFO] [stdout] help: `nsize` is captured in macro and introduced a unused variable
[INFO] [stdout]     --> voproof/src/tools/mod.rs:1325:9
[INFO] [stdout]      |
[INFO] [stdout] 1325 |     let $name: i64 = $size.$attr as i64;
[INFO] [stdout]      |         ^^^^^
[INFO] [stdout]      |
[INFO] [stdout]     ::: voproof/src/snarks/range_check.rs:75:5
[INFO] [stdout]      |
[INFO] [stdout] 75   |     init_size!(nsize, lookup_size, size);
[INFO] [stdout]      |     ------------------------------------ in this macro invocation
[INFO] [stdout]      = note: this warning originates in the macro `init_size` (in Nightly builds, run with -Z macro-backtrace for more info)
[INFO] [stdout] 
[INFO] [stdout] 
[INFO] [stdout] warning: unused variable: `range`
[INFO] [stdout]     --> voproof/src/snarks/range_check.rs:76:16
[INFO] [stdout]      |
[INFO] [stdout] 76   |     init_size!(range, range, size);
[INFO] [stdout]      |                ^^^^^
[INFO] [stdout]      |
[INFO] [stdout] help: `range` is captured in macro and introduced a unused variable
[INFO] [stdout]     --> voproof/src/tools/mod.rs:1325:9
[INFO] [stdout]      |
[INFO] [stdout] 1325 |     let $name: i64 = $size.$attr as i64;
[INFO] [stdout]      |         ^^^^^
[INFO] [stdout]      |
[INFO] [stdout]     ::: voproof/src/snarks/range_check.rs:76:5
[INFO] [stdout]      |
[INFO] [stdout] 76   |     init_size!(range, range, size);
[INFO] [stdout]      |     ------------------------------ in this macro invocation
[INFO] [stdout]      = note: this warning originates in the macro `init_size` (in Nightly builds, run with -Z macro-backtrace for more info)
[INFO] [stdout] 
[INFO] [stdout] 
[INFO] [stdout] warning: unused variable: `gamma`
[INFO] [stdout]     --> voproof/src/snarks/range_check.rs:77:23
[INFO] [stdout]      |
[INFO] [stdout] 77   |     define_generator!(gamma, E);
[INFO] [stdout]      |                       ^^^^^
[INFO] [stdout]      |
[INFO] [stdout] help: `gamma` is captured in macro and introduced a unused variable
[INFO] [stdout]     --> voproof/src/tools/mod.rs:1318:9
[INFO] [stdout]      |
[INFO] [stdout] 1318 |     let $gamma = generator_of!($e);
[INFO] [stdout]      |         ^^^^^^
[INFO] [stdout]      |
[INFO] [stdout]     ::: voproof/src/snarks/range_check.rs:77:5
[INFO] [stdout]      |
[INFO] [stdout] 77   |     define_generator!(gamma, E);
[INFO] [stdout]      |     --------------------------- in this macro invocation
[INFO] [stdout]      = note: this warning originates in the macro `define_generator` (in Nightly builds, run with -Z macro-backtrace for more info)
[INFO] [stdout] 
[INFO] [stdout] 
[INFO] [stdout] warning: unused variable: `nsize`
[INFO] [stdout]     --> voproof/src/snarks/range_check.rs:121:16
[INFO] [stdout]      |
[INFO] [stdout] 121  |     init_size!(nsize, lookup_size, size);
[INFO] [stdout]      |                ^^^^^
[INFO] [stdout]      |
[INFO] [stdout] help: `nsize` is captured in macro and introduced a unused variable
[INFO] [stdout]     --> voproof/src/tools/mod.rs:1325:9
[INFO] [stdout]      |
[INFO] [stdout] 1325 |     let $name: i64 = $size.$attr as i64;
[INFO] [stdout]      |         ^^^^^
[INFO] [stdout]      |
[INFO] [stdout]     ::: voproof/src/snarks/range_check.rs:121:5
[INFO] [stdout]      |
[INFO] [stdout] 121  |     init_size!(nsize, lookup_size, size);
[INFO] [stdout]      |     ------------------------------------ in this macro invocation
[INFO] [stdout]      = note: this warning originates in the macro `init_size` (in Nightly builds, run with -Z macro-backtrace for more info)
[INFO] [stdout] 
[INFO] [stdout] 
[INFO] [stdout] warning: unused variable: `range`
[INFO] [stdout]     --> voproof/src/snarks/range_check.rs:122:16
[INFO] [stdout]      |
[INFO] [stdout] 122  |     init_size!(range, range, size);
[INFO] [stdout]      |                ^^^^^
[INFO] [stdout]      |
[INFO] [stdout] help: `range` is captured in macro and introduced a unused variable
[INFO] [stdout]     --> voproof/src/tools/mod.rs:1325:9
[INFO] [stdout]      |
[INFO] [stdout] 1325 |     let $name: i64 = $size.$attr as i64;
[INFO] [stdout]      |         ^^^^^
[INFO] [stdout]      |
[INFO] [stdout]     ::: voproof/src/snarks/range_check.rs:122:5
[INFO] [stdout]      |
[INFO] [stdout] 122  |     init_size!(range, range, size);
[INFO] [stdout]      |     ------------------------------ in this macro invocation
[INFO] [stdout]      = note: this warning originates in the macro `init_size` (in Nightly builds, run with -Z macro-backtrace for more info)
[INFO] [stdout] 
[INFO] [stdout] 
[INFO] [stdout] warning: unused variable: `gamma`
[INFO] [stdout]     --> voproof/src/snarks/range_check.rs:123:23
[INFO] [stdout]      |
[INFO] [stdout] 123  |     define_generator!(gamma, E);
[INFO] [stdout]      |                       ^^^^^
[INFO] [stdout]      |
[INFO] [stdout] help: `gamma` is captured in macro and introduced a unused variable
[INFO] [stdout]     --> voproof/src/tools/mod.rs:1318:9
[INFO] [stdout]      |
[INFO] [stdout] 1318 |     let $gamma = generator_of!($e);
[INFO] [stdout]      |         ^^^^^^
[INFO] [stdout]      |
[INFO] [stdout]     ::: voproof/src/snarks/range_check.rs:123:5
[INFO] [stdout]      |
[INFO] [stdout] 123  |     define_generator!(gamma, E);
[INFO] [stdout]      |     --------------------------- in this macro invocation
[INFO] [stdout]      = note: this warning originates in the macro `define_generator` (in Nightly builds, run with -Z macro-backtrace for more info)
[INFO] [stdout] 
[INFO] [stdout] 
[INFO] [stdout] warning: unused variable: `x`
[INFO] [stdout]    --> voproof/src/snarks/range_check.rs:116:27
[INFO] [stdout]     |
[INFO] [stdout] 116 |   fn prove(pk: &Self::PK, x: &Self::Ins, w: &Self::Wit) -> Result<Self::Pf, Error> {
[INFO] [stdout]     |                           ^ help: if this is intentional, prefix it with an underscore: `_x`
[INFO] [stdout] 
[INFO] [stdout] 
[INFO] [stdout] warning: unused variable: `nsize`
[INFO] [stdout]     --> voproof/src/snarks/range_check.rs:1301:16
[INFO] [stdout]      |
[INFO] [stdout] 1301 |     init_size!(nsize, lookup_size, size);
[INFO] [stdout]      |                ^^^^^
[INFO] [stdout]      |
[INFO] [stdout] help: `nsize` is captured in macro and introduced a unused variable
[INFO] [stdout]     --> voproof/src/tools/mod.rs:1325:9
[INFO] [stdout]      |
[INFO] [stdout] 1325 |     let $name: i64 = $size.$attr as i64;
[INFO] [stdout]      |         ^^^^^
[INFO] [stdout]      |
[INFO] [stdout]     ::: voproof/src/snarks/range_check.rs:1301:5
[INFO] [stdout]      |
[INFO] [stdout] 1301 |     init_size!(nsize, lookup_size, size);
[INFO] [stdout]      |     ------------------------------------ in this macro invocation
[INFO] [stdout]      = note: this warning originates in the macro `init_size` (in Nightly builds, run with -Z macro-backtrace for more info)
[INFO] [stdout] 
[INFO] [stdout] 
[INFO] [stdout] warning: unused variable: `range`
[INFO] [stdout]     --> voproof/src/snarks/range_check.rs:1302:16
[INFO] [stdout]      |
[INFO] [stdout] 1302 |     init_size!(range, range, size);
[INFO] [stdout]      |                ^^^^^
[INFO] [stdout]      |
[INFO] [stdout] help: `range` is captured in macro and introduced a unused variable
[INFO] [stdout]     --> voproof/src/tools/mod.rs:1325:9
[INFO] [stdout]      |
[INFO] [stdout] 1325 |     let $name: i64 = $size.$attr as i64;
[INFO] [stdout]      |         ^^^^^
[INFO] [stdout]      |
[INFO] [stdout]     ::: voproof/src/snarks/range_check.rs:1302:5
[INFO] [stdout]      |
[INFO] [stdout] 1302 |     init_size!(range, range, size);
[INFO] [stdout]      |     ------------------------------ in this macro invocation
[INFO] [stdout]      = note: this warning originates in the macro `init_size` (in Nightly builds, run with -Z macro-backtrace for more info)
[INFO] [stdout] 
[INFO] [stdout] 
[INFO] [stdout] warning: unused variable: `gamma`
[INFO] [stdout]     --> voproof/src/snarks/range_check.rs:1303:23
[INFO] [stdout]      |
[INFO] [stdout] 1303 |     define_generator!(gamma, E);
[INFO] [stdout]      |                       ^^^^^
[INFO] [stdout]      |
[INFO] [stdout] help: `gamma` is captured in macro and introduced a unused variable
[INFO] [stdout]     --> voproof/src/tools/mod.rs:1318:9
[INFO] [stdout]      |
[INFO] [stdout] 1318 |     let $gamma = generator_of!($e);
[INFO] [stdout]      |         ^^^^^^
[INFO] [stdout]      |
[INFO] [stdout]     ::: voproof/src/snarks/range_check.rs:1303:5
[INFO] [stdout]      |
[INFO] [stdout] 1303 |     define_generator!(gamma, E);
[INFO] [stdout]      |     --------------------------- in this macro invocation
[INFO] [stdout]      = note: this warning originates in the macro `define_generator` (in Nightly builds, run with -Z macro-backtrace for more info)
[INFO] [stdout] 
[INFO] [stdout] 
[INFO] [stdout] warning: unused variable: `beta_1`
[INFO] [stdout]     --> voproof/src/snarks/range_check.rs:1309:7
[INFO] [stdout]      |
[INFO] [stdout] 1309 |       beta_1,
[INFO] [stdout]      |       ^^^^^^
[INFO] [stdout]      |
[INFO] [stdout] help: `beta_1` is captured in macro and introduced a unused variable
[INFO] [stdout]     --> voproof/src/tools/mod.rs:1024:11
[INFO] [stdout]      |
[INFO] [stdout] 1024 |         let $name = hash_to_field::<E::ScalarField>(
[INFO] [stdout]      |             ^^^^^
[INFO] [stdout]      |
[INFO] [stdout]     ::: voproof/src/snarks/range_check.rs:1308:5
[INFO] [stdout]      |
[INFO] [stdout] 1308 | /     get_randomness_from_hash!(
[INFO] [stdout] 1309 | |       beta_1,
[INFO] [stdout] 1310 | |       one!(),
[INFO] [stdout] 1311 | |       vk.cm_t_vec,
[INFO] [stdout] ...    |
[INFO] [stdout] 1315 | |       cm_s_vec
[INFO] [stdout] 1316 | |     );
[INFO] [stdout]      | |_____- in this macro invocation
[INFO] [stdout]      = note: this warning originates in the macro `get_randomness_from_hash` (in Nightly builds, run with -Z macro-backtrace for more info)
[INFO] [stdout] 
[INFO] [stdout] 
[INFO] [stdout] warning: unused variable: `x`
[INFO] [stdout]     --> voproof/src/snarks/range_check.rs:1284:28
[INFO] [stdout]      |
[INFO] [stdout] 1284 |   fn verify(vk: &Self::VK, x: &Self::Ins, proof: &Self::Pf) -> Result<(), Error> {
[INFO] [stdout]      |                            ^ help: if this is intentional, prefix it with an underscore: `_x`
[INFO] [stdout] 
[INFO] [stdout] 
[INFO] [stdout] warning: unused variable: `cap_h`
[INFO] [stdout]     --> voproof/src/snarks/voproof_hpr.rs:85:16
[INFO] [stdout]      |
[INFO] [stdout] 85   |     init_size!(cap_h, nrows, size);
[INFO] [stdout]      |                ^^^^^
[INFO] [stdout]      |
[INFO] [stdout] help: `cap_h` is captured in macro and introduced a unused variable
[INFO] [stdout]     --> voproof/src/tools/mod.rs:1325:9
[INFO] [stdout]      |
[INFO] [stdout] 1325 |     let $name: i64 = $size.$attr as i64;
[INFO] [stdout]      |         ^^^^^
[INFO] [stdout]      |
[INFO] [stdout]     ::: voproof/src/snarks/voproof_hpr.rs:85:5
[INFO] [stdout]      |
[INFO] [stdout] 85   |     init_size!(cap_h, nrows, size);
[INFO] [stdout]      |     ------------------------------ in this macro invocation
[INFO] [stdout]      = note: this warning originates in the macro `init_size` (in Nightly builds, run with -Z macro-backtrace for more info)
[INFO] [stdout] 
[INFO] [stdout] 
[INFO] [stdout] warning: unused variable: `cap_c_c`
[INFO] [stdout]     --> voproof/src/snarks/voproof_pov.rs:76:16
[INFO] [stdout]      |
[INFO] [stdout] 76   |     init_size!(cap_c_c, nconsts, size);
[INFO] [stdout]      |                ^^^^^^^
[INFO] [stdout]      |
[INFO] [stdout] help: `cap_c_c` is captured in macro and introduced a unused variable
[INFO] [stdout]     --> voproof/src/tools/mod.rs:1325:9
[INFO] [stdout]      |
[INFO] [stdout] 1325 |     let $name: i64 = $size.$attr as i64;
[INFO] [stdout]      |         ^^^^^
[INFO] [stdout]      |
[INFO] [stdout]     ::: voproof/src/snarks/voproof_pov.rs:76:5
[INFO] [stdout]      |
[INFO] [stdout] 76   |     init_size!(cap_c_c, nconsts, size);
[INFO] [stdout]      |     ---------------------------------- in this macro invocation
[INFO] [stdout]      = note: this warning originates in the macro `init_size` (in Nightly builds, run with -Z macro-backtrace for more info)
[INFO] [stdout] 
[INFO] [stdout] 
[INFO] [stdout] warning: unused variable: `cap_c_c`
[INFO] [stdout]     --> voproof/src/snarks/voproof_pov.rs:120:16
[INFO] [stdout]      |
[INFO] [stdout] 120  |     init_size!(cap_c_c, nconsts, size);
[INFO] [stdout]      |                ^^^^^^^
[INFO] [stdout]      |
[INFO] [stdout] help: `cap_c_c` is captured in macro and introduced a unused variable
[INFO] [stdout]     --> voproof/src/tools/mod.rs:1325:9
[INFO] [stdout]      |
[INFO] [stdout] 1325 |     let $name: i64 = $size.$attr as i64;
[INFO] [stdout]      |         ^^^^^
[INFO] [stdout]      |
[INFO] [stdout]     ::: voproof/src/snarks/voproof_pov.rs:120:5
[INFO] [stdout]      |
[INFO] [stdout] 120  |     init_size!(cap_c_c, nconsts, size);
[INFO] [stdout]      |     ---------------------------------- in this macro invocation
[INFO] [stdout]      = note: this warning originates in the macro `init_size` (in Nightly builds, run with -Z macro-backtrace for more info)
[INFO] [stdout] 
[INFO] [stdout] 
[INFO] [stdout] warning: unused variable: `cap_c_c`
[INFO] [stdout]     --> voproof/src/snarks/voproof_pov.rs:692:16
[INFO] [stdout]      |
[INFO] [stdout] 692  |     init_size!(cap_c_c, nconsts, size);
[INFO] [stdout]      |                ^^^^^^^
[INFO] [stdout]      |
[INFO] [stdout] help: `cap_c_c` is captured in macro and introduced a unused variable
[INFO] [stdout]     --> voproof/src/tools/mod.rs:1325:9
[INFO] [stdout]      |
[INFO] [stdout] 1325 |     let $name: i64 = $size.$attr as i64;
[INFO] [stdout]      |         ^^^^^
[INFO] [stdout]      |
[INFO] [stdout]     ::: voproof/src/snarks/voproof_pov.rs:692:5
[INFO] [stdout]      |
[INFO] [stdout] 692  |     init_size!(cap_c_c, nconsts, size);
[INFO] [stdout]      |     ---------------------------------- in this macro invocation
[INFO] [stdout]      = note: this warning originates in the macro `init_size` (in Nightly builds, run with -Z macro-backtrace for more info)
[INFO] [stdout] 
[INFO] [stdout] 
[INFO] [stdout] warning: unused variable: `cap_c_c`
[INFO] [stdout]     --> voproof/src/snarks/voproof_pov_prover_efficient.rs:83:16
[INFO] [stdout]      |
[INFO] [stdout] 83   |     init_size!(cap_c_c, nconsts, size);
[INFO] [stdout]      |                ^^^^^^^
[INFO] [stdout]      |
[INFO] [stdout] help: `cap_c_c` is captured in macro and introduced a unused variable
[INFO] [stdout]     --> voproof/src/tools/mod.rs:1325:9
[INFO] [stdout]      |
[INFO] [stdout] 1325 |     let $name: i64 = $size.$attr as i64;
[INFO] [stdout]      |         ^^^^^
[INFO] [stdout]      |
[INFO] [stdout]     ::: voproof/src/snarks/voproof_pov_prover_efficient.rs:83:5
[INFO] [stdout]      |
[INFO] [stdout] 83   |     init_size!(cap_c_c, nconsts, size);
[INFO] [stdout]      |     ---------------------------------- in this macro invocation
[INFO] [stdout]      = note: this warning originates in the macro `init_size` (in Nightly builds, run with -Z macro-backtrace for more info)
[INFO] [stdout] 
[INFO] [stdout] 
[INFO] [stdout] warning: unused variable: `cap_c_c`
[INFO] [stdout]     --> voproof/src/snarks/voproof_pov_prover_efficient.rs:127:16
[INFO] [stdout]      |
[INFO] [stdout] 127  |     init_size!(cap_c_c, nconsts, size);
[INFO] [stdout]      |                ^^^^^^^
[INFO] [stdout]      |
[INFO] [stdout] help: `cap_c_c` is captured in macro and introduced a unused variable
[INFO] [stdout]     --> voproof/src/tools/mod.rs:1325:9
[INFO] [stdout]      |
[INFO] [stdout] 1325 |     let $name: i64 = $size.$attr as i64;
[INFO] [stdout]      |         ^^^^^
[INFO] [stdout]      |
[INFO] [stdout]     ::: voproof/src/snarks/voproof_pov_prover_efficient.rs:127:5
[INFO] [stdout]      |
[INFO] [stdout] 127  |     init_size!(cap_c_c, nconsts, size);
[INFO] [stdout]      |     ---------------------------------- in this macro invocation
[INFO] [stdout]      = note: this warning originates in the macro `init_size` (in Nightly builds, run with -Z macro-backtrace for more info)
[INFO] [stdout] 
[INFO] [stdout] 
[INFO] [stdout] warning: unused variable: `cap_c_c`
[INFO] [stdout]     --> voproof/src/snarks/voproof_pov_prover_efficient.rs:743:16
[INFO] [stdout]      |
[INFO] [stdout] 743  |     init_size!(cap_c_c, nconsts, size);
[INFO] [stdout]      |                ^^^^^^^
[INFO] [stdout]      |
[INFO] [stdout] help: `cap_c_c` is captured in macro and introduced a unused variable
[INFO] [stdout]     --> voproof/src/tools/mod.rs:1325:9
[INFO] [stdout]      |
[INFO] [stdout] 1325 |     let $name: i64 = $size.$attr as i64;
[INFO] [stdout]      |         ^^^^^
[INFO] [stdout]      |
[INFO] [stdout]     ::: voproof/src/snarks/voproof_pov_prover_efficient.rs:743:5
[INFO] [stdout]      |
[INFO] [stdout] 743  |     init_size!(cap_c_c, nconsts, size);
[INFO] [stdout]      |     ---------------------------------- in this macro invocation
[INFO] [stdout]      = note: this warning originates in the macro `init_size` (in Nightly builds, run with -Z macro-backtrace for more info)
[INFO] [stdout] 
[INFO] [stdout] 
[INFO] [stdout] warning: unused variable: `cap_k`
[INFO] [stdout]     --> voproof/src/snarks/voproof_r1cs.rs:85:16
[INFO] [stdout]      |
[INFO] [stdout] 85   |     init_size!(cap_k, ncols, size);
[INFO] [stdout]      |                ^^^^^
[INFO] [stdout]      |
[INFO] [stdout] help: `cap_k` is captured in macro and introduced a unused variable
[INFO] [stdout]     --> voproof/src/tools/mod.rs:1325:9
[INFO] [stdout]      |
[INFO] [stdout] 1325 |     let $name: i64 = $size.$attr as i64;
[INFO] [stdout]      |         ^^^^^
[INFO] [stdout]      |
[INFO] [stdout]     ::: voproof/src/snarks/voproof_r1cs.rs:85:5
[INFO] [stdout]      |
[INFO] [stdout] 85   |     init_size!(cap_k, ncols, size);
[INFO] [stdout]      |     ------------------------------ in this macro invocation
[INFO] [stdout]      = note: this warning originates in the macro `init_size` (in Nightly builds, run with -Z macro-backtrace for more info)
[INFO] [stdout] 
[INFO] [stdout] 
[INFO] [stdout] warning: unused variable: `ell`
[INFO] [stdout]     --> voproof/src/snarks/voproof_r1cs.rs:89:16
[INFO] [stdout]      |
[INFO] [stdout] 89   |     init_size!(ell, input_size, size);
[INFO] [stdout]      |                ^^^
[INFO] [stdout]      |
[INFO] [stdout] help: `ell` is captured in macro and introduced a unused variable
[INFO] [stdout]     --> voproof/src/tools/mod.rs:1325:9
[INFO] [stdout]      |
[INFO] [stdout] 1325 |     let $name: i64 = $size.$attr as i64;
[INFO] [stdout]      |         ^^^^^
[INFO] [stdout]      |
[INFO] [stdout]     ::: voproof/src/snarks/voproof_r1cs.rs:89:5
[INFO] [stdout]      |
[INFO] [stdout] 89   |     init_size!(ell, input_size, size);
[INFO] [stdout]      |     --------------------------------- in this macro invocation
[INFO] [stdout]      = note: this warning originates in the macro `init_size` (in Nightly builds, run with -Z macro-backtrace for more info)
[INFO] [stdout] 
[INFO] [stdout] 
[INFO] [stdout] warning: unused variable: `cap_h`
[INFO] [stdout]     --> voproof/src/snarks/voproof_r1cs.rs:136:16
[INFO] [stdout]      |
[INFO] [stdout] 136  |     init_size!(cap_h, nrows, size);
[INFO] [stdout]      |                ^^^^^
[INFO] [stdout]      |
[INFO] [stdout] help: `cap_h` is captured in macro and introduced a unused variable
[INFO] [stdout]     --> voproof/src/tools/mod.rs:1325:9
[INFO] [stdout]      |
[INFO] [stdout] 1325 |     let $name: i64 = $size.$attr as i64;
[INFO] [stdout]      |         ^^^^^
[INFO] [stdout]      |
[INFO] [stdout]     ::: voproof/src/snarks/voproof_r1cs.rs:136:5
[INFO] [stdout]      |
[INFO] [stdout] 136  |     init_size!(cap_h, nrows, size);
[INFO] [stdout]      |     ------------------------------ in this macro invocation
[INFO] [stdout]      = note: this warning originates in the macro `init_size` (in Nightly builds, run with -Z macro-backtrace for more info)
[INFO] [stdout] 
[INFO] [stdout] 
[INFO] [stdout] warning: unused variable: `cap_k`
[INFO] [stdout]     --> voproof/src/snarks/voproof_r1cs.rs:137:16
[INFO] [stdout]      |
[INFO] [stdout] 137  |     init_size!(cap_k, ncols, size);
[INFO] [stdout]      |                ^^^^^
[INFO] [stdout]      |
[INFO] [stdout] help: `cap_k` is captured in macro and introduced a unused variable
[INFO] [stdout]     --> voproof/src/tools/mod.rs:1325:9
[INFO] [stdout]      |
[INFO] [stdout] 1325 |     let $name: i64 = $size.$attr as i64;
[INFO] [stdout]      |         ^^^^^
[INFO] [stdout]      |
[INFO] [stdout]     ::: voproof/src/snarks/voproof_r1cs.rs:137:5
[INFO] [stdout]      |
[INFO] [stdout] 137  |     init_size!(cap_k, ncols, size);
[INFO] [stdout]      |     ------------------------------ in this macro invocation
[INFO] [stdout]      = note: this warning originates in the macro `init_size` (in Nightly builds, run with -Z macro-backtrace for more info)
[INFO] [stdout] 
[INFO] [stdout] 
[INFO] [stdout] warning: unused variable: `cap_s_a`
[INFO] [stdout]     --> voproof/src/snarks/voproof_r1cs.rs:138:16
[INFO] [stdout]      |
[INFO] [stdout] 138  |     init_size!(cap_s_a, adensity, size);
[INFO] [stdout]      |                ^^^^^^^
[INFO] [stdout]      |
[INFO] [stdout] help: `cap_s_a` is captured in macro and introduced a unused variable
[INFO] [stdout]     --> voproof/src/tools/mod.rs:1325:9
[INFO] [stdout]      |
[INFO] [stdout] 1325 |     let $name: i64 = $size.$attr as i64;
[INFO] [stdout]      |         ^^^^^
[INFO] [stdout]      |
[INFO] [stdout]     ::: voproof/src/snarks/voproof_r1cs.rs:138:5
[INFO] [stdout]      |
[INFO] [stdout] 138  |     init_size!(cap_s_a, adensity, size);
[INFO] [stdout]      |     ----------------------------------- in this macro invocation
[INFO] [stdout]      = note: this warning originates in the macro `init_size` (in Nightly builds, run with -Z macro-backtrace for more info)
[INFO] [stdout] 
[INFO] [stdout] 
[INFO] [stdout] warning: unused variable: `cap_s_b`
[INFO] [stdout]     --> voproof/src/snarks/voproof_r1cs.rs:139:16
[INFO] [stdout]      |
[INFO] [stdout] 139  |     init_size!(cap_s_b, bdensity, size);
[INFO] [stdout]      |                ^^^^^^^
[INFO] [stdout]      |
[INFO] [stdout] help: `cap_s_b` is captured in macro and introduced a unused variable
[INFO] [stdout]     --> voproof/src/tools/mod.rs:1325:9
[INFO] [stdout]      |
[INFO] [stdout] 1325 |     let $name: i64 = $size.$attr as i64;
[INFO] [stdout]      |         ^^^^^
[INFO] [stdout]      |
[INFO] [stdout]     ::: voproof/src/snarks/voproof_r1cs.rs:139:5
[INFO] [stdout]      |
[INFO] [stdout] 139  |     init_size!(cap_s_b, bdensity, size);
[INFO] [stdout]      |     ----------------------------------- in this macro invocation
[INFO] [stdout]      = note: this warning originates in the macro `init_size` (in Nightly builds, run with -Z macro-backtrace for more info)
[INFO] [stdout] 
[INFO] [stdout] 
[INFO] [stdout] warning: unused variable: `cap_s_c`
[INFO] [stdout]     --> voproof/src/snarks/voproof_r1cs.rs:140:16
[INFO] [stdout]      |
[INFO] [stdout] 140  |     init_size!(cap_s_c, cdensity, size);
[INFO] [stdout]      |                ^^^^^^^
[INFO] [stdout]      |
[INFO] [stdout] help: `cap_s_c` is captured in macro and introduced a unused variable
[INFO] [stdout]     --> voproof/src/tools/mod.rs:1325:9
[INFO] [stdout]      |
[INFO] [stdout] 1325 |     let $name: i64 = $size.$attr as i64;
[INFO] [stdout]      |         ^^^^^
[INFO] [stdout]      |
[INFO] [stdout]     ::: voproof/src/snarks/voproof_r1cs.rs:140:5
[INFO] [stdout]      |
[INFO] [stdout] 140  |     init_size!(cap_s_c, cdensity, size);
[INFO] [stdout]      |     ----------------------------------- in this macro invocation
[INFO] [stdout]      = note: this warning originates in the macro `init_size` (in Nightly builds, run with -Z macro-backtrace for more info)
[INFO] [stdout] 
[INFO] [stdout] 
[INFO] [stdout] warning: unused variable: `ell`
[INFO] [stdout]     --> voproof/src/snarks/voproof_r1cs.rs:141:16
[INFO] [stdout]      |
[INFO] [stdout] 141  |     init_size!(ell, input_size, size);
[INFO] [stdout]      |                ^^^
[INFO] [stdout]      |
[INFO] [stdout] help: `ell` is captured in macro and introduced a unused variable
[INFO] [stdout]     --> voproof/src/tools/mod.rs:1325:9
[INFO] [stdout]      |
[INFO] [stdout] 1325 |     let $name: i64 = $size.$attr as i64;
[INFO] [stdout]      |         ^^^^^
[INFO] [stdout]      |
[INFO] [stdout]     ::: voproof/src/snarks/voproof_r1cs.rs:141:5
[INFO] [stdout]      |
[INFO] [stdout] 141  |     init_size!(ell, input_size, size);
[INFO] [stdout]      |     --------------------------------- in this macro invocation
[INFO] [stdout]      = note: this warning originates in the macro `init_size` (in Nightly builds, run with -Z macro-backtrace for more info)
[INFO] [stdout] 
[INFO] [stdout] 
[INFO] [stdout] warning: unused variable: `cap_h`
[INFO] [stdout]     --> voproof/src/snarks/voproof_r1cs.rs:943:16
[INFO] [stdout]      |
[INFO] [stdout] 943  |     init_size!(cap_h, nrows, size);
[INFO] [stdout]      |                ^^^^^
[INFO] [stdout]      |
[INFO] [stdout] help: `cap_h` is captured in macro and introduced a unused variable
[INFO] [stdout]     --> voproof/src/tools/mod.rs:1325:9
[INFO] [stdout]      |
[INFO] [stdout] 1325 |     let $name: i64 = $size.$attr as i64;
[INFO] [stdout]      |         ^^^^^
[INFO] [stdout]      |
[INFO] [stdout]     ::: voproof/src/snarks/voproof_r1cs.rs:943:5
[INFO] [stdout]      |
[INFO] [stdout] 943  |     init_size!(cap_h, nrows, size);
[INFO] [stdout]      |     ------------------------------ in this macro invocation
[INFO] [stdout]      = note: this warning originates in the macro `init_size` (in Nightly builds, run with -Z macro-backtrace for more info)
[INFO] [stdout] 
[INFO] [stdout] 
[INFO] [stdout] warning: unused variable: `cap_k`
[INFO] [stdout]     --> voproof/src/snarks/voproof_r1cs.rs:944:16
[INFO] [stdout]      |
[INFO] [stdout] 944  |     init_size!(cap_k, ncols, size);
[INFO] [stdout]      |                ^^^^^
[INFO] [stdout]      |
[INFO] [stdout] help: `cap_k` is captured in macro and introduced a unused variable
[INFO] [stdout]     --> voproof/src/tools/mod.rs:1325:9
[INFO] [stdout]      |
[INFO] [stdout] 1325 |     let $name: i64 = $size.$attr as i64;
[INFO] [stdout]      |         ^^^^^
[INFO] [stdout]      |
[INFO] [stdout]     ::: voproof/src/snarks/voproof_r1cs.rs:944:5
[INFO] [stdout]      |
[INFO] [stdout] 944  |     init_size!(cap_k, ncols, size);
[INFO] [stdout]      |     ------------------------------ in this macro invocation
[INFO] [stdout]      = note: this warning originates in the macro `init_size` (in Nightly builds, run with -Z macro-backtrace for more info)
[INFO] [stdout] 
[INFO] [stdout] 
[INFO] [stdout] warning: unused variable: `cap_s_a`
[INFO] [stdout]     --> voproof/src/snarks/voproof_r1cs.rs:945:16
[INFO] [stdout]      |
[INFO] [stdout] 945  |     init_size!(cap_s_a, adensity, size);
[INFO] [stdout]      |                ^^^^^^^
[INFO] [stdout]      |
[INFO] [stdout] help: `cap_s_a` is captured in macro and introduced a unused variable
[INFO] [stdout]     --> voproof/src/tools/mod.rs:1325:9
[INFO] [stdout]      |
[INFO] [stdout] 1325 |     let $name: i64 = $size.$attr as i64;
[INFO] [stdout]      |         ^^^^^
[INFO] [stdout]      |
[INFO] [stdout]     ::: voproof/src/snarks/voproof_r1cs.rs:945:5
[INFO] [stdout]      |
[INFO] [stdout] 945  |     init_size!(cap_s_a, adensity, size);
[INFO] [stdout]      |     ----------------------------------- in this macro invocation
[INFO] [stdout]      = note: this warning originates in the macro `init_size` (in Nightly builds, run with -Z macro-backtrace for more info)
[INFO] [stdout] 
[INFO] [stdout] 
[INFO] [stdout] warning: unused variable: `cap_s_b`
[INFO] [stdout]     --> voproof/src/snarks/voproof_r1cs.rs:946:16
[INFO] [stdout]      |
[INFO] [stdout] 946  |     init_size!(cap_s_b, bdensity, size);
[INFO] [stdout]      |                ^^^^^^^
[INFO] [stdout]      |
[INFO] [stdout] help: `cap_s_b` is captured in macro and introduced a unused variable
[INFO] [stdout]     --> voproof/src/tools/mod.rs:1325:9
[INFO] [stdout]      |
[INFO] [stdout] 1325 |     let $name: i64 = $size.$attr as i64;
[INFO] [stdout]      |         ^^^^^
[INFO] [stdout]      |
[INFO] [stdout]     ::: voproof/src/snarks/voproof_r1cs.rs:946:5
[INFO] [stdout]      |
[INFO] [stdout] 946  |     init_size!(cap_s_b, bdensity, size);
[INFO] [stdout]      |     ----------------------------------- in this macro invocation
[INFO] [stdout]      = note: this warning originates in the macro `init_size` (in Nightly builds, run with -Z macro-backtrace for more info)
[INFO] [stdout] 
[INFO] [stdout] 
[INFO] [stdout] warning: unused variable: `cap_s_c`
[INFO] [stdout]     --> voproof/src/snarks/voproof_r1cs.rs:947:16
[INFO] [stdout]      |
[INFO] [stdout] 947  |     init_size!(cap_s_c, cdensity, size);
[INFO] [stdout]      |                ^^^^^^^
[INFO] [stdout]      |
[INFO] [stdout] help: `cap_s_c` is captured in macro and introduced a unused variable
[INFO] [stdout]     --> voproof/src/tools/mod.rs:1325:9
[INFO] [stdout]      |
[INFO] [stdout] 1325 |     let $name: i64 = $size.$attr as i64;
[INFO] [stdout]      |         ^^^^^
[INFO] [stdout]      |
[INFO] [stdout]     ::: voproof/src/snarks/voproof_r1cs.rs:947:5
[INFO] [stdout]      |
[INFO] [stdout] 947  |     init_size!(cap_s_c, cdensity, size);
[INFO] [stdout]      |     ----------------------------------- in this macro invocation
[INFO] [stdout]      = note: this warning originates in the macro `init_size` (in Nightly builds, run with -Z macro-backtrace for more info)
[INFO] [stdout] 
[INFO] [stdout] 
[INFO] [stdout] warning: unused variable: `ell`
[INFO] [stdout]     --> voproof/src/snarks/voproof_r1cs.rs:948:16
[INFO] [stdout]      |
[INFO] [stdout] 948  |     init_size!(ell, input_size, size);
[INFO] [stdout]      |                ^^^
[INFO] [stdout]      |
[INFO] [stdout] help: `ell` is captured in macro and introduced a unused variable
[INFO] [stdout]     --> voproof/src/tools/mod.rs:1325:9
[INFO] [stdout]      |
[INFO] [stdout] 1325 |     let $name: i64 = $size.$attr as i64;
[INFO] [stdout]      |         ^^^^^
[INFO] [stdout]      |
[INFO] [stdout]     ::: voproof/src/snarks/voproof_r1cs.rs:948:5
[INFO] [stdout]      |
[INFO] [stdout] 948  |     init_size!(ell, input_size, size);
[INFO] [stdout]      |     --------------------------------- in this macro invocation
[INFO] [stdout]      = note: this warning originates in the macro `init_size` (in Nightly builds, run with -Z macro-backtrace for more info)
[INFO] [stdout] 
[INFO] [stdout] 
[INFO] [stdout] warning: unused variable: `cap_k`
[INFO] [stdout]     --> voproof/src/snarks/voproof_r1cs_prover_efficient.rs:94:16
[INFO] [stdout]      |
[INFO] [stdout] 94   |     init_size!(cap_k, ncols, size);
[INFO] [stdout]      |                ^^^^^
[INFO] [stdout]      |
[INFO] [stdout] help: `cap_k` is captured in macro and introduced a unused variable
[INFO] [stdout]     --> voproof/src/tools/mod.rs:1325:9
[INFO] [stdout]      |
[INFO] [stdout] 1325 |     let $name: i64 = $size.$attr as i64;
[INFO] [stdout]      |         ^^^^^
[INFO] [stdout]      |
[INFO] [stdout]     ::: voproof/src/snarks/voproof_r1cs_prover_efficient.rs:94:5
[INFO] [stdout]      |
[INFO] [stdout] 94   |     init_size!(cap_k, ncols, size);
[INFO] [stdout]      |     ------------------------------ in this macro invocation
[INFO] [stdout]      = note: this warning originates in the macro `init_size` (in Nightly builds, run with -Z macro-backtrace for more info)
[INFO] [stdout] 
[INFO] [stdout] 
[INFO] [stdout] warning: unused variable: `ell`
[INFO] [stdout]     --> voproof/src/snarks/voproof_r1cs_prover_efficient.rs:98:16
[INFO] [stdout]      |
[INFO] [stdout] 98   |     init_size!(ell, input_size, size);
[INFO] [stdout]      |                ^^^
[INFO] [stdout]      |
[INFO] [stdout] help: `ell` is captured in macro and introduced a unused variable
[INFO] [stdout]     --> voproof/src/tools/mod.rs:1325:9
[INFO] [stdout]      |
[INFO] [stdout] 1325 |     let $name: i64 = $size.$attr as i64;
[INFO] [stdout]      |         ^^^^^
[INFO] [stdout]      |
[INFO] [stdout]     ::: voproof/src/snarks/voproof_r1cs_prover_efficient.rs:98:5
[INFO] [stdout]      |
[INFO] [stdout] 98   |     init_size!(ell, input_size, size);
[INFO] [stdout]      |     --------------------------------- in this macro invocation
[INFO] [stdout]      = note: this warning originates in the macro `init_size` (in Nightly builds, run with -Z macro-backtrace for more info)
[INFO] [stdout] 
[INFO] [stdout] 
[INFO] [stdout] warning: unused variable: `gamma`
[INFO] [stdout]     --> voproof/src/snarks/voproof_r1cs_prover_efficient.rs:151:23
[INFO] [stdout]      |
[INFO] [stdout] 151  |     define_generator!(gamma, E);
[INFO] [stdout]      |                       ^^^^^
[INFO] [stdout]      |
[INFO] [stdout] help: `gamma` is captured in macro and introduced a unused variable
[INFO] [stdout]     --> voproof/src/tools/mod.rs:1318:9
[INFO] [stdout]      |
[INFO] [stdout] 1318 |     let $gamma = generator_of!($e);
[INFO] [stdout]      |         ^^^^^^
[INFO] [stdout]      |
[INFO] [stdout]     ::: voproof/src/snarks/voproof_r1cs_prover_efficient.rs:151:5
[INFO] [stdout]      |
[INFO] [stdout] 151  |     define_generator!(gamma, E);
[INFO] [stdout]      |     --------------------------- in this macro invocation
[INFO] [stdout]      = note: this warning originates in the macro `define_generator` (in Nightly builds, run with -Z macro-backtrace for more info)
[INFO] [stdout] 
[INFO] [stdout] 
[INFO] [stdout] warning: unused variable: `gamma`
[INFO] [stdout]     --> voproof/src/snarks/voproof_r1cs_prover_efficient.rs:960:23
[INFO] [stdout]      |
[INFO] [stdout] 960  |     define_generator!(gamma, E);
[INFO] [stdout]      |                       ^^^^^
[INFO] [stdout]      |
[INFO] [stdout] help: `gamma` is captured in macro and introduced a unused variable
[INFO] [stdout]     --> voproof/src/tools/mod.rs:1318:9
[INFO] [stdout]      |
[INFO] [stdout] 1318 |     let $gamma = generator_of!($e);
[INFO] [stdout]      |         ^^^^^^
[INFO] [stdout]      |
[INFO] [stdout]     ::: voproof/src/snarks/voproof_r1cs_prover_efficient.rs:960:5
[INFO] [stdout]      |
[INFO] [stdout] 960  |     define_generator!(gamma, E);
[INFO] [stdout]      |     --------------------------- in this macro invocation
[INFO] [stdout]      = note: this warning originates in the macro `define_generator` (in Nightly builds, run with -Z macro-backtrace for more info)
[INFO] [stdout] 
[INFO] [stdout] 
[INFO] [stdout] warning: unused import: `One`
[INFO] [stdout]   --> voproof/src/main.rs:12:25
[INFO] [stdout]    |
[INFO] [stdout] 12 | use ark_std::{test_rng, One};
[INFO] [stdout]    |                         ^^^
[INFO] [stdout]    |
[INFO] [stdout]    = note: `#[warn(unused_imports)]` on by default
[INFO] [stdout] 
[INFO] [stdout] 
[INFO] [stderr]     Finished `dev` profile [unoptimized + debuginfo] target(s) in 1m 18s
[INFO] running `Command { std: "docker" "inspect" "45bd0e38e38bedef0189bc5de8fcd5c821d93bf340a1bcb2ed8414b0e3b8ac18", kill_on_drop: false }`
[INFO] running `Command { std: "docker" "rm" "-f" "45bd0e38e38bedef0189bc5de8fcd5c821d93bf340a1bcb2ed8414b0e3b8ac18", kill_on_drop: false }`
[INFO] [stdout] 45bd0e38e38bedef0189bc5de8fcd5c821d93bf340a1bcb2ed8414b0e3b8ac18
[INFO] running `Command { std: "docker" "create" "-v" "/var/lib/crater-agent-workspace/builds/worker-4-tc2/target:/opt/rustwide/target:rw,Z" "-v" "/var/lib/crater-agent-workspace/builds/worker-4-tc2/source:/opt/rustwide/workdir:ro,Z" "-v" "/var/lib/crater-agent-workspace/cargo-home:/opt/rustwide/cargo-home:ro,Z" "-v" "/var/lib/crater-agent-workspace/rustup-home:/opt/rustwide/rustup-home:ro,Z" "-e" "SOURCE_DIR=/opt/rustwide/workdir" "-e" "CARGO_TARGET_DIR=/opt/rustwide/target" "-e" "CARGO_INCREMENTAL=0" "-e" "RUST_BACKTRACE=full" "-e" "RUSTFLAGS=--cap-lints=warn" "-e" "RUSTDOCFLAGS=--cap-lints=warn" "-e" "CARGO_HOME=/opt/rustwide/cargo-home" "-e" "RUSTUP_HOME=/opt/rustwide/rustup-home" "-w" "/opt/rustwide/workdir" "-m" "1610612736" "--user" "0:0" "--network" "none" "ghcr.io/rust-lang/crates-build-env/linux@sha256:f3a9d4ad9d972b27faf3965f35b62e55ba32bbce8f20bc8fe909558a86702fde" "/opt/rustwide/cargo-home/bin/cargo" "+beta-2024-12-08" "test" "--frozen" "--no-run" "--message-format=json", kill_on_drop: false }`
[INFO] [stdout] 416b994229c7ff0c24cb2a95ed0f2529d35992b098f8bfba75d5eaa1ef9251fb
[INFO] running `Command { std: "docker" "start" "-a" "416b994229c7ff0c24cb2a95ed0f2529d35992b098f8bfba75d5eaa1ef9251fb", kill_on_drop: false }`
[INFO] [stderr] warning: /opt/rustwide/workdir/voproof/Cargo.toml: unused manifest key: tests
[INFO] [stderr]    Compiling ark-r1cs-std v0.4.0
[INFO] [stderr]    Compiling ark-ed-on-bls12-381 v0.4.0
[INFO] [stderr]    Compiling ark-sponge v0.3.0
[INFO] [stderr]    Compiling ark-crypto-primitives v0.4.0
[INFO] [stderr]    Compiling ark-poly-commit v0.4.0
[INFO] [stderr]    Compiling ark-groth16 v0.4.0
[INFO] [stderr]    Compiling voproof v0.2.0 (/opt/rustwide/workdir/voproof)
[INFO] [stdout] warning: unnecessary parentheses around assigned value
[INFO] [stdout]   --> voproof/src/snarks/range_check.rs:47:11
[INFO] [stdout]    |
[INFO] [stdout] 47 |     (max!((size.lookup_size as i64), (size.range as i64))) as usize
[INFO] [stdout]    |           ^                       ^
[INFO] [stdout]    |
[INFO] [stdout]    = note: `#[warn(unused_parens)]` on by default
[INFO] [stdout] help: remove these parentheses
[INFO] [stdout]    |
[INFO] [stdout] 47 -     (max!((size.lookup_size as i64), (size.range as i64))) as usize
[INFO] [stdout] 47 +     (max!(size.lookup_size as i64, (size.range as i64))) as usize
[INFO] [stdout]    |
[INFO] [stdout] 
[INFO] [stdout] 
[INFO] [stdout] warning: unnecessary parentheses around assigned value
[INFO] [stdout]   --> voproof/src/snarks/range_check.rs:47:38
[INFO] [stdout]    |
[INFO] [stdout] 47 |     (max!((size.lookup_size as i64), (size.range as i64))) as usize
[INFO] [stdout]    |                                      ^                 ^
[INFO] [stdout]    |
[INFO] [stdout] help: remove these parentheses
[INFO] [stdout]    |
[INFO] [stdout] 47 -     (max!((size.lookup_size as i64), (size.range as i64))) as usize
[INFO] [stdout] 47 +     (max!((size.lookup_size as i64), size.range as i64)) as usize
[INFO] [stdout]    |
[INFO] [stdout] 
[INFO] [stdout] 
[INFO] [stdout] warning: unnecessary parentheses around assigned value
[INFO] [stdout]   --> voproof/src/snarks/range_check.rs:47:11
[INFO] [stdout]    |
[INFO] [stdout] 47 |     (max!((size.lookup_size as i64), (size.range as i64))) as usize
[INFO] [stdout]    |           ^                       ^
[INFO] [stdout]    |
[INFO] [stdout]    = note: `#[warn(unused_parens)]` on by default
[INFO] [stdout] help: remove these parentheses
[INFO] [stdout]    |
[INFO] [stdout] 47 -     (max!((size.lookup_size as i64), (size.range as i64))) as usize
[INFO] [stdout] 47 +     (max!(size.lookup_size as i64, (size.range as i64))) as usize
[INFO] [stdout]    |
[INFO] [stdout] 
[INFO] [stdout] 
[INFO] [stdout] warning: unnecessary parentheses around assigned value
[INFO] [stdout]   --> voproof/src/snarks/range_check.rs:47:38
[INFO] [stdout]    |
[INFO] [stdout] 47 |     (max!((size.lookup_size as i64), (size.range as i64))) as usize
[INFO] [stdout]    |                                      ^                 ^
[INFO] [stdout]    |
[INFO] [stdout] help: remove these parentheses
[INFO] [stdout]    |
[INFO] [stdout] 47 -     (max!((size.lookup_size as i64), (size.range as i64))) as usize
[INFO] [stdout] 47 +     (max!((size.lookup_size as i64), size.range as i64)) as usize
[INFO] [stdout]    |
[INFO] [stdout] 
[INFO] [stdout] 
[INFO] [stdout] warning: unused variable: `n`
[INFO] [stdout]     --> voproof/src/snarks/fibonacci.rs:72:16
[INFO] [stdout]      |
[INFO] [stdout] 72   |     init_size!(n, n, size);
[INFO] [stdout]      |                ^
[INFO] [stdout]      |
[INFO] [stdout] help: `n` is captured in macro and introduced a unused variable
[INFO] [stdout]     --> voproof/src/tools/mod.rs:1325:9
[INFO] [stdout]      |
[INFO] [stdout] 1325 |     let $name: i64 = $size.$attr as i64;
[INFO] [stdout]      |         ^^^^^
[INFO] [stdout]      |
[INFO] [stdout]     ::: voproof/src/snarks/fibonacci.rs:72:5
[INFO] [stdout]      |
[INFO] [stdout] 72   |     init_size!(n, n, size);
[INFO] [stdout]      |     ---------------------- in this macro invocation
[INFO] [stdout]      = note: `#[warn(unused_variables)]` on by default
[INFO] [stdout]      = note: this warning originates in the macro `init_size` (in Nightly builds, run with -Z macro-backtrace for more info)
[INFO] [stdout] 
[INFO] [stdout] 
[INFO] [stdout] warning: unused variable: `gamma`
[INFO] [stdout]     --> voproof/src/snarks/fibonacci.rs:73:23
[INFO] [stdout]      |
[INFO] [stdout] 73   |     define_generator!(gamma, E);
[INFO] [stdout]      |                       ^^^^^
[INFO] [stdout]      |
[INFO] [stdout] help: `gamma` is captured in macro and introduced a unused variable
[INFO] [stdout]     --> voproof/src/tools/mod.rs:1318:9
[INFO] [stdout]      |
[INFO] [stdout] 1318 |     let $gamma = generator_of!($e);
[INFO] [stdout]      |         ^^^^^^
[INFO] [stdout]      |
[INFO] [stdout]     ::: voproof/src/snarks/fibonacci.rs:73:5
[INFO] [stdout]      |
[INFO] [stdout] 73   |     define_generator!(gamma, E);
[INFO] [stdout]      |     --------------------------- in this macro invocation
[INFO] [stdout]      = note: this warning originates in the macro `define_generator` (in Nightly builds, run with -Z macro-backtrace for more info)
[INFO] [stdout] 
[INFO] [stdout] 
[INFO] [stdout] warning: unused variable: `n`
[INFO] [stdout]     --> voproof/src/snarks/fibonacci.rs:111:16
[INFO] [stdout]      |
[INFO] [stdout] 111  |     init_size!(n, n, size);
[INFO] [stdout]      |                ^
[INFO] [stdout]      |
[INFO] [stdout] help: `n` is captured in macro and introduced a unused variable
[INFO] [stdout]     --> voproof/src/tools/mod.rs:1325:9
[INFO] [stdout]      |
[INFO] [stdout] 1325 |     let $name: i64 = $size.$attr as i64;
[INFO] [stdout]      |         ^^^^^
[INFO] [stdout]      |
[INFO] [stdout]     ::: voproof/src/snarks/fibonacci.rs:111:5
[INFO] [stdout]      |
[INFO] [stdout] 111  |     init_size!(n, n, size);
[INFO] [stdout]      |     ---------------------- in this macro invocation
[INFO] [stdout]      = note: this warning originates in the macro `init_size` (in Nightly builds, run with -Z macro-backtrace for more info)
[INFO] [stdout] 
[INFO] [stdout] 
[INFO] [stdout] warning: unused variable: `gamma`
[INFO] [stdout]     --> voproof/src/snarks/fibonacci.rs:112:23
[INFO] [stdout]      |
[INFO] [stdout] 112  |     define_generator!(gamma, E);
[INFO] [stdout]      |                       ^^^^^
[INFO] [stdout]      |
[INFO] [stdout] help: `gamma` is captured in macro and introduced a unused variable
[INFO] [stdout]     --> voproof/src/tools/mod.rs:1318:9
[INFO] [stdout]      |
[INFO] [stdout] 1318 |     let $gamma = generator_of!($e);
[INFO] [stdout]      |         ^^^^^^
[INFO] [stdout]      |
[INFO] [stdout]     ::: voproof/src/snarks/fibonacci.rs:112:5
[INFO] [stdout]      |
[INFO] [stdout] 112  |     define_generator!(gamma, E);
[INFO] [stdout]      |     --------------------------- in this macro invocation
[INFO] [stdout]      = note: this warning originates in the macro `define_generator` (in Nightly builds, run with -Z macro-backtrace for more info)
[INFO] [stdout] 
[INFO] [stdout] 
[INFO] [stdout] warning: unused variable: `i`
[INFO] [stdout]    --> voproof/src/kzg/mod.rs:613:9
[INFO] [stdout]     |
[INFO] [stdout] 613 |     for i in 0..10 {
[INFO] [stdout]     |         ^ help: if this is intentional, prefix it with an underscore: `_i`
[INFO] [stdout]     |
[INFO] [stdout]     = note: `#[warn(unused_variables)]` on by default
[INFO] [stdout] 
[INFO] [stdout] 
[INFO] [stdout] warning: unused variable: `n`
[INFO] [stdout]     --> voproof/src/snarks/fibonacci.rs:72:16
[INFO] [stdout]      |
[INFO] [stdout] 72   |     init_size!(n, n, size);
[INFO] [stdout]      |                ^
[INFO] [stdout]      |
[INFO] [stdout] help: `n` is captured in macro and introduced a unused variable
[INFO] [stdout]     --> voproof/src/tools/mod.rs:1325:9
[INFO] [stdout]      |
[INFO] [stdout] 1325 |     let $name: i64 = $size.$attr as i64;
[INFO] [stdout]      |         ^^^^^
[INFO] [stdout]      |
[INFO] [stdout]     ::: voproof/src/snarks/fibonacci.rs:72:5
[INFO] [stdout]      |
[INFO] [stdout] 72   |     init_size!(n, n, size);
[INFO] [stdout]      |     ---------------------- in this macro invocation
[INFO] [stdout]      = note: this warning originates in the macro `init_size` (in Nightly builds, run with -Z macro-backtrace for more info)
[INFO] [stdout] 
[INFO] [stdout] 
[INFO] [stdout] warning: unused variable: `gamma`
[INFO] [stdout]     --> voproof/src/snarks/fibonacci.rs:73:23
[INFO] [stdout]      |
[INFO] [stdout] 73   |     define_generator!(gamma, E);
[INFO] [stdout]      |                       ^^^^^
[INFO] [stdout]      |
[INFO] [stdout] help: `gamma` is captured in macro and introduced a unused variable
[INFO] [stdout]     --> voproof/src/tools/mod.rs:1318:9
[INFO] [stdout]      |
[INFO] [stdout] 1318 |     let $gamma = generator_of!($e);
[INFO] [stdout]      |         ^^^^^^
[INFO] [stdout]      |
[INFO] [stdout]     ::: voproof/src/snarks/fibonacci.rs:73:5
[INFO] [stdout]      |
[INFO] [stdout] 73   |     define_generator!(gamma, E);
[INFO] [stdout]      |     --------------------------- in this macro invocation
[INFO] [stdout]      = note: this warning originates in the macro `define_generator` (in Nightly builds, run with -Z macro-backtrace for more info)
[INFO] [stdout] 
[INFO] [stdout] 
[INFO] [stdout] warning: unused variable: `n`
[INFO] [stdout]     --> voproof/src/snarks/fibonacci.rs:111:16
[INFO] [stdout]      |
[INFO] [stdout] 111  |     init_size!(n, n, size);
[INFO] [stdout]      |                ^
[INFO] [stdout]      |
[INFO] [stdout] help: `n` is captured in macro and introduced a unused variable
[INFO] [stdout]     --> voproof/src/tools/mod.rs:1325:9
[INFO] [stdout]      |
[INFO] [stdout] 1325 |     let $name: i64 = $size.$attr as i64;
[INFO] [stdout]      |         ^^^^^
[INFO] [stdout]      |
[INFO] [stdout]     ::: voproof/src/snarks/fibonacci.rs:111:5
[INFO] [stdout]      |
[INFO] [stdout] 111  |     init_size!(n, n, size);
[INFO] [stdout]      |     ---------------------- in this macro invocation
[INFO] [stdout]      = note: this warning originates in the macro `init_size` (in Nightly builds, run with -Z macro-backtrace for more info)
[INFO] [stdout] 
[INFO] [stdout] 
[INFO] [stdout] warning: unused variable: `gamma`
[INFO] [stdout]     --> voproof/src/snarks/fibonacci.rs:112:23
[INFO] [stdout]      |
[INFO] [stdout] 112  |     define_generator!(gamma, E);
[INFO] [stdout]      |                       ^^^^^
[INFO] [stdout]      |
[INFO] [stdout] help: `gamma` is captured in macro and introduced a unused variable
[INFO] [stdout]     --> voproof/src/tools/mod.rs:1318:9
[INFO] [stdout]      |
[INFO] [stdout] 1318 |     let $gamma = generator_of!($e);
[INFO] [stdout]      |         ^^^^^^
[INFO] [stdout]      |
[INFO] [stdout]     ::: voproof/src/snarks/fibonacci.rs:112:5
[INFO] [stdout]      |
[INFO] [stdout] 112  |     define_generator!(gamma, E);
[INFO] [stdout]      |     --------------------------- in this macro invocation
[INFO] [stdout]      = note: this warning originates in the macro `define_generator` (in Nightly builds, run with -Z macro-backtrace for more info)
[INFO] [stdout] 
[INFO] [stdout] 
[INFO] [stdout] warning: unused variable: `n`
[INFO] [stdout]     --> voproof/src/snarks/fibonacci.rs:996:16
[INFO] [stdout]      |
[INFO] [stdout] 996  |     init_size!(n, n, size);
[INFO] [stdout]      |                ^
[INFO] [stdout]      |
[INFO] [stdout] help: `n` is captured in macro and introduced a unused variable
[INFO] [stdout]     --> voproof/src/tools/mod.rs:1325:9
[INFO] [stdout]      |
[INFO] [stdout] 1325 |     let $name: i64 = $size.$attr as i64;
[INFO] [stdout]      |         ^^^^^
[INFO] [stdout]      |
[INFO] [stdout]     ::: voproof/src/snarks/fibonacci.rs:996:5
[INFO] [stdout]      |
[INFO] [stdout] 996  |     init_size!(n, n, size);
[INFO] [stdout]      |     ---------------------- in this macro invocation
[INFO] [stdout]      = note: this warning originates in the macro `init_size` (in Nightly builds, run with -Z macro-backtrace for more info)
[INFO] [stdout] 
[INFO] [stdout] 
[INFO] [stdout] warning: unused variable: `gamma`
[INFO] [stdout]     --> voproof/src/snarks/fibonacci.rs:997:23
[INFO] [stdout]      |
[INFO] [stdout] 997  |     define_generator!(gamma, E);
[INFO] [stdout]      |                       ^^^^^
[INFO] [stdout]      |
[INFO] [stdout] help: `gamma` is captured in macro and introduced a unused variable
[INFO] [stdout]     --> voproof/src/tools/mod.rs:1318:9
[INFO] [stdout]      |
[INFO] [stdout] 1318 |     let $gamma = generator_of!($e);
[INFO] [stdout]      |         ^^^^^^
[INFO] [stdout]      |
[INFO] [stdout]     ::: voproof/src/snarks/fibonacci.rs:997:5
[INFO] [stdout]      |
[INFO] [stdout] 997  |     define_generator!(gamma, E);
[INFO] [stdout]      |     --------------------------- in this macro invocation
[INFO] [stdout]      = note: this warning originates in the macro `define_generator` (in Nightly builds, run with -Z macro-backtrace for more info)
[INFO] [stdout] 
[INFO] [stdout] 
[INFO] [stdout] warning: unused variable: `nsize`
[INFO] [stdout]     --> voproof/src/snarks/range_check.rs:75:16
[INFO] [stdout]      |
[INFO] [stdout] 75   |     init_size!(nsize, lookup_size, size);
[INFO] [stdout]      |                ^^^^^
[INFO] [stdout]      |
[INFO] [stdout] help: `nsize` is captured in macro and introduced a unused variable
[INFO] [stdout]     --> voproof/src/tools/mod.rs:1325:9
[INFO] [stdout]      |
[INFO] [stdout] 1325 |     let $name: i64 = $size.$attr as i64;
[INFO] [stdout]      |         ^^^^^
[INFO] [stdout]      |
[INFO] [stdout]     ::: voproof/src/snarks/range_check.rs:75:5
[INFO] [stdout]      |
[INFO] [stdout] 75   |     init_size!(nsize, lookup_size, size);
[INFO] [stdout]      |     ------------------------------------ in this macro invocation
[INFO] [stdout]      = note: this warning originates in the macro `init_size` (in Nightly builds, run with -Z macro-backtrace for more info)
[INFO] [stdout] 
[INFO] [stdout] 
[INFO] [stdout] warning: unused variable: `range`
[INFO] [stdout]     --> voproof/src/snarks/range_check.rs:76:16
[INFO] [stdout]      |
[INFO] [stdout] 76   |     init_size!(range, range, size);
[INFO] [stdout]      |                ^^^^^
[INFO] [stdout]      |
[INFO] [stdout] help: `range` is captured in macro and introduced a unused variable
[INFO] [stdout]     --> voproof/src/tools/mod.rs:1325:9
[INFO] [stdout]      |
[INFO] [stdout] 1325 |     let $name: i64 = $size.$attr as i64;
[INFO] [stdout]      |         ^^^^^
[INFO] [stdout]      |
[INFO] [stdout]     ::: voproof/src/snarks/range_check.rs:76:5
[INFO] [stdout]      |
[INFO] [stdout] 76   |     init_size!(range, range, size);
[INFO] [stdout]      |     ------------------------------ in this macro invocation
[INFO] [stdout]      = note: this warning originates in the macro `init_size` (in Nightly builds, run with -Z macro-backtrace for more info)
[INFO] [stdout] 
[INFO] [stdout] 
[INFO] [stdout] warning: unused variable: `gamma`
[INFO] [stdout]     --> voproof/src/snarks/range_check.rs:77:23
[INFO] [stdout]      |
[INFO] [stdout] 77   |     define_generator!(gamma, E);
[INFO] [stdout]      |                       ^^^^^
[INFO] [stdout]      |
[INFO] [stdout] help: `gamma` is captured in macro and introduced a unused variable
[INFO] [stdout]     --> voproof/src/tools/mod.rs:1318:9
[INFO] [stdout]      |
[INFO] [stdout] 1318 |     let $gamma = generator_of!($e);
[INFO] [stdout]      |         ^^^^^^
[INFO] [stdout]      |
[INFO] [stdout]     ::: voproof/src/snarks/range_check.rs:77:5
[INFO] [stdout]      |
[INFO] [stdout] 77   |     define_generator!(gamma, E);
[INFO] [stdout]      |     --------------------------- in this macro invocation
[INFO] [stdout]      = note: this warning originates in the macro `define_generator` (in Nightly builds, run with -Z macro-backtrace for more info)
[INFO] [stdout] 
[INFO] [stdout] 
[INFO] [stdout] warning: unused variable: `nsize`
[INFO] [stdout]     --> voproof/src/snarks/range_check.rs:121:16
[INFO] [stdout]      |
[INFO] [stdout] 121  |     init_size!(nsize, lookup_size, size);
[INFO] [stdout]      |                ^^^^^
[INFO] [stdout]      |
[INFO] [stdout] help: `nsize` is captured in macro and introduced a unused variable
[INFO] [stdout]     --> voproof/src/tools/mod.rs:1325:9
[INFO] [stdout]      |
[INFO] [stdout] 1325 |     let $name: i64 = $size.$attr as i64;
[INFO] [stdout]      |         ^^^^^
[INFO] [stdout]      |
[INFO] [stdout]     ::: voproof/src/snarks/range_check.rs:121:5
[INFO] [stdout]      |
[INFO] [stdout] 121  |     init_size!(nsize, lookup_size, size);
[INFO] [stdout]      |     ------------------------------------ in this macro invocation
[INFO] [stdout]      = note: this warning originates in the macro `init_size` (in Nightly builds, run with -Z macro-backtrace for more info)
[INFO] [stdout] 
[INFO] [stdout] 
[INFO] [stdout] warning: unused variable: `range`
[INFO] [stdout]     --> voproof/src/snarks/range_check.rs:122:16
[INFO] [stdout]      |
[INFO] [stdout] 122  |     init_size!(range, range, size);
[INFO] [stdout]      |                ^^^^^
[INFO] [stdout]      |
[INFO] [stdout] help: `range` is captured in macro and introduced a unused variable
[INFO] [stdout]     --> voproof/src/tools/mod.rs:1325:9
[INFO] [stdout]      |
[INFO] [stdout] 1325 |     let $name: i64 = $size.$attr as i64;
[INFO] [stdout]      |         ^^^^^
[INFO] [stdout]      |
[INFO] [stdout]     ::: voproof/src/snarks/range_check.rs:122:5
[INFO] [stdout]      |
[INFO] [stdout] 122  |     init_size!(range, range, size);
[INFO] [stdout]      |     ------------------------------ in this macro invocation
[INFO] [stdout]      = note: this warning originates in the macro `init_size` (in Nightly builds, run with -Z macro-backtrace for more info)
[INFO] [stdout] 
[INFO] [stdout] 
[INFO] [stdout] warning: unused variable: `gamma`
[INFO] [stdout]     --> voproof/src/snarks/range_check.rs:123:23
[INFO] [stdout]      |
[INFO] [stdout] 123  |     define_generator!(gamma, E);
[INFO] [stdout]      |                       ^^^^^
[INFO] [stdout]      |
[INFO] [stdout] help: `gamma` is captured in macro and introduced a unused variable
[INFO] [stdout]     --> voproof/src/tools/mod.rs:1318:9
[INFO] [stdout]      |
[INFO] [stdout] 1318 |     let $gamma = generator_of!($e);
[INFO] [stdout]      |         ^^^^^^
[INFO] [stdout]      |
[INFO] [stdout]     ::: voproof/src/snarks/range_check.rs:123:5
[INFO] [stdout]      |
[INFO] [stdout] 123  |     define_generator!(gamma, E);
[INFO] [stdout]      |     --------------------------- in this macro invocation
[INFO] [stdout]      = note: this warning originates in the macro `define_generator` (in Nightly builds, run with -Z macro-backtrace for more info)
[INFO] [stdout] 
[INFO] [stdout] 
[INFO] [stdout] warning: unused variable: `x`
[INFO] [stdout]    --> voproof/src/snarks/range_check.rs:116:27
[INFO] [stdout]     |
[INFO] [stdout] 116 |   fn prove(pk: &Self::PK, x: &Self::Ins, w: &Self::Wit) -> Result<Self::Pf, Error> {
[INFO] [stdout]     |                           ^ help: if this is intentional, prefix it with an underscore: `_x`
[INFO] [stdout] 
[INFO] [stdout] 
[INFO] [stdout] warning: unused variable: `n`
[INFO] [stdout]     --> voproof/src/snarks/fibonacci.rs:996:16
[INFO] [stdout]      |
[INFO] [stdout] 996  |     init_size!(n, n, size);
[INFO] [stdout]      |                ^
[INFO] [stdout]      |
[INFO] [stdout] help: `n` is captured in macro and introduced a unused variable
[INFO] [stdout]     --> voproof/src/tools/mod.rs:1325:9
[INFO] [stdout]      |
[INFO] [stdout] 1325 |     let $name: i64 = $size.$attr as i64;
[INFO] [stdout]      |         ^^^^^
[INFO] [stdout]      |
[INFO] [stdout]     ::: voproof/src/snarks/fibonacci.rs:996:5
[INFO] [stdout]      |
[INFO] [stdout] 996  |     init_size!(n, n, size);
[INFO] [stdout]      |     ---------------------- in this macro invocation
[INFO] [stdout]      = note: this warning originates in the macro `init_size` (in Nightly builds, run with -Z macro-backtrace for more info)
[INFO] [stdout] 
[INFO] [stdout] 
[INFO] [stdout] warning: unused variable: `gamma`
[INFO] [stdout]     --> voproof/src/snarks/fibonacci.rs:997:23
[INFO] [stdout]      |
[INFO] [stdout] 997  |     define_generator!(gamma, E);
[INFO] [stdout]      |                       ^^^^^
[INFO] [stdout]      |
[INFO] [stdout] help: `gamma` is captured in macro and introduced a unused variable
[INFO] [stdout]     --> voproof/src/tools/mod.rs:1318:9
[INFO] [stdout]      |
[INFO] [stdout] 1318 |     let $gamma = generator_of!($e);
[INFO] [stdout]      |         ^^^^^^
[INFO] [stdout]      |
[INFO] [stdout]     ::: voproof/src/snarks/fibonacci.rs:997:5
[INFO] [stdout]      |
[INFO] [stdout] 997  |     define_generator!(gamma, E);
[INFO] [stdout]      |     --------------------------- in this macro invocation
[INFO] [stdout]      = note: this warning originates in the macro `define_generator` (in Nightly builds, run with -Z macro-backtrace for more info)
[INFO] [stdout] 
[INFO] [stdout] 
[INFO] [stdout] warning: unused variable: `nsize`
[INFO] [stdout]     --> voproof/src/snarks/range_check.rs:75:16
[INFO] [stdout]      |
[INFO] [stdout] 75   |     init_size!(nsize, lookup_size, size);
[INFO] [stdout]      |                ^^^^^
[INFO] [stdout]      |
[INFO] [stdout] help: `nsize` is captured in macro and introduced a unused variable
[INFO] [stdout]     --> voproof/src/tools/mod.rs:1325:9
[INFO] [stdout]      |
[INFO] [stdout] 1325 |     let $name: i64 = $size.$attr as i64;
[INFO] [stdout]      |         ^^^^^
[INFO] [stdout]      |
[INFO] [stdout]     ::: voproof/src/snarks/range_check.rs:75:5
[INFO] [stdout]      |
[INFO] [stdout] 75   |     init_size!(nsize, lookup_size, size);
[INFO] [stdout]      |     ------------------------------------ in this macro invocation
[INFO] [stdout]      = note: this warning originates in the macro `init_size` (in Nightly builds, run with -Z macro-backtrace for more info)
[INFO] [stdout] 
[INFO] [stdout] 
[INFO] [stdout] warning: unused variable: `range`
[INFO] [stdout]     --> voproof/src/snarks/range_check.rs:76:16
[INFO] [stdout]      |
[INFO] [stdout] 76   |     init_size!(range, range, size);
[INFO] [stdout]      |                ^^^^^
[INFO] [stdout]      |
[INFO] [stdout] help: `range` is captured in macro and introduced a unused variable
[INFO] [stdout]     --> voproof/src/tools/mod.rs:1325:9
[INFO] [stdout]      |
[INFO] [stdout] 1325 |     let $name: i64 = $size.$attr as i64;
[INFO] [stdout]      |         ^^^^^
[INFO] [stdout]      |
[INFO] [stdout]     ::: voproof/src/snarks/range_check.rs:76:5
[INFO] [stdout]      |
[INFO] [stdout] 76   |     init_size!(range, range, size);
[INFO] [stdout]      |     ------------------------------ in this macro invocation
[INFO] [stdout]      = note: this warning originates in the macro `init_size` (in Nightly builds, run with -Z macro-backtrace for more info)
[INFO] [stdout] 
[INFO] [stdout] 
[INFO] [stdout] warning: unused variable: `gamma`
[INFO] [stdout]     --> voproof/src/snarks/range_check.rs:77:23
[INFO] [stdout]      |
[INFO] [stdout] 77   |     define_generator!(gamma, E);
[INFO] [stdout]      |                       ^^^^^
[INFO] [stdout]      |
[INFO] [stdout] help: `gamma` is captured in macro and introduced a unused variable
[INFO] [stdout]     --> voproof/src/tools/mod.rs:1318:9
[INFO] [stdout]      |
[INFO] [stdout] 1318 |     let $gamma = generator_of!($e);
[INFO] [stdout]      |         ^^^^^^
[INFO] [stdout]      |
[INFO] [stdout]     ::: voproof/src/snarks/range_check.rs:77:5
[INFO] [stdout]      |
[INFO] [stdout] 77   |     define_generator!(gamma, E);
[INFO] [stdout]      |     --------------------------- in this macro invocation
[INFO] [stdout]      = note: this warning originates in the macro `define_generator` (in Nightly builds, run with -Z macro-backtrace for more info)
[INFO] [stdout] 
[INFO] [stdout] 
[INFO] [stdout] warning: unused variable: `nsize`
[INFO] [stdout]     --> voproof/src/snarks/range_check.rs:121:16
[INFO] [stdout]      |
[INFO] [stdout] 121  |     init_size!(nsize, lookup_size, size);
[INFO] [stdout]      |                ^^^^^
[INFO] [stdout]      |
[INFO] [stdout] help: `nsize` is captured in macro and introduced a unused variable
[INFO] [stdout]     --> voproof/src/tools/mod.rs:1325:9
[INFO] [stdout]      |
[INFO] [stdout] 1325 |     let $name: i64 = $size.$attr as i64;
[INFO] [stdout]      |         ^^^^^
[INFO] [stdout]      |
[INFO] [stdout]     ::: voproof/src/snarks/range_check.rs:121:5
[INFO] [stdout]      |
[INFO] [stdout] 121  |     init_size!(nsize, lookup_size, size);
[INFO] [stdout]      |     ------------------------------------ in this macro invocation
[INFO] [stdout]      = note: this warning originates in the macro `init_size` (in Nightly builds, run with -Z macro-backtrace for more info)
[INFO] [stdout] 
[INFO] [stdout] 
[INFO] [stdout] warning: unused variable: `range`
[INFO] [stdout]     --> voproof/src/snarks/range_check.rs:122:16
[INFO] [stdout]      |
[INFO] [stdout] 122  |     init_size!(range, range, size);
[INFO] [stdout]      |                ^^^^^
[INFO] [stdout]      |
[INFO] [stdout] help: `range` is captured in macro and introduced a unused variable
[INFO] [stdout]     --> voproof/src/tools/mod.rs:1325:9
[INFO] [stdout]      |
[INFO] [stdout] 1325 |     let $name: i64 = $size.$attr as i64;
[INFO] [stdout]      |         ^^^^^
[INFO] [stdout]      |
[INFO] [stdout]     ::: voproof/src/snarks/range_check.rs:122:5
[INFO] [stdout]      |
[INFO] [stdout] 122  |     init_size!(range, range, size);
[INFO] [stdout]      |     ------------------------------ in this macro invocation
[INFO] [stdout]      = note: this warning originates in the macro `init_size` (in Nightly builds, run with -Z macro-backtrace for more info)
[INFO] [stdout] 
[INFO] [stdout] 
[INFO] [stdout] warning: unused variable: `gamma`
[INFO] [stdout]     --> voproof/src/snarks/range_check.rs:123:23
[INFO] [stdout]      |
[INFO] [stdout] 123  |     define_generator!(gamma, E);
[INFO] [stdout]      |                       ^^^^^
[INFO] [stdout]      |
[INFO] [stdout] help: `gamma` is captured in macro and introduced a unused variable
[INFO] [stdout]     --> voproof/src/tools/mod.rs:1318:9
[INFO] [stdout]      |
[INFO] [stdout] 1318 |     let $gamma = generator_of!($e);
[INFO] [stdout]      |         ^^^^^^
[INFO] [stdout]      |
[INFO] [stdout]     ::: voproof/src/snarks/range_check.rs:123:5
[INFO] [stdout]      |
[INFO] [stdout] 123  |     define_generator!(gamma, E);
[INFO] [stdout]      |     --------------------------- in this macro invocation
[INFO] [stdout]      = note: this warning originates in the macro `define_generator` (in Nightly builds, run with -Z macro-backtrace for more info)
[INFO] [stdout] 
[INFO] [stdout] 
[INFO] [stdout] warning: unused variable: `x`
[INFO] [stdout]    --> voproof/src/snarks/range_check.rs:116:27
[INFO] [stdout]     |
[INFO] [stdout] 116 |   fn prove(pk: &Self::PK, x: &Self::Ins, w: &Self::Wit) -> Result<Self::Pf, Error> {
[INFO] [stdout]     |                           ^ help: if this is intentional, prefix it with an underscore: `_x`
[INFO] [stdout] 
[INFO] [stdout] 
[INFO] [stdout] warning: unused variable: `nsize`
[INFO] [stdout]     --> voproof/src/snarks/range_check.rs:1301:16
[INFO] [stdout]      |
[INFO] [stdout] 1301 |     init_size!(nsize, lookup_size, size);
[INFO] [stdout]      |                ^^^^^
[INFO] [stdout]      |
[INFO] [stdout] help: `nsize` is captured in macro and introduced a unused variable
[INFO] [stdout]     --> voproof/src/tools/mod.rs:1325:9
[INFO] [stdout]      |
[INFO] [stdout] 1325 |     let $name: i64 = $size.$attr as i64;
[INFO] [stdout]      |         ^^^^^
[INFO] [stdout]      |
[INFO] [stdout]     ::: voproof/src/snarks/range_check.rs:1301:5
[INFO] [stdout]      |
[INFO] [stdout] 1301 |     init_size!(nsize, lookup_size, size);
[INFO] [stdout]      |     ------------------------------------ in this macro invocation
[INFO] [stdout]      = note: this warning originates in the macro `init_size` (in Nightly builds, run with -Z macro-backtrace for more info)
[INFO] [stdout] 
[INFO] [stdout] 
[INFO] [stdout] warning: unused variable: `range`
[INFO] [stdout]     --> voproof/src/snarks/range_check.rs:1302:16
[INFO] [stdout]      |
[INFO] [stdout] 1302 |     init_size!(range, range, size);
[INFO] [stdout]      |                ^^^^^
[INFO] [stdout]      |
[INFO] [stdout] help: `range` is captured in macro and introduced a unused variable
[INFO] [stdout]     --> voproof/src/tools/mod.rs:1325:9
[INFO] [stdout]      |
[INFO] [stdout] 1325 |     let $name: i64 = $size.$attr as i64;
[INFO] [stdout]      |         ^^^^^
[INFO] [stdout]      |
[INFO] [stdout]     ::: voproof/src/snarks/range_check.rs:1302:5
[INFO] [stdout]      |
[INFO] [stdout] 1302 |     init_size!(range, range, size);
[INFO] [stdout]      |     ------------------------------ in this macro invocation
[INFO] [stdout]      = note: this warning originates in the macro `init_size` (in Nightly builds, run with -Z macro-backtrace for more info)
[INFO] [stdout] 
[INFO] [stdout] 
[INFO] [stdout] warning: unused variable: `gamma`
[INFO] [stdout]     --> voproof/src/snarks/range_check.rs:1303:23
[INFO] [stdout]      |
[INFO] [stdout] 1303 |     define_generator!(gamma, E);
[INFO] [stdout]      |                       ^^^^^
[INFO] [stdout]      |
[INFO] [stdout] help: `gamma` is captured in macro and introduced a unused variable
[INFO] [stdout]     --> voproof/src/tools/mod.rs:1318:9
[INFO] [stdout]      |
[INFO] [stdout] 1318 |     let $gamma = generator_of!($e);
[INFO] [stdout]      |         ^^^^^^
[INFO] [stdout]      |
[INFO] [stdout]     ::: voproof/src/snarks/range_check.rs:1303:5
[INFO] [stdout]      |
[INFO] [stdout] 1303 |     define_generator!(gamma, E);
[INFO] [stdout]      |     --------------------------- in this macro invocation
[INFO] [stdout]      = note: this warning originates in the macro `define_generator` (in Nightly builds, run with -Z macro-backtrace for more info)
[INFO] [stdout] 
[INFO] [stdout] 
[INFO] [stdout] warning: unused variable: `beta_1`
[INFO] [stdout]     --> voproof/src/snarks/range_check.rs:1309:7
[INFO] [stdout]      |
[INFO] [stdout] 1309 |       beta_1,
[INFO] [stdout]      |       ^^^^^^
[INFO] [stdout]      |
[INFO] [stdout] help: `beta_1` is captured in macro and introduced a unused variable
[INFO] [stdout]     --> voproof/src/tools/mod.rs:1024:11
[INFO] [stdout]      |
[INFO] [stdout] 1024 |         let $name = hash_to_field::<E::ScalarField>(
[INFO] [stdout]      |             ^^^^^
[INFO] [stdout]      |
[INFO] [stdout]     ::: voproof/src/snarks/range_check.rs:1308:5
[INFO] [stdout]      |
[INFO] [stdout] 1308 | /     get_randomness_from_hash!(
[INFO] [stdout] 1309 | |       beta_1,
[INFO] [stdout] 1310 | |       one!(),
[INFO] [stdout] 1311 | |       vk.cm_t_vec,
[INFO] [stdout] ...    |
[INFO] [stdout] 1315 | |       cm_s_vec
[INFO] [stdout] 1316 | |     );
[INFO] [stdout]      | |_____- in this macro invocation
[INFO] [stdout]      = note: this warning originates in the macro `get_randomness_from_hash` (in Nightly builds, run with -Z macro-backtrace for more info)
[INFO] [stdout] 
[INFO] [stdout] 
[INFO] [stdout] warning: unused variable: `x`
[INFO] [stdout]     --> voproof/src/snarks/range_check.rs:1284:28
[INFO] [stdout]      |
[INFO] [stdout] 1284 |   fn verify(vk: &Self::VK, x: &Self::Ins, proof: &Self::Pf) -> Result<(), Error> {
[INFO] [stdout]      |                            ^ help: if this is intentional, prefix it with an underscore: `_x`
[INFO] [stdout] 
[INFO] [stdout] 
[INFO] [stdout] warning: unused variable: `cap_h`
[INFO] [stdout]     --> voproof/src/snarks/voproof_hpr.rs:85:16
[INFO] [stdout]      |
[INFO] [stdout] 85   |     init_size!(cap_h, nrows, size);
[INFO] [stdout]      |                ^^^^^
[INFO] [stdout]      |
[INFO] [stdout] help: `cap_h` is captured in macro and introduced a unused variable
[INFO] [stdout]     --> voproof/src/tools/mod.rs:1325:9
[INFO] [stdout]      |
[INFO] [stdout] 1325 |     let $name: i64 = $size.$attr as i64;
[INFO] [stdout]      |         ^^^^^
[INFO] [stdout]      |
[INFO] [stdout]     ::: voproof/src/snarks/voproof_hpr.rs:85:5
[INFO] [stdout]      |
[INFO] [stdout] 85   |     init_size!(cap_h, nrows, size);
[INFO] [stdout]      |     ------------------------------ in this macro invocation
[INFO] [stdout]      = note: this warning originates in the macro `init_size` (in Nightly builds, run with -Z macro-backtrace for more info)
[INFO] [stdout] 
[INFO] [stdout] 
[INFO] [stdout] warning: unused variable: `cap_c_c`
[INFO] [stdout]     --> voproof/src/snarks/voproof_pov.rs:76:16
[INFO] [stdout]      |
[INFO] [stdout] 76   |     init_size!(cap_c_c, nconsts, size);
[INFO] [stdout]      |                ^^^^^^^
[INFO] [stdout]      |
[INFO] [stdout] help: `cap_c_c` is captured in macro and introduced a unused variable
[INFO] [stdout]     --> voproof/src/tools/mod.rs:1325:9
[INFO] [stdout]      |
[INFO] [stdout] 1325 |     let $name: i64 = $size.$attr as i64;
[INFO] [stdout]      |         ^^^^^
[INFO] [stdout]      |
[INFO] [stdout]     ::: voproof/src/snarks/voproof_pov.rs:76:5
[INFO] [stdout]      |
[INFO] [stdout] 76   |     init_size!(cap_c_c, nconsts, size);
[INFO] [stdout]      |     ---------------------------------- in this macro invocation
[INFO] [stdout]      = note: this warning originates in the macro `init_size` (in Nightly builds, run with -Z macro-backtrace for more info)
[INFO] [stdout] 
[INFO] [stdout] 
[INFO] [stdout] warning: unused variable: `cap_c_c`
[INFO] [stdout]     --> voproof/src/snarks/voproof_pov.rs:120:16
[INFO] [stdout]      |
[INFO] [stdout] 120  |     init_size!(cap_c_c, nconsts, size);
[INFO] [stdout]      |                ^^^^^^^
[INFO] [stdout]      |
[INFO] [stdout] help: `cap_c_c` is captured in macro and introduced a unused variable
[INFO] [stdout]     --> voproof/src/tools/mod.rs:1325:9
[INFO] [stdout]      |
[INFO] [stdout] 1325 |     let $name: i64 = $size.$attr as i64;
[INFO] [stdout]      |         ^^^^^
[INFO] [stdout]      |
[INFO] [stdout]     ::: voproof/src/snarks/voproof_pov.rs:120:5
[INFO] [stdout]      |
[INFO] [stdout] 120  |     init_size!(cap_c_c, nconsts, size);
[INFO] [stdout]      |     ---------------------------------- in this macro invocation
[INFO] [stdout]      = note: this warning originates in the macro `init_size` (in Nightly builds, run with -Z macro-backtrace for more info)
[INFO] [stdout] 
[INFO] [stdout] 
[INFO] [stdout] warning: unused variable: `nsize`
[INFO] [stdout]     --> voproof/src/snarks/range_check.rs:1301:16
[INFO] [stdout]      |
[INFO] [stdout] 1301 |     init_size!(nsize, lookup_size, size);
[INFO] [stdout]      |                ^^^^^
[INFO] [stdout]      |
[INFO] [stdout] help: `nsize` is captured in macro and introduced a unused variable
[INFO] [stdout]     --> voproof/src/tools/mod.rs:1325:9
[INFO] [stdout]      |
[INFO] [stdout] 1325 |     let $name: i64 = $size.$attr as i64;
[INFO] [stdout]      |         ^^^^^
[INFO] [stdout]      |
[INFO] [stdout]     ::: voproof/src/snarks/range_check.rs:1301:5
[INFO] [stdout]      |
[INFO] [stdout] 1301 |     init_size!(nsize, lookup_size, size);
[INFO] [stdout]      |     ------------------------------------ in this macro invocation
[INFO] [stdout]      = note: this warning originates in the macro `init_size` (in Nightly builds, run with -Z macro-backtrace for more info)
[INFO] [stdout] 
[INFO] [stdout] 
[INFO] [stdout] warning: unused variable: `cap_c_c`
[INFO] [stdout]     --> voproof/src/snarks/voproof_pov.rs:692:16
[INFO] [stdout]      |
[INFO] [stdout] 692  |     init_size!(cap_c_c, nconsts, size);
[INFO] [stdout]      |                ^^^^^^^
[INFO] [stdout]      |
[INFO] [stdout] help: `cap_c_c` is captured in macro and introduced a unused variable
[INFO] [stdout]     --> voproof/src/tools/mod.rs:1325:9
[INFO] [stdout]      |
[INFO] [stdout] 1325 |     let $name: i64 = $size.$attr as i64;
[INFO] [stdout]      |         ^^^^^
[INFO] [stdout]      |
[INFO] [stdout]     ::: voproof/src/snarks/voproof_pov.rs:692:5
[INFO] [stdout]      |
[INFO] [stdout] 692  |     init_size!(cap_c_c, nconsts, size);
[INFO] [stdout]      |     ---------------------------------- in this macro invocation
[INFO] [stdout]      = note: this warning originates in the macro `init_size` (in Nightly builds, run with -Z macro-backtrace for more info)
[INFO] [stdout] 
[INFO] [stdout] 
[INFO] [stdout] warning: unused variable: `cap_c_c`
[INFO] [stdout]     --> voproof/src/snarks/voproof_pov_prover_efficient.rs:83:16
[INFO] [stdout]      |
[INFO] [stdout] 83   |     init_size!(cap_c_c, nconsts, size);
[INFO] [stdout]      |                ^^^^^^^
[INFO] [stdout]      |
[INFO] [stdout] help: `cap_c_c` is captured in macro and introduced a unused variable
[INFO] [stdout]     --> voproof/src/tools/mod.rs:1325:9
[INFO] [stdout]      |
[INFO] [stdout] 1325 |     let $name: i64 = $size.$attr as i64;
[INFO] [stdout]      |         ^^^^^
[INFO] [stdout]      |
[INFO] [stdout]     ::: voproof/src/snarks/voproof_pov_prover_efficient.rs:83:5
[INFO] [stdout]      |
[INFO] [stdout] 83   |     init_size!(cap_c_c, nconsts, size);
[INFO] [stdout]      |     ---------------------------------- in this macro invocation
[INFO] [stdout]      = note: this warning originates in the macro `init_size` (in Nightly builds, run with -Z macro-backtrace for more info)
[INFO] [stdout] 
[INFO] [stdout] 
[INFO] [stdout] warning: unused variable: `cap_c_c`
[INFO] [stdout]     --> voproof/src/snarks/voproof_pov_prover_efficient.rs:127:16
[INFO] [stdout]      |
[INFO] [stdout] 127  |     init_size!(cap_c_c, nconsts, size);
[INFO] [stdout]      |                ^^^^^^^
[INFO] [stdout]      |
[INFO] [stdout] help: `cap_c_c` is captured in macro and introduced a unused variable
[INFO] [stdout]     --> voproof/src/tools/mod.rs:1325:9
[INFO] [stdout]      |
[INFO] [stdout] 1325 |     let $name: i64 = $size.$attr as i64;
[INFO] [stdout]      |         ^^^^^
[INFO] [stdout]      |
[INFO] [stdout]     ::: voproof/src/snarks/voproof_pov_prover_efficient.rs:127:5
[INFO] [stdout]      |
[INFO] [stdout] 127  |     init_size!(cap_c_c, nconsts, size);
[INFO] [stdout]      |     ---------------------------------- in this macro invocation
[INFO] [stdout]      = note: this warning originates in the macro `init_size` (in Nightly builds, run with -Z macro-backtrace for more info)
[INFO] [stdout] 
[INFO] [stdout] 
[INFO] [stdout] warning: unused variable: `range`
[INFO] [stdout]     --> voproof/src/snarks/range_check.rs:1302:16
[INFO] [stdout]      |
[INFO] [stdout] 1302 |     init_size!(range, range, size);
[INFO] [stdout]      |                ^^^^^
[INFO] [stdout]      |
[INFO] [stdout] help: `range` is captured in macro and introduced a unused variable
[INFO] [stdout]     --> voproof/src/tools/mod.rs:1325:9
[INFO] [stdout]      |
[INFO] [stdout] 1325 |     let $name: i64 = $size.$attr as i64;
[INFO] [stdout]      |         ^^^^^
[INFO] [stdout]      |
[INFO] [stdout]     ::: voproof/src/snarks/range_check.rs:1302:5
[INFO] [stdout]      |
[INFO] [stdout] 1302 |     init_size!(range, range, size);
[INFO] [stdout]      |     ------------------------------ in this macro invocation
[INFO] [stdout]      = note: this warning originates in the macro `init_size` (in Nightly builds, run with -Z macro-backtrace for more info)
[INFO] [stdout] 
[INFO] [stdout] 
[INFO] [stdout] warning: unused variable: `gamma`
[INFO] [stdout]     --> voproof/src/snarks/range_check.rs:1303:23
[INFO] [stdout]      |
[INFO] [stdout] 1303 |     define_generator!(gamma, E);
[INFO] [stdout]      |                       ^^^^^
[INFO] [stdout]      |
[INFO] [stdout] help: `gamma` is captured in macro and introduced a unused variable
[INFO] [stdout]     --> voproof/src/tools/mod.rs:1318:9
[INFO] [stdout]      |
[INFO] [stdout] 1318 |     let $gamma = generator_of!($e);
[INFO] [stdout]      |         ^^^^^^
[INFO] [stdout]      |
[INFO] [stdout]     ::: voproof/src/snarks/range_check.rs:1303:5
[INFO] [stdout]      |
[INFO] [stdout] 1303 |     define_generator!(gamma, E);
[INFO] [stdout]      |     --------------------------- in this macro invocation
[INFO] [stdout]      = note: this warning originates in the macro `define_generator` (in Nightly builds, run with -Z macro-backtrace for more info)
[INFO] [stdout] 
[INFO] [stdout] 
[INFO] [stdout] warning: unused variable: `beta_1`
[INFO] [stdout]     --> voproof/src/snarks/range_check.rs:1309:7
[INFO] [stdout]      |
[INFO] [stdout] 1309 |       beta_1,
[INFO] [stdout]      |       ^^^^^^
[INFO] [stdout]      |
[INFO] [stdout] help: `beta_1` is captured in macro and introduced a unused variable
[INFO] [stdout]     --> voproof/src/tools/mod.rs:1024:11
[INFO] [stdout]      |
[INFO] [stdout] 1024 |         let $name = hash_to_field::<E::ScalarField>(
[INFO] [stdout]      |             ^^^^^
[INFO] [stdout]      |
[INFO] [stdout]     ::: voproof/src/snarks/range_check.rs:1308:5
[INFO] [stdout]      |
[INFO] [stdout] 1308 | /     get_randomness_from_hash!(
[INFO] [stdout] 1309 | |       beta_1,
[INFO] [stdout] 1310 | |       one!(),
[INFO] [stdout] 1311 | |       vk.cm_t_vec,
[INFO] [stdout] ...    |
[INFO] [stdout] 1315 | |       cm_s_vec
[INFO] [stdout] 1316 | |     );
[INFO] [stdout]      | |_____- in this macro invocation
[INFO] [stdout]      = note: this warning originates in the macro `get_randomness_from_hash` (in Nightly builds, run with -Z macro-backtrace for more info)
[INFO] [stdout] 
[INFO] [stdout] 
[INFO] [stdout] warning: unused variable: `x`
[INFO] [stdout]     --> voproof/src/snarks/range_check.rs:1284:28
[INFO] [stdout]      |
[INFO] [stdout] 1284 |   fn verify(vk: &Self::VK, x: &Self::Ins, proof: &Self::Pf) -> Result<(), Error> {
[INFO] [stdout]      |                            ^ help: if this is intentional, prefix it with an underscore: `_x`
[INFO] [stdout] 
[INFO] [stdout] 
[INFO] [stdout] warning: unused variable: `cap_h`
[INFO] [stdout]     --> voproof/src/snarks/voproof_hpr.rs:85:16
[INFO] [stdout]      |
[INFO] [stdout] 85   |     init_size!(cap_h, nrows, size);
[INFO] [stdout]      |                ^^^^^
[INFO] [stdout]      |
[INFO] [stdout] help: `cap_h` is captured in macro and introduced a unused variable
[INFO] [stdout]     --> voproof/src/tools/mod.rs:1325:9
[INFO] [stdout]      |
[INFO] [stdout] 1325 |     let $name: i64 = $size.$attr as i64;
[INFO] [stdout]      |         ^^^^^
[INFO] [stdout]      |
[INFO] [stdout]     ::: voproof/src/snarks/voproof_hpr.rs:85:5
[INFO] [stdout]      |
[INFO] [stdout] 85   |     init_size!(cap_h, nrows, size);
[INFO] [stdout]      |     ------------------------------ in this macro invocation
[INFO] [stdout]      = note: this warning originates in the macro `init_size` (in Nightly builds, run with -Z macro-backtrace for more info)
[INFO] [stdout] 
[INFO] [stdout] 
[INFO] [stdout] warning: unused variable: `cap_c_c`
[INFO] [stdout]     --> voproof/src/snarks/voproof_pov_prover_efficient.rs:743:16
[INFO] [stdout]      |
[INFO] [stdout] 743  |     init_size!(cap_c_c, nconsts, size);
[INFO] [stdout]      |                ^^^^^^^
[INFO] [stdout]      |
[INFO] [stdout] help: `cap_c_c` is captured in macro and introduced a unused variable
[INFO] [stdout]     --> voproof/src/tools/mod.rs:1325:9
[INFO] [stdout]      |
[INFO] [stdout] 1325 |     let $name: i64 = $size.$attr as i64;
[INFO] [stdout]      |         ^^^^^
[INFO] [stdout]      |
[INFO] [stdout]     ::: voproof/src/snarks/voproof_pov_prover_efficient.rs:743:5
[INFO] [stdout]      |
[INFO] [stdout] 743  |     init_size!(cap_c_c, nconsts, size);
[INFO] [stdout]      |     ---------------------------------- in this macro invocation
[INFO] [stdout]      = note: this warning originates in the macro `init_size` (in Nightly builds, run with -Z macro-backtrace for more info)
[INFO] [stdout] 
[INFO] [stdout] 
[INFO] [stdout] warning: unused variable: `cap_k`
[INFO] [stdout]     --> voproof/src/snarks/voproof_r1cs.rs:85:16
[INFO] [stdout]      |
[INFO] [stdout] 85   |     init_size!(cap_k, ncols, size);
[INFO] [stdout]      |                ^^^^^
[INFO] [stdout]      |
[INFO] [stdout] help: `cap_k` is captured in macro and introduced a unused variable
[INFO] [stdout]     --> voproof/src/tools/mod.rs:1325:9
[INFO] [stdout]      |
[INFO] [stdout] 1325 |     let $name: i64 = $size.$attr as i64;
[INFO] [stdout]      |         ^^^^^
[INFO] [stdout]      |
[INFO] [stdout]     ::: voproof/src/snarks/voproof_r1cs.rs:85:5
[INFO] [stdout]      |
[INFO] [stdout] 85   |     init_size!(cap_k, ncols, size);
[INFO] [stdout]      |     ------------------------------ in this macro invocation
[INFO] [stdout]      = note: this warning originates in the macro `init_size` (in Nightly builds, run with -Z macro-backtrace for more info)
[INFO] [stdout] 
[INFO] [stdout] 
[INFO] [stdout] warning: unused variable: `ell`
[INFO] [stdout]     --> voproof/src/snarks/voproof_r1cs.rs:89:16
[INFO] [stdout]      |
[INFO] [stdout] 89   |     init_size!(ell, input_size, size);
[INFO] [stdout]      |                ^^^
[INFO] [stdout]      |
[INFO] [stdout] help: `ell` is captured in macro and introduced a unused variable
[INFO] [stdout]     --> voproof/src/tools/mod.rs:1325:9
[INFO] [stdout]      |
[INFO] [stdout] 1325 |     let $name: i64 = $size.$attr as i64;
[INFO] [stdout]      |         ^^^^^
[INFO] [stdout]      |
[INFO] [stdout]     ::: voproof/src/snarks/voproof_r1cs.rs:89:5
[INFO] [stdout]      |
[INFO] [stdout] 89   |     init_size!(ell, input_size, size);
[INFO] [stdout]      |     --------------------------------- in this macro invocation
[INFO] [stdout]      = note: this warning originates in the macro `init_size` (in Nightly builds, run with -Z macro-backtrace for more info)
[INFO] [stdout] 
[INFO] [stdout] 
[INFO] [stdout] warning: unused variable: `cap_h`
[INFO] [stdout]     --> voproof/src/snarks/voproof_r1cs.rs:136:16
[INFO] [stdout]      |
[INFO] [stdout] 136  |     init_size!(cap_h, nrows, size);
[INFO] [stdout]      |                ^^^^^
[INFO] [stdout]      |
[INFO] [stdout] help: `cap_h` is captured in macro and introduced a unused variable
[INFO] [stdout]     --> voproof/src/tools/mod.rs:1325:9
[INFO] [stdout]      |
[INFO] [stdout] 1325 |     let $name: i64 = $size.$attr as i64;
[INFO] [stdout]      |         ^^^^^
[INFO] [stdout]      |
[INFO] [stdout]     ::: voproof/src/snarks/voproof_r1cs.rs:136:5
[INFO] [stdout]      |
[INFO] [stdout] 136  |     init_size!(cap_h, nrows, size);
[INFO] [stdout]      |     ------------------------------ in this macro invocation
[INFO] [stdout]      = note: this warning originates in the macro `init_size` (in Nightly builds, run with -Z macro-backtrace for more info)
[INFO] [stdout] 
[INFO] [stdout] 
[INFO] [stdout] warning: unused variable: `cap_k`
[INFO] [stdout]     --> voproof/src/snarks/voproof_r1cs.rs:137:16
[INFO] [stdout]      |
[INFO] [stdout] 137  |     init_size!(cap_k, ncols, size);
[INFO] [stdout]      |                ^^^^^
[INFO] [stdout]      |
[INFO] [stdout] help: `cap_k` is captured in macro and introduced a unused variable
[INFO] [stdout]     --> voproof/src/tools/mod.rs:1325:9
[INFO] [stdout]      |
[INFO] [stdout] 1325 |     let $name: i64 = $size.$attr as i64;
[INFO] [stdout]      |         ^^^^^
[INFO] [stdout]      |
[INFO] [stdout]     ::: voproof/src/snarks/voproof_r1cs.rs:137:5
[INFO] [stdout]      |
[INFO] [stdout] 137  |     init_size!(cap_k, ncols, size);
[INFO] [stdout]      |     ------------------------------ in this macro invocation
[INFO] [stdout]      = note: this warning originates in the macro `init_size` (in Nightly builds, run with -Z macro-backtrace for more info)
[INFO] [stdout] 
[INFO] [stdout] 
[INFO] [stdout] warning: unused variable: `cap_s_a`
[INFO] [stdout]     --> voproof/src/snarks/voproof_r1cs.rs:138:16
[INFO] [stdout]      |
[INFO] [stdout] 138  |     init_size!(cap_s_a, adensity, size);
[INFO] [stdout]      |                ^^^^^^^
[INFO] [stdout]      |
[INFO] [stdout] help: `cap_s_a` is captured in macro and introduced a unused variable
[INFO] [stdout]     --> voproof/src/tools/mod.rs:1325:9
[INFO] [stdout]      |
[INFO] [stdout] 1325 |     let $name: i64 = $size.$attr as i64;
[INFO] [stdout]      |         ^^^^^
[INFO] [stdout]      |
[INFO] [stdout]     ::: voproof/src/snarks/voproof_r1cs.rs:138:5
[INFO] [stdout]      |
[INFO] [stdout] 138  |     init_size!(cap_s_a, adensity, size);
[INFO] [stdout]      |     ----------------------------------- in this macro invocation
[INFO] [stdout]      = note: this warning originates in the macro `init_size` (in Nightly builds, run with -Z macro-backtrace for more info)
[INFO] [stdout] 
[INFO] [stdout] 
[INFO] [stdout] warning: unused variable: `cap_s_b`
[INFO] [stdout]     --> voproof/src/snarks/voproof_r1cs.rs:139:16
[INFO] [stdout]      |
[INFO] [stdout] 139  |     init_size!(cap_s_b, bdensity, size);
[INFO] [stdout]      |                ^^^^^^^
[INFO] [stdout]      |
[INFO] [stdout] help: `cap_s_b` is captured in macro and introduced a unused variable
[INFO] [stdout]     --> voproof/src/tools/mod.rs:1325:9
[INFO] [stdout]      |
[INFO] [stdout] 1325 |     let $name: i64 = $size.$attr as i64;
[INFO] [stdout]      |         ^^^^^
[INFO] [stdout]      |
[INFO] [stdout]     ::: voproof/src/snarks/voproof_r1cs.rs:139:5
[INFO] [stdout]      |
[INFO] [stdout] 139  |     init_size!(cap_s_b, bdensity, size);
[INFO] [stdout]      |     ----------------------------------- in this macro invocation
[INFO] [stdout]      = note: this warning originates in the macro `init_size` (in Nightly builds, run with -Z macro-backtrace for more info)
[INFO] [stdout] 
[INFO] [stdout] 
[INFO] [stdout] warning: unused variable: `cap_s_c`
[INFO] [stdout]     --> voproof/src/snarks/voproof_r1cs.rs:140:16
[INFO] [stdout]      |
[INFO] [stdout] 140  |     init_size!(cap_s_c, cdensity, size);
[INFO] [stdout]      |                ^^^^^^^
[INFO] [stdout]      |
[INFO] [stdout] help: `cap_s_c` is captured in macro and introduced a unused variable
[INFO] [stdout]     --> voproof/src/tools/mod.rs:1325:9
[INFO] [stdout]      |
[INFO] [stdout] 1325 |     let $name: i64 = $size.$attr as i64;
[INFO] [stdout]      |         ^^^^^
[INFO] [stdout]      |
[INFO] [stdout]     ::: voproof/src/snarks/voproof_r1cs.rs:140:5
[INFO] [stdout]      |
[INFO] [stdout] 140  |     init_size!(cap_s_c, cdensity, size);
[INFO] [stdout]      |     ----------------------------------- in this macro invocation
[INFO] [stdout]      = note: this warning originates in the macro `init_size` (in Nightly builds, run with -Z macro-backtrace for more info)
[INFO] [stdout] 
[INFO] [stdout] 
[INFO] [stdout] warning: unused variable: `ell`
[INFO] [stdout]     --> voproof/src/snarks/voproof_r1cs.rs:141:16
[INFO] [stdout]      |
[INFO] [stdout] 141  |     init_size!(ell, input_size, size);
[INFO] [stdout]      |                ^^^
[INFO] [stdout]      |
[INFO] [stdout] help: `ell` is captured in macro and introduced a unused variable
[INFO] [stdout]     --> voproof/src/tools/mod.rs:1325:9
[INFO] [stdout]      |
[INFO] [stdout] 1325 |     let $name: i64 = $size.$attr as i64;
[INFO] [stdout]      |         ^^^^^
[INFO] [stdout]      |
[INFO] [stdout]     ::: voproof/src/snarks/voproof_r1cs.rs:141:5
[INFO] [stdout]      |
[INFO] [stdout] 141  |     init_size!(ell, input_size, size);
[INFO] [stdout]      |     --------------------------------- in this macro invocation
[INFO] [stdout]      = note: this warning originates in the macro `init_size` (in Nightly builds, run with -Z macro-backtrace for more info)
[INFO] [stdout] 
[INFO] [stdout] 
[INFO] [stdout] warning: unused variable: `cap_c_c`
[INFO] [stdout]     --> voproof/src/snarks/voproof_pov.rs:76:16
[INFO] [stdout]      |
[INFO] [stdout] 76   |     init_size!(cap_c_c, nconsts, size);
[INFO] [stdout]      |                ^^^^^^^
[INFO] [stdout]      |
[INFO] [stdout] help: `cap_c_c` is captured in macro and introduced a unused variable
[INFO] [stdout]     --> voproof/src/tools/mod.rs:1325:9
[INFO] [stdout]      |
[INFO] [stdout] 1325 |     let $name: i64 = $size.$attr as i64;
[INFO] [stdout]      |         ^^^^^
[INFO] [stdout]      |
[INFO] [stdout]     ::: voproof/src/snarks/voproof_pov.rs:76:5
[INFO] [stdout]      |
[INFO] [stdout] 76   |     init_size!(cap_c_c, nconsts, size);
[INFO] [stdout]      |     ---------------------------------- in this macro invocation
[INFO] [stdout]      = note: this warning originates in the macro `init_size` (in Nightly builds, run with -Z macro-backtrace for more info)
[INFO] [stdout] 
[INFO] [stdout] 
[INFO] [stdout] warning: unused variable: `cap_c_c`
[INFO] [stdout]     --> voproof/src/snarks/voproof_pov.rs:120:16
[INFO] [stdout]      |
[INFO] [stdout] 120  |     init_size!(cap_c_c, nconsts, size);
[INFO] [stdout]      |                ^^^^^^^
[INFO] [stdout]      |
[INFO] [stdout] help: `cap_c_c` is captured in macro and introduced a unused variable
[INFO] [stdout]     --> voproof/src/tools/mod.rs:1325:9
[INFO] [stdout]      |
[INFO] [stdout] 1325 |     let $name: i64 = $size.$attr as i64;
[INFO] [stdout]      |         ^^^^^
[INFO] [stdout]      |
[INFO] [stdout]     ::: voproof/src/snarks/voproof_pov.rs:120:5
[INFO] [stdout]      |
[INFO] [stdout] 120  |     init_size!(cap_c_c, nconsts, size);
[INFO] [stdout]      |     ---------------------------------- in this macro invocation
[INFO] [stdout]      = note: this warning originates in the macro `init_size` (in Nightly builds, run with -Z macro-backtrace for more info)
[INFO] [stdout] 
[INFO] [stdout] 
[INFO] [stdout] warning: unused variable: `cap_c_c`
[INFO] [stdout]     --> voproof/src/snarks/voproof_pov.rs:692:16
[INFO] [stdout]      |
[INFO] [stdout] 692  |     init_size!(cap_c_c, nconsts, size);
[INFO] [stdout]      |                ^^^^^^^
[INFO] [stdout]      |
[INFO] [stdout] help: `cap_c_c` is captured in macro and introduced a unused variable
[INFO] [stdout]     --> voproof/src/tools/mod.rs:1325:9
[INFO] [stdout]      |
[INFO] [stdout] 1325 |     let $name: i64 = $size.$attr as i64;
[INFO] [stdout]      |         ^^^^^
[INFO] [stdout]      |
[INFO] [stdout]     ::: voproof/src/snarks/voproof_pov.rs:692:5
[INFO] [stdout]      |
[INFO] [stdout] 692  |     init_size!(cap_c_c, nconsts, size);
[INFO] [stdout]      |     ---------------------------------- in this macro invocation
[INFO] [stdout]      = note: this warning originates in the macro `init_size` (in Nightly builds, run with -Z macro-backtrace for more info)
[INFO] [stdout] 
[INFO] [stdout] 
[INFO] [stdout] warning: unused variable: `cap_c_c`
[INFO] [stdout]     --> voproof/src/snarks/voproof_pov_prover_efficient.rs:83:16
[INFO] [stdout]      |
[INFO] [stdout] 83   |     init_size!(cap_c_c, nconsts, size);
[INFO] [stdout]      |                ^^^^^^^
[INFO] [stdout]      |
[INFO] [stdout] help: `cap_c_c` is captured in macro and introduced a unused variable
[INFO] [stdout]     --> voproof/src/tools/mod.rs:1325:9
[INFO] [stdout]      |
[INFO] [stdout] 1325 |     let $name: i64 = $size.$attr as i64;
[INFO] [stdout]      |         ^^^^^
[INFO] [stdout]      |
[INFO] [stdout]     ::: voproof/src/snarks/voproof_pov_prover_efficient.rs:83:5
[INFO] [stdout]      |
[INFO] [stdout] 83   |     init_size!(cap_c_c, nconsts, size);
[INFO] [stdout]      |     ---------------------------------- in this macro invocation
[INFO] [stdout]      = note: this warning originates in the macro `init_size` (in Nightly builds, run with -Z macro-backtrace for more info)
[INFO] [stdout] 
[INFO] [stdout] 
[INFO] [stdout] warning: unused variable: `cap_c_c`
[INFO] [stdout]     --> voproof/src/snarks/voproof_pov_prover_efficient.rs:127:16
[INFO] [stdout]      |
[INFO] [stdout] 127  |     init_size!(cap_c_c, nconsts, size);
[INFO] [stdout]      |                ^^^^^^^
[INFO] [stdout]      |
[INFO] [stdout] help: `cap_c_c` is captured in macro and introduced a unused variable
[INFO] [stdout]     --> voproof/src/tools/mod.rs:1325:9
[INFO] [stdout]      |
[INFO] [stdout] 1325 |     let $name: i64 = $size.$attr as i64;
[INFO] [stdout]      |         ^^^^^
[INFO] [stdout]      |
[INFO] [stdout]     ::: voproof/src/snarks/voproof_pov_prover_efficient.rs:127:5
[INFO] [stdout]      |
[INFO] [stdout] 127  |     init_size!(cap_c_c, nconsts, size);
[INFO] [stdout]      |     ---------------------------------- in this macro invocation
[INFO] [stdout]      = note: this warning originates in the macro `init_size` (in Nightly builds, run with -Z macro-backtrace for more info)
[INFO] [stdout] 
[INFO] [stdout] 
[INFO] [stdout] warning: unused variable: `cap_h`
[INFO] [stdout]     --> voproof/src/snarks/voproof_r1cs.rs:943:16
[INFO] [stdout]      |
[INFO] [stdout] 943  |     init_size!(cap_h, nrows, size);
[INFO] [stdout]      |                ^^^^^
[INFO] [stdout]      |
[INFO] [stdout] help: `cap_h` is captured in macro and introduced a unused variable
[INFO] [stdout]     --> voproof/src/tools/mod.rs:1325:9
[INFO] [stdout]      |
[INFO] [stdout] 1325 |     let $name: i64 = $size.$attr as i64;
[INFO] [stdout]      |         ^^^^^
[INFO] [stdout]      |
[INFO] [stdout]     ::: voproof/src/snarks/voproof_r1cs.rs:943:5
[INFO] [stdout]      |
[INFO] [stdout] 943  |     init_size!(cap_h, nrows, size);
[INFO] [stdout]      |     ------------------------------ in this macro invocation
[INFO] [stdout]      = note: this warning originates in the macro `init_size` (in Nightly builds, run with -Z macro-backtrace for more info)
[INFO] [stdout] 
[INFO] [stdout] 
[INFO] [stdout] warning: unused variable: `cap_k`
[INFO] [stdout]     --> voproof/src/snarks/voproof_r1cs.rs:944:16
[INFO] [stdout]      |
[INFO] [stdout] 944  |     init_size!(cap_k, ncols, size);
[INFO] [stdout]      |                ^^^^^
[INFO] [stdout]      |
[INFO] [stdout] help: `cap_k` is captured in macro and introduced a unused variable
[INFO] [stdout]     --> voproof/src/tools/mod.rs:1325:9
[INFO] [stdout]      |
[INFO] [stdout] 1325 |     let $name: i64 = $size.$attr as i64;
[INFO] [stdout]      |         ^^^^^
[INFO] [stdout]      |
[INFO] [stdout]     ::: voproof/src/snarks/voproof_r1cs.rs:944:5
[INFO] [stdout]      |
[INFO] [stdout] 944  |     init_size!(cap_k, ncols, size);
[INFO] [stdout]      |     ------------------------------ in this macro invocation
[INFO] [stdout]      = note: this warning originates in the macro `init_size` (in Nightly builds, run with -Z macro-backtrace for more info)
[INFO] [stdout] 
[INFO] [stdout] 
[INFO] [stdout] warning: unused variable: `cap_s_a`
[INFO] [stdout]     --> voproof/src/snarks/voproof_r1cs.rs:945:16
[INFO] [stdout]      |
[INFO] [stdout] 945  |     init_size!(cap_s_a, adensity, size);
[INFO] [stdout]      |                ^^^^^^^
[INFO] [stdout]      |
[INFO] [stdout] help: `cap_s_a` is captured in macro and introduced a unused variable
[INFO] [stdout]     --> voproof/src/tools/mod.rs:1325:9
[INFO] [stdout]      |
[INFO] [stdout] 1325 |     let $name: i64 = $size.$attr as i64;
[INFO] [stdout]      |         ^^^^^
[INFO] [stdout]      |
[INFO] [stdout]     ::: voproof/src/snarks/voproof_r1cs.rs:945:5
[INFO] [stdout]      |
[INFO] [stdout] 945  |     init_size!(cap_s_a, adensity, size);
[INFO] [stdout]      |     ----------------------------------- in this macro invocation
[INFO] [stdout]      = note: this warning originates in the macro `init_size` (in Nightly builds, run with -Z macro-backtrace for more info)
[INFO] [stdout] 
[INFO] [stdout] 
[INFO] [stdout] warning: unused variable: `cap_s_b`
[INFO] [stdout]     --> voproof/src/snarks/voproof_r1cs.rs:946:16
[INFO] [stdout]      |
[INFO] [stdout] 946  |     init_size!(cap_s_b, bdensity, size);
[INFO] [stdout]      |                ^^^^^^^
[INFO] [stdout]      |
[INFO] [stdout] help: `cap_s_b` is captured in macro and introduced a unused variable
[INFO] [stdout]     --> voproof/src/tools/mod.rs:1325:9
[INFO] [stdout]      |
[INFO] [stdout] 1325 |     let $name: i64 = $size.$attr as i64;
[INFO] [stdout]      |         ^^^^^
[INFO] [stdout]      |
[INFO] [stdout]     ::: voproof/src/snarks/voproof_r1cs.rs:946:5
[INFO] [stdout]      |
[INFO] [stdout] 946  |     init_size!(cap_s_b, bdensity, size);
[INFO] [stdout]      |     ----------------------------------- in this macro invocation
[INFO] [stdout]      = note: this warning originates in the macro `init_size` (in Nightly builds, run with -Z macro-backtrace for more info)
[INFO] [stdout] 
[INFO] [stdout] 
[INFO] [stdout] warning: unused variable: `cap_s_c`
[INFO] [stdout]     --> voproof/src/snarks/voproof_r1cs.rs:947:16
[INFO] [stdout]      |
[INFO] [stdout] 947  |     init_size!(cap_s_c, cdensity, size);
[INFO] [stdout]      |                ^^^^^^^
[INFO] [stdout]      |
[INFO] [stdout] help: `cap_s_c` is captured in macro and introduced a unused variable
[INFO] [stdout]     --> voproof/src/tools/mod.rs:1325:9
[INFO] [stdout]      |
[INFO] [stdout] 1325 |     let $name: i64 = $size.$attr as i64;
[INFO] [stdout]      |         ^^^^^
[INFO] [stdout]      |
[INFO] [stdout]     ::: voproof/src/snarks/voproof_r1cs.rs:947:5
[INFO] [stdout]      |
[INFO] [stdout] 947  |     init_size!(cap_s_c, cdensity, size);
[INFO] [stdout]      |     ----------------------------------- in this macro invocation
[INFO] [stdout]      = note: this warning originates in the macro `init_size` (in Nightly builds, run with -Z macro-backtrace for more info)
[INFO] [stdout] 
[INFO] [stdout] 
[INFO] [stdout] warning: unused variable: `ell`
[INFO] [stdout]     --> voproof/src/snarks/voproof_r1cs.rs:948:16
[INFO] [stdout]      |
[INFO] [stdout] 948  |     init_size!(ell, input_size, size);
[INFO] [stdout]      |                ^^^
[INFO] [stdout]      |
[INFO] [stdout] help: `ell` is captured in macro and introduced a unused variable
[INFO] [stdout]     --> voproof/src/tools/mod.rs:1325:9
[INFO] [stdout]      |
[INFO] [stdout] 1325 |     let $name: i64 = $size.$attr as i64;
[INFO] [stdout]      |         ^^^^^
[INFO] [stdout]      |
[INFO] [stdout]     ::: voproof/src/snarks/voproof_r1cs.rs:948:5
[INFO] [stdout]      |
[INFO] [stdout] 948  |     init_size!(ell, input_size, size);
[INFO] [stdout]      |     --------------------------------- in this macro invocation
[INFO] [stdout]      = note: this warning originates in the macro `init_size` (in Nightly builds, run with -Z macro-backtrace for more info)
[INFO] [stdout] 
[INFO] [stdout] 
[INFO] [stdout] warning: unused variable: `cap_k`
[INFO] [stdout]     --> voproof/src/snarks/voproof_r1cs_prover_efficient.rs:94:16
[INFO] [stdout]      |
[INFO] [stdout] 94   |     init_size!(cap_k, ncols, size);
[INFO] [stdout]      |                ^^^^^
[INFO] [stdout]      |
[INFO] [stdout] help: `cap_k` is captured in macro and introduced a unused variable
[INFO] [stdout]     --> voproof/src/tools/mod.rs:1325:9
[INFO] [stdout]      |
[INFO] [stdout] 1325 |     let $name: i64 = $size.$attr as i64;
[INFO] [stdout]      |         ^^^^^
[INFO] [stdout]      |
[INFO] [stdout]     ::: voproof/src/snarks/voproof_r1cs_prover_efficient.rs:94:5
[INFO] [stdout]      |
[INFO] [stdout] 94   |     init_size!(cap_k, ncols, size);
[INFO] [stdout]      |     ------------------------------ in this macro invocation
[INFO] [stdout]      = note: this warning originates in the macro `init_size` (in Nightly builds, run with -Z macro-backtrace for more info)
[INFO] [stdout] 
[INFO] [stdout] 
[INFO] [stdout] warning: unused variable: `ell`
[INFO] [stdout]     --> voproof/src/snarks/voproof_r1cs_prover_efficient.rs:98:16
[INFO] [stdout]      |
[INFO] [stdout] 98   |     init_size!(ell, input_size, size);
[INFO] [stdout]      |                ^^^
[INFO] [stdout]      |
[INFO] [stdout] help: `ell` is captured in macro and introduced a unused variable
[INFO] [stdout]     --> voproof/src/tools/mod.rs:1325:9
[INFO] [stdout]      |
[INFO] [stdout] 1325 |     let $name: i64 = $size.$attr as i64;
[INFO] [stdout]      |         ^^^^^
[INFO] [stdout]      |
[INFO] [stdout]     ::: voproof/src/snarks/voproof_r1cs_prover_efficient.rs:98:5
[INFO] [stdout]      |
[INFO] [stdout] 98   |     init_size!(ell, input_size, size);
[INFO] [stdout]      |     --------------------------------- in this macro invocation
[INFO] [stdout]      = note: this warning originates in the macro `init_size` (in Nightly builds, run with -Z macro-backtrace for more info)
[INFO] [stdout] 
[INFO] [stdout] 
[INFO] [stdout] warning: unused variable: `gamma`
[INFO] [stdout]     --> voproof/src/snarks/voproof_r1cs_prover_efficient.rs:151:23
[INFO] [stdout]      |
[INFO] [stdout] 151  |     define_generator!(gamma, E);
[INFO] [stdout]      |                       ^^^^^
[INFO] [stdout]      |
[INFO] [stdout] help: `gamma` is captured in macro and introduced a unused variable
[INFO] [stdout]     --> voproof/src/tools/mod.rs:1318:9
[INFO] [stdout]      |
[INFO] [stdout] 1318 |     let $gamma = generator_of!($e);
[INFO] [stdout]      |         ^^^^^^
[INFO] [stdout]      |
[INFO] [stdout]     ::: voproof/src/snarks/voproof_r1cs_prover_efficient.rs:151:5
[INFO] [stdout]      |
[INFO] [stdout] 151  |     define_generator!(gamma, E);
[INFO] [stdout]      |     --------------------------- in this macro invocation
[INFO] [stdout]      = note: this warning originates in the macro `define_generator` (in Nightly builds, run with -Z macro-backtrace for more info)
[INFO] [stdout] 
[INFO] [stdout] 
[INFO] [stdout] warning: unused variable: `cap_c_c`
[INFO] [stdout]     --> voproof/src/snarks/voproof_pov_prover_efficient.rs:743:16
[INFO] [stdout]      |
[INFO] [stdout] 743  |     init_size!(cap_c_c, nconsts, size);
[INFO] [stdout]      |                ^^^^^^^
[INFO] [stdout]      |
[INFO] [stdout] help: `cap_c_c` is captured in macro and introduced a unused variable
[INFO] [stdout]     --> voproof/src/tools/mod.rs:1325:9
[INFO] [stdout]      |
[INFO] [stdout] 1325 |     let $name: i64 = $size.$attr as i64;
[INFO] [stdout]      |         ^^^^^
[INFO] [stdout]      |
[INFO] [stdout]     ::: voproof/src/snarks/voproof_pov_prover_efficient.rs:743:5
[INFO] [stdout]      |
[INFO] [stdout] 743  |     init_size!(cap_c_c, nconsts, size);
[INFO] [stdout]      |     ---------------------------------- in this macro invocation
[INFO] [stdout]      = note: this warning originates in the macro `init_size` (in Nightly builds, run with -Z macro-backtrace for more info)
[INFO] [stdout] 
[INFO] [stdout] 
[INFO] [stdout] warning: unused variable: `cap_k`
[INFO] [stdout]     --> voproof/src/snarks/voproof_r1cs.rs:85:16
[INFO] [stdout]      |
[INFO] [stdout] 85   |     init_size!(cap_k, ncols, size);
[INFO] [stdout]      |                ^^^^^
[INFO] [stdout]      |
[INFO] [stdout] help: `cap_k` is captured in macro and introduced a unused variable
[INFO] [stdout]     --> voproof/src/tools/mod.rs:1325:9
[INFO] [stdout]      |
[INFO] [stdout] 1325 |     let $name: i64 = $size.$attr as i64;
[INFO] [stdout]      |         ^^^^^
[INFO] [stdout]      |
[INFO] [stdout]     ::: voproof/src/snarks/voproof_r1cs.rs:85:5
[INFO] [stdout]      |
[INFO] [stdout] 85   |     init_size!(cap_k, ncols, size);
[INFO] [stdout]      |     ------------------------------ in this macro invocation
[INFO] [stdout]      = note: this warning originates in the macro `init_size` (in Nightly builds, run with -Z macro-backtrace for more info)
[INFO] [stdout] 
[INFO] [stdout] 
[INFO] [stdout] warning: unused variable: `ell`
[INFO] [stdout]     --> voproof/src/snarks/voproof_r1cs.rs:89:16
[INFO] [stdout]      |
[INFO] [stdout] 89   |     init_size!(ell, input_size, size);
[INFO] [stdout]      |                ^^^
[INFO] [stdout]      |
[INFO] [stdout] help: `ell` is captured in macro and introduced a unused variable
[INFO] [stdout]     --> voproof/src/tools/mod.rs:1325:9
[INFO] [stdout]      |
[INFO] [stdout] 1325 |     let $name: i64 = $size.$attr as i64;
[INFO] [stdout]      |         ^^^^^
[INFO] [stdout]      |
[INFO] [stdout]     ::: voproof/src/snarks/voproof_r1cs.rs:89:5
[INFO] [stdout]      |
[INFO] [stdout] 89   |     init_size!(ell, input_size, size);
[INFO] [stdout]      |     --------------------------------- in this macro invocation
[INFO] [stdout]      = note: this warning originates in the macro `init_size` (in Nightly builds, run with -Z macro-backtrace for more info)
[INFO] [stdout] 
[INFO] [stdout] 
[INFO] [stdout] warning: unused variable: `cap_h`
[INFO] [stdout]     --> voproof/src/snarks/voproof_r1cs.rs:136:16
[INFO] [stdout]      |
[INFO] [stdout] 136  |     init_size!(cap_h, nrows, size);
[INFO] [stdout]      |                ^^^^^
[INFO] [stdout]      |
[INFO] [stdout] help: `cap_h` is captured in macro and introduced a unused variable
[INFO] [stdout]     --> voproof/src/tools/mod.rs:1325:9
[INFO] [stdout]      |
[INFO] [stdout] 1325 |     let $name: i64 = $size.$attr as i64;
[INFO] [stdout]      |         ^^^^^
[INFO] [stdout]      |
[INFO] [stdout]     ::: voproof/src/snarks/voproof_r1cs.rs:136:5
[INFO] [stdout]      |
[INFO] [stdout] 136  |     init_size!(cap_h, nrows, size);
[INFO] [stdout]      |     ------------------------------ in this macro invocation
[INFO] [stdout]      = note: this warning originates in the macro `init_size` (in Nightly builds, run with -Z macro-backtrace for more info)
[INFO] [stdout] 
[INFO] [stdout] 
[INFO] [stdout] warning: unused variable: `cap_k`
[INFO] [stdout]     --> voproof/src/snarks/voproof_r1cs.rs:137:16
[INFO] [stdout]      |
[INFO] [stdout] 137  |     init_size!(cap_k, ncols, size);
[INFO] [stdout]      |                ^^^^^
[INFO] [stdout]      |
[INFO] [stdout] help: `cap_k` is captured in macro and introduced a unused variable
[INFO] [stdout]     --> voproof/src/tools/mod.rs:1325:9
[INFO] [stdout]      |
[INFO] [stdout] 1325 |     let $name: i64 = $size.$attr as i64;
[INFO] [stdout]      |         ^^^^^
[INFO] [stdout]      |
[INFO] [stdout]     ::: voproof/src/snarks/voproof_r1cs.rs:137:5
[INFO] [stdout]      |
[INFO] [stdout] 137  |     init_size!(cap_k, ncols, size);
[INFO] [stdout]      |     ------------------------------ in this macro invocation
[INFO] [stdout]      = note: this warning originates in the macro `init_size` (in Nightly builds, run with -Z macro-backtrace for more info)
[INFO] [stdout] 
[INFO] [stdout] 
[INFO] [stdout] warning: unused variable: `cap_s_a`
[INFO] [stdout]     --> voproof/src/snarks/voproof_r1cs.rs:138:16
[INFO] [stdout]      |
[INFO] [stdout] 138  |     init_size!(cap_s_a, adensity, size);
[INFO] [stdout]      |                ^^^^^^^
[INFO] [stdout]      |
[INFO] [stdout] help: `cap_s_a` is captured in macro and introduced a unused variable
[INFO] [stdout]     --> voproof/src/tools/mod.rs:1325:9
[INFO] [stdout]      |
[INFO] [stdout] 1325 |     let $name: i64 = $size.$attr as i64;
[INFO] [stdout]      |         ^^^^^
[INFO] [stdout]      |
[INFO] [stdout]     ::: voproof/src/snarks/voproof_r1cs.rs:138:5
[INFO] [stdout]      |
[INFO] [stdout] 138  |     init_size!(cap_s_a, adensity, size);
[INFO] [stdout]      |     ----------------------------------- in this macro invocation
[INFO] [stdout]      = note: this warning originates in the macro `init_size` (in Nightly builds, run with -Z macro-backtrace for more info)
[INFO] [stdout] 
[INFO] [stdout] 
[INFO] [stdout] warning: unused variable: `cap_s_b`
[INFO] [stdout]     --> voproof/src/snarks/voproof_r1cs.rs:139:16
[INFO] [stdout]      |
[INFO] [stdout] 139  |     init_size!(cap_s_b, bdensity, size);
[INFO] [stdout]      |                ^^^^^^^
[INFO] [stdout]      |
[INFO] [stdout] help: `cap_s_b` is captured in macro and introduced a unused variable
[INFO] [stdout]     --> voproof/src/tools/mod.rs:1325:9
[INFO] [stdout]      |
[INFO] [stdout] 1325 |     let $name: i64 = $size.$attr as i64;
[INFO] [stdout]      |         ^^^^^
[INFO] [stdout]      |
[INFO] [stdout]     ::: voproof/src/snarks/voproof_r1cs.rs:139:5
[INFO] [stdout]      |
[INFO] [stdout] 139  |     init_size!(cap_s_b, bdensity, size);
[INFO] [stdout]      |     ----------------------------------- in this macro invocation
[INFO] [stdout]      = note: this warning originates in the macro `init_size` (in Nightly builds, run with -Z macro-backtrace for more info)
[INFO] [stdout] 
[INFO] [stdout] 
[INFO] [stdout] warning: unused variable: `cap_s_c`
[INFO] [stdout]     --> voproof/src/snarks/voproof_r1cs.rs:140:16
[INFO] [stdout]      |
[INFO] [stdout] 140  |     init_size!(cap_s_c, cdensity, size);
[INFO] [stdout]      |                ^^^^^^^
[INFO] [stdout]      |
[INFO] [stdout] help: `cap_s_c` is captured in macro and introduced a unused variable
[INFO] [stdout]     --> voproof/src/tools/mod.rs:1325:9
[INFO] [stdout]      |
[INFO] [stdout] 1325 |     let $name: i64 = $size.$attr as i64;
[INFO] [stdout]      |         ^^^^^
[INFO] [stdout]      |
[INFO] [stdout]     ::: voproof/src/snarks/voproof_r1cs.rs:140:5
[INFO] [stdout]      |
[INFO] [stdout] 140  |     init_size!(cap_s_c, cdensity, size);
[INFO] [stdout]      |     ----------------------------------- in this macro invocation
[INFO] [stdout]      = note: this warning originates in the macro `init_size` (in Nightly builds, run with -Z macro-backtrace for more info)
[INFO] [stdout] 
[INFO] [stdout] 
[INFO] [stdout] warning: unused variable: `ell`
[INFO] [stdout]     --> voproof/src/snarks/voproof_r1cs.rs:141:16
[INFO] [stdout]      |
[INFO] [stdout] 141  |     init_size!(ell, input_size, size);
[INFO] [stdout]      |                ^^^
[INFO] [stdout]      |
[INFO] [stdout] help: `ell` is captured in macro and introduced a unused variable
[INFO] [stdout]     --> voproof/src/tools/mod.rs:1325:9
[INFO] [stdout]      |
[INFO] [stdout] 1325 |     let $name: i64 = $size.$attr as i64;
[INFO] [stdout]      |         ^^^^^
[INFO] [stdout]      |
[INFO] [stdout]     ::: voproof/src/snarks/voproof_r1cs.rs:141:5
[INFO] [stdout]      |
[INFO] [stdout] 141  |     init_size!(ell, input_size, size);
[INFO] [stdout]      |     --------------------------------- in this macro invocation
[INFO] [stdout]      = note: this warning originates in the macro `init_size` (in Nightly builds, run with -Z macro-backtrace for more info)
[INFO] [stdout] 
[INFO] [stdout] 
[INFO] [stdout] warning: unused variable: `gamma`
[INFO] [stdout]     --> voproof/src/snarks/voproof_r1cs_prover_efficient.rs:960:23
[INFO] [stdout]      |
[INFO] [stdout] 960  |     define_generator!(gamma, E);
[INFO] [stdout]      |                       ^^^^^
[INFO] [stdout]      |
[INFO] [stdout] help: `gamma` is captured in macro and introduced a unused variable
[INFO] [stdout]     --> voproof/src/tools/mod.rs:1318:9
[INFO] [stdout]      |
[INFO] [stdout] 1318 |     let $gamma = generator_of!($e);
[INFO] [stdout]      |         ^^^^^^
[INFO] [stdout]      |
[INFO] [stdout]     ::: voproof/src/snarks/voproof_r1cs_prover_efficient.rs:960:5
[INFO] [stdout]      |
[INFO] [stdout] 960  |     define_generator!(gamma, E);
[INFO] [stdout]      |     --------------------------- in this macro invocation
[INFO] [stdout]      = note: this warning originates in the macro `define_generator` (in Nightly builds, run with -Z macro-backtrace for more info)
[INFO] [stdout] 
[INFO] [stdout] 
[INFO] [stdout] warning: unused variable: `cap_h`
[INFO] [stdout]     --> voproof/src/snarks/voproof_r1cs.rs:943:16
[INFO] [stdout]      |
[INFO] [stdout] 943  |     init_size!(cap_h, nrows, size);
[INFO] [stdout]      |                ^^^^^
[INFO] [stdout]      |
[INFO] [stdout] help: `cap_h` is captured in macro and introduced a unused variable
[INFO] [stdout]     --> voproof/src/tools/mod.rs:1325:9
[INFO] [stdout]      |
[INFO] [stdout] 1325 |     let $name: i64 = $size.$attr as i64;
[INFO] [stdout]      |         ^^^^^
[INFO] [stdout]      |
[INFO] [stdout]     ::: voproof/src/snarks/voproof_r1cs.rs:943:5
[INFO] [stdout]      |
[INFO] [stdout] 943  |     init_size!(cap_h, nrows, size);
[INFO] [stdout]      |     ------------------------------ in this macro invocation
[INFO] [stdout]      = note: this warning originates in the macro `init_size` (in Nightly builds, run with -Z macro-backtrace for more info)
[INFO] [stdout] 
[INFO] [stdout] 
[INFO] [stdout] warning: unused variable: `cap_k`
[INFO] [stdout]     --> voproof/src/snarks/voproof_r1cs.rs:944:16
[INFO] [stdout]      |
[INFO] [stdout] 944  |     init_size!(cap_k, ncols, size);
[INFO] [stdout]      |                ^^^^^
[INFO] [stdout]      |
[INFO] [stdout] help: `cap_k` is captured in macro and introduced a unused variable
[INFO] [stdout]     --> voproof/src/tools/mod.rs:1325:9
[INFO] [stdout]      |
[INFO] [stdout] 1325 |     let $name: i64 = $size.$attr as i64;
[INFO] [stdout]      |         ^^^^^
[INFO] [stdout]      |
[INFO] [stdout]     ::: voproof/src/snarks/voproof_r1cs.rs:944:5
[INFO] [stdout]      |
[INFO] [stdout] 944  |     init_size!(cap_k, ncols, size);
[INFO] [stdout]      |     ------------------------------ in this macro invocation
[INFO] [stdout]      = note: this warning originates in the macro `init_size` (in Nightly builds, run with -Z macro-backtrace for more info)
[INFO] [stdout] 
[INFO] [stdout] 
[INFO] [stdout] warning: unused variable: `cap_s_a`
[INFO] [stdout]     --> voproof/src/snarks/voproof_r1cs.rs:945:16
[INFO] [stdout]      |
[INFO] [stdout] 945  |     init_size!(cap_s_a, adensity, size);
[INFO] [stdout]      |                ^^^^^^^
[INFO] [stdout]      |
[INFO] [stdout] help: `cap_s_a` is captured in macro and introduced a unused variable
[INFO] [stdout]     --> voproof/src/tools/mod.rs:1325:9
[INFO] [stdout]      |
[INFO] [stdout] 1325 |     let $name: i64 = $size.$attr as i64;
[INFO] [stdout]      |         ^^^^^
[INFO] [stdout]      |
[INFO] [stdout]     ::: voproof/src/snarks/voproof_r1cs.rs:945:5
[INFO] [stdout]      |
[INFO] [stdout] 945  |     init_size!(cap_s_a, adensity, size);
[INFO] [stdout]      |     ----------------------------------- in this macro invocation
[INFO] [stdout]      = note: this warning originates in the macro `init_size` (in Nightly builds, run with -Z macro-backtrace for more info)
[INFO] [stdout] 
[INFO] [stdout] 
[INFO] [stdout] warning: unused variable: `cap_s_b`
[INFO] [stdout]     --> voproof/src/snarks/voproof_r1cs.rs:946:16
[INFO] [stdout]      |
[INFO] [stdout] 946  |     init_size!(cap_s_b, bdensity, size);
[INFO] [stdout]      |                ^^^^^^^
[INFO] [stdout]      |
[INFO] [stdout] help: `cap_s_b` is captured in macro and introduced a unused variable
[INFO] [stdout]     --> voproof/src/tools/mod.rs:1325:9
[INFO] [stdout]      |
[INFO] [stdout] 1325 |     let $name: i64 = $size.$attr as i64;
[INFO] [stdout]      |         ^^^^^
[INFO] [stdout]      |
[INFO] [stdout]     ::: voproof/src/snarks/voproof_r1cs.rs:946:5
[INFO] [stdout]      |
[INFO] [stdout] 946  |     init_size!(cap_s_b, bdensity, size);
[INFO] [stdout]      |     ----------------------------------- in this macro invocation
[INFO] [stdout]      = note: this warning originates in the macro `init_size` (in Nightly builds, run with -Z macro-backtrace for more info)
[INFO] [stdout] 
[INFO] [stdout] 
[INFO] [stdout] warning: unused variable: `cap_s_c`
[INFO] [stdout]     --> voproof/src/snarks/voproof_r1cs.rs:947:16
[INFO] [stdout]      |
[INFO] [stdout] 947  |     init_size!(cap_s_c, cdensity, size);
[INFO] [stdout]      |                ^^^^^^^
[INFO] [stdout]      |
[INFO] [stdout] help: `cap_s_c` is captured in macro and introduced a unused variable
[INFO] [stdout]     --> voproof/src/tools/mod.rs:1325:9
[INFO] [stdout]      |
[INFO] [stdout] 1325 |     let $name: i64 = $size.$attr as i64;
[INFO] [stdout]      |         ^^^^^
[INFO] [stdout]      |
[INFO] [stdout]     ::: voproof/src/snarks/voproof_r1cs.rs:947:5
[INFO] [stdout]      |
[INFO] [stdout] 947  |     init_size!(cap_s_c, cdensity, size);
[INFO] [stdout]      |     ----------------------------------- in this macro invocation
[INFO] [stdout]      = note: this warning originates in the macro `init_size` (in Nightly builds, run with -Z macro-backtrace for more info)
[INFO] [stdout] 
[INFO] [stdout] 
[INFO] [stdout] warning: unused variable: `ell`
[INFO] [stdout]     --> voproof/src/snarks/voproof_r1cs.rs:948:16
[INFO] [stdout]      |
[INFO] [stdout] 948  |     init_size!(ell, input_size, size);
[INFO] [stdout]      |                ^^^
[INFO] [stdout]      |
[INFO] [stdout] help: `ell` is captured in macro and introduced a unused variable
[INFO] [stdout]     --> voproof/src/tools/mod.rs:1325:9
[INFO] [stdout]      |
[INFO] [stdout] 1325 |     let $name: i64 = $size.$attr as i64;
[INFO] [stdout]      |         ^^^^^
[INFO] [stdout]      |
[INFO] [stdout]     ::: voproof/src/snarks/voproof_r1cs.rs:948:5
[INFO] [stdout]      |
[INFO] [stdout] 948  |     init_size!(ell, input_size, size);
[INFO] [stdout]      |     --------------------------------- in this macro invocation
[INFO] [stdout]      = note: this warning originates in the macro `init_size` (in Nightly builds, run with -Z macro-backtrace for more info)
[INFO] [stdout] 
[INFO] [stdout] 
[INFO] [stdout] warning: unused variable: `cap_k`
[INFO] [stdout]     --> voproof/src/snarks/voproof_r1cs_prover_efficient.rs:94:16
[INFO] [stdout]      |
[INFO] [stdout] 94   |     init_size!(cap_k, ncols, size);
[INFO] [stdout]      |                ^^^^^
[INFO] [stdout]      |
[INFO] [stdout] help: `cap_k` is captured in macro and introduced a unused variable
[INFO] [stdout]     --> voproof/src/tools/mod.rs:1325:9
[INFO] [stdout]      |
[INFO] [stdout] 1325 |     let $name: i64 = $size.$attr as i64;
[INFO] [stdout]      |         ^^^^^
[INFO] [stdout]      |
[INFO] [stdout]     ::: voproof/src/snarks/voproof_r1cs_prover_efficient.rs:94:5
[INFO] [stdout]      |
[INFO] [stdout] 94   |     init_size!(cap_k, ncols, size);
[INFO] [stdout]      |     ------------------------------ in this macro invocation
[INFO] [stdout]      = note: this warning originates in the macro `init_size` (in Nightly builds, run with -Z macro-backtrace for more info)
[INFO] [stdout] 
[INFO] [stdout] 
[INFO] [stdout] warning: unused variable: `ell`
[INFO] [stdout]     --> voproof/src/snarks/voproof_r1cs_prover_efficient.rs:98:16
[INFO] [stdout]      |
[INFO] [stdout] 98   |     init_size!(ell, input_size, size);
[INFO] [stdout]      |                ^^^
[INFO] [stdout]      |
[INFO] [stdout] help: `ell` is captured in macro and introduced a unused variable
[INFO] [stdout]     --> voproof/src/tools/mod.rs:1325:9
[INFO] [stdout]      |
[INFO] [stdout] 1325 |     let $name: i64 = $size.$attr as i64;
[INFO] [stdout]      |         ^^^^^
[INFO] [stdout]      |
[INFO] [stdout]     ::: voproof/src/snarks/voproof_r1cs_prover_efficient.rs:98:5
[INFO] [stdout]      |
[INFO] [stdout] 98   |     init_size!(ell, input_size, size);
[INFO] [stdout]      |     --------------------------------- in this macro invocation
[INFO] [stdout]      = note: this warning originates in the macro `init_size` (in Nightly builds, run with -Z macro-backtrace for more info)
[INFO] [stdout] 
[INFO] [stdout] 
[INFO] [stdout] warning: unused variable: `gamma`
[INFO] [stdout]     --> voproof/src/snarks/voproof_r1cs_prover_efficient.rs:151:23
[INFO] [stdout]      |
[INFO] [stdout] 151  |     define_generator!(gamma, E);
[INFO] [stdout]      |                       ^^^^^
[INFO] [stdout]      |
[INFO] [stdout] help: `gamma` is captured in macro and introduced a unused variable
[INFO] [stdout]     --> voproof/src/tools/mod.rs:1318:9
[INFO] [stdout]      |
[INFO] [stdout] 1318 |     let $gamma = generator_of!($e);
[INFO] [stdout]      |         ^^^^^^
[INFO] [stdout]      |
[INFO] [stdout]     ::: voproof/src/snarks/voproof_r1cs_prover_efficient.rs:151:5
[INFO] [stdout]      |
[INFO] [stdout] 151  |     define_generator!(gamma, E);
[INFO] [stdout]      |     --------------------------- in this macro invocation
[INFO] [stdout]      = note: this warning originates in the macro `define_generator` (in Nightly builds, run with -Z macro-backtrace for more info)
[INFO] [stdout] 
[INFO] [stdout] 
[INFO] [stdout] warning: unused import: `One`
[INFO] [stdout]   --> voproof/src/main.rs:12:25
[INFO] [stdout]    |
[INFO] [stdout] 12 | use ark_std::{test_rng, One};
[INFO] [stdout]    |                         ^^^
[INFO] [stdout]    |
[INFO] [stdout]    = note: `#[warn(unused_imports)]` on by default
[INFO] [stdout] 
[INFO] [stdout] 
[INFO] [stdout] warning: unused import: `One`
[INFO] [stdout]   --> voproof/src/main.rs:12:25
[INFO] [stdout]    |
[INFO] [stdout] 12 | use ark_std::{test_rng, One};
[INFO] [stdout]    |                         ^^^
[INFO] [stdout]    |
[INFO] [stdout]    = note: `#[warn(unused_imports)]` on by default
[INFO] [stdout] 
[INFO] [stdout] 
[INFO] [stdout] warning: unused variable: `gamma`
[INFO] [stdout]     --> voproof/src/snarks/voproof_r1cs_prover_efficient.rs:960:23
[INFO] [stdout]      |
[INFO] [stdout] 960  |     define_generator!(gamma, E);
[INFO] [stdout]      |                       ^^^^^
[INFO] [stdout]      |
[INFO] [stdout] help: `gamma` is captured in macro and introduced a unused variable
[INFO] [stdout]     --> voproof/src/tools/mod.rs:1318:9
[INFO] [stdout]      |
[INFO] [stdout] 1318 |     let $gamma = generator_of!($e);
[INFO] [stdout]      |         ^^^^^^
[INFO] [stdout]      |
[INFO] [stdout]     ::: voproof/src/snarks/voproof_r1cs_prover_efficient.rs:960:5
[INFO] [stdout]      |
[INFO] [stdout] 960  |     define_generator!(gamma, E);
[INFO] [stdout]      |     --------------------------- in this macro invocation
[INFO] [stdout]      = note: this warning originates in the macro `define_generator` (in Nightly builds, run with -Z macro-backtrace for more info)
[INFO] [stdout] 
[INFO] [stdout] 
[INFO] [stdout] warning: unused `Boolean` that must be used
[INFO] [stdout]    --> voproof/tests/utils/mt_circuit.rs:114:5
[INFO] [stdout]     |
[INFO] [stdout] 114 | /     cw.verify_membership(
[INFO] [stdout] 115 | |       &leaf_crh_params_var,
[INFO] [stdout] 116 | |       &two_to_one_crh_params_var,
[INFO] [stdout] 117 | |       &root,
[INFO] [stdout] 118 | |       &leaf_g,
[INFO] [stdout] 119 | |     )
[INFO] [stdout] 120 | |     .unwrap();
[INFO] [stdout]     | |_____________^
[INFO] [stdout]     |
[INFO] [stdout]     = note: `#[warn(unused_must_use)]` on by default
[INFO] [stdout] help: use `let _ = ...` to ignore the resulting value
[INFO] [stdout]     |
[INFO] [stdout] 114 |     let _ = cw.verify_membership(
[INFO] [stdout]     |     +++++++
[INFO] [stdout] 
[INFO] [stdout] 
[INFO] [stdout] warning: unused `Boolean` that must be used
[INFO] [stdout]    --> voproof/tests/utils/mt_circuit.rs:114:5
[INFO] [stdout]     |
[INFO] [stdout] 114 | /     cw.verify_membership(
[INFO] [stdout] 115 | |       &leaf_crh_params_var,
[INFO] [stdout] 116 | |       &two_to_one_crh_params_var,
[INFO] [stdout] 117 | |       &root,
[INFO] [stdout] 118 | |       &leaf_g,
[INFO] [stdout] 119 | |     )
[INFO] [stdout] 120 | |     .unwrap();
[INFO] [stdout]     | |_____________^
[INFO] [stdout]     |
[INFO] [stdout]     = note: `#[warn(unused_must_use)]` on by default
[INFO] [stdout] help: use `let _ = ...` to ignore the resulting value
[INFO] [stdout]     |
[INFO] [stdout] 114 |     let _ = cw.verify_membership(
[INFO] [stdout]     |     +++++++
[INFO] [stdout] 
[INFO] [stdout] 
[INFO] [stdout] warning: unused `Result` that must be used
[INFO] [stdout]     --> voproof/src/cs/circuit/fan_in_two.rs:1016:5
[INFO] [stdout]      |
[INFO] [stdout] 1016 |     circ.assert_equal(&a, &p);
[INFO] [stdout]      |     ^^^^^^^^^^^^^^^^^^^^^^^^^
[INFO] [stdout]      |
[INFO] [stdout]      = note: this `Result` may be an `Err` variant, which should be handled
[INFO] [stdout]      = note: `#[warn(unused_must_use)]` on by default
[INFO] [stdout] help: use `let _ = ...` to ignore the resulting value
[INFO] [stdout]      |
[INFO] [stdout] 1016 |     let _ = circ.assert_equal(&a, &p);
[INFO] [stdout]      |     +++++++
[INFO] [stdout] 
[INFO] [stdout] 
[INFO] [stderr]     Finished `test` profile [unoptimized + debuginfo] target(s) in 51.23s
[INFO] running `Command { std: "docker" "inspect" "416b994229c7ff0c24cb2a95ed0f2529d35992b098f8bfba75d5eaa1ef9251fb", kill_on_drop: false }`
[INFO] running `Command { std: "docker" "rm" "-f" "416b994229c7ff0c24cb2a95ed0f2529d35992b098f8bfba75d5eaa1ef9251fb", kill_on_drop: false }`
[INFO] [stdout] 416b994229c7ff0c24cb2a95ed0f2529d35992b098f8bfba75d5eaa1ef9251fb
[INFO] running `Command { std: "docker" "create" "-v" "/var/lib/crater-agent-workspace/builds/worker-4-tc2/target:/opt/rustwide/target:rw,Z" "-v" "/var/lib/crater-agent-workspace/builds/worker-4-tc2/source:/opt/rustwide/workdir:ro,Z" "-v" "/var/lib/crater-agent-workspace/cargo-home:/opt/rustwide/cargo-home:ro,Z" "-v" "/var/lib/crater-agent-workspace/rustup-home:/opt/rustwide/rustup-home:ro,Z" "-e" "SOURCE_DIR=/opt/rustwide/workdir" "-e" "CARGO_TARGET_DIR=/opt/rustwide/target" "-e" "CARGO_INCREMENTAL=0" "-e" "RUST_BACKTRACE=full" "-e" "RUSTFLAGS=--cap-lints=warn" "-e" "RUSTDOCFLAGS=--cap-lints=warn" "-e" "CARGO_HOME=/opt/rustwide/cargo-home" "-e" "RUSTUP_HOME=/opt/rustwide/rustup-home" "-w" "/opt/rustwide/workdir" "-m" "1610612736" "--user" "0:0" "--network" "none" "ghcr.io/rust-lang/crates-build-env/linux@sha256:f3a9d4ad9d972b27faf3965f35b62e55ba32bbce8f20bc8fe909558a86702fde" "/opt/rustwide/cargo-home/bin/cargo" "+beta-2024-12-08" "test" "--frozen", kill_on_drop: false }`
[INFO] [stdout] f5ef65ce419e5a185479b5f11a92ae6998cd0375faca185e25359cab971c5151
[INFO] running `Command { std: "docker" "start" "-a" "f5ef65ce419e5a185479b5f11a92ae6998cd0375faca185e25359cab971c5151", kill_on_drop: false }`
[INFO] [stderr] warning: /opt/rustwide/workdir/voproof/Cargo.toml: unused manifest key: tests
[INFO] [stderr] warning: unnecessary parentheses around assigned value
[INFO] [stderr]   --> voproof/src/snarks/range_check.rs:47:11
[INFO] [stderr]    |
[INFO] [stderr] 47 |     (max!((size.lookup_size as i64), (size.range as i64))) as usize
[INFO] [stderr]    |           ^                       ^
[INFO] [stderr]    |
[INFO] [stderr]    = note: `#[warn(unused_parens)]` on by default
[INFO] [stderr] help: remove these parentheses
[INFO] [stderr]    |
[INFO] [stderr] 47 -     (max!((size.lookup_size as i64), (size.range as i64))) as usize
[INFO] [stderr] 47 +     (max!(size.lookup_size as i64, (size.range as i64))) as usize
[INFO] [stderr]    |
[INFO] [stderr] 
[INFO] [stderr] warning: unnecessary parentheses around assigned value
[INFO] [stderr]   --> voproof/src/snarks/range_check.rs:47:38
[INFO] [stderr]    |
[INFO] [stderr] 47 |     (max!((size.lookup_size as i64), (size.range as i64))) as usize
[INFO] [stderr]    |                                      ^                 ^
[INFO] [stderr]    |
[INFO] [stderr] help: remove these parentheses
[INFO] [stderr]    |
[INFO] [stderr] 47 -     (max!((size.lookup_size as i64), (size.range as i64))) as usize
[INFO] [stderr] 47 +     (max!((size.lookup_size as i64), size.range as i64)) as usize
[INFO] [stderr]    |
[INFO] [stderr] 
[INFO] [stderr] warning: unused variable: `n`
[INFO] [stderr]     --> voproof/src/snarks/fibonacci.rs:72:16
[INFO] [stderr]      |
[INFO] [stderr] 72   |     init_size!(n, n, size);
[INFO] [stderr]      |                ^
[INFO] [stderr]      |
[INFO] [stderr] help: `n` is captured in macro and introduced a unused variable
[INFO] [stderr]     --> voproof/src/tools/mod.rs:1325:9
[INFO] [stderr]      |
[INFO] [stderr] 1325 |     let $name: i64 = $size.$attr as i64;
[INFO] [stderr]      |         ^^^^^
[INFO] [stderr]      |
[INFO] [stderr]     ::: voproof/src/snarks/fibonacci.rs:72:5
[INFO] [stderr]      |
[INFO] [stderr] 72   |     init_size!(n, n, size);
[INFO] [stderr]      |     ---------------------- in this macro invocation
[INFO] [stderr]      = note: `#[warn(unused_variables)]` on by default
[INFO] [stderr]      = note: this warning originates in the macro `init_size` (in Nightly builds, run with -Z macro-backtrace for more info)
[INFO] [stderr] 
[INFO] [stderr] warning: unused variable: `gamma`
[INFO] [stderr]     --> voproof/src/snarks/fibonacci.rs:73:23
[INFO] [stderr]      |
[INFO] [stderr] 73   |     define_generator!(gamma, E);
[INFO] [stderr]      |                       ^^^^^
[INFO] [stderr]      |
[INFO] [stderr] help: `gamma` is captured in macro and introduced a unused variable
[INFO] [stderr]     --> voproof/src/tools/mod.rs:1318:9
[INFO] [stderr]      |
[INFO] [stderr] 1318 |     let $gamma = generator_of!($e);
[INFO] [stderr]      |         ^^^^^^
[INFO] [stderr]      |
[INFO] [stderr]     ::: voproof/src/snarks/fibonacci.rs:73:5
[INFO] [stderr]      |
[INFO] [stderr] 73   |     define_generator!(gamma, E);
[INFO] [stderr]      |     --------------------------- in this macro invocation
[INFO] [stderr]      = note: this warning originates in the macro `define_generator` (in Nightly builds, run with -Z macro-backtrace for more info)
[INFO] [stderr] 
[INFO] [stderr] warning: unused variable: `n`
[INFO] [stderr]     --> voproof/src/snarks/fibonacci.rs:111:16
[INFO] [stderr]      |
[INFO] [stderr] 111  |     init_size!(n, n, size);
[INFO] [stderr]      |                ^
[INFO] [stderr]      |
[INFO] [stderr] help: `n` is captured in macro and introduced a unused variable
[INFO] [stderr]     --> voproof/src/tools/mod.rs:1325:9
[INFO] [stderr]      |
[INFO] [stderr] 1325 |     let $name: i64 = $size.$attr as i64;
[INFO] [stderr]      |         ^^^^^
[INFO] [stderr]      |
[INFO] [stderr]     ::: voproof/src/snarks/fibonacci.rs:111:5
[INFO] [stderr]      |
[INFO] [stderr] 111  |     init_size!(n, n, size);
[INFO] [stderr]      |     ---------------------- in this macro invocation
[INFO] [stderr]      = note: this warning originates in the macro `init_size` (in Nightly builds, run with -Z macro-backtrace for more info)
[INFO] [stderr] 
[INFO] [stderr] warning: unused variable: `gamma`
[INFO] [stderr]     --> voproof/src/snarks/fibonacci.rs:112:23
[INFO] [stderr]      |
[INFO] [stderr] 112  |     define_generator!(gamma, E);
[INFO] [stderr]      |                       ^^^^^
[INFO] [stderr]      |
[INFO] [stderr] help: `gamma` is captured in macro and introduced a unused variable
[INFO] [stderr]     --> voproof/src/tools/mod.rs:1318:9
[INFO] [stderr]      |
[INFO] [stderr] 1318 |     let $gamma = generator_of!($e);
[INFO] [stderr]      |         ^^^^^^
[INFO] [stderr]      |
[INFO] [stderr]     ::: voproof/src/snarks/fibonacci.rs:112:5
[INFO] [stderr]      |
[INFO] [stderr] 112  |     define_generator!(gamma, E);
[INFO] [stderr]      |     --------------------------- in this macro invocation
[INFO] [stderr]      = note: this warning originates in the macro `define_generator` (in Nightly builds, run with -Z macro-backtrace for more info)
[INFO] [stderr] 
[INFO] [stderr] warning: unused variable: `n`
[INFO] [stderr]     --> voproof/src/snarks/fibonacci.rs:996:16
[INFO] [stderr]      |
[INFO] [stderr] 996  |     init_size!(n, n, size);
[INFO] [stderr]      |                ^
[INFO] [stderr]      |
[INFO] [stderr] help: `n` is captured in macro and introduced a unused variable
[INFO] [stderr]     --> voproof/src/tools/mod.rs:1325:9
[INFO] [stderr]      |
[INFO] [stderr] 1325 |     let $name: i64 = $size.$attr as i64;
[INFO] [stderr]      |         ^^^^^
[INFO] [stderr]      |
[INFO] [stderr]     ::: voproof/src/snarks/fibonacci.rs:996:5
[INFO] [stderr]      |
[INFO] [stderr] 996  |     init_size!(n, n, size);
[INFO] [stderr]      |     ---------------------- in this macro invocation
[INFO] [stderr]      = note: this warning originates in the macro `init_size` (in Nightly builds, run with -Z macro-backtrace for more info)
[INFO] [stderr] 
[INFO] [stderr] warning: unused variable: `gamma`
[INFO] [stderr]     --> voproof/src/snarks/fibonacci.rs:997:23
[INFO] [stderr]      |
[INFO] [stderr] 997  |     define_generator!(gamma, E);
[INFO] [stderr]      |                       ^^^^^
[INFO] [stderr]      |
[INFO] [stderr] help: `gamma` is captured in macro and introduced a unused variable
[INFO] [stderr]     --> voproof/src/tools/mod.rs:1318:9
[INFO] [stderr]      |
[INFO] [stderr] 1318 |     let $gamma = generator_of!($e);
[INFO] [stderr]      |         ^^^^^^
[INFO] [stderr]      |
[INFO] [stderr]     ::: voproof/src/snarks/fibonacci.rs:997:5
[INFO] [stderr]      |
[INFO] [stderr] 997  |     define_generator!(gamma, E);
[INFO] [stderr]      |     --------------------------- in this macro invocation
[INFO] [stderr]      = note: this warning originates in the macro `define_generator` (in Nightly builds, run with -Z macro-backtrace for more info)
[INFO] [stderr] 
[INFO] [stderr] warning: unused variable: `nsize`
[INFO] [stderr]     --> voproof/src/snarks/range_check.rs:75:16
[INFO] [stderr]      |
[INFO] [stderr] 75   |     init_size!(nsize, lookup_size, size);
[INFO] [stderr]      |                ^^^^^
[INFO] [stderr]      |
[INFO] [stderr] help: `nsize` is captured in macro and introduced a unused variable
[INFO] [stderr]     --> voproof/src/tools/mod.rs:1325:9
[INFO] [stderr]      |
[INFO] [stderr] 1325 |     let $name: i64 = $size.$attr as i64;
[INFO] [stderr]      |         ^^^^^
[INFO] [stderr]      |
[INFO] [stderr]     ::: voproof/src/snarks/range_check.rs:75:5
[INFO] [stderr]      |
[INFO] [stderr] 75   |     init_size!(nsize, lookup_size, size);
[INFO] [stderr]      |     ------------------------------------ in this macro invocation
[INFO] [stderr]      = note: this warning originates in the macro `init_size` (in Nightly builds, run with -Z macro-backtrace for more info)
[INFO] [stderr] 
[INFO] [stderr] warning: unused variable: `range`
[INFO] [stderr]     --> voproof/src/snarks/range_check.rs:76:16
[INFO] [stderr]      |
[INFO] [stderr] 76   |     init_size!(range, range, size);
[INFO] [stderr]      |                ^^^^^
[INFO] [stderr]      |
[INFO] [stderr] help: `range` is captured in macro and introduced a unused variable
[INFO] [stderr]     --> voproof/src/tools/mod.rs:1325:9
[INFO] [stderr]      |
[INFO] [stderr] 1325 |     let $name: i64 = $size.$attr as i64;
[INFO] [stderr]      |         ^^^^^
[INFO] [stderr]      |
[INFO] [stderr]     ::: voproof/src/snarks/range_check.rs:76:5
[INFO] [stderr]      |
[INFO] [stderr] 76   |     init_size!(range, range, size);
[INFO] [stderr]      |     ------------------------------ in this macro invocation
[INFO] [stderr]      = note: this warning originates in the macro `init_size` (in Nightly builds, run with -Z macro-backtrace for more info)
[INFO] [stderr] 
[INFO] [stderr] warning: unused variable: `gamma`
[INFO] [stderr]     --> voproof/src/snarks/range_check.rs:77:23
[INFO] [stderr]      |
[INFO] [stderr] 77   |     define_generator!(gamma, E);
[INFO] [stderr]      |                       ^^^^^
[INFO] [stderr]      |
[INFO] [stderr] help: `gamma` is captured in macro and introduced a unused variable
[INFO] [stderr]     --> voproof/src/tools/mod.rs:1318:9
[INFO] [stderr]      |
[INFO] [stderr] 1318 |     let $gamma = generator_of!($e);
[INFO] [stderr]      |         ^^^^^^
[INFO] [stderr]      |
[INFO] [stderr]     ::: voproof/src/snarks/range_check.rs:77:5
[INFO] [stderr]      |
[INFO] [stderr] 77   |     define_generator!(gamma, E);
[INFO] [stderr]      |     --------------------------- in this macro invocation
[INFO] [stderr]      = note: this warning originates in the macro `define_generator` (in Nightly builds, run with -Z macro-backtrace for more info)
[INFO] [stderr] 
[INFO] [stderr] warning: unused variable: `nsize`
[INFO] [stderr]     --> voproof/src/snarks/range_check.rs:121:16
[INFO] [stderr]      |
[INFO] [stderr] 121  |     init_size!(nsize, lookup_size, size);
[INFO] [stderr]      |                ^^^^^
[INFO] [stderr]      |
[INFO] [stderr] help: `nsize` is captured in macro and introduced a unused variable
[INFO] [stderr]     --> voproof/src/tools/mod.rs:1325:9
[INFO] [stderr]      |
[INFO] [stderr] 1325 |     let $name: i64 = $size.$attr as i64;
[INFO] [stderr]      |         ^^^^^
[INFO] [stderr]      |
[INFO] [stderr]     ::: voproof/src/snarks/range_check.rs:121:5
[INFO] [stderr]      |
[INFO] [stderr] 121  |     init_size!(nsize, lookup_size, size);
[INFO] [stderr]      |     ------------------------------------ in this macro invocation
[INFO] [stderr]      = note: this warning originates in the macro `init_size` (in Nightly builds, run with -Z macro-backtrace for more info)
[INFO] [stderr] 
[INFO] [stderr] warning: unused variable: `range`
[INFO] [stderr]     --> voproof/src/snarks/range_check.rs:122:16
[INFO] [stderr]      |
[INFO] [stderr] 122  |     init_size!(range, range, size);
[INFO] [stderr]      |                ^^^^^
[INFO] [stderr]      |
[INFO] [stderr] help: `range` is captured in macro and introduced a unused variable
[INFO] [stderr]     --> voproof/src/tools/mod.rs:1325:9
[INFO] [stderr]      |
[INFO] [stderr] 1325 |     let $name: i64 = $size.$attr as i64;
[INFO] [stderr]      |         ^^^^^
[INFO] [stderr]      |
[INFO] [stderr]     ::: voproof/src/snarks/range_check.rs:122:5
[INFO] [stderr]      |
[INFO] [stderr] 122  |     init_size!(range, range, size);
[INFO] [stderr]      |     ------------------------------ in this macro invocation
[INFO] [stderr]      = note: this warning originates in the macro `init_size` (in Nightly builds, run with -Z macro-backtrace for more info)
[INFO] [stderr] 
[INFO] [stderr] warning: unused variable: `gamma`
[INFO] [stderr]     --> voproof/src/snarks/range_check.rs:123:23
[INFO] [stderr]      |
[INFO] [stderr] 123  |     define_generator!(gamma, E);
[INFO] [stderr]      |                       ^^^^^
[INFO] [stderr]      |
[INFO] [stderr] help: `gamma` is captured in macro and introduced a unused variable
[INFO] [stderr]     --> voproof/src/tools/mod.rs:1318:9
[INFO] [stderr]      |
[INFO] [stderr] 1318 |     let $gamma = generator_of!($e);
[INFO] [stderr]      |         ^^^^^^
[INFO] [stderr]      |
[INFO] [stderr]     ::: voproof/src/snarks/range_check.rs:123:5
[INFO] [stderr]      |
[INFO] [stderr] 123  |     define_generator!(gamma, E);
[INFO] [stderr]      |     --------------------------- in this macro invocation
[INFO] [stderr]      = note: this warning originates in the macro `define_generator` (in Nightly builds, run with -Z macro-backtrace for more info)
[INFO] [stderr] 
[INFO] [stderr] warning: unused variable: `x`
[INFO] [stderr]    --> voproof/src/snarks/range_check.rs:116:27
[INFO] [stderr]     |
[INFO] [stderr] 116 |   fn prove(pk: &Self::PK, x: &Self::Ins, w: &Self::Wit) -> Result<Self::Pf, Error> {
[INFO] [stderr]     |                           ^ help: if this is intentional, prefix it with an underscore: `_x`
[INFO] [stderr] 
[INFO] [stderr] warning: unused variable: `nsize`
[INFO] [stderr]     --> voproof/src/snarks/range_check.rs:1301:16
[INFO] [stderr]      |
[INFO] [stderr] 1301 |     init_size!(nsize, lookup_size, size);
[INFO] [stderr]      |                ^^^^^
[INFO] [stderr]      |
[INFO] [stderr] help: `nsize` is captured in macro and introduced a unused variable
[INFO] [stderr]     --> voproof/src/tools/mod.rs:1325:9
[INFO] [stderr]      |
[INFO] [stderr] 1325 |     let $name: i64 = $size.$attr as i64;
[INFO] [stderr]      |         ^^^^^
[INFO] [stderr]      |
[INFO] [stderr]     ::: voproof/src/snarks/range_check.rs:1301:5
[INFO] [stderr]      |
[INFO] [stderr] 1301 |     init_size!(nsize, lookup_size, size);
[INFO] [stderr]      |     ------------------------------------ in this macro invocation
[INFO] [stderr]      = note: this warning originates in the macro `init_size` (in Nightly builds, run with -Z macro-backtrace for more info)
[INFO] [stderr] 
[INFO] [stderr] warning: unused variable: `range`
[INFO] [stderr]     --> voproof/src/snarks/range_check.rs:1302:16
[INFO] [stderr]      |
[INFO] [stderr] 1302 |     init_size!(range, range, size);
[INFO] [stderr]      |                ^^^^^
[INFO] [stderr]      |
[INFO] [stderr] help: `range` is captured in macro and introduced a unused variable
[INFO] [stderr]     --> voproof/src/tools/mod.rs:1325:9
[INFO] [stderr]      |
[INFO] [stderr] 1325 |     let $name: i64 = $size.$attr as i64;
[INFO] [stderr]      |         ^^^^^
[INFO] [stderr]      |
[INFO] [stderr]     ::: voproof/src/snarks/range_check.rs:1302:5
[INFO] [stderr]      |
[INFO] [stderr] 1302 |     init_size!(range, range, size);
[INFO] [stderr]      |     ------------------------------ in this macro invocation
[INFO] [stderr]      = note: this warning originates in the macro `init_size` (in Nightly builds, run with -Z macro-backtrace for more info)
[INFO] [stderr] 
[INFO] [stderr] warning: unused variable: `gamma`
[INFO] [stderr]     --> voproof/src/snarks/range_check.rs:1303:23
[INFO] [stderr]      |
[INFO] [stderr] 1303 |     define_generator!(gamma, E);
[INFO] [stderr]      |                       ^^^^^
[INFO] [stderr]      |
[INFO] [stderr] help: `gamma` is captured in macro and introduced a unused variable
[INFO] [stderr]     --> voproof/src/tools/mod.rs:1318:9
[INFO] [stderr]      |
[INFO] [stderr] 1318 |     let $gamma = generator_of!($e);
[INFO] [stderr]      |         ^^^^^^
[INFO] [stderr]      |
[INFO] [stderr]     ::: voproof/src/snarks/range_check.rs:1303:5
[INFO] [stderr]      |
[INFO] [stderr] 1303 |     define_generator!(gamma, E);
[INFO] [stderr]      |     --------------------------- in this macro invocation
[INFO] [stderr]      = note: this warning originates in the macro `define_generator` (in Nightly builds, run with -Z macro-backtrace for more info)
[INFO] [stderr] 
[INFO] [stderr] warning: unused variable: `beta_1`
[INFO] [stderr]     --> voproof/src/snarks/range_check.rs:1309:7
[INFO] [stderr]      |
[INFO] [stderr] 1309 |       beta_1,
[INFO] [stderr]      |       ^^^^^^
[INFO] [stderr]      |
[INFO] [stderr] help: `beta_1` is captured in macro and introduced a unused variable
[INFO] [stderr]     --> voproof/src/tools/mod.rs:1024:11
[INFO] [stderr]      |
[INFO] [stderr] 1024 |         let $name = hash_to_field::<E::ScalarField>(
[INFO] [stderr]      |             ^^^^^
[INFO] [stderr]      |
[INFO] [stderr]     ::: voproof/src/snarks/range_check.rs:1308:5
[INFO] [stderr]      |
[INFO] [stderr] 1308 | /     get_randomness_from_hash!(
[INFO] [stderr] 1309 | |       beta_1,
[INFO] [stderr] 1310 | |       one!(),
[INFO] [stderr] 1311 | |       vk.cm_t_vec,
[INFO] [stderr] ...    |
[INFO] [stderr] 1315 | |       cm_s_vec
[INFO] [stderr] 1316 | |     );
[INFO] [stderr]      | |_____- in this macro invocation
[INFO] [stderr]      = note: this warning originates in the macro `get_randomness_from_hash` (in Nightly builds, run with -Z macro-backtrace for more info)
[INFO] [stderr] 
[INFO] [stderr] warning: unused variable: `x`
[INFO] [stderr]     --> voproof/src/snarks/range_check.rs:1284:28
[INFO] [stderr]      |
[INFO] [stderr] 1284 |   fn verify(vk: &Self::VK, x: &Self::Ins, proof: &Self::Pf) -> Result<(), Error> {
[INFO] [stderr]      |                            ^ help: if this is intentional, prefix it with an underscore: `_x`
[INFO] [stderr] 
[INFO] [stderr] warning: unused variable: `cap_h`
[INFO] [stderr]     --> voproof/src/snarks/voproof_hpr.rs:85:16
[INFO] [stderr]      |
[INFO] [stderr] 85   |     init_size!(cap_h, nrows, size);
[INFO] [stderr]      |                ^^^^^
[INFO] [stderr]      |
[INFO] [stderr] help: `cap_h` is captured in macro and introduced a unused variable
[INFO] [stderr]     --> voproof/src/tools/mod.rs:1325:9
[INFO] [stderr]      |
[INFO] [stderr] 1325 |     let $name: i64 = $size.$attr as i64;
[INFO] [stderr]      |         ^^^^^
[INFO] [stderr]      |
[INFO] [stderr]     ::: voproof/src/snarks/voproof_hpr.rs:85:5
[INFO] [stderr]      |
[INFO] [stderr] 85   |     init_size!(cap_h, nrows, size);
[INFO] [stderr]      |     ------------------------------ in this macro invocation
[INFO] [stderr]      = note: this warning originates in the macro `init_size` (in Nightly builds, run with -Z macro-backtrace for more info)
[INFO] [stderr] 
[INFO] [stderr] warning: unused variable: `cap_c_c`
[INFO] [stderr]     --> voproof/src/snarks/voproof_pov.rs:76:16
[INFO] [stderr]      |
[INFO] [stderr] 76   |     init_size!(cap_c_c, nconsts, size);
[INFO] [stderr]      |                ^^^^^^^
[INFO] [stderr]      |
[INFO] [stderr] help: `cap_c_c` is captured in macro and introduced a unused variable
[INFO] [stderr]     --> voproof/src/tools/mod.rs:1325:9
[INFO] [stderr]      |
[INFO] [stderr] 1325 |     let $name: i64 = $size.$attr as i64;
[INFO] [stderr]      |         ^^^^^
[INFO] [stderr]      |
[INFO] [stderr]     ::: voproof/src/snarks/voproof_pov.rs:76:5
[INFO] [stderr]      |
[INFO] [stderr] 76   |     init_size!(cap_c_c, nconsts, size);
[INFO] [stderr]      |     ---------------------------------- in this macro invocation
[INFO] [stderr]      = note: this warning originates in the macro `init_size` (in Nightly builds, run with -Z macro-backtrace for more info)
[INFO] [stderr] 
[INFO] [stderr] warning: unused variable: `cap_c_c`
[INFO] [stderr]     --> voproof/src/snarks/voproof_pov.rs:120:16
[INFO] [stderr]      |
[INFO] [stderr] 120  |     init_size!(cap_c_c, nconsts, size);
[INFO] [stderr]      |                ^^^^^^^
[INFO] [stderr]      |
[INFO] [stderr] help: `cap_c_c` is captured in macro and introduced a unused variable
[INFO] [stderr]     --> voproof/src/tools/mod.rs:1325:9
[INFO] [stderr]      |
[INFO] [stderr] 1325 |     let $name: i64 = $size.$attr as i64;
[INFO] [stderr]      |         ^^^^^
[INFO] [stderr]      |
[INFO] [stderr]     ::: voproof/src/snarks/voproof_pov.rs:120:5
[INFO] [stderr]      |
[INFO] [stderr] 120  |     init_size!(cap_c_c, nconsts, size);
[INFO] [stderr]      |     ---------------------------------- in this macro invocation
[INFO] [stderr]      = note: this warning originates in the macro `init_size` (in Nightly builds, run with -Z macro-backtrace for more info)
[INFO] [stderr] 
[INFO] [stderr] warning: unused variable: `cap_c_c`
[INFO] [stderr]     --> voproof/src/snarks/voproof_pov.rs:692:16
[INFO] [stderr]      |
[INFO] [stderr] 692  |     init_size!(cap_c_c, nconsts, size);
[INFO] [stderr]      |                ^^^^^^^
[INFO] [stderr]      |
[INFO] [stderr] help: `cap_c_c` is captured in macro and introduced a unused variable
[INFO] [stderr]     --> voproof/src/tools/mod.rs:1325:9
[INFO] [stderr]      |
[INFO] [stderr] 1325 |     let $name: i64 = $size.$attr as i64;
[INFO] [stderr]      |         ^^^^^
[INFO] [stderr]      |
[INFO] [stderr]     ::: voproof/src/snarks/voproof_pov.rs:692:5
[INFO] [stderr]      |
[INFO] [stderr] 692  |     init_size!(cap_c_c, nconsts, size);
[INFO] [stderr]      |     ---------------------------------- in this macro invocation
[INFO] [stderr]      = note: this warning originates in the macro `init_size` (in Nightly builds, run with -Z macro-backtrace for more info)
[INFO] [stderr] 
[INFO] [stderr] warning: unused variable: `cap_c_c`
[INFO] [stderr]     --> voproof/src/snarks/voproof_pov_prover_efficient.rs:83:16
[INFO] [stderr]      |
[INFO] [stderr] 83   |     init_size!(cap_c_c, nconsts, size);
[INFO] [stderr]      |                ^^^^^^^
[INFO] [stderr]      |
[INFO] [stderr] help: `cap_c_c` is captured in macro and introduced a unused variable
[INFO] [stderr]     --> voproof/src/tools/mod.rs:1325:9
[INFO] [stderr]      |
[INFO] [stderr] 1325 |     let $name: i64 = $size.$attr as i64;
[INFO] [stderr]      |         ^^^^^
[INFO] [stderr]      |
[INFO] [stderr]     ::: voproof/src/snarks/voproof_pov_prover_efficient.rs:83:5
[INFO] [stderr]      |
[INFO] [stderr] 83   |     init_size!(cap_c_c, nconsts, size);
[INFO] [stderr]      |     ---------------------------------- in this macro invocation
[INFO] [stderr]      = note: this warning originates in the macro `init_size` (in Nightly builds, run with -Z macro-backtrace for more info)
[INFO] [stderr] 
[INFO] [stderr] warning: unused variable: `cap_c_c`
[INFO] [stderr]     --> voproof/src/snarks/voproof_pov_prover_efficient.rs:127:16
[INFO] [stderr]      |
[INFO] [stderr] 127  |     init_size!(cap_c_c, nconsts, size);
[INFO] [stderr]      |                ^^^^^^^
[INFO] [stderr]      |
[INFO] [stderr] help: `cap_c_c` is captured in macro and introduced a unused variable
[INFO] [stderr]     --> voproof/src/tools/mod.rs:1325:9
[INFO] [stderr]      |
[INFO] [stderr] 1325 |     let $name: i64 = $size.$attr as i64;
[INFO] [stderr]      |         ^^^^^
[INFO] [stderr]      |
[INFO] [stderr]     ::: voproof/src/snarks/voproof_pov_prover_efficient.rs:127:5
[INFO] [stderr]      |
[INFO] [stderr] 127  |     init_size!(cap_c_c, nconsts, size);
[INFO] [stderr]      |     ---------------------------------- in this macro invocation
[INFO] [stderr]      = note: this warning originates in the macro `init_size` (in Nightly builds, run with -Z macro-backtrace for more info)
[INFO] [stderr] 
[INFO] [stderr] warning: unused variable: `cap_c_c`
[INFO] [stderr]     --> voproof/src/snarks/voproof_pov_prover_efficient.rs:743:16
[INFO] [stderr]      |
[INFO] [stderr] 743  |     init_size!(cap_c_c, nconsts, size);
[INFO] [stderr]      |                ^^^^^^^
[INFO] [stderr]      |
[INFO] [stderr] help: `cap_c_c` is captured in macro and introduced a unused variable
[INFO] [stderr]     --> voproof/src/tools/mod.rs:1325:9
[INFO] [stderr]      |
[INFO] [stderr] 1325 |     let $name: i64 = $size.$attr as i64;
[INFO] [stderr]      |         ^^^^^
[INFO] [stderr]      |
[INFO] [stderr]     ::: voproof/src/snarks/voproof_pov_prover_efficient.rs:743:5
[INFO] [stderr]      |
[INFO] [stderr] 743  |     init_size!(cap_c_c, nconsts, size);
[INFO] [stderr]      |     ---------------------------------- in this macro invocation
[INFO] [stderr]      = note: this warning originates in the macro `init_size` (in Nightly builds, run with -Z macro-backtrace for more info)
[INFO] [stderr] 
[INFO] [stderr] warning: unused variable: `cap_k`
[INFO] [stderr]     --> voproof/src/snarks/voproof_r1cs.rs:85:16
[INFO] [stderr]      |
[INFO] [stderr] 85   |     init_size!(cap_k, ncols, size);
[INFO] [stderr]      |                ^^^^^
[INFO] [stderr]      |
[INFO] [stderr] help: `cap_k` is captured in macro and introduced a unused variable
[INFO] [stderr]     --> voproof/src/tools/mod.rs:1325:9
[INFO] [stderr]      |
[INFO] [stderr] 1325 |     let $name: i64 = $size.$attr as i64;
[INFO] [stderr]      |         ^^^^^
[INFO] [stderr]      |
[INFO] [stderr]     ::: voproof/src/snarks/voproof_r1cs.rs:85:5
[INFO] [stderr]      |
[INFO] [stderr] 85   |     init_size!(cap_k, ncols, size);
[INFO] [stderr]      |     ------------------------------ in this macro invocation
[INFO] [stderr]      = note: this warning originates in the macro `init_size` (in Nightly builds, run with -Z macro-backtrace for more info)
[INFO] [stderr] 
[INFO] [stderr] warning: unused variable: `ell`
[INFO] [stderr]     --> voproof/src/snarks/voproof_r1cs.rs:89:16
[INFO] [stderr]      |
[INFO] [stderr] 89   |     init_size!(ell, input_size, size);
[INFO] [stderr]      |                ^^^
[INFO] [stderr]      |
[INFO] [stderr] help: `ell` is captured in macro and introduced a unused variable
[INFO] [stderr]     --> voproof/src/tools/mod.rs:1325:9
[INFO] [stderr]      |
[INFO] [stderr] 1325 |     let $name: i64 = $size.$attr as i64;
[INFO] [stderr]      |         ^^^^^
[INFO] [stderr]      |
[INFO] [stderr]     ::: voproof/src/snarks/voproof_r1cs.rs:89:5
[INFO] [stderr]      |
[INFO] [stderr] 89   |     init_size!(ell, input_size, size);
[INFO] [stderr]      |     --------------------------------- in this macro invocation
[INFO] [stderr]      = note: this warning originates in the macro `init_size` (in Nightly builds, run with -Z macro-backtrace for more info)
[INFO] [stderr] 
[INFO] [stderr] warning: unused variable: `cap_h`
[INFO] [stderr]     --> voproof/src/snarks/voproof_r1cs.rs:136:16
[INFO] [stderr]      |
[INFO] [stderr] 136  |     init_size!(cap_h, nrows, size);
[INFO] [stderr]      |                ^^^^^
[INFO] [stderr]      |
[INFO] [stderr] help: `cap_h` is captured in macro and introduced a unused variable
[INFO] [stderr]     --> voproof/src/tools/mod.rs:1325:9
[INFO] [stderr]      |
[INFO] [stderr] 1325 |     let $name: i64 = $size.$attr as i64;
[INFO] [stderr]      |         ^^^^^
[INFO] [stderr]      |
[INFO] [stderr]     ::: voproof/src/snarks/voproof_r1cs.rs:136:5
[INFO] [stderr]      |
[INFO] [stderr] 136  |     init_size!(cap_h, nrows, size);
[INFO] [stderr]      |     ------------------------------ in this macro invocation
[INFO] [stderr]      = note: this warning originates in the macro `init_size` (in Nightly builds, run with -Z macro-backtrace for more info)
[INFO] [stderr] 
[INFO] [stderr] warning: unused variable: `cap_k`
[INFO] [stderr]     --> voproof/src/snarks/voproof_r1cs.rs:137:16
[INFO] [stderr]      |
[INFO] [stderr] 137  |     init_size!(cap_k, ncols, size);
[INFO] [stderr]      |                ^^^^^
[INFO] [stderr]      |
[INFO] [stderr] help: `cap_k` is captured in macro and introduced a unused variable
[INFO] [stderr]     --> voproof/src/tools/mod.rs:1325:9
[INFO] [stderr]      |
[INFO] [stderr] 1325 |     let $name: i64 = $size.$attr as i64;
[INFO] [stderr]      |         ^^^^^
[INFO] [stderr]      |
[INFO] [stderr]     ::: voproof/src/snarks/voproof_r1cs.rs:137:5
[INFO] [stderr]      |
[INFO] [stderr] 137  |     init_size!(cap_k, ncols, size);
[INFO] [stderr]      |     ------------------------------ in this macro invocation
[INFO] [stderr]      = note: this warning originates in the macro `init_size` (in Nightly builds, run with -Z macro-backtrace for more info)
[INFO] [stderr] 
[INFO] [stderr] warning: unused variable: `cap_s_a`
[INFO] [stderr]     --> voproof/src/snarks/voproof_r1cs.rs:138:16
[INFO] [stderr]      |
[INFO] [stderr] 138  |     init_size!(cap_s_a, adensity, size);
[INFO] [stderr]      |                ^^^^^^^
[INFO] [stderr]      |
[INFO] [stderr] help: `cap_s_a` is captured in macro and introduced a unused variable
[INFO] [stderr]     --> voproof/src/tools/mod.rs:1325:9
[INFO] [stderr]      |
[INFO] [stderr] 1325 |     let $name: i64 = $size.$attr as i64;
[INFO] [stderr]      |         ^^^^^
[INFO] [stderr]      |
[INFO] [stderr]     ::: voproof/src/snarks/voproof_r1cs.rs:138:5
[INFO] [stderr]      |
[INFO] [stderr] 138  |     init_size!(cap_s_a, adensity, size);
[INFO] [stderr]      |     ----------------------------------- in this macro invocation
[INFO] [stderr]      = note: this warning originates in the macro `init_size` (in Nightly builds, run with -Z macro-backtrace for more info)
[INFO] [stderr] 
[INFO] [stderr] warning: unused variable: `cap_s_b`
[INFO] [stderr]     --> voproof/src/snarks/voproof_r1cs.rs:139:16
[INFO] [stderr]      |
[INFO] [stderr] 139  |     init_size!(cap_s_b, bdensity, size);
[INFO] [stderr]      |                ^^^^^^^
[INFO] [stderr]      |
[INFO] [stderr] help: `cap_s_b` is captured in macro and introduced a unused variable
[INFO] [stderr]     --> voproof/src/tools/mod.rs:1325:9
[INFO] [stderr]      |
[INFO] [stderr] 1325 |     let $name: i64 = $size.$attr as i64;
[INFO] [stderr]      |         ^^^^^
[INFO] [stderr]      |
[INFO] [stderr]     ::: voproof/src/snarks/voproof_r1cs.rs:139:5
[INFO] [stderr]      |
[INFO] [stderr] 139  |     init_size!(cap_s_b, bdensity, size);
[INFO] [stderr]      |     ----------------------------------- in this macro invocation
[INFO] [stderr]      = note: this warning originates in the macro `init_size` (in Nightly builds, run with -Z macro-backtrace for more info)
[INFO] [stderr] 
[INFO] [stderr] warning: unused variable: `cap_s_c`
[INFO] [stderr]     --> voproof/src/snarks/voproof_r1cs.rs:140:16
[INFO] [stderr]      |
[INFO] [stderr] 140  |     init_size!(cap_s_c, cdensity, size);
[INFO] [stderr]      |                ^^^^^^^
[INFO] [stderr]      |
[INFO] [stderr] help: `cap_s_c` is captured in macro and introduced a unused variable
[INFO] [stderr]     --> voproof/src/tools/mod.rs:1325:9
[INFO] [stderr]      |
[INFO] [stderr] 1325 |     let $name: i64 = $size.$attr as i64;
[INFO] [stderr]      |         ^^^^^
[INFO] [stderr]      |
[INFO] [stderr]     ::: voproof/src/snarks/voproof_r1cs.rs:140:5
[INFO] [stderr]      |
[INFO] [stderr] 140  |     init_size!(cap_s_c, cdensity, size);
[INFO] [stderr]      |     ----------------------------------- in this macro invocation
[INFO] [stderr]      = note: this warning originates in the macro `init_size` (in Nightly builds, run with -Z macro-backtrace for more info)
[INFO] [stderr] 
[INFO] [stderr] warning: unused variable: `ell`
[INFO] [stderr]     --> voproof/src/snarks/voproof_r1cs.rs:141:16
[INFO] [stderr]      |
[INFO] [stderr] 141  |     init_size!(ell, input_size, size);
[INFO] [stderr]      |                ^^^
[INFO] [stderr]      |
[INFO] [stderr] help: `ell` is captured in macro and introduced a unused variable
[INFO] [stderr]     --> voproof/src/tools/mod.rs:1325:9
[INFO] [stderr]      |
[INFO] [stderr] 1325 |     let $name: i64 = $size.$attr as i64;
[INFO] [stderr]      |         ^^^^^
[INFO] [stderr]      |
[INFO] [stderr]     ::: voproof/src/snarks/voproof_r1cs.rs:141:5
[INFO] [stderr]      |
[INFO] [stderr] 141  |     init_size!(ell, input_size, size);
[INFO] [stderr]      |     --------------------------------- in this macro invocation
[INFO] [stderr]      = note: this warning originates in the macro `init_size` (in Nightly builds, run with -Z macro-backtrace for more info)
[INFO] [stderr] 
[INFO] [stderr] warning: unused variable: `cap_h`
[INFO] [stderr]     --> voproof/src/snarks/voproof_r1cs.rs:943:16
[INFO] [stderr]      |
[INFO] [stderr] 943  |     init_size!(cap_h, nrows, size);
[INFO] [stderr]      |                ^^^^^
[INFO] [stderr]      |
[INFO] [stderr] help: `cap_h` is captured in macro and introduced a unused variable
[INFO] [stderr]     --> voproof/src/tools/mod.rs:1325:9
[INFO] [stderr]      |
[INFO] [stderr] 1325 |     let $name: i64 = $size.$attr as i64;
[INFO] [stderr]      |         ^^^^^
[INFO] [stderr]      |
[INFO] [stderr]     ::: voproof/src/snarks/voproof_r1cs.rs:943:5
[INFO] [stderr]      |
[INFO] [stderr] 943  |     init_size!(cap_h, nrows, size);
[INFO] [stderr]      |     ------------------------------ in this macro invocation
[INFO] [stderr]      = note: this warning originates in the macro `init_size` (in Nightly builds, run with -Z macro-backtrace for more info)
[INFO] [stderr] 
[INFO] [stderr] warning: unused variable: `cap_k`
[INFO] [stderr]     --> voproof/src/snarks/voproof_r1cs.rs:944:16
[INFO] [stderr]      |
[INFO] [stderr] 944  |     init_size!(cap_k, ncols, size);
[INFO] [stderr]      |                ^^^^^
[INFO] [stderr]      |
[INFO] [stderr] help: `cap_k` is captured in macro and introduced a unused variable
[INFO] [stderr]     --> voproof/src/tools/mod.rs:1325:9
[INFO] [stderr]      |
[INFO] [stderr] 1325 |     let $name: i64 = $size.$attr as i64;
[INFO] [stderr]      |         ^^^^^
[INFO] [stderr]      |
[INFO] [stderr]     ::: voproof/src/snarks/voproof_r1cs.rs:944:5
[INFO] [stderr]      |
[INFO] [stderr] 944  |     init_size!(cap_k, ncols, size);
[INFO] [stderr]      |     ------------------------------ in this macro invocation
[INFO] [stderr]      = note: this warning originates in the macro `init_size` (in Nightly builds, run with -Z macro-backtrace for more info)
[INFO] [stderr] 
[INFO] [stderr] warning: unused variable: `cap_s_a`
[INFO] [stderr]     --> voproof/src/snarks/voproof_r1cs.rs:945:16
[INFO] [stderr]      |
[INFO] [stderr] 945  |     init_size!(cap_s_a, adensity, size);
[INFO] [stderr]      |                ^^^^^^^
[INFO] [stderr]      |
[INFO] [stderr] help: `cap_s_a` is captured in macro and introduced a unused variable
[INFO] [stderr]     --> voproof/src/tools/mod.rs:1325:9
[INFO] [stderr]      |
[INFO] [stderr] 1325 |     let $name: i64 = $size.$attr as i64;
[INFO] [stderr]      |         ^^^^^
[INFO] [stderr]      |
[INFO] [stderr]     ::: voproof/src/snarks/voproof_r1cs.rs:945:5
[INFO] [stderr]      |
[INFO] [stderr] 945  |     init_size!(cap_s_a, adensity, size);
[INFO] [stderr]      |     ----------------------------------- in this macro invocation
[INFO] [stderr]      = note: this warning originates in the macro `init_size` (in Nightly builds, run with -Z macro-backtrace for more info)
[INFO] [stderr] 
[INFO] [stderr] warning: unused variable: `cap_s_b`
[INFO] [stderr]     --> voproof/src/snarks/voproof_r1cs.rs:946:16
[INFO] [stderr]      |
[INFO] [stderr] 946  |     init_size!(cap_s_b, bdensity, size);
[INFO] [stderr]      |                ^^^^^^^
[INFO] [stderr]      |
[INFO] [stderr] help: `cap_s_b` is captured in macro and introduced a unused variable
[INFO] [stderr]     --> voproof/src/tools/mod.rs:1325:9
[INFO] [stderr]      |
[INFO] [stderr] 1325 |     let $name: i64 = $size.$attr as i64;
[INFO] [stderr]      |         ^^^^^
[INFO] [stderr]      |
[INFO] [stderr]     ::: voproof/src/snarks/voproof_r1cs.rs:946:5
[INFO] [stderr]      |
[INFO] [stderr] 946  |     init_size!(cap_s_b, bdensity, size);
[INFO] [stderr]      |     ----------------------------------- in this macro invocation
[INFO] [stderr]      = note: this warning originates in the macro `init_size` (in Nightly builds, run with -Z macro-backtrace for more info)
[INFO] [stderr] 
[INFO] [stderr] warning: unused variable: `cap_s_c`
[INFO] [stderr]     --> voproof/src/snarks/voproof_r1cs.rs:947:16
[INFO] [stderr]      |
[INFO] [stderr] 947  |     init_size!(cap_s_c, cdensity, size);
[INFO] [stderr]      |                ^^^^^^^
[INFO] [stderr]      |
[INFO] [stderr] help: `cap_s_c` is captured in macro and introduced a unused variable
[INFO] [stderr]     --> voproof/src/tools/mod.rs:1325:9
[INFO] [stderr]      |
[INFO] [stderr] 1325 |     let $name: i64 = $size.$attr as i64;
[INFO] [stderr]      |         ^^^^^
[INFO] [stderr]      |
[INFO] [stderr]     ::: voproof/src/snarks/voproof_r1cs.rs:947:5
[INFO] [stderr]      |
[INFO] [stderr] 947  |     init_size!(cap_s_c, cdensity, size);
[INFO] [stderr]      |     ----------------------------------- in this macro invocation
[INFO] [stderr]      = note: this warning originates in the macro `init_size` (in Nightly builds, run with -Z macro-backtrace for more info)
[INFO] [stderr] 
[INFO] [stderr] warning: unused variable: `ell`
[INFO] [stderr]     --> voproof/src/snarks/voproof_r1cs.rs:948:16
[INFO] [stderr]      |
[INFO] [stderr] 948  |     init_size!(ell, input_size, size);
[INFO] [stderr]      |                ^^^
[INFO] [stderr]      |
[INFO] [stderr] help: `ell` is captured in macro and introduced a unused variable
[INFO] [stderr]     --> voproof/src/tools/mod.rs:1325:9
[INFO] [stderr]      |
[INFO] [stderr] 1325 |     let $name: i64 = $size.$attr as i64;
[INFO] [stderr]      |         ^^^^^
[INFO] [stderr]      |
[INFO] [stderr]     ::: voproof/src/snarks/voproof_r1cs.rs:948:5
[INFO] [stderr]      |
[INFO] [stderr] 948  |     init_size!(ell, input_size, size);
[INFO] [stderr]      |     --------------------------------- in this macro invocation
[INFO] [stderr]      = note: this warning originates in the macro `init_size` (in Nightly builds, run with -Z macro-backtrace for more info)
[INFO] [stderr] 
[INFO] [stderr] warning: unused variable: `cap_k`
[INFO] [stderr]     --> voproof/src/snarks/voproof_r1cs_prover_efficient.rs:94:16
[INFO] [stderr]      |
[INFO] [stderr] 94   |     init_size!(cap_k, ncols, size);
[INFO] [stderr]      |                ^^^^^
[INFO] [stderr]      |
[INFO] [stderr] help: `cap_k` is captured in macro and introduced a unused variable
[INFO] [stderr]     --> voproof/src/tools/mod.rs:1325:9
[INFO] [stderr]      |
[INFO] [stderr] 1325 |     let $name: i64 = $size.$attr as i64;
[INFO] [stderr]      |         ^^^^^
[INFO] [stderr]      |
[INFO] [stderr]     ::: voproof/src/snarks/voproof_r1cs_prover_efficient.rs:94:5
[INFO] [stderr]      |
[INFO] [stderr] 94   |     init_size!(cap_k, ncols, size);
[INFO] [stderr]      |     ------------------------------ in this macro invocation
[INFO] [stderr]      = note: this warning originates in the macro `init_size` (in Nightly builds, run with -Z macro-backtrace for more info)
[INFO] [stderr] 
[INFO] [stderr] warning: unused variable: `ell`
[INFO] [stderr]     --> voproof/src/snarks/voproof_r1cs_prover_efficient.rs:98:16
[INFO] [stderr]      |
[INFO] [stderr] 98   |     init_size!(ell, input_size, size);
[INFO] [stderr]      |                ^^^
[INFO] [stderr]      |
[INFO] [stderr] help: `ell` is captured in macro and introduced a unused variable
[INFO] [stderr]     --> voproof/src/tools/mod.rs:1325:9
[INFO] [stderr]      |
[INFO] [stderr] 1325 |     let $name: i64 = $size.$attr as i64;
[INFO] [stderr]      |         ^^^^^
[INFO] [stderr]      |
[INFO] [stderr]     ::: voproof/src/snarks/voproof_r1cs_prover_efficient.rs:98:5
[INFO] [stderr]      |
[INFO] [stderr] 98   |     init_size!(ell, input_size, size);
[INFO] [stderr]      |     --------------------------------- in this macro invocation
[INFO] [stderr]      = note: this warning originates in the macro `init_size` (in Nightly builds, run with -Z macro-backtrace for more info)
[INFO] [stderr] 
[INFO] [stderr] warning: unused variable: `gamma`
[INFO] [stderr]     --> voproof/src/snarks/voproof_r1cs_prover_efficient.rs:151:23
[INFO] [stderr]      |
[INFO] [stderr] 151  |     define_generator!(gamma, E);
[INFO] [stderr]      |                       ^^^^^
[INFO] [stderr]      |
[INFO] [stderr] help: `gamma` is captured in macro and introduced a unused variable
[INFO] [stderr]     --> voproof/src/tools/mod.rs:1318:9
[INFO] [stderr]      |
[INFO] [stderr] 1318 |     let $gamma = generator_of!($e);
[INFO] [stderr]      |         ^^^^^^
[INFO] [stderr]      |
[INFO] [stderr]     ::: voproof/src/snarks/voproof_r1cs_prover_efficient.rs:151:5
[INFO] [stderr]      |
[INFO] [stderr] 151  |     define_generator!(gamma, E);
[INFO] [stderr]      |     --------------------------- in this macro invocation
[INFO] [stderr]      = note: this warning originates in the macro `define_generator` (in Nightly builds, run with -Z macro-backtrace for more info)
[INFO] [stderr] 
[INFO] [stderr] warning: unused variable: `gamma`
[INFO] [stderr]     --> voproof/src/snarks/voproof_r1cs_prover_efficient.rs:960:23
[INFO] [stderr]      |
[INFO] [stderr] 960  |     define_generator!(gamma, E);
[INFO] [stderr]      |                       ^^^^^
[INFO] [stderr]      |
[INFO] [stderr] help: `gamma` is captured in macro and introduced a unused variable
[INFO] [stderr]     --> voproof/src/tools/mod.rs:1318:9
[INFO] [stderr]      |
[INFO] [stderr] 1318 |     let $gamma = generator_of!($e);
[INFO] [stderr]      |         ^^^^^^
[INFO] [stderr]      |
[INFO] [stderr]     ::: voproof/src/snarks/voproof_r1cs_prover_efficient.rs:960:5
[INFO] [stderr]      |
[INFO] [stderr] 960  |     define_generator!(gamma, E);
[INFO] [stderr]      |     --------------------------- in this macro invocation
[INFO] [stderr]      = note: this warning originates in the macro `define_generator` (in Nightly builds, run with -Z macro-backtrace for more info)
[INFO] [stderr] 
[INFO] [stderr] warning: unused variable: `i`
[INFO] [stderr]    --> voproof/src/kzg/mod.rs:613:9
[INFO] [stderr]     |
[INFO] [stderr] 613 |     for i in 0..10 {
[INFO] [stderr]     |         ^ help: if this is intentional, prefix it with an underscore: `_i`
[INFO] [stderr]     |
[INFO] [stderr]     = note: `#[warn(unused_variables)]` on by default
[INFO] [stderr] 
[INFO] [stderr] warning: unused variable: `n`
[INFO] [stderr]     --> voproof/src/snarks/fibonacci.rs:72:16
[INFO] [stderr]      |
[INFO] [stderr] 72   |     init_size!(n, n, size);
[INFO] [stderr]      |                ^
[INFO] [stderr]      |
[INFO] [stderr] help: `n` is captured in macro and introduced a unused variable
[INFO] [stderr]     --> voproof/src/tools/mod.rs:1325:9
[INFO] [stderr]      |
[INFO] [stderr] 1325 |     let $name: i64 = $size.$attr as i64;
[INFO] [stderr]      |         ^^^^^
[INFO] [stderr]      |
[INFO] [stderr]     ::: voproof/src/snarks/fibonacci.rs:72:5
[INFO] [stderr]      |
[INFO] [stderr] 72   |     init_size!(n, n, size);
[INFO] [stderr]      |     ---------------------- in this macro invocation
[INFO] [stderr]      = note: this warning originates in the macro `init_size` (in Nightly builds, run with -Z macro-backtrace for more info)
[INFO] [stderr] 
[INFO] [stderr] warning: unused `Result` that must be used
[INFO] [stderr]     --> voproof/src/cs/circuit/fan_in_two.rs:1016:5
[INFO] [stderr]      |
[INFO] [stderr] 1016 |     circ.assert_equal(&a, &p);
[INFO] [stderr]      |     ^^^^^^^^^^^^^^^^^^^^^^^^^
[INFO] [stderr]      |
[INFO] [stderr]      = note: this `Result` may be an `Err` variant, which should be handled
[INFO] [stderr]      = note: `#[warn(unused_must_use)]` on by default
[INFO] [stderr] help: use `let _ = ...` to ignore the resulting value
[INFO] [stderr]      |
[INFO] [stderr] 1016 |     let _ = circ.assert_equal(&a, &p);
[INFO] [stderr]      |     +++++++
[INFO] [stderr] 
[INFO] [stderr] warning: `voproof` (lib) generated 45 warnings (run `cargo fix --lib -p voproof` to apply 2 suggestions)
[INFO] [stderr] warning: `voproof` (lib test) generated 47 warnings (44 duplicates)
[INFO] [stderr] warning: unused `Boolean` that must be used
[INFO] [stderr]    --> voproof/tests/utils/mt_circuit.rs:114:5
[INFO] [stderr]     |
[INFO] [stderr] 114 | /     cw.verify_membership(
[INFO] [stderr] 115 | |       &leaf_crh_params_var,
[INFO] [stderr] 116 | |       &two_to_one_crh_params_var,
[INFO] [stderr] 117 | |       &root,
[INFO] [stderr] 118 | |       &leaf_g,
[INFO] [stderr] 119 | |     )
[INFO] [stderr] 120 | |     .unwrap();
[INFO] [stderr]     | |_____________^
[INFO] [stderr]     |
[INFO] [stderr]     = note: `#[warn(unused_must_use)]` on by default
[INFO] [stderr] help: use `let _ = ...` to ignore the resulting value
[INFO] [stderr]     |
[INFO] [stderr] 114 |     let _ = cw.verify_membership(
[INFO] [stderr]     |     +++++++
[INFO] [stderr] 
[INFO] [stderr] warning: unused import: `One`
[INFO] [stderr]   --> voproof/src/main.rs:12:25
[INFO] [stderr]    |
[INFO] [stderr] 12 | use ark_std::{test_rng, One};
[INFO] [stderr]    |                         ^^^
[INFO] [stderr]    |
[INFO] [stderr]    = note: `#[warn(unused_imports)]` on by default
[INFO] [stderr] 
[INFO] [stderr] warning: `voproof` (test "pov_test") generated 1 warning
[INFO] [stderr] warning: `voproof` (bin "voproof") generated 1 warning (run `cargo fix --bin "voproof"` to apply 1 suggestion)
[INFO] [stderr] warning: `voproof` (test "r1cs_test") generated 1 warning (1 duplicate)
[INFO] [stderr] warning: `voproof` (bin "voproof" test) generated 1 warning (1 duplicate)
[INFO] [stderr]     Finished `test` profile [unoptimized + debuginfo] target(s) in 0.28s
[INFO] [stderr]      Running unittests src/lib.rs (/opt/rustwide/target/debug/deps/voproof-9c1dffe0d861a9df)
[INFO] [stdout] 
[INFO] [stdout] running 47 tests
[INFO] [stdout] test cs::circuit::fan_in_two::tests::test_get_instance ... ok
[INFO] [stdout] test cs::circuit::fan_in_two::tests::test_circuit_with_const ... ok
[INFO] [stdout] test cs::circuit::fan_in_two::tests::test_get_consts ... ok
[INFO] [stdout] test cs::circuit::fan_in_two::tests::test_simple_circuit ... ok
[INFO] [stdout] test cs::circuit::fan_in_two::tests::test_simple_field_circuit ... ok
[INFO] [stdout] test cs::circuit::fan_in_two::tests::test_get_instance_with_const ... ok
[INFO] [stdout] test tools::tests::test_add_vector_to_vector ... ok
[INFO] [stdout] test cs::pov::tests::test_satisfy ... ok
[INFO] [stdout] test tools::tests::test_accumulate_vector ... ok
[INFO] [stdout] test tools::tests::test_delta ... ok
[INFO] [stdout] test tools::tests::test_eval_sparse_zero_one_vector ... ok
[INFO] [stdout] test tools::tests::test_eval_sparse_vector ... ok
[INFO] [stdout] test tools::tests::test_eval_vector_as_poly ... ok
[INFO] [stdout] test tools::tests::test_define_permutation_vector_from_wires ... ok
[INFO] [stdout] test tools::tests::test_add_expression_to_vector ... ok
[INFO] [stdout] test tools::tests::test_int_array_to_power_vector ... ok
[INFO] [stdout] test tools::tests::test_eval_vector_expression ... ok
[INFO] [stdout] test tools::tests::test_max ... ok
[INFO] [stdout] test tools::tests::test_multi_delta ... ok
[INFO] [stdout] test tools::tests::test_power_linear_combination ... ok
[INFO] [stdout] test tools::tests::test_power_power_mul ... ok
[INFO] [stdout] test tools::tests::test_power_iterator ... ok
[INFO] [stdout] test tools::tests::test_linear_combination ... ok
[INFO] [stdout] test tools::tests::test_power_vector_index ... ok
[INFO] [stdout] test tools::tests::test_range_index ... ok
[INFO] [stdout] test tools::tests::test_sparse_mvp ... ok
[INFO] [stdout] test tools::tests::test_vector_concat_skip ... ok
[INFO] [stdout] test tools::tests::test_sum ... ok
[INFO] [stdout] test tools::tests::test_vector_power_mul ... ok
[INFO] [stdout] test tools::tests::test_vector_concat ... ok
[INFO] [stdout] test tools::tests::test_zero_pad ... ok
[INFO] [stdout] test tools::tests::test_vector_reverse_omega ... ok
[INFO] [stdout] test tools::tests::test_vector_index ... ok
[INFO] [stdout] test cs::hpr::tests::test_generate_random_hpr_instance ... ok
[INFO] [stdout] test tools::tests::test_int_field_transform ... ok
[INFO] [stdout] test tools::tests::test_vector_poly_mul ... ok
[INFO] [stdout] test tools::tests::test_zero_pad_concat ... ok
[INFO] [stdout] test cs::circuit::fan_in_two::tests::test_get_wiring_with_assert_equals ... FAILED
[INFO] [stdout] test cs::circuit::fan_in_two::tests::test_get_witness_with_const ... FAILED
[INFO] [stdout] test cs::circuit::fan_in_two::tests::test_get_witness ... FAILED
[INFO] [stdout] test cs::circuit::fan_in_two::tests::test_get_wiring ... FAILED
[INFO] [stdout] test kzg::tests::test_degree_is_too_large ... ok
[INFO] [stdout] test kzg::tests::add_commitments_test ... ok
[INFO] [stdout] test kzg::tests::basic_test ... ok
[INFO] [stdout] test kzg::tests::linear_polynomial_test ... ok
[INFO] [stdout] test kzg::tests::end_to_end_test ... ok
[INFO] [stdout] test kzg::tests::batch_check_test has been running for over 60 seconds
[INFO] [stdout] test kzg::tests::batch_check_test ... ok
[INFO] [stdout] 
[INFO] [stdout] failures:
[INFO] [stdout] 
[INFO] [stdout] ---- cs::circuit::fan_in_two::tests::test_get_wiring_with_assert_equals stdout ----
[INFO] [stdout] thread 'cs::circuit::fan_in_two::tests::test_get_wiring_with_assert_equals' panicked at voproof/src/cs/circuit/fan_in_two.rs:1030:5:
[INFO] [stdout] assertion `left == right` failed
[INFO] [stdout]   left: [(4, 5), (11, 0), (1, 12), (12, 18), (8, 14), (2, 15), (9, 19), (3, 16), (10, 20), (4, 17)]
[INFO] [stdout]  right: [(4, 5), (11, 0), (1, 12), (12, 18), (8, 14), (9, 15), (2, 19), (3, 16), (10, 20), (4, 17)]
[INFO] [stdout] stack backtrace:
[INFO] [stdout]    0:     0x60f3112f095a - std::backtrace_rs::backtrace::libunwind::trace::h8810477743020387
[INFO] [stdout]                                at /rustc/202008a1b8de96d2e5b6bc02d379db03a877d34d/library/std/src/../../backtrace/src/backtrace/libunwind.rs:116:5
[INFO] [stdout]    1:     0x60f3112f095a - std::backtrace_rs::backtrace::trace_unsynchronized::h3aa55355dd6c54a6
[INFO] [stdout]                                at /rustc/202008a1b8de96d2e5b6bc02d379db03a877d34d/library/std/src/../../backtrace/src/backtrace/mod.rs:66:5
[INFO] [stdout]    2:     0x60f3112f095a - std::sys::backtrace::_print_fmt::h8588b0f62410823f
[INFO] [stdout]                                at /rustc/202008a1b8de96d2e5b6bc02d379db03a877d34d/library/std/src/sys/backtrace.rs:66:9
[INFO] [stdout]    3:     0x60f3112f095a - <std::sys::backtrace::BacktraceLock::print::DisplayBacktrace as core::fmt::Display>::fmt::h98c26ac25ffe89bb
[INFO] [stdout]                                at /rustc/202008a1b8de96d2e5b6bc02d379db03a877d34d/library/std/src/sys/backtrace.rs:39:26
[INFO] [stdout]    4:     0x60f3113165f3 - core::fmt::rt::Argument::fmt::hf95377f4aebd453b
[INFO] [stdout]                                at /rustc/202008a1b8de96d2e5b6bc02d379db03a877d34d/library/core/src/fmt/rt.rs:177:76
[INFO] [stdout]    5:     0x60f3113165f3 - core::fmt::write::h0dd5f6e2238c7982
[INFO] [stdout]                                at /rustc/202008a1b8de96d2e5b6bc02d379db03a877d34d/library/core/src/fmt/mod.rs:1189:21
[INFO] [stdout]    6:     0x60f3112eda83 - std::io::Write::write_fmt::h03bb0ca26e6faf8c
[INFO] [stdout]                                at /rustc/202008a1b8de96d2e5b6bc02d379db03a877d34d/library/std/src/io/mod.rs:1884:15
[INFO] [stdout]    7:     0x60f3112f07a2 - std::sys::backtrace::BacktraceLock::print::h5c19c1c038ee186d
[INFO] [stdout]                                at /rustc/202008a1b8de96d2e5b6bc02d379db03a877d34d/library/std/src/sys/backtrace.rs:42:9
[INFO] [stdout]    8:     0x60f3112f1ddd - std::panicking::default_hook::{{closure}}::h77172f079a1fcb13
[INFO] [stdout]                                at /rustc/202008a1b8de96d2e5b6bc02d379db03a877d34d/library/std/src/panicking.rs:268:22
[INFO] [stdout]    9:     0x60f3112f1be7 - std::panicking::default_hook::he5f8e3b203ccddba
[INFO] [stdout]                                at /rustc/202008a1b8de96d2e5b6bc02d379db03a877d34d/library/std/src/panicking.rs:292:9
[INFO] [stdout]   10:     0x60f31113eb37 - <alloc::boxed::Box<F,A> as core::ops::function::Fn<Args>>::call::h7a3c7b4a1ae77f2f
[INFO] [stdout]                                at /rustc/202008a1b8de96d2e5b6bc02d379db03a877d34d/library/alloc/src/boxed.rs:1986:9
[INFO] [stdout]   11:     0x60f31113eb37 - test::test_main::{{closure}}::hf0d3b69ae9b353d1
[INFO] [stdout]                                at /rustc/202008a1b8de96d2e5b6bc02d379db03a877d34d/library/test/src/lib.rs:134:21
[INFO] [stdout]   12:     0x60f3112f2488 - <alloc::boxed::Box<F,A> as core::ops::function::Fn<Args>>::call::h6332e82e7b189abd
[INFO] [stdout]                                at /rustc/202008a1b8de96d2e5b6bc02d379db03a877d34d/library/alloc/src/boxed.rs:1986:9
[INFO] [stdout]   13:     0x60f3112f2488 - std::panicking::rust_panic_with_hook::h53863d4e9018df39
[INFO] [stdout]                                at /rustc/202008a1b8de96d2e5b6bc02d379db03a877d34d/library/std/src/panicking.rs:809:13
[INFO] [stdout]   14:     0x60f3112f224a - std::panicking::begin_panic_handler::{{closure}}::h67280e6fa0757873
[INFO] [stdout]                                at /rustc/202008a1b8de96d2e5b6bc02d379db03a877d34d/library/std/src/panicking.rs:674:13
[INFO] [stdout]   15:     0x60f3112f0e39 - std::sys::backtrace::__rust_end_short_backtrace::h1dac3f54d6fbbeb2
[INFO] [stdout]                                at /rustc/202008a1b8de96d2e5b6bc02d379db03a877d34d/library/std/src/sys/backtrace.rs:170:18
[INFO] [stdout]   16:     0x60f3112f1edc - rust_begin_unwind
[INFO] [stdout]                                at /rustc/202008a1b8de96d2e5b6bc02d379db03a877d34d/library/std/src/panicking.rs:665:5
[INFO] [stdout]   17:     0x60f310dd1ab0 - core::panicking::panic_fmt::h6792bd1b2bf01041
[INFO] [stdout]                                at /rustc/202008a1b8de96d2e5b6bc02d379db03a877d34d/library/core/src/panicking.rs:76:14
[INFO] [stdout]   18:     0x60f310dd1e7b - core::panicking::assert_failed_inner::hf2c17e6d30928787
[INFO] [stdout]   19:     0x60f310fa371c - core::panicking::assert_failed::h4f3f88b1c64c742d
[INFO] [stdout]                                at /rustc/202008a1b8de96d2e5b6bc02d379db03a877d34d/library/core/src/panicking.rs:373:5
[INFO] [stdout]   20:     0x60f31107469c - voproof::cs::circuit::fan_in_two::tests::test_get_wiring_with_assert_equals::hb13ed597c18356b6
[INFO] [stdout]                                at /opt/rustwide/workdir/voproof/src/cs/circuit/fan_in_two.rs:1030:5
[INFO] [stdout]   21:     0x60f3110735e7 - voproof::cs::circuit::fan_in_two::tests::test_get_wiring_with_assert_equals::{{closure}}::hb9efaab360f70748
[INFO] [stdout]                                at /opt/rustwide/workdir/voproof/src/cs/circuit/fan_in_two.rs:1004:42
[INFO] [stdout]   22:     0x60f3110231a6 - core::ops::function::FnOnce::call_once::h431f74f0302c7c58
[INFO] [stdout]                                at /rustc/202008a1b8de96d2e5b6bc02d379db03a877d34d/library/core/src/ops/function.rs:250:5
[INFO] [stdout]   23:     0x60f31114365b - core::ops::function::FnOnce::call_once::h871bf86719ec9aa4
[INFO] [stdout]                                at /rustc/202008a1b8de96d2e5b6bc02d379db03a877d34d/library/core/src/ops/function.rs:250:5
[INFO] [stdout]   24:     0x60f31114365b - test::__rust_begin_short_backtrace::h2167df1e2b7d76fd
[INFO] [stdout]                                at /rustc/202008a1b8de96d2e5b6bc02d379db03a877d34d/library/test/src/lib.rs:632:18
[INFO] [stdout]   25:     0x60f311143048 - test::run_test_in_process::{{closure}}::h15d92f75a3adfb79
[INFO] [stdout]                                at /rustc/202008a1b8de96d2e5b6bc02d379db03a877d34d/library/test/src/lib.rs:655:60
[INFO] [stdout]   26:     0x60f311143048 - <core::panic::unwind_safe::AssertUnwindSafe<F> as core::ops::function::FnOnce<()>>::call_once::hb6c8955835a8dbbb
[INFO] [stdout]                                at /rustc/202008a1b8de96d2e5b6bc02d379db03a877d34d/library/core/src/panic/unwind_safe.rs:272:9
[INFO] [stdout]   27:     0x60f311143048 - std::panicking::try::do_call::hc79d0fc888a0bd30
[INFO] [stdout]                                at /rustc/202008a1b8de96d2e5b6bc02d379db03a877d34d/library/std/src/panicking.rs:557:40
[INFO] [stdout]   28:     0x60f311143048 - std::panicking::try::hb8a7878e3a8589d6
[INFO] [stdout]                                at /rustc/202008a1b8de96d2e5b6bc02d379db03a877d34d/library/std/src/panicking.rs:520:19
[INFO] [stdout]   29:     0x60f311143048 - std::panic::catch_unwind::hb8e4600ff0ff5cfa
[INFO] [stdout]                                at /rustc/202008a1b8de96d2e5b6bc02d379db03a877d34d/library/std/src/panic.rs:358:14
[INFO] [stdout]   30:     0x60f311143048 - test::run_test_in_process::hc2900b0b18688dd6
[INFO] [stdout]                                at /rustc/202008a1b8de96d2e5b6bc02d379db03a877d34d/library/test/src/lib.rs:655:27
[INFO] [stdout]   31:     0x60f311143048 - test::run_test::{{closure}}::hac2a9cb07be3d48d
[INFO] [stdout]                                at /rustc/202008a1b8de96d2e5b6bc02d379db03a877d34d/library/test/src/lib.rs:576:43
[INFO] [stdout]   32:     0x60f311106aea - test::run_test::{{closure}}::h4a5b729e66a38cd8
[INFO] [stdout]                                at /rustc/202008a1b8de96d2e5b6bc02d379db03a877d34d/library/test/src/lib.rs:606:41
[INFO] [stdout]   33:     0x60f311106aea - std::sys::backtrace::__rust_begin_short_backtrace::h0496fb742492f573
[INFO] [stdout]                                at /rustc/202008a1b8de96d2e5b6bc02d379db03a877d34d/library/std/src/sys/backtrace.rs:154:18
[INFO] [stdout]   34:     0x60f31110a464 - std::thread::Builder::spawn_unchecked_::{{closure}}::{{closure}}::hbb6d257c550a54bd
[INFO] [stdout]                                at /rustc/202008a1b8de96d2e5b6bc02d379db03a877d34d/library/std/src/thread/mod.rs:561:17
[INFO] [stdout]   35:     0x60f31110a464 - <core::panic::unwind_safe::AssertUnwindSafe<F> as core::ops::function::FnOnce<()>>::call_once::h46696fe4a6832328
[INFO] [stdout]                                at /rustc/202008a1b8de96d2e5b6bc02d379db03a877d34d/library/core/src/panic/unwind_safe.rs:272:9
[INFO] [stdout]   36:     0x60f31110a464 - std::panicking::try::do_call::h2625a51b667bfb64
[INFO] [stdout]                                at /rustc/202008a1b8de96d2e5b6bc02d379db03a877d34d/library/std/src/panicking.rs:557:40
[INFO] [stdout]   37:     0x60f31110a464 - std::panicking::try::hb956a59a1973aa4c
[INFO] [stdout]                                at /rustc/202008a1b8de96d2e5b6bc02d379db03a877d34d/library/std/src/panicking.rs:520:19
[INFO] [stdout]   38:     0x60f31110a464 - std::panic::catch_unwind::h64f3b9d1067ef6a0
[INFO] [stdout]                                at /rustc/202008a1b8de96d2e5b6bc02d379db03a877d34d/library/std/src/panic.rs:358:14
[INFO] [stdout]   39:     0x60f31110a464 - std::thread::Builder::spawn_unchecked_::{{closure}}::h42b2841295b6c0b2
[INFO] [stdout]                                at /rustc/202008a1b8de96d2e5b6bc02d379db03a877d34d/library/std/src/thread/mod.rs:559:30
[INFO] [stdout]   40:     0x60f31110a464 - core::ops::function::FnOnce::call_once{{vtable.shim}}::h6127de71b8124639
[INFO] [stdout]                                at /rustc/202008a1b8de96d2e5b6bc02d379db03a877d34d/library/core/src/ops/function.rs:250:5
[INFO] [stdout]   41:     0x60f3112f64cb - <alloc::boxed::Box<F,A> as core::ops::function::FnOnce<Args>>::call_once::h42f0ba71002a1b2c
[INFO] [stdout]                                at /rustc/202008a1b8de96d2e5b6bc02d379db03a877d34d/library/alloc/src/boxed.rs:1972:9
[INFO] [stdout]   42:     0x60f3112f64cb - <alloc::boxed::Box<F,A> as core::ops::function::FnOnce<Args>>::call_once::had9e47d7a3dcecb8
[INFO] [stdout]                                at /rustc/202008a1b8de96d2e5b6bc02d379db03a877d34d/library/alloc/src/boxed.rs:1972:9
[INFO] [stdout]   43:     0x60f3112f64cb - std::sys::pal::unix::thread::Thread::new::thread_start::h48cf765408f6f5f2
[INFO] [stdout]                                at /rustc/202008a1b8de96d2e5b6bc02d379db03a877d34d/library/std/src/sys/pal/unix/thread.rs:105:17
[INFO] [stdout]   44:     0x7f9a848b3ac3 - <unknown>
[INFO] [stdout]   45:     0x7f9a84944a04 - clone
[INFO] [stdout]   46:                0x0 - <unknown>
[INFO] [stdout] 
[INFO] [stdout] ---- cs::circuit::fan_in_two::tests::test_get_witness_with_const stdout ----
[INFO] [stdout] thread 'cs::circuit::fan_in_two::tests::test_get_witness_with_const' panicked at voproof/src/cs/circuit/fan_in_two.rs:933:5:
[INFO] [stdout] assertion `left == right` failed
[INFO] [stdout]   left: ([2, 3, 18, 72, 1, 1, 0], [3, 6, 4, 10, 2, 3, 0], [6, 18, 72, 720, 3, 4, 10])
[INFO] [stdout]  right: ([2, 3, 4, 72, 1, 1, 0], [3, 6, 18, 10, 2, 3, 0], [6, 18, 72, 720, 3, 4, 10])
[INFO] [stdout] stack backtrace:
[INFO] [stdout]    0:     0x60f3112f095a - std::backtrace_rs::backtrace::libunwind::trace::h8810477743020387
[INFO] [stdout]                                at /rustc/202008a1b8de96d2e5b6bc02d379db03a877d34d/library/std/src/../../backtrace/src/backtrace/libunwind.rs:116:5
[INFO] [stdout]    1:     0x60f3112f095a - std::backtrace_rs::backtrace::trace_unsynchronized::h3aa55355dd6c54a6
[INFO] [stdout]                                at /rustc/202008a1b8de96d2e5b6bc02d379db03a877d34d/library/std/src/../../backtrace/src/backtrace/mod.rs:66:5
[INFO] [stdout]    2:     0x60f3112f095a - std::sys::backtrace::_print_fmt::h8588b0f62410823f
[INFO] [stdout]                                at /rustc/202008a1b8de96d2e5b6bc02d379db03a877d34d/library/std/src/sys/backtrace.rs:66:9
[INFO] [stdout]    3:     0x60f3112f095a - <std::sys::backtrace::BacktraceLock::print::DisplayBacktrace as core::fmt::Display>::fmt::h98c26ac25ffe89bb
[INFO] [stdout]                                at /rustc/202008a1b8de96d2e5b6bc02d379db03a877d34d/library/std/src/sys/backtrace.rs:39:26
[INFO] [stdout]    4:     0x60f3113165f3 - core::fmt::rt::Argument::fmt::hf95377f4aebd453b
[INFO] [stdout]                                at /rustc/202008a1b8de96d2e5b6bc02d379db03a877d34d/library/core/src/fmt/rt.rs:177:76
[INFO] [stdout]    5:     0x60f3113165f3 - core::fmt::write::h0dd5f6e2238c7982
[INFO] [stdout]                                at /rustc/202008a1b8de96d2e5b6bc02d379db03a877d34d/library/core/src/fmt/mod.rs:1189:21
[INFO] [stdout]    6:     0x60f3112eda83 - std::io::Write::write_fmt::h03bb0ca26e6faf8c
[INFO] [stdout]                                at /rustc/202008a1b8de96d2e5b6bc02d379db03a877d34d/library/std/src/io/mod.rs:1884:15
[INFO] [stdout]    7:     0x60f3112f07a2 - std::sys::backtrace::BacktraceLock::print::h5c19c1c038ee186d
[INFO] [stdout]                                at /rustc/202008a1b8de96d2e5b6bc02d379db03a877d34d/library/std/src/sys/backtrace.rs:42:9
[INFO] [stdout]    8:     0x60f3112f1ddd - std::panicking::default_hook::{{closure}}::h77172f079a1fcb13
[INFO] [stdout]                                at /rustc/202008a1b8de96d2e5b6bc02d379db03a877d34d/library/std/src/panicking.rs:268:22
[INFO] [stdout]    9:     0x60f3112f1be7 - std::panicking::default_hook::he5f8e3b203ccddba
[INFO] [stdout]                                at /rustc/202008a1b8de96d2e5b6bc02d379db03a877d34d/library/std/src/panicking.rs:292:9
[INFO] [stdout]   10:     0x60f31113eb37 - <alloc::boxed::Box<F,A> as core::ops::function::Fn<Args>>::call::h7a3c7b4a1ae77f2f
[INFO] [stdout]                                at /rustc/202008a1b8de96d2e5b6bc02d379db03a877d34d/library/alloc/src/boxed.rs:1986:9
[INFO] [stdout]   11:     0x60f31113eb37 - test::test_main::{{closure}}::hf0d3b69ae9b353d1
[INFO] [stdout]                                at /rustc/202008a1b8de96d2e5b6bc02d379db03a877d34d/library/test/src/lib.rs:134:21
[INFO] [stdout]   12:     0x60f3112f2488 - <alloc::boxed::Box<F,A> as core::ops::function::Fn<Args>>::call::h6332e82e7b189abd
[INFO] [stdout]                                at /rustc/202008a1b8de96d2e5b6bc02d379db03a877d34d/library/alloc/src/boxed.rs:1986:9
[INFO] [stdout]   13:     0x60f3112f2488 - std::panicking::rust_panic_with_hook::h53863d4e9018df39
[INFO] [stdout]                                at /rustc/202008a1b8de96d2e5b6bc02d379db03a877d34d/library/std/src/panicking.rs:809:13
[INFO] [stdout]   14:     0x60f3112f224a - std::panicking::begin_panic_handler::{{closure}}::h67280e6fa0757873
[INFO] [stdout]                                at /rustc/202008a1b8de96d2e5b6bc02d379db03a877d34d/library/std/src/panicking.rs:674:13
[INFO] [stdout]   15:     0x60f3112f0e39 - std::sys::backtrace::__rust_end_short_backtrace::h1dac3f54d6fbbeb2
[INFO] [stdout]                                at /rustc/202008a1b8de96d2e5b6bc02d379db03a877d34d/library/std/src/sys/backtrace.rs:170:18
[INFO] [stdout]   16:     0x60f3112f1edc - rust_begin_unwind
[INFO] [stdout]                                at /rustc/202008a1b8de96d2e5b6bc02d379db03a877d34d/library/std/src/panicking.rs:665:5
[INFO] [stdout]   17:     0x60f310dd1ab0 - core::panicking::panic_fmt::h6792bd1b2bf01041
[INFO] [stdout]                                at /rustc/202008a1b8de96d2e5b6bc02d379db03a877d34d/library/core/src/panicking.rs:76:14
[INFO] [stdout]   18:     0x60f310dd1e7b - core::panicking::assert_failed_inner::hf2c17e6d30928787
[INFO] [stdout]   19:     0x60f310fa3624 - core::panicking::assert_failed::h11c9e300e89f4d1e
[INFO] [stdout]                                at /rustc/202008a1b8de96d2e5b6bc02d379db03a877d34d/library/core/src/panicking.rs:373:5
[INFO] [stdout]   20:     0x60f311071972 - voproof::cs::circuit::fan_in_two::tests::test_get_witness_with_const::h3cb3c27be98d00b2
[INFO] [stdout]                                at /opt/rustwide/workdir/voproof/src/cs/circuit/fan_in_two.rs:933:5
[INFO] [stdout]   21:     0x60f311070a47 - voproof::cs::circuit::fan_in_two::tests::test_get_witness_with_const::{{closure}}::h1c51b0d76b7f4542
[INFO] [stdout]                                at /opt/rustwide/workdir/voproof/src/cs/circuit/fan_in_two.rs:917:35
[INFO] [stdout]   22:     0x60f311022ff6 - core::ops::function::FnOnce::call_once::h38f4a04083349161
[INFO] [stdout]                                at /rustc/202008a1b8de96d2e5b6bc02d379db03a877d34d/library/core/src/ops/function.rs:250:5
[INFO] [stdout]   23:     0x60f31114365b - core::ops::function::FnOnce::call_once::h871bf86719ec9aa4
[INFO] [stdout]                                at /rustc/202008a1b8de96d2e5b6bc02d379db03a877d34d/library/core/src/ops/function.rs:250:5
[INFO] [stdout]   24:     0x60f31114365b - test::__rust_begin_short_backtrace::h2167df1e2b7d76fd
[INFO] [stdout]                                at /rustc/202008a1b8de96d2e5b6bc02d379db03a877d34d/library/test/src/lib.rs:632:18
[INFO] [stdout]   25:     0x60f311143048 - test::run_test_in_process::{{closure}}::h15d92f75a3adfb79
[INFO] [stdout]                                at /rustc/202008a1b8de96d2e5b6bc02d379db03a877d34d/library/test/src/lib.rs:655:60
[INFO] [stdout]   26:     0x60f311143048 - <core::panic::unwind_safe::AssertUnwindSafe<F> as core::ops::function::FnOnce<()>>::call_once::hb6c8955835a8dbbb
[INFO] [stdout]                                at /rustc/202008a1b8de96d2e5b6bc02d379db03a877d34d/library/core/src/panic/unwind_safe.rs:272:9
[INFO] [stdout]   27:     0x60f311143048 - std::panicking::try::do_call::hc79d0fc888a0bd30
[INFO] [stdout]                                at /rustc/202008a1b8de96d2e5b6bc02d379db03a877d34d/library/std/src/panicking.rs:557:40
[INFO] [stdout]   28:     0x60f311143048 - std::panicking::try::hb8a7878e3a8589d6
[INFO] [stdout]                                at /rustc/202008a1b8de96d2e5b6bc02d379db03a877d34d/library/std/src/panicking.rs:520:19
[INFO] [stdout]   29:     0x60f311143048 - std::panic::catch_unwind::hb8e4600ff0ff5cfa
[INFO] [stdout]                                at /rustc/202008a1b8de96d2e5b6bc02d379db03a877d34d/library/std/src/panic.rs:358:14
[INFO] [stdout]   30:     0x60f311143048 - test::run_test_in_process::hc2900b0b18688dd6
[INFO] [stdout]                                at /rustc/202008a1b8de96d2e5b6bc02d379db03a877d34d/library/test/src/lib.rs:655:27
[INFO] [stdout]   31:     0x60f311143048 - test::run_test::{{closure}}::hac2a9cb07be3d48d
[INFO] [stdout]                                at /rustc/202008a1b8de96d2e5b6bc02d379db03a877d34d/library/test/src/lib.rs:576:43
[INFO] [stdout]   32:     0x60f311106aea - test::run_test::{{closure}}::h4a5b729e66a38cd8
[INFO] [stdout]                                at /rustc/202008a1b8de96d2e5b6bc02d379db03a877d34d/library/test/src/lib.rs:606:41
[INFO] [stdout]   33:     0x60f311106aea - std::sys::backtrace::__rust_begin_short_backtrace::h0496fb742492f573
[INFO] [stdout]                                at /rustc/202008a1b8de96d2e5b6bc02d379db03a877d34d/library/std/src/sys/backtrace.rs:154:18
[INFO] [stdout]   34:     0x60f31110a464 - std::thread::Builder::spawn_unchecked_::{{closure}}::{{closure}}::hbb6d257c550a54bd
[INFO] [stdout]                                at /rustc/202008a1b8de96d2e5b6bc02d379db03a877d34d/library/std/src/thread/mod.rs:561:17
[INFO] [stdout]   35:     0x60f31110a464 - <core::panic::unwind_safe::AssertUnwindSafe<F> as core::ops::function::FnOnce<()>>::call_once::h46696fe4a6832328
[INFO] [stdout]                                at /rustc/202008a1b8de96d2e5b6bc02d379db03a877d34d/library/core/src/panic/unwind_safe.rs:272:9
[INFO] [stdout]   36:     0x60f31110a464 - std::panicking::try::do_call::h2625a51b667bfb64
[INFO] [stdout]                                at /rustc/202008a1b8de96d2e5b6bc02d379db03a877d34d/library/std/src/panicking.rs:557:40
[INFO] [stdout]   37:     0x60f31110a464 - std::panicking::try::hb956a59a1973aa4c
[INFO] [stdout]                                at /rustc/202008a1b8de96d2e5b6bc02d379db03a877d34d/library/std/src/panicking.rs:520:19
[INFO] [stdout]   38:     0x60f31110a464 - std::panic::catch_unwind::h64f3b9d1067ef6a0
[INFO] [stdout]                                at /rustc/202008a1b8de96d2e5b6bc02d379db03a877d34d/library/std/src/panic.rs:358:14
[INFO] [stdout]   39:     0x60f31110a464 - std::thread::Builder::spawn_unchecked_::{{closure}}::h42b2841295b6c0b2
[INFO] [stdout]                                at /rustc/202008a1b8de96d2e5b6bc02d379db03a877d34d/library/std/src/thread/mod.rs:559:30
[INFO] [stdout]   40:     0x60f31110a464 - core::ops::function::FnOnce::call_once{{vtable.shim}}::h6127de71b8124639
[INFO] [stdout]                                at /rustc/202008a1b8de96d2e5b6bc02d379db03a877d34d/library/core/src/ops/function.rs:250:5
[INFO] [stdout]   41:     0x60f3112f64cb - <alloc::boxed::Box<F,A> as core::ops::function::FnOnce<Args>>::call_once::h42f0ba71002a1b2c
[INFO] [stdout]                                at /rustc/202008a1b8de96d2e5b6bc02d379db03a877d34d/library/alloc/src/boxed.rs:1972:9
[INFO] [stdout]   42:     0x60f3112f64cb - <alloc::boxed::Box<F,A> as core::ops::function::FnOnce<Args>>::call_once::had9e47d7a3dcecb8
[INFO] [stdout]                                at /rustc/202008a1b8de96d2e5b6bc02d379db03a877d34d/library/alloc/src/boxed.rs:1972:9
[INFO] [stdout]   43:     0x60f3112f64cb - std::sys::pal::unix::thread::Thread::new::thread_start::h48cf765408f6f5f2
[INFO] [stdout]                                at /rustc/202008a1b8de96d2e5b6bc02d379db03a877d34d/library/std/src/sys/pal/unix/thread.rs:105:17
[INFO] [stdout]   44:     0x7f9a848b3ac3 - <unknown>
[INFO] [stdout]   45:     0x7f9a84944a04 - clone
[INFO] [stdout]   46:                0x0 - <unknown>
[INFO] [stdout] 
[INFO] [stdout] ---- cs::circuit::fan_in_two::tests::test_get_witness stdout ----
[INFO] [stdout] thread 'cs::circuit::fan_in_two::tests::test_get_witness' panicked at voproof/src/cs/circuit/fan_in_two.rs:905:5:
[INFO] [stdout] assertion `left == right` failed
[INFO] [stdout]   left: ([2, 3, 18, 1, 1], [3, 6, 4, 2, 3], [6, 18, 72, 3, 4])
[INFO] [stdout]  right: ([2, 3, 4, 1, 1], [3, 6, 18, 2, 3], [6, 18, 72, 3, 4])
[INFO] [stdout] stack backtrace:
[INFO] [stdout]    0:     0x60f3112f095a - std::backtrace_rs::backtrace::libunwind::trace::h8810477743020387
[INFO] [stdout]                                at /rustc/202008a1b8de96d2e5b6bc02d379db03a877d34d/library/std/src/../../backtrace/src/backtrace/libunwind.rs:116:5
[INFO] [stdout]    1:     0x60f3112f095a - std::backtrace_rs::backtrace::trace_unsynchronized::h3aa55355dd6c54a6
[INFO] [stdout]                                at /rustc/202008a1b8de96d2e5b6bc02d379db03a877d34d/library/std/src/../../backtrace/src/backtrace/mod.rs:66:5
[INFO] [stdout]    2:     0x60f3112f095a - std::sys::backtrace::_print_fmt::h8588b0f62410823f
[INFO] [stdout]                                at /rustc/202008a1b8de96d2e5b6bc02d379db03a877d34d/library/std/src/sys/backtrace.rs:66:9
[INFO] [stdout]    3:     0x60f3112f095a - <std::sys::backtrace::BacktraceLock::print::DisplayBacktrace as core::fmt::Display>::fmt::h98c26ac25ffe89bb
[INFO] [stdout]                                at /rustc/202008a1b8de96d2e5b6bc02d379db03a877d34d/library/std/src/sys/backtrace.rs:39:26
[INFO] [stdout]    4:     0x60f3113165f3 - core::fmt::rt::Argument::fmt::hf95377f4aebd453b
[INFO] [stdout]                                at /rustc/202008a1b8de96d2e5b6bc02d379db03a877d34d/library/core/src/fmt/rt.rs:177:76
[INFO] [stdout]    5:     0x60f3113165f3 - core::fmt::write::h0dd5f6e2238c7982
[INFO] [stdout]                                at /rustc/202008a1b8de96d2e5b6bc02d379db03a877d34d/library/core/src/fmt/mod.rs:1189:21
[INFO] [stdout]    6:     0x60f3112eda83 - std::io::Write::write_fmt::h03bb0ca26e6faf8c
[INFO] [stdout]                                at /rustc/202008a1b8de96d2e5b6bc02d379db03a877d34d/library/std/src/io/mod.rs:1884:15
[INFO] [stdout]    7:     0x60f3112f07a2 - std::sys::backtrace::BacktraceLock::print::h5c19c1c038ee186d
[INFO] [stdout]                                at /rustc/202008a1b8de96d2e5b6bc02d379db03a877d34d/library/std/src/sys/backtrace.rs:42:9
[INFO] [stdout]    8:     0x60f3112f1ddd - std::panicking::default_hook::{{closure}}::h77172f079a1fcb13
[INFO] [stdout]                                at /rustc/202008a1b8de96d2e5b6bc02d379db03a877d34d/library/std/src/panicking.rs:268:22
[INFO] [stdout]    9:     0x60f3112f1be7 - std::panicking::default_hook::he5f8e3b203ccddba
[INFO] [stdout]                                at /rustc/202008a1b8de96d2e5b6bc02d379db03a877d34d/library/std/src/panicking.rs:292:9
[INFO] [stdout]   10:     0x60f31113eb37 - <alloc::boxed::Box<F,A> as core::ops::function::Fn<Args>>::call::h7a3c7b4a1ae77f2f
[INFO] [stdout]                                at /rustc/202008a1b8de96d2e5b6bc02d379db03a877d34d/library/alloc/src/boxed.rs:1986:9
[INFO] [stdout]   11:     0x60f31113eb37 - test::test_main::{{closure}}::hf0d3b69ae9b353d1
[INFO] [stdout]                                at /rustc/202008a1b8de96d2e5b6bc02d379db03a877d34d/library/test/src/lib.rs:134:21
[INFO] [stdout]   12:     0x60f3112f2488 - <alloc::boxed::Box<F,A> as core::ops::function::Fn<Args>>::call::h6332e82e7b189abd
[INFO] [stdout]                                at /rustc/202008a1b8de96d2e5b6bc02d379db03a877d34d/library/alloc/src/boxed.rs:1986:9
[INFO] [stdout]   13:     0x60f3112f2488 - std::panicking::rust_panic_with_hook::h53863d4e9018df39
[INFO] [stdout]                                at /rustc/202008a1b8de96d2e5b6bc02d379db03a877d34d/library/std/src/panicking.rs:809:13
[INFO] [stdout]   14:     0x60f3112f224a - std::panicking::begin_panic_handler::{{closure}}::h67280e6fa0757873
[INFO] [stdout]                                at /rustc/202008a1b8de96d2e5b6bc02d379db03a877d34d/library/std/src/panicking.rs:674:13
[INFO] [stdout]   15:     0x60f3112f0e39 - std::sys::backtrace::__rust_end_short_backtrace::h1dac3f54d6fbbeb2
[INFO] [stdout]                                at /rustc/202008a1b8de96d2e5b6bc02d379db03a877d34d/library/std/src/sys/backtrace.rs:170:18
[INFO] [stdout]   16:     0x60f3112f1edc - rust_begin_unwind
[INFO] [stdout]                                at /rustc/202008a1b8de96d2e5b6bc02d379db03a877d34d/library/std/src/panicking.rs:665:5
[INFO] [stdout]   17:     0x60f310dd1ab0 - core::panicking::panic_fmt::h6792bd1b2bf01041
[INFO] [stdout]                                at /rustc/202008a1b8de96d2e5b6bc02d379db03a877d34d/library/core/src/panicking.rs:76:14
[INFO] [stdout]   18:     0x60f310dd1e7b - core::panicking::assert_failed_inner::hf2c17e6d30928787
[INFO] [stdout]   19:     0x60f310fa3624 - core::panicking::assert_failed::h11c9e300e89f4d1e
[INFO] [stdout]                                at /rustc/202008a1b8de96d2e5b6bc02d379db03a877d34d/library/core/src/panicking.rs:373:5
[INFO] [stdout]   20:     0x60f311070695 - voproof::cs::circuit::fan_in_two::tests::test_get_witness::h4d97ce0df136bb46
[INFO] [stdout]                                at /opt/rustwide/workdir/voproof/src/cs/circuit/fan_in_two.rs:905:5
[INFO] [stdout]   21:     0x60f31106f7f7 - voproof::cs::circuit::fan_in_two::tests::test_get_witness::{{closure}}::hc98cd6b4cef142c5
[INFO] [stdout]                                at /opt/rustwide/workdir/voproof/src/cs/circuit/fan_in_two.rs:891:24
[INFO] [stdout]   22:     0x60f311023a96 - core::ops::function::FnOnce::call_once::haf05dcb210b4098e
[INFO] [stdout]                                at /rustc/202008a1b8de96d2e5b6bc02d379db03a877d34d/library/core/src/ops/function.rs:250:5
[INFO] [stdout]   23:     0x60f31114365b - core::ops::function::FnOnce::call_once::h871bf86719ec9aa4
[INFO] [stdout]                                at /rustc/202008a1b8de96d2e5b6bc02d379db03a877d34d/library/core/src/ops/function.rs:250:5
[INFO] [stdout]   24:     0x60f31114365b - test::__rust_begin_short_backtrace::h2167df1e2b7d76fd
[INFO] [stdout]                                at /rustc/202008a1b8de96d2e5b6bc02d379db03a877d34d/library/test/src/lib.rs:632:18
[INFO] [stdout]   25:     0x60f311143048 - test::run_test_in_process::{{closure}}::h15d92f75a3adfb79
[INFO] [stdout]                                at /rustc/202008a1b8de96d2e5b6bc02d379db03a877d34d/library/test/src/lib.rs:655:60
[INFO] [stdout]   26:     0x60f311143048 - <core::panic::unwind_safe::AssertUnwindSafe<F> as core::ops::function::FnOnce<()>>::call_once::hb6c8955835a8dbbb
[INFO] [stdout]                                at /rustc/202008a1b8de96d2e5b6bc02d379db03a877d34d/library/core/src/panic/unwind_safe.rs:272:9
[INFO] [stdout]   27:     0x60f311143048 - std::panicking::try::do_call::hc79d0fc888a0bd30
[INFO] [stdout]                                at /rustc/202008a1b8de96d2e5b6bc02d379db03a877d34d/library/std/src/panicking.rs:557:40
[INFO] [stdout]   28:     0x60f311143048 - std::panicking::try::hb8a7878e3a8589d6
[INFO] [stdout]                                at /rustc/202008a1b8de96d2e5b6bc02d379db03a877d34d/library/std/src/panicking.rs:520:19
[INFO] [stdout]   29:     0x60f311143048 - std::panic::catch_unwind::hb8e4600ff0ff5cfa
[INFO] [stdout]                                at /rustc/202008a1b8de96d2e5b6bc02d379db03a877d34d/library/std/src/panic.rs:358:14
[INFO] [stdout]   30:     0x60f311143048 - test::run_test_in_process::hc2900b0b18688dd6
[INFO] [stdout]                                at /rustc/202008a1b8de96d2e5b6bc02d379db03a877d34d/library/test/src/lib.rs:655:27
[INFO] [stdout]   31:     0x60f311143048 - test::run_test::{{closure}}::hac2a9cb07be3d48d
[INFO] [stdout]                                at /rustc/202008a1b8de96d2e5b6bc02d379db03a877d34d/library/test/src/lib.rs:576:43
[INFO] [stdout]   32:     0x60f311106aea - test::run_test::{{closure}}::h4a5b729e66a38cd8
[INFO] [stdout]                                at /rustc/202008a1b8de96d2e5b6bc02d379db03a877d34d/library/test/src/lib.rs:606:41
[INFO] [stdout]   33:     0x60f311106aea - std::sys::backtrace::__rust_begin_short_backtrace::h0496fb742492f573
[INFO] [stdout]                                at /rustc/202008a1b8de96d2e5b6bc02d379db03a877d34d/library/std/src/sys/backtrace.rs:154:18
[INFO] [stdout]   34:     0x60f31110a464 - std::thread::Builder::spawn_unchecked_::{{closure}}::{{closure}}::hbb6d257c550a54bd
[INFO] [stdout]                                at /rustc/202008a1b8de96d2e5b6bc02d379db03a877d34d/library/std/src/thread/mod.rs:561:17
[INFO] [stdout]   35:     0x60f31110a464 - <core::panic::unwind_safe::AssertUnwindSafe<F> as core::ops::function::FnOnce<()>>::call_once::h46696fe4a6832328
[INFO] [stdout]                                at /rustc/202008a1b8de96d2e5b6bc02d379db03a877d34d/library/core/src/panic/unwind_safe.rs:272:9
[INFO] [stdout]   36:     0x60f31110a464 - std::panicking::try::do_call::h2625a51b667bfb64
[INFO] [stdout]                                at /rustc/202008a1b8de96d2e5b6bc02d379db03a877d34d/library/std/src/panicking.rs:557:40
[INFO] [stdout]   37:     0x60f31110a464 - std::panicking::try::hb956a59a1973aa4c
[INFO] [stdout]                                at /rustc/202008a1b8de96d2e5b6bc02d379db03a877d34d/library/std/src/panicking.rs:520:19
[INFO] [stdout]   38:     0x60f31110a464 - std::panic::catch_unwind::h64f3b9d1067ef6a0
[INFO] [stdout]                                at /rustc/202008a1b8de96d2e5b6bc02d379db03a877d34d/library/std/src/panic.rs:358:14
[INFO] [stdout]   39:     0x60f31110a464 - std::thread::Builder::spawn_unchecked_::{{closure}}::h42b2841295b6c0b2
[INFO] [stdout]                                at /rustc/202008a1b8de96d2e5b6bc02d379db03a877d34d/library/std/src/thread/mod.rs:559:30
[INFO] [stdout]   40:     0x60f31110a464 - core::ops::function::FnOnce::call_once{{vtable.shim}}::h6127de71b8124639
[INFO] [stdout]                                at /rustc/202008a1b8de96d2e5b6bc02d379db03a877d34d/library/core/src/ops/function.rs:250:5
[INFO] [stdout]   41:     0x60f3112f64cb - <alloc::boxed::Box<F,A> as core::ops::function::FnOnce<Args>>::call_once::h42f0ba71002a1b2c
[INFO] [stdout]                                at /rustc/202008a1b8de96d2e5b6bc02d379db03a877d34d/library/alloc/src/boxed.rs:1972:9
[INFO] [stdout]   42:     0x60f3112f64cb - <alloc::boxed::Box<F,A> as core::ops::function::FnOnce<Args>>::call_once::had9e47d7a3dcecb8
[INFO] [stdout]                                at /rustc/202008a1b8de96d2e5b6bc02d379db03a877d34d/library/alloc/src/boxed.rs:1972:9
[INFO] [stdout]   43:     0x60f3112f64cb - std::sys::pal::unix::thread::Thread::new::thread_start::h48cf765408f6f5f2
[INFO] [stdout]                                at /rustc/202008a1b8de96d2e5b6bc02d379db03a877d34d/library/std/src/sys/pal/unix/thread.rs:105:17
[INFO] [stdout]   44:     0x7f9a848b3ac3 - <unknown>
[INFO] [stdout]   45:     0x7f9a84944a04 - clone
[INFO] [stdout]   46:                0x0 - <unknown>
[INFO] [stdout] 
[INFO] [stdout] ---- cs::circuit::fan_in_two::tests::test_get_wiring stdout ----
[INFO] [stdout] thread 'cs::circuit::fan_in_two::tests::test_get_wiring' panicked at voproof/src/cs/circuit/fan_in_two.rs:987:5:
[INFO] [stdout] assertion `left == right` failed
[INFO] [stdout]   left: [(4, 5), (11, 0), (1, 12), (12, 18), (8, 14), (2, 15), (9, 19), (3, 16), (10, 20)]
[INFO] [stdout]  right: [(4, 5), (11, 0), (1, 12), (12, 18), (8, 14), (9, 15), (2, 19), (3, 16), (10, 20)]
[INFO] [stdout] stack backtrace:
[INFO] [stdout]    0:     0x60f3112f095a - std::backtrace_rs::backtrace::libunwind::trace::h8810477743020387
[INFO] [stdout]                                at /rustc/202008a1b8de96d2e5b6bc02d379db03a877d34d/library/std/src/../../backtrace/src/backtrace/libunwind.rs:116:5
[INFO] [stdout]    1:     0x60f3112f095a - std::backtrace_rs::backtrace::trace_unsynchronized::h3aa55355dd6c54a6
[INFO] [stdout]                                at /rustc/202008a1b8de96d2e5b6bc02d379db03a877d34d/library/std/src/../../backtrace/src/backtrace/mod.rs:66:5
[INFO] [stdout]    2:     0x60f3112f095a - std::sys::backtrace::_print_fmt::h8588b0f62410823f
[INFO] [stdout]                                at /rustc/202008a1b8de96d2e5b6bc02d379db03a877d34d/library/std/src/sys/backtrace.rs:66:9
[INFO] [stdout]    3:     0x60f3112f095a - <std::sys::backtrace::BacktraceLock::print::DisplayBacktrace as core::fmt::Display>::fmt::h98c26ac25ffe89bb
[INFO] [stdout]                                at /rustc/202008a1b8de96d2e5b6bc02d379db03a877d34d/library/std/src/sys/backtrace.rs:39:26
[INFO] [stdout]    4:     0x60f3113165f3 - core::fmt::rt::Argument::fmt::hf95377f4aebd453b
[INFO] [stdout]                                at /rustc/202008a1b8de96d2e5b6bc02d379db03a877d34d/library/core/src/fmt/rt.rs:177:76
[INFO] [stdout]    5:     0x60f3113165f3 - core::fmt::write::h0dd5f6e2238c7982
[INFO] [stdout]                                at /rustc/202008a1b8de96d2e5b6bc02d379db03a877d34d/library/core/src/fmt/mod.rs:1189:21
[INFO] [stdout]    6:     0x60f3112eda83 - std::io::Write::write_fmt::h03bb0ca26e6faf8c
[INFO] [stdout]                                at /rustc/202008a1b8de96d2e5b6bc02d379db03a877d34d/library/std/src/io/mod.rs:1884:15
[INFO] [stdout]    7:     0x60f3112f07a2 - std::sys::backtrace::BacktraceLock::print::h5c19c1c038ee186d
[INFO] [stdout]                                at /rustc/202008a1b8de96d2e5b6bc02d379db03a877d34d/library/std/src/sys/backtrace.rs:42:9
[INFO] [stdout]    8:     0x60f3112f1ddd - std::panicking::default_hook::{{closure}}::h77172f079a1fcb13
[INFO] [stdout]                                at /rustc/202008a1b8de96d2e5b6bc02d379db03a877d34d/library/std/src/panicking.rs:268:22
[INFO] [stdout]    9:     0x60f3112f1be7 - std::panicking::default_hook::he5f8e3b203ccddba
[INFO] [stdout]                                at /rustc/202008a1b8de96d2e5b6bc02d379db03a877d34d/library/std/src/panicking.rs:292:9
[INFO] [stdout]   10:     0x60f31113eb37 - <alloc::boxed::Box<F,A> as core::ops::function::Fn<Args>>::call::h7a3c7b4a1ae77f2f
[INFO] [stdout]                                at /rustc/202008a1b8de96d2e5b6bc02d379db03a877d34d/library/alloc/src/boxed.rs:1986:9
[INFO] [stdout]   11:     0x60f31113eb37 - test::test_main::{{closure}}::hf0d3b69ae9b353d1
[INFO] [stdout]                                at /rustc/202008a1b8de96d2e5b6bc02d379db03a877d34d/library/test/src/lib.rs:134:21
[INFO] [stdout]   12:     0x60f3112f2488 - <alloc::boxed::Box<F,A> as core::ops::function::Fn<Args>>::call::h6332e82e7b189abd
[INFO] [stdout]                                at /rustc/202008a1b8de96d2e5b6bc02d379db03a877d34d/library/alloc/src/boxed.rs:1986:9
[INFO] [stdout]   13:     0x60f3112f2488 - std::panicking::rust_panic_with_hook::h53863d4e9018df39
[INFO] [stdout]                                at /rustc/202008a1b8de96d2e5b6bc02d379db03a877d34d/library/std/src/panicking.rs:809:13
[INFO] [stdout]   14:     0x60f3112f224a - std::panicking::begin_panic_handler::{{closure}}::h67280e6fa0757873
[INFO] [stdout]                                at /rustc/202008a1b8de96d2e5b6bc02d379db03a877d34d/library/std/src/panicking.rs:674:13
[INFO] [stdout]   15:     0x60f3112f0e39 - std::sys::backtrace::__rust_end_short_backtrace::h1dac3f54d6fbbeb2
[INFO] [stdout]                                at /rustc/202008a1b8de96d2e5b6bc02d379db03a877d34d/library/std/src/sys/backtrace.rs:170:18
[INFO] [stdout]   16:     0x60f3112f1edc - rust_begin_unwind
[INFO] [stdout]                                at /rustc/202008a1b8de96d2e5b6bc02d379db03a877d34d/library/std/src/panicking.rs:665:5
[INFO] [stdout]   17:     0x60f310dd1ab0 - core::panicking::panic_fmt::h6792bd1b2bf01041
[INFO] [stdout]                                at /rustc/202008a1b8de96d2e5b6bc02d379db03a877d34d/library/core/src/panicking.rs:76:14
[INFO] [stdout]   18:     0x60f310dd1e7b - core::panicking::assert_failed_inner::hf2c17e6d30928787
[INFO] [stdout]   19:     0x60f310fa371c - core::panicking::assert_failed::h4f3f88b1c64c742d
[INFO] [stdout]                                at /rustc/202008a1b8de96d2e5b6bc02d379db03a877d34d/library/core/src/panicking.rs:373:5
[INFO] [stdout]   20:     0x60f31107357e - voproof::cs::circuit::fan_in_two::tests::test_get_wiring::hbda51c30c715999a
[INFO] [stdout]                                at /opt/rustwide/workdir/voproof/src/cs/circuit/fan_in_two.rs:987:5
[INFO] [stdout]   21:     0x60f311072527 - voproof::cs::circuit::fan_in_two::tests::test_get_wiring::{{closure}}::h276d2f0361bb3bd9
[INFO] [stdout]                                at /opt/rustwide/workdir/voproof/src/cs/circuit/fan_in_two.rs:962:23
[INFO] [stdout]   22:     0x60f311023d56 - core::ops::function::FnOnce::call_once::hd850c6617b69c37d
[INFO] [stdout]                                at /rustc/202008a1b8de96d2e5b6bc02d379db03a877d34d/library/core/src/ops/function.rs:250:5
[INFO] [stdout]   23:     0x60f31114365b - core::ops::function::FnOnce::call_once::h871bf86719ec9aa4
[INFO] [stdout]                                at /rustc/202008a1b8de96d2e5b6bc02d379db03a877d34d/library/core/src/ops/function.rs:250:5
[INFO] [stdout]   24:     0x60f31114365b - test::__rust_begin_short_backtrace::h2167df1e2b7d76fd
[INFO] [stdout]                                at /rustc/202008a1b8de96d2e5b6bc02d379db03a877d34d/library/test/src/lib.rs:632:18
[INFO] [stdout]   25:     0x60f311143048 - test::run_test_in_process::{{closure}}::h15d92f75a3adfb79
[INFO] [stdout]                                at /rustc/202008a1b8de96d2e5b6bc02d379db03a877d34d/library/test/src/lib.rs:655:60
[INFO] [stdout]   26:     0x60f311143048 - <core::panic::unwind_safe::AssertUnwindSafe<F> as core::ops::function::FnOnce<()>>::call_once::hb6c8955835a8dbbb
[INFO] [stdout]                                at /rustc/202008a1b8de96d2e5b6bc02d379db03a877d34d/library/core/src/panic/unwind_safe.rs:272:9
[INFO] [stdout]   27:     0x60f311143048 - std::panicking::try::do_call::hc79d0fc888a0bd30
[INFO] [stdout]                                at /rustc/202008a1b8de96d2e5b6bc02d379db03a877d34d/library/std/src/panicking.rs:557:40
[INFO] [stdout]   28:     0x60f311143048 - std::panicking::try::hb8a7878e3a8589d6
[INFO] [stdout]                                at /rustc/202008a1b8de96d2e5b6bc02d379db03a877d34d/library/std/src/panicking.rs:520:19
[INFO] [stdout]   29:     0x60f311143048 - std::panic::catch_unwind::hb8e4600ff0ff5cfa
[INFO] [stdout]                                at /rustc/202008a1b8de96d2e5b6bc02d379db03a877d34d/library/std/src/panic.rs:358:14
[INFO] [stdout]   30:     0x60f311143048 - test::run_test_in_process::hc2900b0b18688dd6
[INFO] [stdout]                                at /rustc/202008a1b8de96d2e5b6bc02d379db03a877d34d/library/test/src/lib.rs:655:27
[INFO] [stdout]   31:     0x60f311143048 - test::run_test::{{closure}}::hac2a9cb07be3d48d
[INFO] [stdout]                                at /rustc/202008a1b8de96d2e5b6bc02d379db03a877d34d/library/test/src/lib.rs:576:43
[INFO] [stdout]   32:     0x60f311106aea - test::run_test::{{closure}}::h4a5b729e66a38cd8
[INFO] [stdout]                                at /rustc/202008a1b8de96d2e5b6bc02d379db03a877d34d/library/test/src/lib.rs:606:41
[INFO] [stdout]   33:     0x60f311106aea - std::sys::backtrace::__rust_begin_short_backtrace::h0496fb742492f573
[INFO] [stdout]                                at /rustc/202008a1b8de96d2e5b6bc02d379db03a877d34d/library/std/src/sys/backtrace.rs:154:18
[INFO] [stdout]   34:     0x60f31110a464 - std::thread::Builder::spawn_unchecked_::{{closure}}::{{closure}}::hbb6d257c550a54bd
[INFO] [stdout]                                at /rustc/202008a1b8de96d2e5b6bc02d379db03a877d34d/library/std/src/thread/mod.rs:561:17
[INFO] [stdout]   35:     0x60f31110a464 - <core::panic::unwind_safe::AssertUnwindSafe<F> as core::ops::function::FnOnce<()>>::call_once::h46696fe4a6832328
[INFO] [stdout]                                at /rustc/202008a1b8de96d2e5b6bc02d379db03a877d34d/library/core/src/panic/unwind_safe.rs:272:9
[INFO] [stdout]   36:     0x60f31110a464 - std::panicking::try::do_call::h2625a51b667bfb64
[INFO] [stdout]                                at /rustc/202008a1b8de96d2e5b6bc02d379db03a877d34d/library/std/src/panicking.rs:557:40
[INFO] [stdout]   37:     0x60f31110a464 - std::panicking::try::hb956a59a1973aa4c
[INFO] [stdout]                                at /rustc/202008a1b8de96d2e5b6bc02d379db03a877d34d/library/std/src/panicking.rs:520:19
[INFO] [stdout]   38:     0x60f31110a464 - std::panic::catch_unwind::h64f3b9d1067ef6a0
[INFO] [stderr] error: test failed, to rerun pass `--lib`
[INFO] [stdout]                                at /rustc/202008a1b8de96d2e5b6bc02d379db03a877d34d/library/std/src/panic.rs:358:14
[INFO] [stdout]   39:     0x60f31110a464 - std::thread::Builder::spawn_unchecked_::{{closure}}::h42b2841295b6c0b2
[INFO] [stdout]                                at /rustc/202008a1b8de96d2e5b6bc02d379db03a877d34d/library/std/src/thread/mod.rs:559:30
[INFO] [stdout]   40:     0x60f31110a464 - core::ops::function::FnOnce::call_once{{vtable.shim}}::h6127de71b8124639
[INFO] [stdout]                                at /rustc/202008a1b8de96d2e5b6bc02d379db03a877d34d/library/core/src/ops/function.rs:250:5
[INFO] [stdout]   41:     0x60f3112f64cb - <alloc::boxed::Box<F,A> as core::ops::function::FnOnce<Args>>::call_once::h42f0ba71002a1b2c
[INFO] [stdout]                                at /rustc/202008a1b8de96d2e5b6bc02d379db03a877d34d/library/alloc/src/boxed.rs:1972:9
[INFO] [stdout]   42:     0x60f3112f64cb - <alloc::boxed::Box<F,A> as core::ops::function::FnOnce<Args>>::call_once::had9e47d7a3dcecb8
[INFO] [stdout]                                at /rustc/202008a1b8de96d2e5b6bc02d379db03a877d34d/library/alloc/src/boxed.rs:1972:9
[INFO] [stdout]   43:     0x60f3112f64cb - std::sys::pal::unix::thread::Thread::new::thread_start::h48cf765408f6f5f2
[INFO] [stdout]                                at /rustc/202008a1b8de96d2e5b6bc02d379db03a877d34d/library/std/src/sys/pal/unix/thread.rs:105:17
[INFO] [stdout]   44:     0x7f9a848b3ac3 - <unknown>
[INFO] [stdout]   45:     0x7f9a84944a04 - clone
[INFO] [stdout]   46:                0x0 - <unknown>
[INFO] [stdout] 
[INFO] [stdout] 
[INFO] [stdout] failures:
[INFO] [stdout]     cs::circuit::fan_in_two::tests::test_get_wiring
[INFO] [stdout]     cs::circuit::fan_in_two::tests::test_get_wiring_with_assert_equals
[INFO] [stdout]     cs::circuit::fan_in_two::tests::test_get_witness
[INFO] [stdout]     cs::circuit::fan_in_two::tests::test_get_witness_with_const
[INFO] [stdout] 
[INFO] [stdout] test result: FAILED. 43 passed; 4 failed; 0 ignored; 0 measured; 0 filtered out; finished in 114.92s
[INFO] [stdout] 
[INFO] running `Command { std: "docker" "inspect" "f5ef65ce419e5a185479b5f11a92ae6998cd0375faca185e25359cab971c5151", kill_on_drop: false }`
[INFO] running `Command { std: "docker" "rm" "-f" "f5ef65ce419e5a185479b5f11a92ae6998cd0375faca185e25359cab971c5151", kill_on_drop: false }`
[INFO] [stdout] f5ef65ce419e5a185479b5f11a92ae6998cd0375faca185e25359cab971c5151
