[INFO] cloning repository https://github.com/yarray/rasterbox
[INFO] running `Command { std: "git" "-c" "credential.helper=" "-c" "credential.helper=/workspace/cargo-home/bin/git-credential-null" "clone" "--bare" "https://github.com/yarray/rasterbox" "/workspace/cache/git-repos/https%3A%2F%2Fgithub.com%2Fyarray%2Frasterbox", kill_on_drop: false }`
[INFO] [stderr] Cloning into bare repository '/workspace/cache/git-repos/https%3A%2F%2Fgithub.com%2Fyarray%2Frasterbox'...
[INFO] running `Command { std: "git" "rev-parse" "HEAD", kill_on_drop: false }`
[INFO] [stdout] d6cf208ae369a340f41dcf03303e1eefa343990b
[INFO] testing yarray/rasterbox against 1.83.0 for beta-1.84.0-4-retry
[INFO] running `Command { std: "git" "clone" "/workspace/cache/git-repos/https%3A%2F%2Fgithub.com%2Fyarray%2Frasterbox" "/workspace/builds/worker-3-tc1/source", kill_on_drop: false }`
[INFO] [stderr] Cloning into '/workspace/builds/worker-3-tc1/source'...
[INFO] [stderr] done.
[INFO] validating manifest of git repo https://github.com/yarray/rasterbox on toolchain 1.83.0
[INFO] running `Command { std: CARGO_HOME="/workspace/cargo-home" RUSTUP_HOME="/workspace/rustup-home" "/workspace/cargo-home/bin/cargo" "+1.83.0" "metadata" "--manifest-path" "Cargo.toml" "--no-deps", kill_on_drop: false }`
[INFO] started tweaking git repo https://github.com/yarray/rasterbox
[INFO] finished tweaking git repo https://github.com/yarray/rasterbox
[INFO] tweaked toml for git repo https://github.com/yarray/rasterbox written to /workspace/builds/worker-3-tc1/source/Cargo.toml
[INFO] crate git repo https://github.com/yarray/rasterbox already has a lockfile, it will not be regenerated
[INFO] running `Command { std: CARGO_HOME="/workspace/cargo-home" RUSTUP_HOME="/workspace/rustup-home" "/workspace/cargo-home/bin/cargo" "+1.83.0" "fetch" "--manifest-path" "Cargo.toml", kill_on_drop: false }`
[INFO] [stderr]  Downloading crates ...
[INFO] [stderr]   Downloaded rstar v0.10.0
[INFO] running `Command { std: "docker" "create" "-v" "/var/lib/crater-agent-workspace/builds/worker-3-tc1/target:/opt/rustwide/target:rw,Z" "-v" "/var/lib/crater-agent-workspace/builds/worker-3-tc1/source:/opt/rustwide/workdir:ro,Z" "-v" "/var/lib/crater-agent-workspace/cargo-home:/opt/rustwide/cargo-home:ro,Z" "-v" "/var/lib/crater-agent-workspace/rustup-home:/opt/rustwide/rustup-home:ro,Z" "-e" "SOURCE_DIR=/opt/rustwide/workdir" "-e" "CARGO_TARGET_DIR=/opt/rustwide/target" "-e" "CARGO_HOME=/opt/rustwide/cargo-home" "-e" "RUSTUP_HOME=/opt/rustwide/rustup-home" "-w" "/opt/rustwide/workdir" "-m" "1610612736" "--user" "0:0" "--network" "none" "ghcr.io/rust-lang/crates-build-env/linux@sha256:f3a9d4ad9d972b27faf3965f35b62e55ba32bbce8f20bc8fe909558a86702fde" "/opt/rustwide/cargo-home/bin/cargo" "+1.83.0" "metadata" "--no-deps" "--format-version=1", kill_on_drop: false }`
[INFO] [stdout] ebcf38c32d30a125887e59f32d4fec4f3271d7c56500b6ce008a96fad3e4edd0
[INFO] running `Command { std: "docker" "start" "-a" "ebcf38c32d30a125887e59f32d4fec4f3271d7c56500b6ce008a96fad3e4edd0", kill_on_drop: false }`
[INFO] running `Command { std: "docker" "inspect" "ebcf38c32d30a125887e59f32d4fec4f3271d7c56500b6ce008a96fad3e4edd0", kill_on_drop: false }`
[INFO] running `Command { std: "docker" "rm" "-f" "ebcf38c32d30a125887e59f32d4fec4f3271d7c56500b6ce008a96fad3e4edd0", kill_on_drop: false }`
[INFO] [stdout] ebcf38c32d30a125887e59f32d4fec4f3271d7c56500b6ce008a96fad3e4edd0
[INFO] running `Command { std: "docker" "create" "-v" "/var/lib/crater-agent-workspace/builds/worker-3-tc1/target:/opt/rustwide/target:rw,Z" "-v" "/var/lib/crater-agent-workspace/builds/worker-3-tc1/source:/opt/rustwide/workdir:ro,Z" "-v" "/var/lib/crater-agent-workspace/cargo-home:/opt/rustwide/cargo-home:ro,Z" "-v" "/var/lib/crater-agent-workspace/rustup-home:/opt/rustwide/rustup-home:ro,Z" "-e" "SOURCE_DIR=/opt/rustwide/workdir" "-e" "CARGO_TARGET_DIR=/opt/rustwide/target" "-e" "CARGO_INCREMENTAL=0" "-e" "RUST_BACKTRACE=full" "-e" "RUSTFLAGS=--cap-lints=warn" "-e" "RUSTDOCFLAGS=--cap-lints=warn" "-e" "CARGO_HOME=/opt/rustwide/cargo-home" "-e" "RUSTUP_HOME=/opt/rustwide/rustup-home" "-w" "/opt/rustwide/workdir" "-m" "1610612736" "--user" "0:0" "--network" "none" "ghcr.io/rust-lang/crates-build-env/linux@sha256:f3a9d4ad9d972b27faf3965f35b62e55ba32bbce8f20bc8fe909558a86702fde" "/opt/rustwide/cargo-home/bin/cargo" "+1.83.0" "build" "--frozen" "--message-format=json", kill_on_drop: false }`
[INFO] [stdout] 0b2292adc832d50609b29c0af89e6b985f9cf99ba9acb1339fcc7552e64528f7
[INFO] running `Command { std: "docker" "start" "-a" "0b2292adc832d50609b29c0af89e6b985f9cf99ba9acb1339fcc7552e64528f7", kill_on_drop: false }`
[INFO] [stderr]    Compiling autocfg v1.0.1
[INFO] [stderr]    Compiling libm v0.2.1
[INFO] [stderr]    Compiling proc-macro2 v1.0.87
[INFO] [stderr]    Compiling libc v0.2.159
[INFO] [stderr]    Compiling unicode-ident v1.0.13
[INFO] [stderr]    Compiling semver v1.0.23
[INFO] [stderr]    Compiling getrandom v0.1.16
[INFO] [stderr]    Compiling cfg-if v1.0.0
[INFO] [stderr]    Compiling paste v1.0.15
[INFO] [stderr]    Compiling scopeguard v1.2.0
[INFO] [stderr]    Compiling bytemuck v1.19.0
[INFO] [stderr]    Compiling serde v1.0.210
[INFO] [stderr]    Compiling byteorder v1.4.2
[INFO] [stderr]    Compiling typenum v1.12.0
[INFO] [stderr]    Compiling ppv-lite86 v0.2.10
[INFO] [stderr]    Compiling stable_deref_trait v1.2.0
[INFO] [stderr]    Compiling rawpointer v0.2.1
[INFO] [stderr]    Compiling serde_json v1.0.128
[INFO] [stderr]    Compiling memchr v2.7.4
[INFO] [stderr]    Compiling iana-time-zone v0.1.61
[INFO] [stderr]    Compiling lock_api v0.4.6
[INFO] [stderr]    Compiling safe_arch v0.7.2
[INFO] [stderr]    Compiling hash32 v0.2.1
[INFO] [stderr]    Compiling smallvec v1.13.2
[INFO] [stderr]    Compiling itoa v1.0.11
[INFO] [stderr]    Compiling adler32 v1.2.0
[INFO] [stderr]    Compiling num-traits v0.2.19
[INFO] [stderr]    Compiling num-integer v0.1.44
[INFO] [stderr]    Compiling matrixmultiply v0.3.9
[INFO] [stderr]    Compiling spin v0.9.8
[INFO] [stderr]    Compiling ryu v1.0.18
[INFO] [stderr]    Compiling miniz_oxide v0.3.7
[INFO] [stderr]    Compiling lzw v0.10.0
[INFO] [stderr]    Compiling wide v0.7.28
[INFO] [stderr]    Compiling rustc_version v0.4.1
[INFO] [stderr]    Compiling quote v1.0.37
[INFO] [stderr]    Compiling heapless v0.7.17
[INFO] [stderr]    Compiling num_cpus v1.16.0
[INFO] [stderr]    Compiling syn v2.0.79
[INFO] [stderr]    Compiling num-complex v0.4.6
[INFO] [stderr]    Compiling approx v0.5.1
[INFO] [stderr]    Compiling chrono v0.4.38
[INFO] [stderr]    Compiling rand_core v0.5.1
[INFO] [stderr]    Compiling rand_pcg v0.2.1
[INFO] [stderr]    Compiling rand_chacha v0.2.2
[INFO] [stderr]    Compiling num-rational v0.4.2
[INFO] [stderr]    Compiling rstar v0.10.0
[INFO] [stderr]    Compiling simba v0.8.1
[INFO] [stderr]    Compiling rand v0.7.3
[INFO] [stderr]    Compiling serde_derive v1.0.210
[INFO] [stderr]    Compiling nalgebra-macros v0.2.2
[INFO] [stderr]    Compiling nalgebra v0.32.6
[INFO] [stderr]    Compiling geotiff v2.3.0 (/opt/rustwide/workdir)
[INFO] [stderr]     Finished `dev` profile [unoptimized + debuginfo] target(s) in 29.66s
[INFO] running `Command { std: "docker" "inspect" "0b2292adc832d50609b29c0af89e6b985f9cf99ba9acb1339fcc7552e64528f7", kill_on_drop: false }`
[INFO] running `Command { std: "docker" "rm" "-f" "0b2292adc832d50609b29c0af89e6b985f9cf99ba9acb1339fcc7552e64528f7", kill_on_drop: false }`
[INFO] [stdout] 0b2292adc832d50609b29c0af89e6b985f9cf99ba9acb1339fcc7552e64528f7
[INFO] running `Command { std: "docker" "create" "-v" "/var/lib/crater-agent-workspace/builds/worker-3-tc1/target:/opt/rustwide/target:rw,Z" "-v" "/var/lib/crater-agent-workspace/builds/worker-3-tc1/source:/opt/rustwide/workdir:ro,Z" "-v" "/var/lib/crater-agent-workspace/cargo-home:/opt/rustwide/cargo-home:ro,Z" "-v" "/var/lib/crater-agent-workspace/rustup-home:/opt/rustwide/rustup-home:ro,Z" "-e" "SOURCE_DIR=/opt/rustwide/workdir" "-e" "CARGO_TARGET_DIR=/opt/rustwide/target" "-e" "CARGO_INCREMENTAL=0" "-e" "RUST_BACKTRACE=full" "-e" "RUSTFLAGS=--cap-lints=warn" "-e" "RUSTDOCFLAGS=--cap-lints=warn" "-e" "CARGO_HOME=/opt/rustwide/cargo-home" "-e" "RUSTUP_HOME=/opt/rustwide/rustup-home" "-w" "/opt/rustwide/workdir" "-m" "1610612736" "--user" "0:0" "--network" "none" "ghcr.io/rust-lang/crates-build-env/linux@sha256:f3a9d4ad9d972b27faf3965f35b62e55ba32bbce8f20bc8fe909558a86702fde" "/opt/rustwide/cargo-home/bin/cargo" "+1.83.0" "test" "--frozen" "--no-run" "--message-format=json", kill_on_drop: false }`
[INFO] [stdout] 34f6fd63f204c6f839b776207a80e645c2abffaec815d533e138145b0f308ede
[INFO] running `Command { std: "docker" "start" "-a" "34f6fd63f204c6f839b776207a80e645c2abffaec815d533e138145b0f308ede", kill_on_drop: false }`
[INFO] [stderr]    Compiling geotiff v2.3.0 (/opt/rustwide/workdir)
[INFO] [stderr]     Finished `test` profile [unoptimized + debuginfo] target(s) in 4.03s
[INFO] running `Command { std: "docker" "inspect" "34f6fd63f204c6f839b776207a80e645c2abffaec815d533e138145b0f308ede", kill_on_drop: false }`
[INFO] running `Command { std: "docker" "rm" "-f" "34f6fd63f204c6f839b776207a80e645c2abffaec815d533e138145b0f308ede", kill_on_drop: false }`
[INFO] [stdout] 34f6fd63f204c6f839b776207a80e645c2abffaec815d533e138145b0f308ede
[INFO] running `Command { std: "docker" "create" "-v" "/var/lib/crater-agent-workspace/builds/worker-3-tc1/target:/opt/rustwide/target:rw,Z" "-v" "/var/lib/crater-agent-workspace/builds/worker-3-tc1/source:/opt/rustwide/workdir:ro,Z" "-v" "/var/lib/crater-agent-workspace/cargo-home:/opt/rustwide/cargo-home:ro,Z" "-v" "/var/lib/crater-agent-workspace/rustup-home:/opt/rustwide/rustup-home:ro,Z" "-e" "SOURCE_DIR=/opt/rustwide/workdir" "-e" "CARGO_TARGET_DIR=/opt/rustwide/target" "-e" "CARGO_INCREMENTAL=0" "-e" "RUST_BACKTRACE=full" "-e" "RUSTFLAGS=--cap-lints=warn" "-e" "RUSTDOCFLAGS=--cap-lints=warn" "-e" "CARGO_HOME=/opt/rustwide/cargo-home" "-e" "RUSTUP_HOME=/opt/rustwide/rustup-home" "-w" "/opt/rustwide/workdir" "-m" "1610612736" "--user" "0:0" "--network" "none" "ghcr.io/rust-lang/crates-build-env/linux@sha256:f3a9d4ad9d972b27faf3965f35b62e55ba32bbce8f20bc8fe909558a86702fde" "/opt/rustwide/cargo-home/bin/cargo" "+1.83.0" "test" "--frozen", kill_on_drop: false }`
[INFO] [stdout] 1a7592c59a7a99724270d4212cba43a60d6c4193f9346cf09e6cd25030c034cd
[INFO] running `Command { std: "docker" "start" "-a" "1a7592c59a7a99724270d4212cba43a60d6c4193f9346cf09e6cd25030c034cd", kill_on_drop: false }`
[INFO] [stderr]     Finished `test` profile [unoptimized + debuginfo] target(s) in 0.04s
[INFO] [stderr]      Running unittests src/lib.rs (/opt/rustwide/target/debug/deps/geotiff-cf713cc37c528ac4)
[INFO] [stdout] 
[INFO] [stdout] running 3 tests
[INFO] [stdout] test structures::bounding_box::test::test_bounding_box ... ok
[INFO] [stdout] test structures::bounding_box::test::test_bounding_box_contains ... ok
[INFO] [stdout] test structures::polynomial_regression_2d::test::test_polynomial_regression_2d ... ok
[INFO] [stdout] 
[INFO] [stdout] test result: ok. 3 passed; 0 failed; 0 ignored; 0 measured; 0 filtered out; finished in 0.00s
[INFO] [stdout] 
[INFO] [stderr]    Doc-tests geotiff
[INFO] [stdout] 
[INFO] [stdout] running 3 tests
[INFO] [stdout] test src/structures/array2d.rs - structures::array2d::Array2D (line 16) ... FAILED
[INFO] [stdout] test src/raster_lib.rs - raster_lib::RasterFile (line 43) ... FAILED
[INFO] [stdout] test src/structures/array2d.rs - structures::array2d::Array2D<T>::new (line 41) ... FAILED
[INFO] [stdout] 
[INFO] [stdout] failures:
[INFO] [stdout] 
[INFO] [stdout] ---- src/structures/array2d.rs - structures::array2d::Array2D (line 16) stdout ----
[INFO] [stdout] error[E0412]: cannot find type `Array2D` in this scope
[INFO] [stdout]  --> src/structures/array2d.rs:21:12
[INFO] [stdout]   |
[INFO] [stdout] 7 | let mut x: Array2D<f64> = Array2D::new(rows, columns, initial_value, nodata_value)?;
[INFO] [stdout]   |            ^^^^^^^ not found in this scope
[INFO] [stdout] 
[INFO] [stdout] error[E0433]: failed to resolve: use of undeclared type `Array2D`
[INFO] [stdout]  --> src/structures/array2d.rs:21:27
[INFO] [stdout]   |
[INFO] [stdout] 7 | let mut x: Array2D<f64> = Array2D::new(rows, columns, initial_value, nodata_value)?;
[INFO] [stdout]   |                           ^^^^^^^ use of undeclared type `Array2D`
[INFO] [stdout] 
[INFO] [stdout] error: aborting due to 2 previous errors
[INFO] [stdout] 
[INFO] [stdout] Some errors have detailed explanations: E0412, E0433.
[INFO] [stdout] For more information about an error, try `rustc --explain E0412`.
[INFO] [stdout] Couldn't compile the test.
[INFO] [stdout] ---- src/raster_lib.rs - raster_lib::RasterFile (line 43) stdout ----
[INFO] [stdout] error[E0425]: cannot find value `input_file` in this scope
[INFO] [stdout]  --> src/raster_lib.rs:45:26
[INFO] [stdout]   |
[INFO] [stdout] 4 | let input = Raster::new(&input_file, "r")?;
[INFO] [stdout]   |                          ^^^^^^^^^^ not found in this scope
[INFO] [stdout] 
[INFO] [stdout] error[E0425]: cannot find value `output_file` in this scope
[INFO] [stdout]  --> src/raster_lib.rs:49:49
[INFO] [stdout]   |
[INFO] [stdout] 8 | let mut output = Raster::initialize_using_file(&output_file, &input);
[INFO] [stdout]   |                                                 ^^^^^^^^^^^ not found in this scope
[INFO] [stdout] 
[INFO] [stdout] error[E0433]: failed to resolve: use of undeclared type `Raster`
[INFO] [stdout]  --> src/raster_lib.rs:45:13
[INFO] [stdout]   |
[INFO] [stdout] 4 | let input = Raster::new(&input_file, "r")?;
[INFO] [stdout]   |             ^^^^^^ use of undeclared type `Raster`
[INFO] [stdout] 
[INFO] [stdout] error[E0433]: failed to resolve: use of undeclared type `Raster`
[INFO] [stdout]  --> src/raster_lib.rs:49:18
[INFO] [stdout]   |
[INFO] [stdout] 8 | let mut output = Raster::initialize_using_file(&output_file, &input);
[INFO] [stdout]   |                  ^^^^^^ use of undeclared type `Raster`
[INFO] [stdout] 
[INFO] [stdout] error: aborting due to 4 previous errors
[INFO] [stdout] 
[INFO] [stdout] Some errors have detailed explanations: E0425, E0433.
[INFO] [stdout] For more information about an error, try `rustc --explain E0425`.
[INFO] [stdout] Couldn't compile the test.
[INFO] [stdout] ---- src/structures/array2d.rs - structures::array2d::Array2D<T>::new (line 41) stdout ----
[INFO] [stdout] error[E0412]: cannot find type `Array2D` in this scope
[INFO] [stdout]  --> src/structures/array2d.rs:46:12
[INFO] [stdout]   |
[INFO] [stdout] 7 | let mut x: Array2D<f64> = Array2D::new(rows, columns, initial_value, nodata_value)?;
[INFO] [stdout]   |            ^^^^^^^ not found in this scope
[INFO] [stdout] 
[INFO] [stdout] error[E0433]: failed to resolve: use of undeclared type `Array2D`
[INFO] [stdout]  --> src/structures/array2d.rs:46:27
[INFO] [stdout]   |
[INFO] [stdout] 7 | let mut x: Array2D<f64> = Array2D::new(rows, columns, initial_value, nodata_value)?;
[INFO] [stdout]   |                           ^^^^^^^ use of undeclared type `Array2D`
[INFO] [stdout] 
[INFO] [stdout] error: aborting due to 2 previous errors
[INFO] [stdout] 
[INFO] [stdout] Some errors have detailed explanations: E0412, E0433.
[INFO] [stdout] For more information about an error, try `rustc --explain E0412`.
[INFO] [stdout] Couldn't compile the test.
[INFO] [stdout] 
[INFO] [stdout] failures:
[INFO] [stdout]     src/raster_lib.rs - raster_lib::RasterFile (line 43)
[INFO] [stdout]     src/structures/array2d.rs - structures::array2d::Array2D (line 16)
[INFO] [stdout]     src/structures/array2d.rs - structures::array2d::Array2D<T>::new (line 41)
[INFO] [stdout] 
[INFO] [stdout] test result: FAILED. 0 passed; 3 failed; 0 ignored; 0 measured; 0 filtered out; finished in 0.12s
[INFO] [stdout] 
[INFO] [stderr] error: doctest failed, to rerun pass `--doc`
[INFO] running `Command { std: "docker" "inspect" "1a7592c59a7a99724270d4212cba43a60d6c4193f9346cf09e6cd25030c034cd", kill_on_drop: false }`
[INFO] running `Command { std: "docker" "rm" "-f" "1a7592c59a7a99724270d4212cba43a60d6c4193f9346cf09e6cd25030c034cd", kill_on_drop: false }`
[INFO] [stdout] 1a7592c59a7a99724270d4212cba43a60d6c4193f9346cf09e6cd25030c034cd
