[INFO] cloning repository https://github.com/yangkx1024/ytorrent
[INFO] running `Command { std: "git" "-c" "credential.helper=" "-c" "credential.helper=/workspace/cargo-home/bin/git-credential-null" "clone" "--bare" "https://github.com/yangkx1024/ytorrent" "/workspace/cache/git-repos/https%3A%2F%2Fgithub.com%2Fyangkx1024%2Fytorrent", kill_on_drop: false }`
[INFO] [stderr] Cloning into bare repository '/workspace/cache/git-repos/https%3A%2F%2Fgithub.com%2Fyangkx1024%2Fytorrent'...
[INFO] running `Command { std: "git" "rev-parse" "HEAD", kill_on_drop: false }`
[INFO] [stdout] 1eeb302637ec5f40e444909f1d2f9ac1aa5d316a
[INFO] testing yangkx1024/ytorrent against 1.83.0 for beta-1.84.0-4-retry
[INFO] running `Command { std: "git" "clone" "/workspace/cache/git-repos/https%3A%2F%2Fgithub.com%2Fyangkx1024%2Fytorrent" "/workspace/builds/worker-5-tc1/source", kill_on_drop: false }`
[INFO] [stderr] Cloning into '/workspace/builds/worker-5-tc1/source'...
[INFO] [stderr] done.
[INFO] validating manifest of git repo https://github.com/yangkx1024/ytorrent on toolchain 1.83.0
[INFO] running `Command { std: CARGO_HOME="/workspace/cargo-home" RUSTUP_HOME="/workspace/rustup-home" "/workspace/cargo-home/bin/cargo" "+1.83.0" "metadata" "--manifest-path" "Cargo.toml" "--no-deps", kill_on_drop: false }`
[INFO] started tweaking git repo https://github.com/yangkx1024/ytorrent
[INFO] finished tweaking git repo https://github.com/yangkx1024/ytorrent
[INFO] tweaked toml for git repo https://github.com/yangkx1024/ytorrent written to /workspace/builds/worker-5-tc1/source/Cargo.toml
[INFO] crate git repo https://github.com/yangkx1024/ytorrent already has a lockfile, it will not be regenerated
[INFO] running `Command { std: CARGO_HOME="/workspace/cargo-home" RUSTUP_HOME="/workspace/rustup-home" "/workspace/cargo-home/bin/cargo" "+1.83.0" "fetch" "--manifest-path" "Cargo.toml", kill_on_drop: false }`
[INFO] [stderr]  Downloading crates ...
[INFO] [stderr]   Downloaded serde_bencode v0.2.4
[INFO] running `Command { std: "docker" "create" "-v" "/var/lib/crater-agent-workspace/builds/worker-5-tc1/target:/opt/rustwide/target:rw,Z" "-v" "/var/lib/crater-agent-workspace/builds/worker-5-tc1/source:/opt/rustwide/workdir:ro,Z" "-v" "/var/lib/crater-agent-workspace/cargo-home:/opt/rustwide/cargo-home:ro,Z" "-v" "/var/lib/crater-agent-workspace/rustup-home:/opt/rustwide/rustup-home:ro,Z" "-e" "SOURCE_DIR=/opt/rustwide/workdir" "-e" "CARGO_TARGET_DIR=/opt/rustwide/target" "-e" "CARGO_HOME=/opt/rustwide/cargo-home" "-e" "RUSTUP_HOME=/opt/rustwide/rustup-home" "-w" "/opt/rustwide/workdir" "-m" "1610612736" "--user" "0:0" "--network" "none" "ghcr.io/rust-lang/crates-build-env/linux@sha256:f3a9d4ad9d972b27faf3965f35b62e55ba32bbce8f20bc8fe909558a86702fde" "/opt/rustwide/cargo-home/bin/cargo" "+1.83.0" "metadata" "--no-deps" "--format-version=1", kill_on_drop: false }`
[INFO] [stdout] 03e439726f1af799ff6a812a4fad48568b738c733ea1cf8057e101be9d61a1cc
[INFO] running `Command { std: "docker" "start" "-a" "03e439726f1af799ff6a812a4fad48568b738c733ea1cf8057e101be9d61a1cc", kill_on_drop: false }`
[INFO] running `Command { std: "docker" "inspect" "03e439726f1af799ff6a812a4fad48568b738c733ea1cf8057e101be9d61a1cc", kill_on_drop: false }`
[INFO] running `Command { std: "docker" "rm" "-f" "03e439726f1af799ff6a812a4fad48568b738c733ea1cf8057e101be9d61a1cc", kill_on_drop: false }`
[INFO] [stdout] 03e439726f1af799ff6a812a4fad48568b738c733ea1cf8057e101be9d61a1cc
[INFO] running `Command { std: "docker" "create" "-v" "/var/lib/crater-agent-workspace/builds/worker-5-tc1/target:/opt/rustwide/target:rw,Z" "-v" "/var/lib/crater-agent-workspace/builds/worker-5-tc1/source:/opt/rustwide/workdir:ro,Z" "-v" "/var/lib/crater-agent-workspace/cargo-home:/opt/rustwide/cargo-home:ro,Z" "-v" "/var/lib/crater-agent-workspace/rustup-home:/opt/rustwide/rustup-home:ro,Z" "-e" "SOURCE_DIR=/opt/rustwide/workdir" "-e" "CARGO_TARGET_DIR=/opt/rustwide/target" "-e" "CARGO_INCREMENTAL=0" "-e" "RUST_BACKTRACE=full" "-e" "RUSTFLAGS=--cap-lints=warn" "-e" "RUSTDOCFLAGS=--cap-lints=warn" "-e" "CARGO_HOME=/opt/rustwide/cargo-home" "-e" "RUSTUP_HOME=/opt/rustwide/rustup-home" "-w" "/opt/rustwide/workdir" "-m" "1610612736" "--user" "0:0" "--network" "none" "ghcr.io/rust-lang/crates-build-env/linux@sha256:f3a9d4ad9d972b27faf3965f35b62e55ba32bbce8f20bc8fe909558a86702fde" "/opt/rustwide/cargo-home/bin/cargo" "+1.83.0" "build" "--frozen" "--message-format=json", kill_on_drop: false }`
[INFO] [stdout] 2ce25524225838654be7cd4659032592ae649d9ffe1d86c2a781ac28ef4db575
[INFO] running `Command { std: "docker" "start" "-a" "2ce25524225838654be7cd4659032592ae649d9ffe1d86c2a781ac28ef4db575", kill_on_drop: false }`
[INFO] [stderr]    Compiling proc-macro2 v1.0.82
[INFO] [stderr]    Compiling unicode-ident v1.0.12
[INFO] [stderr]    Compiling libc v0.2.154
[INFO] [stderr]    Compiling fnv v1.0.7
[INFO] [stderr]    Compiling bytes v1.6.0
[INFO] [stderr]    Compiling pin-project-lite v0.2.14
[INFO] [stderr]    Compiling once_cell v1.19.0
[INFO] [stderr]    Compiling futures-core v0.3.30
[INFO] [stderr]    Compiling vcpkg v0.2.15
[INFO] [stderr]    Compiling cfg-if v1.0.0
[INFO] [stderr]    Compiling pkg-config v0.3.30
[INFO] [stderr]    Compiling cc v1.0.97
[INFO] [stderr]    Compiling itoa v1.0.11
[INFO] [stderr]    Compiling log v0.4.22
[INFO] [stderr]    Compiling autocfg v1.3.0
[INFO] [stderr]    Compiling pin-utils v0.1.0
[INFO] [stderr]    Compiling futures-task v0.3.30
[INFO] [stderr]    Compiling futures-sink v0.3.30
[INFO] [stderr]    Compiling foreign-types-shared v0.1.1
[INFO] [stderr]    Compiling equivalent v1.0.1
[INFO] [stderr]    Compiling httparse v1.8.0
[INFO] [stderr]    Compiling hashbrown v0.14.5
[INFO] [stderr]    Compiling openssl v0.10.64
[INFO] [stderr]    Compiling foreign-types v0.3.2
[INFO] [stderr]    Compiling serde v1.0.204
[INFO] [stderr]    Compiling native-tls v0.2.11
[INFO] [stderr]    Compiling futures-util v0.3.30
[INFO] [stderr]    Compiling http v1.1.0
[INFO] [stderr]    Compiling tinyvec_macros v0.1.1
[INFO] [stderr]    Compiling ident_case v1.0.1
[INFO] [stderr]    Compiling tracing-core v0.1.32
[INFO] [stderr]    Compiling strsim v0.10.0
[INFO] [stderr]    Compiling try-lock v0.2.5
[INFO] [stderr]    Compiling slab v0.4.9
[INFO] [stderr]    Compiling bitflags v2.5.0
[INFO] [stderr]    Compiling want v0.3.1
[INFO] [stderr]    Compiling tinyvec v1.6.0
[INFO] [stderr]    Compiling futures-channel v0.3.30
[INFO] [stderr]    Compiling percent-encoding v2.3.1
[INFO] [stderr]    Compiling smallvec v1.13.2
[INFO] [stderr]    Compiling tower-layer v0.3.2
[INFO] [stderr]    Compiling openssl-probe v0.1.5
[INFO] [stderr]    Compiling tower-service v0.3.2
[INFO] [stderr]    Compiling form_urlencoded v1.2.1
[INFO] [stderr]    Compiling unicode-bidi v0.3.15
[INFO] [stderr]    Compiling http-body v1.0.0
[INFO] [stderr]    Compiling tracing v0.1.40
[INFO] [stderr]    Compiling ryu v1.0.18
[INFO] [stderr]    Compiling ppv-lite86 v0.2.17
[INFO] [stderr]    Compiling socket2 v0.5.7
[INFO] [stderr]    Compiling mio v1.0.1
[INFO] [stderr]    Compiling getrandom v0.2.15
[INFO] [stderr]    Compiling indexmap v2.2.6
[INFO] [stderr]    Compiling http-body-util v0.1.1
[INFO] [stderr]    Compiling base64 v0.22.1
[INFO] [stderr]    Compiling rand_core v0.6.4
[INFO] [stderr]    Compiling rustls-pki-types v1.7.0
[INFO] [stderr]    Compiling unicode-normalization v0.1.23
[INFO] [stderr]    Compiling encoding_rs v0.8.34
[INFO] [stderr]    Compiling sync_wrapper v1.0.1
[INFO] [stderr]    Compiling ipnet v2.9.0
[INFO] [stderr]    Compiling mime v0.3.17
[INFO] [stderr]    Compiling quote v1.0.36
[INFO] [stderr]    Compiling tokio v1.39.2
[INFO] [stderr]    Compiling syn v2.0.61
[INFO] [stderr]    Compiling openssl-sys v0.9.102
[INFO] [stderr]    Compiling rustls-pemfile v2.1.2
[INFO] [stderr]    Compiling rand_chacha v0.3.1
[INFO] [stderr]    Compiling idna v0.5.0
[INFO] [stderr]    Compiling sha1_smol v1.0.1
[INFO] [stderr]    Compiling rand v0.8.5
[INFO] [stderr]    Compiling url v2.5.2
[INFO] [stderr]    Compiling darling_core v0.20.8
[INFO] [stderr]    Compiling tokio-util v0.7.11
[INFO] [stderr]    Compiling pin-project-internal v1.1.5
[INFO] [stderr]    Compiling openssl-macros v0.1.1
[INFO] [stderr]    Compiling serde_derive v1.0.204
[INFO] [stderr]    Compiling h2 v0.4.4
[INFO] [stderr]    Compiling darling_macro v0.20.8
[INFO] [stderr]    Compiling darling v0.20.8
[INFO] [stderr]    Compiling serde_with_macros v3.9.0
[INFO] [stderr]    Compiling pin-project v1.1.5
[INFO] [stderr]    Compiling tower v0.4.13
[INFO] [stderr]    Compiling tokio-native-tls v0.3.1
[INFO] [stderr]    Compiling hyper v1.3.1
[INFO] [stderr]    Compiling hyper-util v0.1.3
[INFO] [stderr]    Compiling serde_urlencoded v0.7.1
[INFO] [stderr]    Compiling serde_with v3.9.0
[INFO] [stderr]    Compiling hyper-tls v0.6.0
[INFO] [stderr]    Compiling reqwest v0.12.5
[INFO] [stderr]    Compiling ytorrent v0.1.0 (/opt/rustwide/workdir)
[INFO] [stderr]     Finished `dev` profile [unoptimized + debuginfo] target(s) in 43.96s
[INFO] running `Command { std: "docker" "inspect" "2ce25524225838654be7cd4659032592ae649d9ffe1d86c2a781ac28ef4db575", kill_on_drop: false }`
[INFO] running `Command { std: "docker" "rm" "-f" "2ce25524225838654be7cd4659032592ae649d9ffe1d86c2a781ac28ef4db575", kill_on_drop: false }`
[INFO] [stdout] 2ce25524225838654be7cd4659032592ae649d9ffe1d86c2a781ac28ef4db575
[INFO] running `Command { std: "docker" "create" "-v" "/var/lib/crater-agent-workspace/builds/worker-5-tc1/target:/opt/rustwide/target:rw,Z" "-v" "/var/lib/crater-agent-workspace/builds/worker-5-tc1/source:/opt/rustwide/workdir:ro,Z" "-v" "/var/lib/crater-agent-workspace/cargo-home:/opt/rustwide/cargo-home:ro,Z" "-v" "/var/lib/crater-agent-workspace/rustup-home:/opt/rustwide/rustup-home:ro,Z" "-e" "SOURCE_DIR=/opt/rustwide/workdir" "-e" "CARGO_TARGET_DIR=/opt/rustwide/target" "-e" "CARGO_INCREMENTAL=0" "-e" "RUST_BACKTRACE=full" "-e" "RUSTFLAGS=--cap-lints=warn" "-e" "RUSTDOCFLAGS=--cap-lints=warn" "-e" "CARGO_HOME=/opt/rustwide/cargo-home" "-e" "RUSTUP_HOME=/opt/rustwide/rustup-home" "-w" "/opt/rustwide/workdir" "-m" "1610612736" "--user" "0:0" "--network" "none" "ghcr.io/rust-lang/crates-build-env/linux@sha256:f3a9d4ad9d972b27faf3965f35b62e55ba32bbce8f20bc8fe909558a86702fde" "/opt/rustwide/cargo-home/bin/cargo" "+1.83.0" "test" "--frozen" "--no-run" "--message-format=json", kill_on_drop: false }`
[INFO] [stdout] 0a6dbdff006deb3f2459f33271b9482b3138bd126b6e73e63336766cb025aa60
[INFO] running `Command { std: "docker" "start" "-a" "0a6dbdff006deb3f2459f33271b9482b3138bd126b6e73e63336766cb025aa60", kill_on_drop: false }`
[INFO] [stderr]    Compiling tokio-macros v2.4.0
[INFO] [stderr]    Compiling serde_bytes v0.11.14
[INFO] [stderr]    Compiling serde_bencode v0.2.4
[INFO] [stderr]    Compiling tokio v1.39.2
[INFO] [stderr]    Compiling tokio-util v0.7.11
[INFO] [stderr]    Compiling tower v0.4.13
[INFO] [stderr]    Compiling tokio-native-tls v0.3.1
[INFO] [stderr]    Compiling h2 v0.4.4
[INFO] [stderr]    Compiling hyper v1.3.1
[INFO] [stderr]    Compiling hyper-util v0.1.3
[INFO] [stderr]    Compiling hyper-tls v0.6.0
[INFO] [stderr]    Compiling reqwest v0.12.5
[INFO] [stderr]    Compiling ytorrent v0.1.0 (/opt/rustwide/workdir)
[INFO] [stderr]     Finished `test` profile [unoptimized + debuginfo] target(s) in 27.15s
[INFO] running `Command { std: "docker" "inspect" "0a6dbdff006deb3f2459f33271b9482b3138bd126b6e73e63336766cb025aa60", kill_on_drop: false }`
[INFO] running `Command { std: "docker" "rm" "-f" "0a6dbdff006deb3f2459f33271b9482b3138bd126b6e73e63336766cb025aa60", kill_on_drop: false }`
[INFO] [stdout] 0a6dbdff006deb3f2459f33271b9482b3138bd126b6e73e63336766cb025aa60
[INFO] running `Command { std: "docker" "create" "-v" "/var/lib/crater-agent-workspace/builds/worker-5-tc1/target:/opt/rustwide/target:rw,Z" "-v" "/var/lib/crater-agent-workspace/builds/worker-5-tc1/source:/opt/rustwide/workdir:ro,Z" "-v" "/var/lib/crater-agent-workspace/cargo-home:/opt/rustwide/cargo-home:ro,Z" "-v" "/var/lib/crater-agent-workspace/rustup-home:/opt/rustwide/rustup-home:ro,Z" "-e" "SOURCE_DIR=/opt/rustwide/workdir" "-e" "CARGO_TARGET_DIR=/opt/rustwide/target" "-e" "CARGO_INCREMENTAL=0" "-e" "RUST_BACKTRACE=full" "-e" "RUSTFLAGS=--cap-lints=warn" "-e" "RUSTDOCFLAGS=--cap-lints=warn" "-e" "CARGO_HOME=/opt/rustwide/cargo-home" "-e" "RUSTUP_HOME=/opt/rustwide/rustup-home" "-w" "/opt/rustwide/workdir" "-m" "1610612736" "--user" "0:0" "--network" "none" "ghcr.io/rust-lang/crates-build-env/linux@sha256:f3a9d4ad9d972b27faf3965f35b62e55ba32bbce8f20bc8fe909558a86702fde" "/opt/rustwide/cargo-home/bin/cargo" "+1.83.0" "test" "--frozen", kill_on_drop: false }`
[INFO] [stdout] 2c46babf34d4490bb7de2df9cbb664225ab17a39a15635671d54f2df01d321f2
[INFO] running `Command { std: "docker" "start" "-a" "2c46babf34d4490bb7de2df9cbb664225ab17a39a15635671d54f2df01d321f2", kill_on_drop: false }`
[INFO] [stderr]     Finished `test` profile [unoptimized + debuginfo] target(s) in 0.17s
[INFO] [stderr]      Running unittests src/lib.rs (/opt/rustwide/target/debug/deps/ytorrent-3dc0526490f1ca9d)
[INFO] [stdout] 
[INFO] [stdout] running 7 tests
[INFO] [stdout] test bencode::de::tests::test_de ... ok
[INFO] [stdout] test meta::meta_info::tests::test_decode_debian_torrent ... ok
[INFO] [stdout] test meta::meta_info::tests::test_se_de_piece_list ... ok
[INFO] [stdout] test meta::meta_info::tests::test_meta_announce ... ok
[INFO] [stdout] test meta::meta_info::tests::test_info_struct ... ok
[INFO] [stdout] test tracker::client::tests::test_connect_scrape ... FAILED
[INFO] [stdout] test tracker::client::tests::test_connect_tracker ... FAILED
[INFO] [stdout] 
[INFO] [stdout] failures:
[INFO] [stdout] 
[INFO] [stdout] ---- tracker::client::tests::test_connect_scrape stdout ----
[INFO] [stdout] parsed token: Dict
[INFO] [stdout] parsed token: String(8)
[INFO] [stdout] parsed token: String(41)
[INFO] [stdout] parsed token: String(7)
[INFO] [stdout] parsed token: String(35)
[INFO] [stdout] parsed token: String(10)
[INFO] [stdout] parsed token: String(13)
[INFO] [stdout] parsed token: String(13)
[INFO] [stdout] parsed token: Num("1707570148")
[INFO] [stdout] parsed token: String(4)
[INFO] [stdout] parsed token: Dict
[INFO] [stdout] parsed token: String(6)
[INFO] [stdout] parsed token: Num("659554304")
[INFO] [stdout] parsed token: String(4)
[INFO] [stdout] parsed token: String(31)
[INFO] [stdout] parsed token: String(12)
[INFO] [stdout] parsed token: Num("262144")
[INFO] [stdout] parsed token: String(6)
[INFO] [stdout] parsed token: String(50320)
[INFO] [stdout] parsed token: End
[INFO] [stdout] parsed token: String(8)
[INFO] [stdout] parsed token: List
[INFO] [stdout] parsed token: String(94)
[INFO] [stdout] parsed token: String(94)
[INFO] [stdout] parsed token: End
[INFO] [stdout] parsed token: End
[INFO] [stdout] deserialize_map
[INFO] [stdout] parsed token: Dict
[INFO] [stdout] parsed token: String(8)
[INFO] [stdout] peek token: String(8)
[INFO] [stdout] visit map key String(8)
[INFO] [stdout] deserialize_string for identifier
[INFO] [stdout] reused token: String(8)
[INFO] [stdout] visit map value
[INFO] [stdout] deserialize_string for string
[INFO] [stdout] parsed token: String(41)
[INFO] [stdout] parsed token: String(7)
[INFO] [stdout] peek token: String(7)
[INFO] [stdout] visit map key String(7)
[INFO] [stdout] deserialize_string for identifier
[INFO] [stdout] reused token: String(7)
[INFO] [stdout] visit map value
[INFO] [stdout] deserialize_string for string
[INFO] [stdout] parsed token: String(35)
[INFO] [stdout] parsed token: String(10)
[INFO] [stdout] peek token: String(10)
[INFO] [stdout] visit map key String(10)
[INFO] [stdout] deserialize_string for identifier
[INFO] [stdout] reused token: String(10)
[INFO] [stdout] visit map value
[INFO] [stdout] deserialize_string for string
[INFO] [stdout] parsed token: String(13)
[INFO] [stdout] parsed token: String(13)
[INFO] [stdout] peek token: String(13)
[INFO] [stdout] visit map key String(13)
[INFO] [stdout] deserialize_string for identifier
[INFO] [stdout] reused token: String(13)
[INFO] [stdout] visit map value
[INFO] [stdout] deserialize_integer for u64
[INFO] [stdout] parsed token: Num("1707570148")
[INFO] [stdout] parsed token: String(4)
[INFO] [stdout] peek token: String(4)
[INFO] [stdout] visit map key String(4)
[INFO] [stdout] deserialize_string for identifier
[INFO] [stdout] reused token: String(4)
[INFO] [stdout] visit map value
[INFO] [stdout] deserialize_map
[INFO] [stdout] parsed token: Dict
[INFO] [stdout] parsed token: String(6)
[INFO] [stdout] peek token: String(6)
[INFO] [stdout] visit map key String(6)
[INFO] [stdout] deserialize_string for identifier
[INFO] [stdout] reused token: String(6)
[INFO] [stdout] visit map value
[INFO] [stdout] deserialize_any
[INFO] [stdout] parsed token: Num("659554304")
[INFO] [stdout] peek token: Num("659554304")
[INFO] [stdout] deserialize_integer for i64
[INFO] [stdout] reused token: Num("659554304")
[INFO] [stdout] parsed token: String(4)
[INFO] [stdout] peek token: String(4)
[INFO] [stdout] visit map key String(4)
[INFO] [stdout] deserialize_string for identifier
[INFO] [stdout] reused token: String(4)
[INFO] [stdout] visit map value
[INFO] [stdout] deserialize_string for string
[INFO] [stdout] parsed token: String(31)
[INFO] [stdout] parsed token: String(12)
[INFO] [stdout] peek token: String(12)
[INFO] [stdout] visit map key String(12)
[INFO] [stdout] deserialize_string for identifier
[INFO] [stdout] reused token: String(12)
[INFO] [stdout] visit map value
[INFO] [stdout] deserialize_integer for u64
[INFO] [stdout] parsed token: Num("262144")
[INFO] [stdout] parsed token: String(6)
[INFO] [stdout] peek token: String(6)
[INFO] [stdout] visit map key String(6)
[INFO] [stdout] deserialize_string for identifier
[INFO] [stdout] reused token: String(6)
[INFO] [stdout] visit map value
[INFO] [stdout] deserialize_bytes for bytes
[INFO] [stdout] parsed token: String(50320)
[INFO] [stdout] parsed token: End
[INFO] [stdout] peek token: End
[INFO] [stdout] reused token: End
[INFO] [stdout] end deserialize_map
[INFO] [stdout] parsed token: String(8)
[INFO] [stdout] peek token: String(8)
[INFO] [stdout] visit map key String(8)
[INFO] [stdout] deserialize_string for identifier
[INFO] [stdout] reused token: String(8)
[INFO] [stdout] visit map value
[INFO] [stdout] deserialize_seq
[INFO] [stdout] parsed token: List
[INFO] [stdout] parsed token: String(94)
[INFO] [stdout] peek token: String(94)
[INFO] [stdout] deserialize_string for string
[INFO] [stdout] reused token: String(94)
[INFO] [stdout] parsed token: String(94)
[INFO] [stdout] peek token: String(94)
[INFO] [stdout] deserialize_string for string
[INFO] [stdout] reused token: String(94)
[INFO] [stdout] parsed token: End
[INFO] [stdout] peek token: End
[INFO] [stdout] reused token: End
[INFO] [stdout] parsed token: End
[INFO] [stdout] peek token: End
[INFO] [stdout] reused token: End
[INFO] [stdout] end deserialize_map
[INFO] [stdout] url: http://bttracker.debian.org:6969/scrape?info_hash=%2Bf%98%00%93%BC%11%80o%ABP%CB%3C%B4%185%B9Z%03b
[INFO] [stdout] checkout waiting for idle connection: ("http", bttracker.debian.org:6969)
[INFO] [stdout] starting new connection: http://bttracker.debian.org:6969/
[INFO] [stdout] Http::connect; scheme=Some("http"), host=Some("bttracker.debian.org"), port=Some(Port(6969))
[INFO] [stdout] resolving host="bttracker.debian.org"
[INFO] [stdout] checkout dropped for ("http", bttracker.debian.org:6969)
[INFO] [stdout] Err(Request("reqwest::Error { kind: Request, url: Url { scheme: \"http\", cannot_be_a_base: false, username: \"\", password: None, host: Some(Domain(\"bttracker.debian.org\")), port: Some(6969), path: \"/scrape\", query: Some(\"info_hash=%2Bf%98%00%93%BC%11%80o%ABP%CB%3C%B4%185%B9Z%03b\"), fragment: None }, source: Error { kind: Connect, source: Some(ConnectError(\"dns error\", Custom { kind: Uncategorized, error: \"failed to lookup address information: Temporary failure in name resolution\" })) } }"))
[INFO] [stdout] thread 'tracker::client::tests::test_connect_scrape' panicked at src/tracker/client.rs:81:9:
[INFO] [stdout] assertion failed: resp.is_ok()
[INFO] [stdout] stack backtrace:
[INFO] [stdout]    0:     0x65400559f48a - std::backtrace_rs::backtrace::libunwind::trace::h5a5b8284f2d0c266
[INFO] [stdout]                                at /rustc/90b35a6239c3d8bdabc530a6a0816f7ff89a0aaf/library/std/src/../../backtrace/src/backtrace/libunwind.rs:116:5
[INFO] [stdout]    1:     0x65400559f48a - std::backtrace_rs::backtrace::trace_unsynchronized::h76d4f1c9b0b875e3
[INFO] [stdout]                                at /rustc/90b35a6239c3d8bdabc530a6a0816f7ff89a0aaf/library/std/src/../../backtrace/src/backtrace/mod.rs:66:5
[INFO] [stdout]    2:     0x65400559f48a - std::sys::backtrace::_print_fmt::hc4546b8364a537c6
[INFO] [stdout]                                at /rustc/90b35a6239c3d8bdabc530a6a0816f7ff89a0aaf/library/std/src/sys/backtrace.rs:66:9
[INFO] [stdout]    3:     0x65400559f48a - <std::sys::backtrace::BacktraceLock::print::DisplayBacktrace as core::fmt::Display>::fmt::h5b6bd5631a6d1f6b
[INFO] [stdout]                                at /rustc/90b35a6239c3d8bdabc530a6a0816f7ff89a0aaf/library/std/src/sys/backtrace.rs:39:26
[INFO] [stdout]    4:     0x6540055c8383 - core::fmt::rt::Argument::fmt::h270f6602a2b96f62
[INFO] [stdout]                                at /rustc/90b35a6239c3d8bdabc530a6a0816f7ff89a0aaf/library/core/src/fmt/rt.rs:177:76
[INFO] [stdout]    5:     0x6540055c8383 - core::fmt::write::h7550c97b06c86515
[INFO] [stdout]                                at /rustc/90b35a6239c3d8bdabc530a6a0816f7ff89a0aaf/library/core/src/fmt/mod.rs:1186:21
[INFO] [stdout]    6:     0x65400559bb73 - std::io::Write::write_fmt::h509ff860e5956e5e
[INFO] [stdout]                                at /rustc/90b35a6239c3d8bdabc530a6a0816f7ff89a0aaf/library/std/src/io/mod.rs:1839:15
[INFO] [stdout]    7:     0x65400559f2d2 - std::sys::backtrace::BacktraceLock::print::h2395ccd2c84ba3aa
[INFO] [stdout]                                at /rustc/90b35a6239c3d8bdabc530a6a0816f7ff89a0aaf/library/std/src/sys/backtrace.rs:42:9
[INFO] [stdout]    8:     0x6540055a08ea - std::panicking::default_hook::{{closure}}::he19d4c7230e07961
[INFO] [stdout]                                at /rustc/90b35a6239c3d8bdabc530a6a0816f7ff89a0aaf/library/std/src/panicking.rs:268:22
[INFO] [stdout]    9:     0x6540055a06f4 - std::panicking::default_hook::hf614597d3c67bbdb
[INFO] [stdout]                                at /rustc/90b35a6239c3d8bdabc530a6a0816f7ff89a0aaf/library/std/src/panicking.rs:292:9
[INFO] [stdout]   10:     0x6540054daae9 - <alloc::boxed::Box<F,A> as core::ops::function::Fn<Args>>::call::h39b51ce4599c23d1
[INFO] [stdout]                                at /rustc/90b35a6239c3d8bdabc530a6a0816f7ff89a0aaf/library/alloc/src/boxed.rs:2468:9
[INFO] [stdout]   11:     0x6540054daae9 - test::test_main::{{closure}}::he977ae839a582784
[INFO] [stdout]                                at /rustc/90b35a6239c3d8bdabc530a6a0816f7ff89a0aaf/library/test/src/lib.rs:133:21
[INFO] [stdout]   12:     0x6540055a0f88 - <alloc::boxed::Box<F,A> as core::ops::function::Fn<Args>>::call::h9455091b6b06f9fb
[INFO] [stdout]                                at /rustc/90b35a6239c3d8bdabc530a6a0816f7ff89a0aaf/library/alloc/src/boxed.rs:2468:9
[INFO] [stdout]   13:     0x6540055a0f88 - std::panicking::rust_panic_with_hook::h8942133a8b252070
[INFO] [stdout]                                at /rustc/90b35a6239c3d8bdabc530a6a0816f7ff89a0aaf/library/std/src/panicking.rs:809:13
[INFO] [stdout]   14:     0x6540055a0d16 - std::panicking::begin_panic_handler::{{closure}}::hb5f5963570096b29
[INFO] [stdout]                                at /rustc/90b35a6239c3d8bdabc530a6a0816f7ff89a0aaf/library/std/src/panicking.rs:667:13
[INFO] [stdout]   15:     0x65400559f969 - std::sys::backtrace::__rust_end_short_backtrace::h6208cedc1922feda
[INFO] [stdout]                                at /rustc/90b35a6239c3d8bdabc530a6a0816f7ff89a0aaf/library/std/src/sys/backtrace.rs:170:18
[INFO] [stdout]   16:     0x6540055a09dc - rust_begin_unwind
[INFO] [stdout]                                at /rustc/90b35a6239c3d8bdabc530a6a0816f7ff89a0aaf/library/std/src/panicking.rs:665:5
[INFO] [stdout]   17:     0x65400509b2b0 - core::panicking::panic_fmt::h0c3082644d1bf418
[INFO] [stdout]                                at /rustc/90b35a6239c3d8bdabc530a6a0816f7ff89a0aaf/library/core/src/panicking.rs:74:14
[INFO] [stdout]   18:     0x65400509b33c - core::panicking::panic::h957f98c65a3b3074
[INFO] [stdout]                                at /rustc/90b35a6239c3d8bdabc530a6a0816f7ff89a0aaf/library/core/src/panicking.rs:148:5
[INFO] [stdout]   19:     0x6540051237a1 - ytorrent::tracker::client::tests::test_connect_scrape::{{closure}}::h5cace51d98087685
[INFO] [stdout]                                at /opt/rustwide/workdir/src/tracker/client.rs:81:9
[INFO] [stdout]   20:     0x6540050e84f2 - <core::pin::Pin<P> as core::future::future::Future>::poll::h44ee3afa036318ad
[INFO] [stdout]                                at /rustc/90b35a6239c3d8bdabc530a6a0816f7ff89a0aaf/library/core/src/future/future.rs:123:9
[INFO] [stdout]   21:     0x6540050e852d - <core::pin::Pin<P> as core::future::future::Future>::poll::h4808b8a852b60ae6
[INFO] [stdout]                                at /rustc/90b35a6239c3d8bdabc530a6a0816f7ff89a0aaf/library/core/src/future/future.rs:123:9
[INFO] [stdout]   22:     0x6540050fb91f - tokio::runtime::scheduler::current_thread::CoreGuard::block_on::{{closure}}::{{closure}}::{{closure}}::hb7f86b2f5caadae6
[INFO] [stdout]                                at /opt/rustwide/cargo-home/registry/src/index.crates.io-6f17d22bba15001f/tokio-1.39.2/src/runtime/scheduler/current_thread/mod.rs:673:57
[INFO] [stdout]   23:     0x6540050fb825 - tokio::runtime::coop::with_budget::h80f0ac3a755daa06
[INFO] [stdout]                                at /opt/rustwide/cargo-home/registry/src/index.crates.io-6f17d22bba15001f/tokio-1.39.2/src/runtime/coop.rs:107:5
[INFO] [stdout]   24:     0x6540050fb825 - tokio::runtime::coop::budget::hf13537f60c2c811b
[INFO] [stdout]                                at /opt/rustwide/cargo-home/registry/src/index.crates.io-6f17d22bba15001f/tokio-1.39.2/src/runtime/coop.rs:73:5
[INFO] [stdout]   25:     0x6540050fb825 - tokio::runtime::scheduler::current_thread::CoreGuard::block_on::{{closure}}::{{closure}}::h9502b58db2b9d448
[INFO] [stdout]                                at /opt/rustwide/cargo-home/registry/src/index.crates.io-6f17d22bba15001f/tokio-1.39.2/src/runtime/scheduler/current_thread/mod.rs:673:25
[INFO] [stdout]   26:     0x6540050f8bb0 - tokio::runtime::scheduler::current_thread::Context::enter::h1a382bd6846738d3
[INFO] [stdout]                                at /opt/rustwide/cargo-home/registry/src/index.crates.io-6f17d22bba15001f/tokio-1.39.2/src/runtime/scheduler/current_thread/mod.rs:412:19
[INFO] [stdout]   27:     0x6540050fa66b - tokio::runtime::scheduler::current_thread::CoreGuard::block_on::{{closure}}::h1abc17425ff586c0
[INFO] [stdout]                                at /opt/rustwide/cargo-home/registry/src/index.crates.io-6f17d22bba15001f/tokio-1.39.2/src/runtime/scheduler/current_thread/mod.rs:672:36
[INFO] [stdout]   28:     0x6540050fa364 - tokio::runtime::scheduler::current_thread::CoreGuard::enter::{{closure}}::h301e20da5576def7
[INFO] [stdout]                                at /opt/rustwide/cargo-home/registry/src/index.crates.io-6f17d22bba15001f/tokio-1.39.2/src/runtime/scheduler/current_thread/mod.rs:751:68
[INFO] [stdout]   29:     0x65400511c49b - tokio::runtime::context::scoped::Scoped<T>::set::h26f9e58131523d2e
[INFO] [stdout]                                at /opt/rustwide/cargo-home/registry/src/index.crates.io-6f17d22bba15001f/tokio-1.39.2/src/runtime/context/scoped.rs:40:9
[INFO] [stdout]   30:     0x6540050dc0c9 - tokio::runtime::context::set_scheduler::{{closure}}::h66064a09e7524ae5
[INFO] [stdout]                                at /opt/rustwide/cargo-home/registry/src/index.crates.io-6f17d22bba15001f/tokio-1.39.2/src/runtime/context.rs:180:26
[INFO] [stdout]   31:     0x6540050e489d - std::thread::local::LocalKey<T>::try_with::h239d3eae84c45e88
[INFO] [stdout]                                at /rustc/90b35a6239c3d8bdabc530a6a0816f7ff89a0aaf/library/std/src/thread/local.rs:283:12
[INFO] [stdout]   32:     0x6540050e45ea - std::thread::local::LocalKey<T>::with::hca5247f1ceb69dbc
[INFO] [stdout]                                at /rustc/90b35a6239c3d8bdabc530a6a0816f7ff89a0aaf/library/std/src/thread/local.rs:260:9
[INFO] [stdout]   33:     0x6540050dc07d - tokio::runtime::context::set_scheduler::hc6aba60d597aa440
[INFO] [stdout]                                at /opt/rustwide/cargo-home/registry/src/index.crates.io-6f17d22bba15001f/tokio-1.39.2/src/runtime/context.rs:180:9
[INFO] [stdout]   34:     0x6540050fa110 - tokio::runtime::scheduler::current_thread::CoreGuard::enter::h788ddbe36234cc34
[INFO] [stdout]                                at /opt/rustwide/cargo-home/registry/src/index.crates.io-6f17d22bba15001f/tokio-1.39.2/src/runtime/scheduler/current_thread/mod.rs:751:27
[INFO] [stdout]   35:     0x6540050fa403 - tokio::runtime::scheduler::current_thread::CoreGuard::block_on::h72cd8add653aef46
[INFO] [stdout]                                at /opt/rustwide/cargo-home/registry/src/index.crates.io-6f17d22bba15001f/tokio-1.39.2/src/runtime/scheduler/current_thread/mod.rs:660:19
[INFO] [stdout]   36:     0x6540050f81aa - tokio::runtime::scheduler::current_thread::CurrentThread::block_on::{{closure}}::h19d696d6d9c0247d
[INFO] [stdout]                                at /opt/rustwide/cargo-home/registry/src/index.crates.io-6f17d22bba15001f/tokio-1.39.2/src/runtime/scheduler/current_thread/mod.rs:180:28
[INFO] [stdout]   37:     0x6540050e77e6 - tokio::runtime::context::runtime::enter_runtime::ha005032261cf3e8b
[INFO] [stdout]                                at /opt/rustwide/cargo-home/registry/src/index.crates.io-6f17d22bba15001f/tokio-1.39.2/src/runtime/context/runtime.rs:65:16
[INFO] [stdout]   38:     0x6540050f7f61 - tokio::runtime::scheduler::current_thread::CurrentThread::block_on::hb6cd1c657b4c755c
[INFO] [stdout]                                at /opt/rustwide/cargo-home/registry/src/index.crates.io-6f17d22bba15001f/tokio-1.39.2/src/runtime/scheduler/current_thread/mod.rs:168:9
[INFO] [stdout]   39:     0x654005110a6d - tokio::runtime::runtime::Runtime::block_on_inner::hca47e424f0cf1f63
[INFO] [stdout]                                at /opt/rustwide/cargo-home/registry/src/index.crates.io-6f17d22bba15001f/tokio-1.39.2/src/runtime/runtime.rs:361:47
[INFO] [stdout]   40:     0x654005110b85 - tokio::runtime::runtime::Runtime::block_on::h0866473725df3d92
[INFO] [stdout]                                at /opt/rustwide/cargo-home/registry/src/index.crates.io-6f17d22bba15001f/tokio-1.39.2/src/runtime/runtime.rs:335:13
[INFO] [stdout]   41:     0x6540051233f1 - ytorrent::tracker::client::tests::test_connect_scrape::h7164560236f23039
[INFO] [stdout]                                at /opt/rustwide/workdir/src/tracker/client.rs:81:9
[INFO] [stdout]   42:     0x654005123297 - ytorrent::tracker::client::tests::test_connect_scrape::{{closure}}::hcec58f70d6061601
[INFO] [stdout]                                at /opt/rustwide/workdir/src/tracker/client.rs:77:35
[INFO] [stdout]   43:     0x654005117bf6 - core::ops::function::FnOnce::call_once::h22bf2b8daf14ba11
[INFO] [stdout]                                at /rustc/90b35a6239c3d8bdabc530a6a0816f7ff89a0aaf/library/core/src/ops/function.rs:250:5
[INFO] [stdout]   44:     0x6540054df4ab - core::ops::function::FnOnce::call_once::h109cf8051a59b34e
[INFO] [stdout]                                at /rustc/90b35a6239c3d8bdabc530a6a0816f7ff89a0aaf/library/core/src/ops/function.rs:250:5
[INFO] [stdout]   45:     0x6540054df4ab - test::__rust_begin_short_backtrace::hf4fff89d377446ba
[INFO] [stdout]                                at /rustc/90b35a6239c3d8bdabc530a6a0816f7ff89a0aaf/library/test/src/lib.rs:621:18
[INFO] [stdout]   46:     0x6540054dece7 - test::run_test_in_process::{{closure}}::h0e39181dd7ee5a43
[INFO] [stdout]                                at /rustc/90b35a6239c3d8bdabc530a6a0816f7ff89a0aaf/library/test/src/lib.rs:644:60
[INFO] [stdout]   47:     0x6540054dece7 - <core::panic::unwind_safe::AssertUnwindSafe<F> as core::ops::function::FnOnce<()>>::call_once::hc5a66a30f0bdfd1f
[INFO] [stdout]                                at /rustc/90b35a6239c3d8bdabc530a6a0816f7ff89a0aaf/library/core/src/panic/unwind_safe.rs:272:9
[INFO] [stdout]   48:     0x6540054dece7 - std::panicking::try::do_call::h873b7cf639554a5e
[INFO] [stdout]                                at /rustc/90b35a6239c3d8bdabc530a6a0816f7ff89a0aaf/library/std/src/panicking.rs:557:40
[INFO] [stdout]   49:     0x6540054dece7 - std::panicking::try::hdb19862fad9c8bd1
[INFO] [stdout]                                at /rustc/90b35a6239c3d8bdabc530a6a0816f7ff89a0aaf/library/std/src/panicking.rs:520:19
[INFO] [stdout]   50:     0x6540054dece7 - std::panic::catch_unwind::h281fe732d236d260
[INFO] [stdout]                                at /rustc/90b35a6239c3d8bdabc530a6a0816f7ff89a0aaf/library/std/src/panic.rs:358:14
[INFO] [stdout]   51:     0x6540054dece7 - test::run_test_in_process::h949b6df8457ed338
[INFO] [stdout]                                at /rustc/90b35a6239c3d8bdabc530a6a0816f7ff89a0aaf/library/test/src/lib.rs:644:27
[INFO] [stdout]   52:     0x6540054dece7 - test::run_test::{{closure}}::h52c556a6d4740e10
[INFO] [stdout]                                at /rustc/90b35a6239c3d8bdabc530a6a0816f7ff89a0aaf/library/test/src/lib.rs:565:43
[INFO] [stdout]   53:     0x6540054a3fc4 - test::run_test::{{closure}}::h4237f6381c45ccb9
[INFO] [stdout]                                at /rustc/90b35a6239c3d8bdabc530a6a0816f7ff89a0aaf/library/test/src/lib.rs:595:41
[INFO] [stdout]   54:     0x6540054a3fc4 - std::sys::backtrace::__rust_begin_short_backtrace::h505c97a579eca628
[INFO] [stdout]                                at /rustc/90b35a6239c3d8bdabc530a6a0816f7ff89a0aaf/library/std/src/sys/backtrace.rs:154:18
[INFO] [stdout]   55:     0x6540054a768e - std::thread::Builder::spawn_unchecked_::{{closure}}::{{closure}}::h9e86b2e2bc107ea3
[INFO] [stdout]                                at /rustc/90b35a6239c3d8bdabc530a6a0816f7ff89a0aaf/library/std/src/thread/mod.rs:538:17
[INFO] [stdout]   56:     0x6540054a768e - <core::panic::unwind_safe::AssertUnwindSafe<F> as core::ops::function::FnOnce<()>>::call_once::h8b06ddb275ff4a25
[INFO] [stdout]                                at /rustc/90b35a6239c3d8bdabc530a6a0816f7ff89a0aaf/library/core/src/panic/unwind_safe.rs:272:9
[INFO] [stdout]   57:     0x6540054a768e - std::panicking::try::do_call::hb26ecd7cd9a9355d
[INFO] [stdout]                                at /rustc/90b35a6239c3d8bdabc530a6a0816f7ff89a0aaf/library/std/src/panicking.rs:557:40
[INFO] [stdout]   58:     0x6540054a768e - std::panicking::try::h8ddeca9d705f9069
[INFO] [stdout]                                at /rustc/90b35a6239c3d8bdabc530a6a0816f7ff89a0aaf/library/std/src/panicking.rs:520:19
[INFO] [stdout]   59:     0x6540054a768e - std::panic::catch_unwind::h49e1c33078844c46
[INFO] [stdout]                                at /rustc/90b35a6239c3d8bdabc530a6a0816f7ff89a0aaf/library/std/src/panic.rs:358:14
[INFO] [stdout]   60:     0x6540054a768e - std::thread::Builder::spawn_unchecked_::{{closure}}::h6073db6ff56ad35d
[INFO] [stdout]                                at /rustc/90b35a6239c3d8bdabc530a6a0816f7ff89a0aaf/library/std/src/thread/mod.rs:537:30
[INFO] [stdout]   61:     0x6540054a768e - core::ops::function::FnOnce::call_once{{vtable.shim}}::h2c5a5f3779c774f1
[INFO] [stdout]                                at /rustc/90b35a6239c3d8bdabc530a6a0816f7ff89a0aaf/library/core/src/ops/function.rs:250:5
[INFO] [stdout]   62:     0x6540055a511b - <alloc::boxed::Box<F,A> as core::ops::function::FnOnce<Args>>::call_once::hf75717d9f28faebf
[INFO] [stdout]                                at /rustc/90b35a6239c3d8bdabc530a6a0816f7ff89a0aaf/library/alloc/src/boxed.rs:2454:9
[INFO] [stdout]   63:     0x6540055a511b - <alloc::boxed::Box<F,A> as core::ops::function::FnOnce<Args>>::call_once::h7bd883a5f3c5f3c1
[INFO] [stdout]                                at /rustc/90b35a6239c3d8bdabc530a6a0816f7ff89a0aaf/library/alloc/src/boxed.rs:2454:9
[INFO] [stdout]   64:     0x6540055a511b - std::sys::pal::unix::thread::Thread::new::thread_start::hcc78f3943333fa94
[INFO] [stdout]                                at /rustc/90b35a6239c3d8bdabc530a6a0816f7ff89a0aaf/library/std/src/sys/pal/unix/thread.rs:105:17
[INFO] [stdout]   65:     0x77ded16cdac3 - <unknown>
[INFO] [stdout]   66:     0x77ded175ea04 - clone
[INFO] [stdout]   67:                0x0 - <unknown>
[INFO] [stdout] 
[INFO] [stdout] ---- tracker::client::tests::test_connect_tracker stdout ----
[INFO] [stdout] parsed token: Dict
[INFO] [stdout] parsed token: String(8)
[INFO] [stdout] parsed token: String(41)
[INFO] [stdout] parsed token: String(7)
[INFO] [stdout] parsed token: String(35)
[INFO] [stdout] parsed token: String(10)
[INFO] [stdout] parsed token: String(13)
[INFO] [stdout] parsed token: String(13)
[INFO] [stdout] parsed token: Num("1707570148")
[INFO] [stdout] parsed token: String(4)
[INFO] [stdout] parsed token: Dict
[INFO] [stdout] parsed token: String(6)
[INFO] [stdout] parsed token: Num("659554304")
[INFO] [stdout] parsed token: String(4)
[INFO] [stdout] parsed token: String(31)
[INFO] [stdout] parsed token: String(12)
[INFO] [stdout] parsed token: Num("262144")
[INFO] [stdout] parsed token: String(6)
[INFO] [stdout] parsed token: String(50320)
[INFO] [stdout] parsed token: End
[INFO] [stdout] parsed token: String(8)
[INFO] [stdout] parsed token: List
[INFO] [stdout] parsed token: String(94)
[INFO] [stdout] parsed token: String(94)
[INFO] [stdout] parsed token: End
[INFO] [stdout] parsed token: End
[INFO] [stdout] deserialize_map
[INFO] [stdout] parsed token: Dict
[INFO] [stdout] parsed token: String(8)
[INFO] [stdout] peek token: String(8)
[INFO] [stdout] visit map key String(8)
[INFO] [stdout] deserialize_string for identifier
[INFO] [stdout] reused token: String(8)
[INFO] [stdout] visit map value
[INFO] [stdout] deserialize_string for string
[INFO] [stdout] parsed token: String(41)
[INFO] [stdout] parsed token: String(7)
[INFO] [stdout] peek token: String(7)
[INFO] [stdout] visit map key String(7)
[INFO] [stdout] deserialize_string for identifier
[INFO] [stdout] reused token: String(7)
[INFO] [stdout] visit map value
[INFO] [stdout] deserialize_string for string
[INFO] [stdout] parsed token: String(35)
[INFO] [stdout] parsed token: String(10)
[INFO] [stdout] peek token: String(10)
[INFO] [stdout] visit map key String(10)
[INFO] [stdout] deserialize_string for identifier
[INFO] [stdout] reused token: String(10)
[INFO] [stdout] visit map value
[INFO] [stdout] deserialize_string for string
[INFO] [stdout] parsed token: String(13)
[INFO] [stdout] parsed token: String(13)
[INFO] [stdout] peek token: String(13)
[INFO] [stdout] visit map key String(13)
[INFO] [stdout] deserialize_string for identifier
[INFO] [stdout] reused token: String(13)
[INFO] [stdout] visit map value
[INFO] [stdout] deserialize_integer for u64
[INFO] [stdout] parsed token: Num("1707570148")
[INFO] [stdout] parsed token: String(4)
[INFO] [stdout] peek token: String(4)
[INFO] [stdout] visit map key String(4)
[INFO] [stdout] deserialize_string for identifier
[INFO] [stdout] reused token: String(4)
[INFO] [stdout] visit map value
[INFO] [stdout] deserialize_map
[INFO] [stdout] parsed token: Dict
[INFO] [stdout] parsed token: String(6)
[INFO] [stdout] peek token: String(6)
[INFO] [stdout] visit map key String(6)
[INFO] [stdout] deserialize_string for identifier
[INFO] [stdout] reused token: String(6)
[INFO] [stdout] visit map value
[INFO] [stdout] deserialize_any
[INFO] [stdout] parsed token: Num("659554304")
[INFO] [stdout] peek token: Num("659554304")
[INFO] [stdout] deserialize_integer for i64
[INFO] [stdout] reused token: Num("659554304")
[INFO] [stdout] parsed token: String(4)
[INFO] [stdout] peek token: String(4)
[INFO] [stdout] visit map key String(4)
[INFO] [stdout] deserialize_string for identifier
[INFO] [stdout] reused token: String(4)
[INFO] [stdout] visit map value
[INFO] [stdout] deserialize_string for string
[INFO] [stdout] parsed token: String(31)
[INFO] [stdout] parsed token: String(12)
[INFO] [stdout] peek token: String(12)
[INFO] [stdout] visit map key String(12)
[INFO] [stdout] deserialize_string for identifier
[INFO] [stdout] reused token: String(12)
[INFO] [stdout] visit map value
[INFO] [stdout] deserialize_integer for u64
[INFO] [stdout] parsed token: Num("262144")
[INFO] [stdout] parsed token: String(6)
[INFO] [stdout] peek token: String(6)
[INFO] [stdout] visit map key String(6)
[INFO] [stdout] deserialize_string for identifier
[INFO] [stdout] reused token: String(6)
[INFO] [stdout] visit map value
[INFO] [stdout] deserialize_bytes for bytes
[INFO] [stdout] parsed token: String(50320)
[INFO] [stdout] parsed token: End
[INFO] [stdout] peek token: End
[INFO] [stdout] reused token: End
[INFO] [stdout] end deserialize_map
[INFO] [stdout] parsed token: String(8)
[INFO] [stdout] peek token: String(8)
[INFO] [stdout] visit map key String(8)
[INFO] [stdout] deserialize_string for identifier
[INFO] [stdout] reused token: String(8)
[INFO] [stdout] visit map value
[INFO] [stdout] deserialize_seq
[INFO] [stdout] parsed token: List
[INFO] [stdout] parsed token: String(94)
[INFO] [stdout] peek token: String(94)
[INFO] [stdout] deserialize_string for string
[INFO] [stdout] reused token: String(94)
[INFO] [stdout] parsed token: String(94)
[INFO] [stdout] peek token: String(94)
[INFO] [stdout] deserialize_string for string
[INFO] [stdout] reused token: String(94)
[INFO] [stdout] parsed token: End
[INFO] [stdout] peek token: End
[INFO] [stdout] reused token: End
[INFO] [stdout] parsed token: End
[INFO] [stdout] peek token: End
[INFO] [stdout] reused token: End
[INFO] [stdout] end deserialize_map
[INFO] [stdout] url: http://bttracker.debian.org:6969/announce?info_hash=%2Bf%98%00%93%BC%11%80o%ABP%CB%3C%B4%185%B9Z%03b&peer_id=%5D%96%F4s%15%00%15%CB%A2%CBs%60%F3K%3CCHu%E9%D8&compact=1
[INFO] [stdout] checkout waiting for idle connection: ("http", bttracker.debian.org:6969)
[INFO] [stdout] starting new connection: http://bttracker.debian.org:6969/
[INFO] [stdout] Http::connect; scheme=Some("http"), host=Some("bttracker.debian.org"), port=Some(Port(6969))
[INFO] [stdout] resolving host="bttracker.debian.org"
[INFO] [stdout] checkout dropped for ("http", bttracker.debian.org:6969)
[INFO] [stdout] Err(Request("reqwest::Error { kind: Request, url: Url { scheme: \"http\", cannot_be_a_base: false, username: \"\", password: None, host: Some(Domain(\"bttracker.debian.org\")), port: Some(6969), path: \"/announce\", query: Some(\"info_hash=%2Bf%98%00%93%BC%11%80o%ABP%CB%3C%B4%185%B9Z%03b&peer_id=%5D%96%F4s%15%00%15%CB%A2%CBs%60%F3K%3CCHu%E9%D8&compact=1\"), fragment: None }, source: Error { kind: Connect, source: Some(ConnectError(\"dns error\", Custom { kind: Uncategorized, error: \"failed to lookup address information: Temporary failure in name resolution\" })) } }"))
[INFO] [stdout] thread 'tracker::client::tests::test_connect_tracker' panicked at src/tracker/client.rs:73:9:
[INFO] [stdout] assertion failed: resp.is_ok()
[INFO] [stdout] stack backtrace:
[INFO] [stdout]    0:     0x65400559f48a - std::backtrace_rs::backtrace::libunwind::trace::h5a5b8284f2d0c266
[INFO] [stdout]                                at /rustc/90b35a6239c3d8bdabc530a6a0816f7ff89a0aaf/library/std/src/../../backtrace/src/backtrace/libunwind.rs:116:5
[INFO] [stdout]    1:     0x65400559f48a - std::backtrace_rs::backtrace::trace_unsynchronized::h76d4f1c9b0b875e3
[INFO] [stdout]                                at /rustc/90b35a6239c3d8bdabc530a6a0816f7ff89a0aaf/library/std/src/../../backtrace/src/backtrace/mod.rs:66:5
[INFO] [stdout]    2:     0x65400559f48a - std::sys::backtrace::_print_fmt::hc4546b8364a537c6
[INFO] [stdout]                                at /rustc/90b35a6239c3d8bdabc530a6a0816f7ff89a0aaf/library/std/src/sys/backtrace.rs:66:9
[INFO] [stdout]    3:     0x65400559f48a - <std::sys::backtrace::BacktraceLock::print::DisplayBacktrace as core::fmt::Display>::fmt::h5b6bd5631a6d1f6b
[INFO] [stdout]                                at /rustc/90b35a6239c3d8bdabc530a6a0816f7ff89a0aaf/library/std/src/sys/backtrace.rs:39:26
[INFO] [stdout]    4:     0x6540055c8383 - core::fmt::rt::Argument::fmt::h270f6602a2b96f62
[INFO] [stdout]                                at /rustc/90b35a6239c3d8bdabc530a6a0816f7ff89a0aaf/library/core/src/fmt/rt.rs:177:76
[INFO] [stdout]    5:     0x6540055c8383 - core::fmt::write::h7550c97b06c86515
[INFO] [stdout]                                at /rustc/90b35a6239c3d8bdabc530a6a0816f7ff89a0aaf/library/core/src/fmt/mod.rs:1186:21
[INFO] [stdout]    6:     0x65400559bb73 - std::io::Write::write_fmt::h509ff860e5956e5e
[INFO] [stdout]                                at /rustc/90b35a6239c3d8bdabc530a6a0816f7ff89a0aaf/library/std/src/io/mod.rs:1839:15
[INFO] [stdout]    7:     0x65400559f2d2 - std::sys::backtrace::BacktraceLock::print::h2395ccd2c84ba3aa
[INFO] [stdout]                                at /rustc/90b35a6239c3d8bdabc530a6a0816f7ff89a0aaf/library/std/src/sys/backtrace.rs:42:9
[INFO] [stdout]    8:     0x6540055a08ea - std::panicking::default_hook::{{closure}}::he19d4c7230e07961
[INFO] [stdout]                                at /rustc/90b35a6239c3d8bdabc530a6a0816f7ff89a0aaf/library/std/src/panicking.rs:268:22
[INFO] [stdout]    9:     0x6540055a06f4 - std::panicking::default_hook::hf614597d3c67bbdb
[INFO] [stdout]                                at /rustc/90b35a6239c3d8bdabc530a6a0816f7ff89a0aaf/library/std/src/panicking.rs:292:9
[INFO] [stdout]   10:     0x6540054daae9 - <alloc::boxed::Box<F,A> as core::ops::function::Fn<Args>>::call::h39b51ce4599c23d1
[INFO] [stdout]                                at /rustc/90b35a6239c3d8bdabc530a6a0816f7ff89a0aaf/library/alloc/src/boxed.rs:2468:9
[INFO] [stdout]   11:     0x6540054daae9 - test::test_main::{{closure}}::he977ae839a582784
[INFO] [stdout]                                at /rustc/90b35a6239c3d8bdabc530a6a0816f7ff89a0aaf/library/test/src/lib.rs:133:21
[INFO] [stdout]   12:     0x6540055a0f88 - <alloc::boxed::Box<F,A> as core::ops::function::Fn<Args>>::call::h9455091b6b06f9fb
[INFO] [stdout]                                at /rustc/90b35a6239c3d8bdabc530a6a0816f7ff89a0aaf/library/alloc/src/boxed.rs:2468:9
[INFO] [stdout]   13:     0x6540055a0f88 - std::panicking::rust_panic_with_hook::h8942133a8b252070
[INFO] [stdout]                                at /rustc/90b35a6239c3d8bdabc530a6a0816f7ff89a0aaf/library/std/src/panicking.rs:809:13
[INFO] [stdout]   14:     0x6540055a0d16 - std::panicking::begin_panic_handler::{{closure}}::hb5f5963570096b29
[INFO] [stdout]                                at /rustc/90b35a6239c3d8bdabc530a6a0816f7ff89a0aaf/library/std/src/panicking.rs:667:13
[INFO] [stdout]   15:     0x65400559f969 - std::sys::backtrace::__rust_end_short_backtrace::h6208cedc1922feda
[INFO] [stdout]                                at /rustc/90b35a6239c3d8bdabc530a6a0816f7ff89a0aaf/library/std/src/sys/backtrace.rs:170:18
[INFO] [stdout]   16:     0x6540055a09dc - rust_begin_unwind
[INFO] [stdout]                                at /rustc/90b35a6239c3d8bdabc530a6a0816f7ff89a0aaf/library/std/src/panicking.rs:665:5
[INFO] [stdout]   17:     0x65400509b2b0 - core::panicking::panic_fmt::h0c3082644d1bf418
[INFO] [stdout]                                at /rustc/90b35a6239c3d8bdabc530a6a0816f7ff89a0aaf/library/core/src/panicking.rs:74:14
[INFO] [stdout]   18:     0x65400509b33c - core::panicking::panic::h957f98c65a3b3074
[INFO] [stdout]                                at /rustc/90b35a6239c3d8bdabc530a6a0816f7ff89a0aaf/library/core/src/panicking.rs:148:5
[INFO] [stdout]   19:     0x65400512322f - ytorrent::tracker::client::tests::test_connect_tracker::{{closure}}::h7e2218b2d01fab21
[INFO] [stdout]                                at /opt/rustwide/workdir/src/tracker/client.rs:73:9
[INFO] [stdout]   20:     0x6540050e84f2 - <core::pin::Pin<P> as core::future::future::Future>::poll::h44ee3afa036318ad
[INFO] [stdout]                                at /rustc/90b35a6239c3d8bdabc530a6a0816f7ff89a0aaf/library/core/src/future/future.rs:123:9
[INFO] [stdout]   21:     0x6540050e852d - <core::pin::Pin<P> as core::future::future::Future>::poll::h4808b8a852b60ae6
[INFO] [stdout]                                at /rustc/90b35a6239c3d8bdabc530a6a0816f7ff89a0aaf/library/core/src/future/future.rs:123:9
[INFO] [stdout]   22:     0x6540050fb91f - tokio::runtime::scheduler::current_thread::CoreGuard::block_on::{{closure}}::{{closure}}::{{closure}}::hb7f86b2f5caadae6
[INFO] [stdout]                                at /opt/rustwide/cargo-home/registry/src/index.crates.io-6f17d22bba15001f/tokio-1.39.2/src/runtime/scheduler/current_thread/mod.rs:673:57
[INFO] [stdout]   23:     0x6540050fb825 - tokio::runtime::coop::with_budget::h80f0ac3a755daa06
[INFO] [stdout]                                at /opt/rustwide/cargo-home/registry/src/index.crates.io-6f17d22bba15001f/tokio-1.39.2/src/runtime/coop.rs:107:5
[INFO] [stdout]   24:     0x6540050fb825 - tokio::runtime::coop::budget::hf13537f60c2c811b
[INFO] [stdout]                                at /opt/rustwide/cargo-home/registry/src/index.crates.io-6f17d22bba15001f/tokio-1.39.2/src/runtime/coop.rs:73:5
[INFO] [stdout]   25:     0x6540050fb825 - tokio::runtime::scheduler::current_thread::CoreGuard::block_on::{{closure}}::{{closure}}::h9502b58db2b9d448
[INFO] [stdout]                                at /opt/rustwide/cargo-home/registry/src/index.crates.io-6f17d22bba15001f/tokio-1.39.2/src/runtime/scheduler/current_thread/mod.rs:673:25
[INFO] [stdout]   26:     0x6540050f8bb0 - tokio::runtime::scheduler::current_thread::Context::enter::h1a382bd6846738d3
[INFO] [stdout]                                at /opt/rustwide/cargo-home/registry/src/index.crates.io-6f17d22bba15001f/tokio-1.39.2/src/runtime/scheduler/current_thread/mod.rs:412:19
[INFO] [stdout]   27:     0x6540050fa66b - tokio::runtime::scheduler::current_thread::CoreGuard::block_on::{{closure}}::h1abc17425ff586c0
[INFO] [stdout]                                at /opt/rustwide/cargo-home/registry/src/index.crates.io-6f17d22bba15001f/tokio-1.39.2/src/runtime/scheduler/current_thread/mod.rs:672:36
[INFO] [stdout]   28:     0x6540050fa364 - tokio::runtime::scheduler::current_thread::CoreGuard::enter::{{closure}}::h301e20da5576def7
[INFO] [stdout]                                at /opt/rustwide/cargo-home/registry/src/index.crates.io-6f17d22bba15001f/tokio-1.39.2/src/runtime/scheduler/current_thread/mod.rs:751:68
[INFO] [stdout]   29:     0x65400511c49b - tokio::runtime::context::scoped::Scoped<T>::set::h26f9e58131523d2e
[INFO] [stdout]                                at /opt/rustwide/cargo-home/registry/src/index.crates.io-6f17d22bba15001f/tokio-1.39.2/src/runtime/context/scoped.rs:40:9
[INFO] [stdout]   30:     0x6540050dc0c9 - tokio::runtime::context::set_scheduler::{{closure}}::h66064a09e7524ae5
[INFO] [stdout]                                at /opt/rustwide/cargo-home/registry/src/index.crates.io-6f17d22bba15001f/tokio-1.39.2/src/runtime/context.rs:180:26
[INFO] [stdout]   31:     0x6540050e489d - std::thread::local::LocalKey<T>::try_with::h239d3eae84c45e88
[INFO] [stdout]                                at /rustc/90b35a6239c3d8bdabc530a6a0816f7ff89a0aaf/library/std/src/thread/local.rs:283:12
[INFO] [stdout]   32:     0x6540050e45ea - std::thread::local::LocalKey<T>::with::hca5247f1ceb69dbc
[INFO] [stdout]                                at /rustc/90b35a6239c3d8bdabc530a6a0816f7ff89a0aaf/library/std/src/thread/local.rs:260:9
[INFO] [stdout]   33:     0x6540050dc07d - tokio::runtime::context::set_scheduler::hc6aba60d597aa440
[INFO] [stdout]                                at /opt/rustwide/cargo-home/registry/src/index.crates.io-6f17d22bba15001f/tokio-1.39.2/src/runtime/context.rs:180:9
[INFO] [stdout]   34:     0x6540050fa110 - tokio::runtime::scheduler::current_thread::CoreGuard::enter::h788ddbe36234cc34
[INFO] [stdout]                                at /opt/rustwide/cargo-home/registry/src/index.crates.io-6f17d22bba15001f/tokio-1.39.2/src/runtime/scheduler/current_thread/mod.rs:751:27
[INFO] [stdout]   35:     0x6540050fa403 - tokio::runtime::scheduler::current_thread::CoreGuard::block_on::h72cd8add653aef46
[INFO] [stdout]                                at /opt/rustwide/cargo-home/registry/src/index.crates.io-6f17d22bba15001f/tokio-1.39.2/src/runtime/scheduler/current_thread/mod.rs:660:19
[INFO] [stdout]   36:     0x6540050f81aa - tokio::runtime::scheduler::current_thread::CurrentThread::block_on::{{closure}}::h19d696d6d9c0247d
[INFO] [stdout]                                at /opt/rustwide/cargo-home/registry/src/index.crates.io-6f17d22bba15001f/tokio-1.39.2/src/runtime/scheduler/current_thread/mod.rs:180:28
[INFO] [stdout]   37:     0x6540050e77e6 - tokio::runtime::context::runtime::enter_runtime::ha005032261cf3e8b
[INFO] [stdout]                                at /opt/rustwide/cargo-home/registry/src/index.crates.io-6f17d22bba15001f/tokio-1.39.2/src/runtime/context/runtime.rs:65:16
[INFO] [stdout]   38:     0x6540050f7f61 - tokio::runtime::scheduler::current_thread::CurrentThread::block_on::hb6cd1c657b4c755c
[INFO] [stdout]                                at /opt/rustwide/cargo-home/registry/src/index.crates.io-6f17d22bba15001f/tokio-1.39.2/src/runtime/scheduler/current_thread/mod.rs:168:9
[INFO] [stdout]   39:     0x654005110a6d - tokio::runtime::runtime::Runtime::block_on_inner::hca47e424f0cf1f63
[INFO] [stdout]                                at /opt/rustwide/cargo-home/registry/src/index.crates.io-6f17d22bba15001f/tokio-1.39.2/src/runtime/runtime.rs:361:47
[INFO] [stdout]   40:     0x654005110b85 - tokio::runtime::runtime::Runtime::block_on::h0866473725df3d92
[INFO] [stdout]                                at /opt/rustwide/cargo-home/registry/src/index.crates.io-6f17d22bba15001f/tokio-1.39.2/src/runtime/runtime.rs:335:13
[INFO] [stdout]   41:     0x654005122e41 - ytorrent::tracker::client::tests::test_connect_tracker::h6e700c7752948e74
[INFO] [stdout]                                at /opt/rustwide/workdir/src/tracker/client.rs:73:9
[INFO] [stdout]   42:     0x654005122ce7 - ytorrent::tracker::client::tests::test_connect_tracker::{{closure}}::h3116174bfca15ebe
[INFO] [stdout]                                at /opt/rustwide/workdir/src/tracker/client.rs:69:36
[INFO] [stdout]   43:     0x654005118266 - core::ops::function::FnOnce::call_once::hb3b4fbc6052a2c19
[INFO] [stdout]                                at /rustc/90b35a6239c3d8bdabc530a6a0816f7ff89a0aaf/library/core/src/ops/function.rs:250:5
[INFO] [stdout]   44:     0x6540054df4ab - core::ops::function::FnOnce::call_once::h109cf8051a59b34e
[INFO] [stdout]                                at /rustc/90b35a6239c3d8bdabc530a6a0816f7ff89a0aaf/library/core/src/ops/function.rs:250:5
[INFO] [stdout]   45:     0x6540054df4ab - test::__rust_begin_short_backtrace::hf4fff89d377446ba
[INFO] [stdout]                                at /rustc/90b35a6239c3d8bdabc530a6a0816f7ff89a0aaf/library/test/src/lib.rs:621:18
[INFO] [stdout]   46:     0x6540054dece7 - test::run_test_in_process::{{closure}}::h0e39181dd7ee5a43
[INFO] [stdout]                                at /rustc/90b35a6239c3d8bdabc530a6a0816f7ff89a0aaf/library/test/src/lib.rs:644:60
[INFO] [stdout]   47:     0x6540054dece7 - <core::panic::unwind_safe::AssertUnwindSafe<F> as core::ops::function::FnOnce<()>>::call_once::hc5a66a30f0bdfd1f
[INFO] [stdout]                                at /rustc/90b35a6239c3d8bdabc530a6a0816f7ff89a0aaf/library/core/src/panic/unwind_safe.rs:272:9
[INFO] [stdout]   48:     0x6540054dece7 - std::panicking::try::do_call::h873b7cf639554a5e
[INFO] [stdout]                                at /rustc/90b35a6239c3d8bdabc530a6a0816f7ff89a0aaf/library/std/src/panicking.rs:557:40
[INFO] [stdout]   49:     0x6540054dece7 - std::panicking::try::hdb19862fad9c8bd1
[INFO] [stdout]                                at /rustc/90b35a6239c3d8bdabc530a6a0816f7ff89a0aaf/library/std/src/panicking.rs:520:19
[INFO] [stdout]   50:     0x6540054dece7 - std::panic::catch_unwind::h281fe732d236d260
[INFO] [stdout]                                at /rustc/90b35a6239c3d8bdabc530a6a0816f7ff89a0aaf/library/std/src/panic.rs:358:14
[INFO] [stdout]   51:     0x6540054dece7 - test::run_test_in_process::h949b6df8457ed338
[INFO] [stdout]                                at /rustc/90b35a6239c3d8bdabc530a6a0816f7ff89a0aaf/library/test/src/lib.rs:644:27
[INFO] [stdout]   52:     0x6540054dece7 - test::run_test::{{closure}}::h52c556a6d4740e10
[INFO] [stdout]                                at /rustc/90b35a6239c3d8bdabc530a6a0816f7ff89a0aaf/library/test/src/lib.rs:565:43
[INFO] [stdout]   53:     0x6540054a3fc4 - test::run_test::{{closure}}::h4237f6381c45ccb9
[INFO] [stdout]                                at /rustc/90b35a6239c3d8bdabc530a6a0816f7ff89a0aaf/library/test/src/lib.rs:595:41
[INFO] [stdout]   54:     0x6540054a3fc4 - std::sys::backtrace::__rust_begin_short_backtrace::h505c97a579eca628
[INFO] [stdout]                                at /rustc/90b35a6239c3d8bdabc530a6a0816f7ff89a0aaf/library/std/src/sys/backtrace.rs:154:18
[INFO] [stdout]   55:     0x6540054a768e - std::thread::Builder::spawn_unchecked_::{{closure}}::{{closure}}::h9e86b2e2bc107ea3
[INFO] [stdout]                                at /rustc/90b35a6239c3d8bdabc530a6a0816f7ff89a0aaf/library/std/src/thread/mod.rs:538:17
[INFO] [stdout]   56:     0x6540054a768e - <core::panic::unwind_safe::AssertUnwindSafe<F> as core::ops::function::FnOnce<()>>::call_once::h8b06ddb275ff4a25
[INFO] [stdout]                                at /rustc/90b35a6239c3d8bdabc530a6a0816f7ff89a0aaf/library/core/src/panic/unwind_safe.rs:272:9
[INFO] [stdout]   57:     0x6540054a768e - std::panicking::try::do_call::hb26ecd7cd9a9355d
[INFO] [stdout]                                at /rustc/90b35a6239c3d8bdabc530a6a0816f7ff89a0aaf/library/std/src/panicking.rs:557:40
[INFO] [stdout]   58:     0x6540054a768e - std::panicking::try::h8ddeca9d705f9069
[INFO] [stdout]                                at /rustc/90b35a6239c3d8bdabc530a6a0816f7ff89a0aaf/library/std/src/panicking.rs:520:19
[INFO] [stdout]   59:     0x6540054a768e - std::panic::catch_unwind::h49e1c33078844c46
[INFO] [stdout]                                at /rustc/90b35a6239c3d8bdabc530a6a0816f7ff89a0aaf/library/std/src/panic.rs:358:14
[INFO] [stdout]   60:     0x6540054a768e - std::thread::Builder::spawn_unchecked_::{{closure}}::h6073db6ff56ad35d
[INFO] [stdout]                                at /rustc/90b35a6239c3d8bdabc530a6a0816f7ff89a0aaf/library/std/src/thread/mod.rs:537:30
[INFO] [stdout]   61:     0x6540054a768e - core::ops::function::FnOnce::call_once{{vtable.shim}}::h2c5a5f3779c774f1
[INFO] [stdout]                                at /rustc/90b35a6239c3d8bdabc530a6a0816f7ff89a0aaf/library/core/src/ops/function.rs:250:5
[INFO] [stdout]   62:     0x6540055a511b - <alloc::boxed::Box<F,A> as core::ops::function::FnOnce<Args>>::call_once::hf75717d9f28faebf
[INFO] [stdout]                                at /rustc/90b35a6239c3d8bdabc530a6a0816f7ff89a0aaf/library/alloc/src/boxed.rs:2454:9
[INFO] [stdout]   63:     0x6540055a511b - <alloc::boxed::Box<F,A> as core::ops::function::FnOnce<Args>>::call_once::h7bd883a5f3c5f3c1
[INFO] [stdout]                                at /rustc/90b35a6239c3d8bdabc530a6a0816f7ff89a0aaf/library/alloc/src/boxed.rs:2454:9
[INFO] [stdout]   64:     0x6540055a511b - std::sys::pal::unix::thread::Thread::new::thread_start::hcc78f3943333fa94
[INFO] [stdout]                                at /rustc/90b35a6239c3d8bdabc530a6a0816f7ff89a0aaf/library/std/src/sys/pal/unix/thread.rs:105:17
[INFO] [stdout]   65:     0x77ded16cdac3 - <unknown>
[INFO] [stdout]   66:     0x77ded175ea04 - clone
[INFO] [stdout]   67:                0x0 - <unknown>
[INFO] [stdout] 
[INFO] [stdout] 
[INFO] [stdout] failures:
[INFO] [stdout]     tracker::client::tests::test_connect_scrape
[INFO] [stdout]     tracker::client::tests::test_connect_tracker
[INFO] [stdout] 
[INFO] [stdout] test result: FAILED. 5 passed; 2 failed; 0 ignored; 0 measured; 0 filtered out; finished in 0.16s
[INFO] [stdout] 
[INFO] [stderr] error: test failed, to rerun pass `--lib`
[INFO] running `Command { std: "docker" "inspect" "2c46babf34d4490bb7de2df9cbb664225ab17a39a15635671d54f2df01d321f2", kill_on_drop: false }`
[INFO] running `Command { std: "docker" "rm" "-f" "2c46babf34d4490bb7de2df9cbb664225ab17a39a15635671d54f2df01d321f2", kill_on_drop: false }`
[INFO] [stdout] 2c46babf34d4490bb7de2df9cbb664225ab17a39a15635671d54f2df01d321f2
