[INFO] cloning repository https://github.com/yamadapc/react_magnetic_di_swc_plugin
[INFO] running `Command { std: "git" "-c" "credential.helper=" "-c" "credential.helper=/workspace/cargo-home/bin/git-credential-null" "clone" "--bare" "https://github.com/yamadapc/react_magnetic_di_swc_plugin" "/workspace/cache/git-repos/https%3A%2F%2Fgithub.com%2Fyamadapc%2Freact_magnetic_di_swc_plugin", kill_on_drop: false }`
[INFO] [stderr] Cloning into bare repository '/workspace/cache/git-repos/https%3A%2F%2Fgithub.com%2Fyamadapc%2Freact_magnetic_di_swc_plugin'...
[INFO] running `Command { std: "git" "rev-parse" "HEAD", kill_on_drop: false }`
[INFO] [stdout] b532e4668cdf6c84981c5b07fe60be9b7e652e2c
[INFO] testing yamadapc/react_magnetic_di_swc_plugin against beta-2024-12-08 for beta-1.84.0-4-retry
[INFO] running `Command { std: "git" "clone" "/workspace/cache/git-repos/https%3A%2F%2Fgithub.com%2Fyamadapc%2Freact_magnetic_di_swc_plugin" "/workspace/builds/worker-5-tc2/source", kill_on_drop: false }`
[INFO] [stderr] Cloning into '/workspace/builds/worker-5-tc2/source'...
[INFO] [stderr] done.
[INFO] validating manifest of git repo https://github.com/yamadapc/react_magnetic_di_swc_plugin on toolchain beta-2024-12-08
[INFO] running `Command { std: CARGO_HOME="/workspace/cargo-home" RUSTUP_HOME="/workspace/rustup-home" "/workspace/cargo-home/bin/cargo" "+beta-2024-12-08" "metadata" "--manifest-path" "Cargo.toml" "--no-deps", kill_on_drop: false }`
[INFO] removed /workspace/builds/worker-5-tc2/source/.cargo/config
[INFO] started tweaking git repo https://github.com/yamadapc/react_magnetic_di_swc_plugin
[INFO] finished tweaking git repo https://github.com/yamadapc/react_magnetic_di_swc_plugin
[INFO] tweaked toml for git repo https://github.com/yamadapc/react_magnetic_di_swc_plugin written to /workspace/builds/worker-5-tc2/source/Cargo.toml
[INFO] crate git repo https://github.com/yamadapc/react_magnetic_di_swc_plugin already has a lockfile, it will not be regenerated
[INFO] running `Command { std: CARGO_HOME="/workspace/cargo-home" RUSTUP_HOME="/workspace/rustup-home" "/workspace/cargo-home/bin/cargo" "+beta-2024-12-08" "fetch" "--manifest-path" "Cargo.toml", kill_on_drop: false }`
[INFO] running `Command { std: "docker" "create" "-v" "/var/lib/crater-agent-workspace/builds/worker-5-tc2/target:/opt/rustwide/target:rw,Z" "-v" "/var/lib/crater-agent-workspace/builds/worker-5-tc2/source:/opt/rustwide/workdir:ro,Z" "-v" "/var/lib/crater-agent-workspace/cargo-home:/opt/rustwide/cargo-home:ro,Z" "-v" "/var/lib/crater-agent-workspace/rustup-home:/opt/rustwide/rustup-home:ro,Z" "-e" "SOURCE_DIR=/opt/rustwide/workdir" "-e" "CARGO_TARGET_DIR=/opt/rustwide/target" "-e" "CARGO_HOME=/opt/rustwide/cargo-home" "-e" "RUSTUP_HOME=/opt/rustwide/rustup-home" "-w" "/opt/rustwide/workdir" "-m" "1610612736" "--user" "0:0" "--network" "none" "ghcr.io/rust-lang/crates-build-env/linux@sha256:f3a9d4ad9d972b27faf3965f35b62e55ba32bbce8f20bc8fe909558a86702fde" "/opt/rustwide/cargo-home/bin/cargo" "+beta-2024-12-08" "metadata" "--no-deps" "--format-version=1", kill_on_drop: false }`
[INFO] [stdout] 133f021673e7516b011dcd75d95ceda9ff3166c8f27f51050e82186f6a64cc01
[INFO] running `Command { std: "docker" "start" "-a" "133f021673e7516b011dcd75d95ceda9ff3166c8f27f51050e82186f6a64cc01", kill_on_drop: false }`
[INFO] running `Command { std: "docker" "inspect" "133f021673e7516b011dcd75d95ceda9ff3166c8f27f51050e82186f6a64cc01", kill_on_drop: false }`
[INFO] running `Command { std: "docker" "rm" "-f" "133f021673e7516b011dcd75d95ceda9ff3166c8f27f51050e82186f6a64cc01", kill_on_drop: false }`
[INFO] [stdout] 133f021673e7516b011dcd75d95ceda9ff3166c8f27f51050e82186f6a64cc01
[INFO] running `Command { std: "docker" "create" "-v" "/var/lib/crater-agent-workspace/builds/worker-5-tc2/target:/opt/rustwide/target:rw,Z" "-v" "/var/lib/crater-agent-workspace/builds/worker-5-tc2/source:/opt/rustwide/workdir:ro,Z" "-v" "/var/lib/crater-agent-workspace/cargo-home:/opt/rustwide/cargo-home:ro,Z" "-v" "/var/lib/crater-agent-workspace/rustup-home:/opt/rustwide/rustup-home:ro,Z" "-e" "SOURCE_DIR=/opt/rustwide/workdir" "-e" "CARGO_TARGET_DIR=/opt/rustwide/target" "-e" "CARGO_INCREMENTAL=0" "-e" "RUST_BACKTRACE=full" "-e" "RUSTFLAGS=--cap-lints=warn" "-e" "RUSTDOCFLAGS=--cap-lints=warn" "-e" "CARGO_HOME=/opt/rustwide/cargo-home" "-e" "RUSTUP_HOME=/opt/rustwide/rustup-home" "-w" "/opt/rustwide/workdir" "-m" "1610612736" "--user" "0:0" "--network" "none" "ghcr.io/rust-lang/crates-build-env/linux@sha256:f3a9d4ad9d972b27faf3965f35b62e55ba32bbce8f20bc8fe909558a86702fde" "/opt/rustwide/cargo-home/bin/cargo" "+beta-2024-12-08" "build" "--frozen" "--message-format=json", kill_on_drop: false }`
[INFO] [stdout] b85a9d5f57efb58baca04015fe8b5ce548738b1585cb055a3b40d7fd2e6f3984
[INFO] running `Command { std: "docker" "start" "-a" "b85a9d5f57efb58baca04015fe8b5ce548738b1585cb055a3b40d7fd2e6f3984", kill_on_drop: false }`
[INFO] [stderr]    Compiling proc-macro2 v1.0.86
[INFO] [stderr]    Compiling unicode-ident v1.0.12
[INFO] [stderr]    Compiling version_check v0.9.5
[INFO] [stderr]    Compiling once_cell v1.19.0
[INFO] [stderr]    Compiling cfg-if v1.0.0
[INFO] [stderr]    Compiling serde v1.0.210
[INFO] [stderr]    Compiling autocfg v1.3.0
[INFO] [stderr]    Compiling syn v1.0.109
[INFO] [stderr]    Compiling zerocopy v0.7.35
[INFO] [stderr]    Compiling allocator-api2 v0.2.18
[INFO] [stderr]    Compiling libc v0.2.158
[INFO] [stderr]    Compiling siphasher v0.3.11
[INFO] [stderr]    Compiling ahash v0.8.11
[INFO] [stderr]    Compiling rand_core v0.6.4
[INFO] [stderr]    Compiling rustc-hash v1.1.0
[INFO] [stderr]    Compiling stable_deref_trait v1.2.0
[INFO] [stderr]    Compiling new_debug_unreachable v1.0.6
[INFO] [stderr]    Compiling phf_shared v0.11.2
[INFO] [stderr]    Compiling rand v0.8.5
[INFO] [stderr]    Compiling tinyvec_macros v0.1.1
[INFO] [stderr]    Compiling serde_json v1.0.128
[INFO] [stderr]    Compiling tinyvec v1.8.0
[INFO] [stderr]    Compiling num-traits v0.2.19
[INFO] [stderr]    Compiling itoa v1.0.11
[INFO] [stderr]    Compiling ryu v1.0.18
[INFO] [stderr]    Compiling pin-project-lite v0.2.14
[INFO] [stderr]    Compiling memchr v2.7.4
[INFO] [stderr]    Compiling percent-encoding v2.3.1
[INFO] [stderr]    Compiling quote v1.0.37
[INFO] [stderr]    Compiling anyhow v1.0.87
[INFO] [stderr]    Compiling unicode-bidi v0.3.15
[INFO] [stderr]    Compiling syn v2.0.77
[INFO] [stderr]    Compiling phf_generator v0.11.2
[INFO] [stderr]    Compiling unicode-normalization v0.1.23
[INFO] [stderr]    Compiling form_urlencoded v1.2.1
[INFO] [stderr]    Compiling bumpalo v3.16.0
[INFO] [stderr]    Compiling unicode-width v0.1.13
[INFO] [stderr]    Compiling idna v0.5.0
[INFO] [stderr]    Compiling ahash v0.7.8
[INFO] [stderr]    Compiling smallvec v1.13.2
[INFO] [stderr]    Compiling either v1.13.0
[INFO] [stderr]    Compiling scoped-tls v1.0.1
[INFO] [stderr]    Compiling bytecheck v0.6.12
[INFO] [stderr]    Compiling better_scoped_tls v0.1.1
[INFO] [stderr]    Compiling getrandom v0.2.15
[INFO] [stderr]    Compiling num-integer v0.1.46
[INFO] [stderr]    Compiling swc_visit v0.6.2
[INFO] [stderr]    Compiling hashbrown v0.14.5
[INFO] [stderr]    Compiling radium v0.7.0
[INFO] [stderr]    Compiling unicode-id-start v1.2.0
[INFO] [stderr]    Compiling simdutf8 v0.1.4
[INFO] [stderr]    Compiling rend v0.4.2
[INFO] [stderr]    Compiling url v2.5.2
[INFO] [stderr]    Compiling lock_api v0.4.12
[INFO] [stderr]    Compiling tracing-core v0.1.32
[INFO] [stderr]    Compiling tap v1.0.1
[INFO] [stderr]    Compiling parking_lot_core v0.9.10
[INFO] [stderr]    Compiling outref v0.1.0
[INFO] [stderr]    Compiling rkyv v0.7.44
[INFO] [stderr]    Compiling simd-abstraction v0.7.1
[INFO] [stderr]    Compiling wyz v0.5.1
[INFO] [stderr]    Compiling hashbrown v0.12.3
[INFO] [stderr]    Compiling seahash v4.1.0
[INFO] [stderr]    Compiling scopeguard v1.2.0
[INFO] [stderr]    Compiling uuid v1.10.0
[INFO] [stderr]    Compiling funty v2.0.0
[INFO] [stderr]    Compiling base64-simd v0.7.0
[INFO] [stderr]    Compiling if_chain v1.0.2
[INFO] [stderr]    Compiling data-encoding v2.6.0
[INFO] [stderr]    Compiling Inflector v0.11.4
[INFO] [stderr]    Compiling thiserror v1.0.63
[INFO] [stderr]    Compiling bitvec v1.0.1
[INFO] [stderr]    Compiling parking_lot v0.12.3
[INFO] [stderr]    Compiling shlex v1.3.0
[INFO] [stderr]    Compiling regex-syntax v0.8.4
[INFO] [stderr]    Compiling termcolor v1.4.1
[INFO] [stderr]    Compiling cc v1.1.18
[INFO] [stderr]    Compiling camino v1.1.9
[INFO] [stderr]    Compiling semver v1.0.23
[INFO] [stderr]    Compiling bitflags v2.6.0
[INFO] [stderr]    Compiling aho-corasick v1.1.3
[INFO] [stderr]    Compiling typenum v1.17.0
[INFO] [stderr]    Compiling generic-array v0.14.7
[INFO] [stderr]    Compiling ptr_meta_derive v0.1.4
[INFO] [stderr]    Compiling swc_macros_common v0.3.13
[INFO] [stderr]    Compiling bytecheck_derive v0.6.12
[INFO] [stderr]    Compiling rkyv_derive v0.7.44
[INFO] [stderr]    Compiling ptr_meta v0.1.4
[INFO] [stderr]    Compiling psm v0.1.23
[INFO] [stderr]    Compiling stacker v0.1.17
[INFO] [stderr]    Compiling regex-automata v0.4.7
[INFO] [stderr]    Compiling smartstring v1.0.1
[INFO] [stderr]    Compiling rustversion v1.0.17
[INFO] [stderr]    Compiling regex-syntax v0.6.29
[INFO] [stderr]    Compiling serde_derive v1.0.210
[INFO] [stderr]    Compiling phf_macros v0.11.2
[INFO] [stderr]    Compiling tracing-attributes v0.1.27
[INFO] [stderr]    Compiling from_variant v0.1.9
[INFO] [stderr]    Compiling swc_eq_ignore_macros v0.1.4
[INFO] [stderr]    Compiling phf v0.11.2
[INFO] [stderr]    Compiling ast_node v0.9.9
[INFO] [stderr]    Compiling thiserror-impl v1.0.63
[INFO] [stderr]    Compiling tracing v0.1.40
[INFO] [stderr]    Compiling string_enum v0.4.4
[INFO] [stderr]    Compiling is-macro v0.3.6
[INFO] [stderr]    Compiling regex v1.10.6
[INFO] [stderr]    Compiling smawk v0.3.2
[INFO] [stderr]    Compiling unicode-linebreak v0.1.5
[INFO] [stderr]    Compiling static_assertions v1.1.0
[INFO] [stderr]    Compiling regex-automata v0.1.10
[INFO] [stderr]    Compiling textwrap v0.16.1
[INFO] [stderr]    Compiling miette-derive v7.2.0
[INFO] [stderr]    Compiling log v0.4.22
[INFO] [stderr]    Compiling overload v0.1.1
[INFO] [stderr]    Compiling lazy_static v1.5.0
[INFO] [stderr]    Compiling typed-arena v2.0.2
[INFO] [stderr]    Compiling owo-colors v4.0.0
[INFO] [stderr]    Compiling vergen v8.3.2
[INFO] [stderr]    Compiling sharded-slab v0.1.7
[INFO] [stderr]    Compiling matchers v0.1.0
[INFO] [stderr]    Compiling nu-ansi-term v0.46.0
[INFO] [stderr]    Compiling tracing-log v0.2.0
[INFO] [stderr]    Compiling miette v7.2.0
[INFO] [stderr]    Compiling block-buffer v0.10.4
[INFO] [stderr]    Compiling crypto-common v0.1.6
[INFO] [stderr]    Compiling thread_local v1.1.8
[INFO] [stderr]    Compiling rustix v0.38.36
[INFO] [stderr]    Compiling diff v0.1.13
[INFO] [stderr]    Compiling equivalent v1.0.1
[INFO] [stderr]    Compiling yansi v0.5.1
[INFO] [stderr]    Compiling glob v0.3.1
[INFO] [stderr]    Compiling relative-path v1.9.3
[INFO] [stderr]    Compiling pretty_assertions v1.4.0
[INFO] [stderr]    Compiling indexmap v2.5.0
[INFO] [stderr]    Compiling digest v0.10.7
[INFO] [stderr]    Compiling num_cpus v1.16.0
[INFO] [stderr]    Compiling ansi_term v0.12.1
[INFO] [stderr]    Compiling ryu-js v1.0.1
[INFO] [stderr]    Compiling testing_macros v0.2.14
[INFO] [stderr]    Compiling cpufeatures v0.2.14
[INFO] [stderr]    Compiling linux-raw-sys v0.4.14
[INFO] [stderr]    Compiling unicode-id v0.3.4
[INFO] [stderr]    Compiling difference v2.0.0
[INFO] [stderr]    Compiling sha2 v0.10.8
[INFO] [stderr]    Compiling swc_ecma_codegen_macros v0.7.7
[INFO] [stderr]    Compiling hex v0.4.3
[INFO] [stderr]    Compiling tracing-subscriber v0.3.18
[INFO] [stderr]    Compiling triomphe v0.1.13
[INFO] [stderr]    Compiling num-bigint v0.4.6
[INFO] [stderr]    Compiling hstr v0.2.12
[INFO] [stderr]    Compiling debugid v0.8.0
[INFO] [stderr]    Compiling swc_allocator v0.1.8
[INFO] [stderr]    Compiling swc_atoms v0.6.7
[INFO] [stderr]    Compiling cargo-platform v0.1.8
[INFO] [stderr]    Compiling sourcemap v9.0.0
[INFO] [stderr]    Compiling cargo_metadata v0.18.1
[INFO] [stderr]    Compiling fastrand v2.1.1
[INFO] [stderr]    Compiling swc_common v0.37.5
[INFO] [stderr]    Compiling tempfile v3.12.0
[INFO] [stderr]    Compiling swc_trace_macro v0.1.3
[INFO] [stderr]    Compiling base64 v0.21.7
[INFO] [stderr]    Compiling swc_plugin_macro v0.9.16
[INFO] [stderr]    Compiling swc_plugin v0.90.2
[INFO] [stderr]    Compiling swc_ecma_ast v0.118.2
[INFO] [stderr]    Compiling swc_core v0.101.7
[INFO] [stderr]    Compiling swc_error_reporters v0.21.0
[INFO] [stderr]    Compiling testing v0.39.0
[INFO] [stderr]    Compiling swc_ecma_testing v0.26.0
[INFO] [stderr]    Compiling swc_ecma_parser v0.149.1
[INFO] [stderr]    Compiling swc_ecma_quote_macros v0.60.0
[INFO] [stderr]    Compiling swc_ecma_visit v0.104.8
[INFO] [stderr]    Compiling swc_ecma_codegen v0.155.1
[INFO] [stderr]    Compiling swc_plugin_proxy v0.47.0
[INFO] [stderr]    Compiling swc_ecma_utils v0.134.3
[INFO] [stderr]    Compiling swc_ecma_transforms_base v0.144.0
[INFO] [stderr]    Compiling swc_ecma_transforms_testing v0.147.0
[INFO] [stderr]    Compiling react_magnetic_di_swc_plugin v0.1.0 (/opt/rustwide/workdir)
[INFO] [stdout] warning: unused import: `VarDecl`
[INFO] [stdout]  --> src/lib.rs:7:63
[INFO] [stdout]   |
[INFO] [stdout] 7 | use swc_core::ecma::ast::{ClassDecl, FnDecl, Function, Ident, VarDecl, VarDeclarator};
[INFO] [stdout]   |                                                               ^^^^^^^
[INFO] [stdout]   |
[INFO] [stdout]   = note: `#[warn(unused_imports)]` on by default
[INFO] [stdout] 
[INFO] [stdout] 
[INFO] [stderr]     Finished `dev` profile [unoptimized + debuginfo] target(s) in 3m 56s
[INFO] running `Command { std: "docker" "inspect" "b85a9d5f57efb58baca04015fe8b5ce548738b1585cb055a3b40d7fd2e6f3984", kill_on_drop: false }`
[INFO] running `Command { std: "docker" "rm" "-f" "b85a9d5f57efb58baca04015fe8b5ce548738b1585cb055a3b40d7fd2e6f3984", kill_on_drop: false }`
[INFO] [stdout] b85a9d5f57efb58baca04015fe8b5ce548738b1585cb055a3b40d7fd2e6f3984
[INFO] running `Command { std: "docker" "create" "-v" "/var/lib/crater-agent-workspace/builds/worker-5-tc2/target:/opt/rustwide/target:rw,Z" "-v" "/var/lib/crater-agent-workspace/builds/worker-5-tc2/source:/opt/rustwide/workdir:ro,Z" "-v" "/var/lib/crater-agent-workspace/cargo-home:/opt/rustwide/cargo-home:ro,Z" "-v" "/var/lib/crater-agent-workspace/rustup-home:/opt/rustwide/rustup-home:ro,Z" "-e" "SOURCE_DIR=/opt/rustwide/workdir" "-e" "CARGO_TARGET_DIR=/opt/rustwide/target" "-e" "CARGO_INCREMENTAL=0" "-e" "RUST_BACKTRACE=full" "-e" "RUSTFLAGS=--cap-lints=warn" "-e" "RUSTDOCFLAGS=--cap-lints=warn" "-e" "CARGO_HOME=/opt/rustwide/cargo-home" "-e" "RUSTUP_HOME=/opt/rustwide/rustup-home" "-w" "/opt/rustwide/workdir" "-m" "1610612736" "--user" "0:0" "--network" "none" "ghcr.io/rust-lang/crates-build-env/linux@sha256:f3a9d4ad9d972b27faf3965f35b62e55ba32bbce8f20bc8fe909558a86702fde" "/opt/rustwide/cargo-home/bin/cargo" "+beta-2024-12-08" "test" "--frozen" "--no-run" "--message-format=json", kill_on_drop: false }`
[INFO] [stdout] 26cea03cb89b8a7b1e7e0e2e4fbce25917ca2215424d34fa9bfb7a073c573ac5
[INFO] running `Command { std: "docker" "start" "-a" "26cea03cb89b8a7b1e7e0e2e4fbce25917ca2215424d34fa9bfb7a073c573ac5", kill_on_drop: false }`
[INFO] [stderr]    Compiling react_magnetic_di_swc_plugin v0.1.0 (/opt/rustwide/workdir)
[INFO] [stdout] warning: unused import: `VarDecl`
[INFO] [stdout]  --> src/lib.rs:7:63
[INFO] [stdout]   |
[INFO] [stdout] 7 | use swc_core::ecma::ast::{ClassDecl, FnDecl, Function, Ident, VarDecl, VarDeclarator};
[INFO] [stdout]   |                                                               ^^^^^^^
[INFO] [stdout]   |
[INFO] [stdout]   = note: `#[warn(unused_imports)]` on by default
[INFO] [stdout] 
[INFO] [stdout] 
[INFO] [stderr]     Finished `test` profile [unoptimized + debuginfo] target(s) in 12.77s
[INFO] running `Command { std: "docker" "inspect" "26cea03cb89b8a7b1e7e0e2e4fbce25917ca2215424d34fa9bfb7a073c573ac5", kill_on_drop: false }`
[INFO] running `Command { std: "docker" "rm" "-f" "26cea03cb89b8a7b1e7e0e2e4fbce25917ca2215424d34fa9bfb7a073c573ac5", kill_on_drop: false }`
[INFO] [stdout] 26cea03cb89b8a7b1e7e0e2e4fbce25917ca2215424d34fa9bfb7a073c573ac5
[INFO] running `Command { std: "docker" "create" "-v" "/var/lib/crater-agent-workspace/builds/worker-5-tc2/target:/opt/rustwide/target:rw,Z" "-v" "/var/lib/crater-agent-workspace/builds/worker-5-tc2/source:/opt/rustwide/workdir:ro,Z" "-v" "/var/lib/crater-agent-workspace/cargo-home:/opt/rustwide/cargo-home:ro,Z" "-v" "/var/lib/crater-agent-workspace/rustup-home:/opt/rustwide/rustup-home:ro,Z" "-e" "SOURCE_DIR=/opt/rustwide/workdir" "-e" "CARGO_TARGET_DIR=/opt/rustwide/target" "-e" "CARGO_INCREMENTAL=0" "-e" "RUST_BACKTRACE=full" "-e" "RUSTFLAGS=--cap-lints=warn" "-e" "RUSTDOCFLAGS=--cap-lints=warn" "-e" "CARGO_HOME=/opt/rustwide/cargo-home" "-e" "RUSTUP_HOME=/opt/rustwide/rustup-home" "-w" "/opt/rustwide/workdir" "-m" "1610612736" "--user" "0:0" "--network" "none" "ghcr.io/rust-lang/crates-build-env/linux@sha256:f3a9d4ad9d972b27faf3965f35b62e55ba32bbce8f20bc8fe909558a86702fde" "/opt/rustwide/cargo-home/bin/cargo" "+beta-2024-12-08" "test" "--frozen", kill_on_drop: false }`
[INFO] [stdout] 1b7eb1ecd8d251f4324392383d88fd4acb77424615bd53f0b4f38041962460a6
[INFO] running `Command { std: "docker" "start" "-a" "1b7eb1ecd8d251f4324392383d88fd4acb77424615bd53f0b4f38041962460a6", kill_on_drop: false }`
[INFO] [stderr] warning: unused import: `VarDecl`
[INFO] [stderr]  --> src/lib.rs:7:63
[INFO] [stderr]   |
[INFO] [stderr] 7 | use swc_core::ecma::ast::{ClassDecl, FnDecl, Function, Ident, VarDecl, VarDeclarator};
[INFO] [stderr]   |                                                               ^^^^^^^
[INFO] [stderr]   |
[INFO] [stderr]   = note: `#[warn(unused_imports)]` on by default
[INFO] [stderr] 
[INFO] [stderr] warning: `react_magnetic_di_swc_plugin` (lib test) generated 1 warning (run `cargo fix --lib -p react_magnetic_di_swc_plugin --tests` to apply 1 suggestion)
[INFO] [stderr]     Finished `test` profile [unoptimized + debuginfo] target(s) in 0.44s
[INFO] [stderr]      Running unittests src/lib.rs (/opt/rustwide/target/debug/deps/react_magnetic_di_swc_plugin-ec7928f64c8ebafc)
[INFO] [stdout] 
[INFO] [stdout] running 3 tests
[INFO] [stdout] test test::test_should_work_in_class_components ... ok
[INFO] [stdout] test test::test_should_work_in_function_components ... ok
[INFO] [stdout] test test::test_should_work_in_arrow_function_components ... FAILED
[INFO] [stdout] 
[INFO] [stdout] failures:
[INFO] [stdout] 
[INFO] [stdout] ---- test::test_should_work_in_arrow_function_components stdout ----
[INFO] [stdout]   [32m INFO[0m  [32mDiagnostics will be printed to stderr as logging level is trace or debug[0m
[INFO] [stdout]     [2;3mat[0m /opt/rustwide/cargo-home/registry/src/index.crates.io-6f17d22bba15001f/testing-0.39.0/src/errors/stderr.rs:17
[INFO] [stdout] 
[INFO] [stdout] ----- [32mExpected[0m -----
[INFO] [stdout] import React, { Component } from 'react';
[INFO] [stdout] import Modal from 'modal';
[INFO] [stdout] const MyComponent = ()=>{
[INFO] [stdout]     const [_Modal] = _di([
[INFO] [stdout]         Modal
[INFO] [stdout]     ], MyComponent);
[INFO] [stdout]     return <_Modal/>;
[INFO] [stdout] };
[INFO] [stdout] 
[INFO] [stdout]   [32m INFO[0m  [32mDiagnostics will be printed to stderr as logging level is trace or debug[0m
[INFO] [stdout]     [2;3mat[0m /opt/rustwide/cargo-home/registry/src/index.crates.io-6f17d22bba15001f/testing-0.39.0/src/errors/stderr.rs:17
[INFO] [stdout] 
[INFO] [stdout] ----- [32mInput[0m -----
[INFO] [stdout] 
[INFO] [stdout] import React, { Component } from 'react';
[INFO] [stdout] import Modal from 'modal';
[INFO] [stdout] 
[INFO] [stdout] const MyComponent = () => {
[INFO] [stdout]     return <Modal />;
[INFO] [stdout] }
[INFO] [stdout] ----- [32mActual[0m -----
[INFO] [stdout]   [34mDEBUG[0m  [34mRenaming `React#0` to `React`[0m
[INFO] [stdout]     [2;3mat[0m /opt/rustwide/cargo-home/registry/src/index.crates.io-6f17d22bba15001f/swc_ecma_transforms_base-0.144.0/src/rename/analyzer/scope.rs:163
[INFO] [stdout] 
[INFO] [stdout]   [34mDEBUG[0m  [34mRenaming `Component#0` to `Component`[0m
[INFO] [stdout]     [2;3mat[0m /opt/rustwide/cargo-home/registry/src/index.crates.io-6f17d22bba15001f/swc_ecma_transforms_base-0.144.0/src/rename/analyzer/scope.rs:163
[INFO] [stdout] 
[INFO] [stdout]   [34mDEBUG[0m  [34mRenaming `Modal#0` to `Modal`[0m
[INFO] [stdout]     [2;3mat[0m /opt/rustwide/cargo-home/registry/src/index.crates.io-6f17d22bba15001f/swc_ecma_transforms_base-0.144.0/src/rename/analyzer/scope.rs:163
[INFO] [stdout] 
[INFO] [stdout]   [34mDEBUG[0m  [34mRenaming `MyComponent#0` to `MyComponent`[0m
[INFO] [stdout]     [2;3mat[0m /opt/rustwide/cargo-home/registry/src/index.crates.io-6f17d22bba15001f/swc_ecma_transforms_base-0.144.0/src/rename/analyzer/scope.rs:163
[INFO] [stdout] 
[INFO] [stdout] thread 'test::test_should_work_in_arrow_function_components' panicked at src/lib.rs:212:9:
[INFO] [stdout] assertion failed: `(left == right)`: Exepcted:
[INFO] [stdout] import React, { Component } from 'react';
[INFO] [stdout] import Modal from 'modal';
[INFO] [stdout] const MyComponent = ()=>{
[INFO] [stdout]     const [_Modal] = _di([
[INFO] [stdout]         Modal
[INFO] [stdout]     ], MyComponent);
[INFO] [stdout]     return <_Modal/>;
[INFO] [stdout] };
[INFO] [stdout] 
[INFO] [stdout] Actual:
[INFO] [stdout] import React, { Component } from 'react';
[INFO] [stdout] import Modal from 'modal';
[INFO] [stdout] const MyComponent = ()=>{
[INFO] [stdout]     return <Modal/>;
[INFO] [stdout] };
[INFO] [stdout] 
[INFO] [stdout] 
[INFO] [stdout] 
[INFO] [stdout] [1mDiff[0m [31m< left[0m / [32mright >[0m :
[INFO] [stdout]  import React, { Component } from 'react';
[INFO] [stdout]  import Modal from 'modal';
[INFO] [stdout]  const MyComponent = ()=>{
[INFO] [stdout] [31m<    const [_Modal] = _di([[0m
[INFO] [stdout] [31m<        Modal[0m
[INFO] [stdout] [31m<    ], MyComponent);[0m
[INFO] [stdout] [31m<    return <_Modal/>;[0m
[INFO] [stdout] [32m>    return <Modal/>;[0m
[INFO] [stdout]  };
[INFO] [stdout]  
[INFO] [stdout] 
[INFO] [stdout] 
[INFO] [stdout] stack backtrace:
[INFO] [stdout]    0:     0x55af89074a0a - std::backtrace_rs::backtrace::libunwind::trace::h8810477743020387
[INFO] [stdout]                                at /rustc/202008a1b8de96d2e5b6bc02d379db03a877d34d/library/std/src/../../backtrace/src/backtrace/libunwind.rs:116:5
[INFO] [stdout]    1:     0x55af89074a0a - std::backtrace_rs::backtrace::trace_unsynchronized::h3aa55355dd6c54a6
[INFO] [stdout]                                at /rustc/202008a1b8de96d2e5b6bc02d379db03a877d34d/library/std/src/../../backtrace/src/backtrace/mod.rs:66:5
[INFO] [stdout]    2:     0x55af89074a0a - std::sys::backtrace::_print_fmt::h8588b0f62410823f
[INFO] [stdout]                                at /rustc/202008a1b8de96d2e5b6bc02d379db03a877d34d/library/std/src/sys/backtrace.rs:66:9
[INFO] [stdout]    3:     0x55af89074a0a - <std::sys::backtrace::BacktraceLock::print::DisplayBacktrace as core::fmt::Display>::fmt::h98c26ac25ffe89bb
[INFO] [stdout]                                at /rustc/202008a1b8de96d2e5b6bc02d379db03a877d34d/library/std/src/sys/backtrace.rs:39:26
[INFO] [stdout]    4:     0x55af8909c8d3 - core::fmt::rt::Argument::fmt::hf95377f4aebd453b
[INFO] [stdout]                                at /rustc/202008a1b8de96d2e5b6bc02d379db03a877d34d/library/core/src/fmt/rt.rs:177:76
[INFO] [stdout]    5:     0x55af8909c8d3 - core::fmt::write::h0dd5f6e2238c7982
[INFO] [stdout]                                at /rustc/202008a1b8de96d2e5b6bc02d379db03a877d34d/library/core/src/fmt/mod.rs:1189:21
[INFO] [stdout]    6:     0x55af890719b3 - std::io::Write::write_fmt::h03bb0ca26e6faf8c
[INFO] [stdout]                                at /rustc/202008a1b8de96d2e5b6bc02d379db03a877d34d/library/std/src/io/mod.rs:1884:15
[INFO] [stdout]    7:     0x55af89074852 - std::sys::backtrace::BacktraceLock::print::h5c19c1c038ee186d
[INFO] [stdout]                                at /rustc/202008a1b8de96d2e5b6bc02d379db03a877d34d/library/std/src/sys/backtrace.rs:42:9
[INFO] [stdout]    8:     0x55af89075e8d - std::panicking::default_hook::{{closure}}::h77172f079a1fcb13
[INFO] [stdout]                                at /rustc/202008a1b8de96d2e5b6bc02d379db03a877d34d/library/std/src/panicking.rs:268:22
[INFO] [stdout]    9:     0x55af89075c97 - std::panicking::default_hook::he5f8e3b203ccddba
[INFO] [stdout]                                at /rustc/202008a1b8de96d2e5b6bc02d379db03a877d34d/library/std/src/panicking.rs:292:9
[INFO] [stdout]   10:     0x55af8873ec47 - <alloc::boxed::Box<F,A> as core::ops::function::Fn<Args>>::call::h7a3c7b4a1ae77f2f
[INFO] [stdout]                                at /rustc/202008a1b8de96d2e5b6bc02d379db03a877d34d/library/alloc/src/boxed.rs:1986:9
[INFO] [stdout]   11:     0x55af8873ec47 - test::test_main::{{closure}}::hf0d3b69ae9b353d1
[INFO] [stdout]                                at /rustc/202008a1b8de96d2e5b6bc02d379db03a877d34d/library/test/src/lib.rs:134:21
[INFO] [stdout]   12:     0x55af89076538 - <alloc::boxed::Box<F,A> as core::ops::function::Fn<Args>>::call::h6332e82e7b189abd
[INFO] [stdout]                                at /rustc/202008a1b8de96d2e5b6bc02d379db03a877d34d/library/alloc/src/boxed.rs:1986:9
[INFO] [stdout]   13:     0x55af89076538 - std::panicking::rust_panic_with_hook::h53863d4e9018df39
[INFO] [stdout]                                at /rustc/202008a1b8de96d2e5b6bc02d379db03a877d34d/library/std/src/panicking.rs:809:13
[INFO] [stdout]   14:     0x55af890762fa - std::panicking::begin_panic_handler::{{closure}}::h67280e6fa0757873
[INFO] [stdout]                                at /rustc/202008a1b8de96d2e5b6bc02d379db03a877d34d/library/std/src/panicking.rs:674:13
[INFO] [stdout]   15:     0x55af89074ee9 - std::sys::backtrace::__rust_end_short_backtrace::h1dac3f54d6fbbeb2
[INFO] [stdout]                                at /rustc/202008a1b8de96d2e5b6bc02d379db03a877d34d/library/std/src/sys/backtrace.rs:170:18
[INFO] [stdout]   16:     0x55af89075f8c - rust_begin_unwind
[INFO] [stdout]                                at /rustc/202008a1b8de96d2e5b6bc02d379db03a877d34d/library/std/src/panicking.rs:665:5
[INFO] [stdout]   17:     0x55af886ce180 - core::panicking::panic_fmt::h6792bd1b2bf01041
[INFO] [stdout]                                at /rustc/202008a1b8de96d2e5b6bc02d379db03a877d34d/library/core/src/panicking.rs:76:14
[INFO] [stdout]   18:     0x55af886e1e87 - swc_ecma_transforms_testing::test_inline_input_output::hed3b39d9580d9234
[INFO] [stdout]                                at /opt/rustwide/cargo-home/registry/src/index.crates.io-6f17d22bba15001f/swc_ecma_transforms_testing-0.147.0/src/lib.rs:401:5
[INFO] [stdout]   19:     0x55af886ff7db - react_magnetic_di_swc_plugin::test::test_should_work_in_arrow_function_components::h027e77ca39d9556e
[INFO] [stdout]                                at /opt/rustwide/workdir/src/lib.rs:212:9
[INFO] [stdout]   20:     0x55af886ff717 - react_magnetic_di_swc_plugin::test::test_should_work_in_arrow_function_components::{{closure}}::hb1d66571d33fe12e
[INFO] [stdout]                                at /opt/rustwide/workdir/src/lib.rs:211:55
[INFO] [stdout]   21:     0x55af886db3e6 - core::ops::function::FnOnce::call_once::h31e918f2a6f4a2f5
[INFO] [stdout]                                at /rustc/202008a1b8de96d2e5b6bc02d379db03a877d34d/library/core/src/ops/function.rs:250:5
[INFO] [stdout]   22:     0x55af8874376b - core::ops::function::FnOnce::call_once::h871bf86719ec9aa4
[INFO] [stdout]                                at /rustc/202008a1b8de96d2e5b6bc02d379db03a877d34d/library/core/src/ops/function.rs:250:5
[INFO] [stdout]   23:     0x55af8874376b - test::__rust_begin_short_backtrace::h2167df1e2b7d76fd
[INFO] [stdout]                                at /rustc/202008a1b8de96d2e5b6bc02d379db03a877d34d/library/test/src/lib.rs:632:18
[INFO] [stdout]   24:     0x55af88743158 - test::run_test_in_process::{{closure}}::h15d92f75a3adfb79
[INFO] [stdout]                                at /rustc/202008a1b8de96d2e5b6bc02d379db03a877d34d/library/test/src/lib.rs:655:60
[INFO] [stdout]   25:     0x55af88743158 - <core::panic::unwind_safe::AssertUnwindSafe<F> as core::ops::function::FnOnce<()>>::call_once::hb6c8955835a8dbbb
[INFO] [stdout]                                at /rustc/202008a1b8de96d2e5b6bc02d379db03a877d34d/library/core/src/panic/unwind_safe.rs:272:9
[INFO] [stdout]   26:     0x55af88743158 - std::panicking::try::do_call::hc79d0fc888a0bd30
[INFO] [stdout]                                at /rustc/202008a1b8de96d2e5b6bc02d379db03a877d34d/library/std/src/panicking.rs:557:40
[INFO] [stdout]   27:     0x55af88743158 - std::panicking::try::hb8a7878e3a8589d6
[INFO] [stdout]                                at /rustc/202008a1b8de96d2e5b6bc02d379db03a877d34d/library/std/src/panicking.rs:520:19
[INFO] [stdout]   28:     0x55af88743158 - std::panic::catch_unwind::hb8e4600ff0ff5cfa
[INFO] [stdout]                                at /rustc/202008a1b8de96d2e5b6bc02d379db03a877d34d/library/std/src/panic.rs:358:14
[INFO] [stdout]   29:     0x55af88743158 - test::run_test_in_process::hc2900b0b18688dd6
[INFO] [stdout]                                at /rustc/202008a1b8de96d2e5b6bc02d379db03a877d34d/library/test/src/lib.rs:655:27
[INFO] [stdout]   30:     0x55af88743158 - test::run_test::{{closure}}::hac2a9cb07be3d48d
[INFO] [stdout]                                at /rustc/202008a1b8de96d2e5b6bc02d379db03a877d34d/library/test/src/lib.rs:576:43
[INFO] [stdout]   31:     0x55af88706bfa - test::run_test::{{closure}}::h4a5b729e66a38cd8
[INFO] [stdout]                                at /rustc/202008a1b8de96d2e5b6bc02d379db03a877d34d/library/test/src/lib.rs:606:41
[INFO] [stdout]   32:     0x55af88706bfa - std::sys::backtrace::__rust_begin_short_backtrace::h0496fb742492f573
[INFO] [stdout]                                at /rustc/202008a1b8de96d2e5b6bc02d379db03a877d34d/library/std/src/sys/backtrace.rs:154:18
[INFO] [stdout]   33:     0x55af8870a574 - std::thread::Builder::spawn_unchecked_::{{closure}}::{{closure}}::hbb6d257c550a54bd
[INFO] [stdout]                                at /rustc/202008a1b8de96d2e5b6bc02d379db03a877d34d/library/std/src/thread/mod.rs:561:17
[INFO] [stdout]   34:     0x55af8870a574 - <core::panic::unwind_safe::AssertUnwindSafe<F> as core::ops::function::FnOnce<()>>::call_once::h46696fe4a6832328
[INFO] [stdout]                                at /rustc/202008a1b8de96d2e5b6bc02d379db03a877d34d/library/core/src/panic/unwind_safe.rs:272:9
[INFO] [stdout]   35:     0x55af8870a574 - std::panicking::try::do_call::h2625a51b667bfb64
[INFO] [stdout]                                at /rustc/202008a1b8de96d2e5b6bc02d379db03a877d34d/library/std/src/panicking.rs:557:40
[INFO] [stdout]   36:     0x55af8870a574 - std::panicking::try::hb956a59a1973aa4c
[INFO] [stdout]                                at /rustc/202008a1b8de96d2e5b6bc02d379db03a877d34d/library/std/src/panicking.rs:520:19
[INFO] [stdout]   37:     0x55af8870a574 - std::panic::catch_unwind::h64f3b9d1067ef6a0
[INFO] [stdout]                                at /rustc/202008a1b8de96d2e5b6bc02d379db03a877d34d/library/std/src/panic.rs:358:14
[INFO] [stdout]   38:     0x55af8870a574 - std::thread::Builder::spawn_unchecked_::{{closure}}::h42b2841295b6c0b2
[INFO] [stdout]                                at /rustc/202008a1b8de96d2e5b6bc02d379db03a877d34d/library/std/src/thread/mod.rs:559:30
[INFO] [stdout]   39:     0x55af8870a574 - core::ops::function::FnOnce::call_once{{vtable.shim}}::h6127de71b8124639
[INFO] [stdout]                                at /rustc/202008a1b8de96d2e5b6bc02d379db03a877d34d/library/core/src/ops/function.rs:250:5
[INFO] [stdout]   40:     0x55af8907a61b - <alloc::boxed::Box<F,A> as core::ops::function::FnOnce<Args>>::call_once::h42f0ba71002a1b2c
[INFO] [stdout]                                at /rustc/202008a1b8de96d2e5b6bc02d379db03a877d34d/library/alloc/src/boxed.rs:1972:9
[INFO] [stdout]   41:     0x55af8907a61b - <alloc::boxed::Box<F,A> as core::ops::function::FnOnce<Args>>::call_once::had9e47d7a3dcecb8
[INFO] [stdout]                                at /rustc/202008a1b8de96d2e5b6bc02d379db03a877d34d/library/alloc/src/boxed.rs:1972:9
[INFO] [stdout]   42:     0x55af8907a61b - std::sys::pal::unix::thread::Thread::new::thread_start::h48cf765408f6f5f2
[INFO] [stdout]                                at /rustc/202008a1b8de96d2e5b6bc02d379db03a877d34d/library/std/src/sys/pal/unix/thread.rs:105:17
[INFO] [stdout]   43:     0x76564d667ac3 - <unknown>
[INFO] [stdout]   44:     0x76564d6f8a04 - clone
[INFO] [stdout]   45:                0x0 - <unknown>
[INFO] [stdout] 
[INFO] [stdout] 
[INFO] [stdout] failures:
[INFO] [stdout]     test::test_should_work_in_arrow_function_components
[INFO] [stdout] 
[INFO] [stdout] test result: FAILED. 2 passed; 1 failed; 0 ignored; 0 measured; 0 filtered out; finished in 0.20s
[INFO] [stdout] 
[INFO] [stderr] error: test failed, to rerun pass `--lib`
[INFO] running `Command { std: "docker" "inspect" "1b7eb1ecd8d251f4324392383d88fd4acb77424615bd53f0b4f38041962460a6", kill_on_drop: false }`
[INFO] running `Command { std: "docker" "rm" "-f" "1b7eb1ecd8d251f4324392383d88fd4acb77424615bd53f0b4f38041962460a6", kill_on_drop: false }`
[INFO] [stdout] 1b7eb1ecd8d251f4324392383d88fd4acb77424615bd53f0b4f38041962460a6
