[INFO] cloning repository https://github.com/xyjixyjixyji/c0c
[INFO] running `Command { std: "git" "-c" "credential.helper=" "-c" "credential.helper=/workspace/cargo-home/bin/git-credential-null" "clone" "--bare" "https://github.com/xyjixyjixyji/c0c" "/workspace/cache/git-repos/https%3A%2F%2Fgithub.com%2Fxyjixyjixyji%2Fc0c", kill_on_drop: false }`
[INFO] [stderr] Cloning into bare repository '/workspace/cache/git-repos/https%3A%2F%2Fgithub.com%2Fxyjixyjixyji%2Fc0c'...
[INFO] running `Command { std: "git" "rev-parse" "HEAD", kill_on_drop: false }`
[INFO] [stdout] 09b59f68f88704a7a877b1ae5a36dd3844863b13
[INFO] testing xyjixyjixyji/c0c against 1.83.0 for beta-1.84.0-4-retry
[INFO] running `Command { std: "git" "clone" "/workspace/cache/git-repos/https%3A%2F%2Fgithub.com%2Fxyjixyjixyji%2Fc0c" "/workspace/builds/worker-3-tc1/source", kill_on_drop: false }`
[INFO] [stderr] Cloning into '/workspace/builds/worker-3-tc1/source'...
[INFO] [stderr] done.
[INFO] validating manifest of git repo https://github.com/xyjixyjixyji/c0c on toolchain 1.83.0
[INFO] running `Command { std: CARGO_HOME="/workspace/cargo-home" RUSTUP_HOME="/workspace/rustup-home" "/workspace/cargo-home/bin/cargo" "+1.83.0" "metadata" "--manifest-path" "Cargo.toml" "--no-deps", kill_on_drop: false }`
[INFO] started tweaking git repo https://github.com/xyjixyjixyji/c0c
[INFO] finished tweaking git repo https://github.com/xyjixyjixyji/c0c
[INFO] tweaked toml for git repo https://github.com/xyjixyjixyji/c0c written to /workspace/builds/worker-3-tc1/source/Cargo.toml
[INFO] crate git repo https://github.com/xyjixyjixyji/c0c already has a lockfile, it will not be regenerated
[INFO] running `Command { std: CARGO_HOME="/workspace/cargo-home" RUSTUP_HOME="/workspace/rustup-home" "/workspace/cargo-home/bin/cargo" "+1.83.0" "fetch" "--manifest-path" "Cargo.toml", kill_on_drop: false }`
[INFO] [stderr] warning: file `/workspace/builds/worker-3-tc1/source/src/main.rs` found to be present in multiple build targets:
[INFO] [stderr]   * `lib` target `compile_wasm`
[INFO] [stderr]   * `bin` target `c0c`
[INFO] running `Command { std: "docker" "create" "-v" "/var/lib/crater-agent-workspace/builds/worker-3-tc1/target:/opt/rustwide/target:rw,Z" "-v" "/var/lib/crater-agent-workspace/builds/worker-3-tc1/source:/opt/rustwide/workdir:ro,Z" "-v" "/var/lib/crater-agent-workspace/cargo-home:/opt/rustwide/cargo-home:ro,Z" "-v" "/var/lib/crater-agent-workspace/rustup-home:/opt/rustwide/rustup-home:ro,Z" "-e" "SOURCE_DIR=/opt/rustwide/workdir" "-e" "CARGO_TARGET_DIR=/opt/rustwide/target" "-e" "CARGO_HOME=/opt/rustwide/cargo-home" "-e" "RUSTUP_HOME=/opt/rustwide/rustup-home" "-w" "/opt/rustwide/workdir" "-m" "1610612736" "--user" "0:0" "--network" "none" "ghcr.io/rust-lang/crates-build-env/linux@sha256:f3a9d4ad9d972b27faf3965f35b62e55ba32bbce8f20bc8fe909558a86702fde" "/opt/rustwide/cargo-home/bin/cargo" "+1.83.0" "metadata" "--no-deps" "--format-version=1", kill_on_drop: false }`
[INFO] [stdout] b77a1a31d359c28bfb302bb9b6a40adcb64b4844b13928520b6dd7c5416eda7f
[INFO] running `Command { std: "docker" "start" "-a" "b77a1a31d359c28bfb302bb9b6a40adcb64b4844b13928520b6dd7c5416eda7f", kill_on_drop: false }`
[INFO] running `Command { std: "docker" "inspect" "b77a1a31d359c28bfb302bb9b6a40adcb64b4844b13928520b6dd7c5416eda7f", kill_on_drop: false }`
[INFO] running `Command { std: "docker" "rm" "-f" "b77a1a31d359c28bfb302bb9b6a40adcb64b4844b13928520b6dd7c5416eda7f", kill_on_drop: false }`
[INFO] [stdout] b77a1a31d359c28bfb302bb9b6a40adcb64b4844b13928520b6dd7c5416eda7f
[INFO] running `Command { std: "docker" "create" "-v" "/var/lib/crater-agent-workspace/builds/worker-3-tc1/target:/opt/rustwide/target:rw,Z" "-v" "/var/lib/crater-agent-workspace/builds/worker-3-tc1/source:/opt/rustwide/workdir:ro,Z" "-v" "/var/lib/crater-agent-workspace/cargo-home:/opt/rustwide/cargo-home:ro,Z" "-v" "/var/lib/crater-agent-workspace/rustup-home:/opt/rustwide/rustup-home:ro,Z" "-e" "SOURCE_DIR=/opt/rustwide/workdir" "-e" "CARGO_TARGET_DIR=/opt/rustwide/target" "-e" "CARGO_INCREMENTAL=0" "-e" "RUST_BACKTRACE=full" "-e" "RUSTFLAGS=--cap-lints=warn" "-e" "RUSTDOCFLAGS=--cap-lints=warn" "-e" "CARGO_HOME=/opt/rustwide/cargo-home" "-e" "RUSTUP_HOME=/opt/rustwide/rustup-home" "-w" "/opt/rustwide/workdir" "-m" "1610612736" "--user" "0:0" "--network" "none" "ghcr.io/rust-lang/crates-build-env/linux@sha256:f3a9d4ad9d972b27faf3965f35b62e55ba32bbce8f20bc8fe909558a86702fde" "/opt/rustwide/cargo-home/bin/cargo" "+1.83.0" "build" "--frozen" "--message-format=json", kill_on_drop: false }`
[INFO] [stdout] e0fbcdde8a4d1a9ffdeed97e4c0f539f95446ac0370247af511cc7bee3043d0f
[INFO] running `Command { std: "docker" "start" "-a" "e0fbcdde8a4d1a9ffdeed97e4c0f539f95446ac0370247af511cc7bee3043d0f", kill_on_drop: false }`
[INFO] [stderr] warning: file `/opt/rustwide/workdir/src/main.rs` found to be present in multiple build targets:
[INFO] [stderr]   * `lib` target `compile_wasm`
[INFO] [stderr]   * `bin` target `c0c`
[INFO] [stderr]    Compiling proc-macro2 v1.0.81
[INFO] [stderr]    Compiling unicode-ident v1.0.12
[INFO] [stderr]    Compiling libc v0.2.153
[INFO] [stderr]    Compiling cfg-if v1.0.0
[INFO] [stderr]    Compiling log v0.4.21
[INFO] [stderr]    Compiling memchr v2.7.2
[INFO] [stderr]    Compiling once_cell v1.19.0
[INFO] [stderr]    Compiling autocfg v1.2.0
[INFO] [stderr]    Compiling parking_lot_core v0.9.9
[INFO] [stderr]    Compiling equivalent v1.0.1
[INFO] [stderr]    Compiling regex-syntax v0.8.3
[INFO] [stderr]    Compiling hashbrown v0.14.3
[INFO] [stderr]    Compiling serde v1.0.198
[INFO] [stderr]    Compiling smallvec v1.13.2
[INFO] [stderr]    Compiling scopeguard v1.2.0
[INFO] [stderr]    Compiling crunchy v0.2.2
[INFO] [stderr]    Compiling wasm-bindgen-shared v0.2.92
[INFO] [stderr]    Compiling siphasher v0.3.11
[INFO] [stderr]    Compiling tiny-keccak v2.0.2
[INFO] [stderr]    Compiling precomputed-hash v0.1.1
[INFO] [stderr]    Compiling bit-vec v0.6.3
[INFO] [stderr]    Compiling same-file v1.0.6
[INFO] [stderr]    Compiling phf_shared v0.10.0
[INFO] [stderr]    Compiling bumpalo v3.16.0
[INFO] [stderr]    Compiling either v1.11.0
[INFO] [stderr]    Compiling syn v1.0.109
[INFO] [stderr]    Compiling fixedbitset v0.4.2
[INFO] [stderr]    Compiling new_debug_unreachable v1.0.6
[INFO] [stderr]    Compiling bit-set v0.5.3
[INFO] [stderr]    Compiling walkdir v2.5.0
[INFO] [stderr]    Compiling ena v0.14.2
[INFO] [stderr]    Compiling pico-args v0.5.0
[INFO] [stderr]    Compiling lock_api v0.4.11
[INFO] [stderr]    Compiling unicode-xid v0.2.4
[INFO] [stderr]    Compiling rustversion v1.0.15
[INFO] [stderr]    Compiling itertools v0.11.0
[INFO] [stderr]    Compiling winnow v0.6.6
[INFO] [stderr]    Compiling beef v0.5.2
[INFO] [stderr]    Compiling serde_json v1.0.116
[INFO] [stderr]    Compiling heck v0.4.1
[INFO] [stderr]    Compiling fnv v1.0.7
[INFO] [stderr]    Compiling wasm-bindgen v0.2.92
[INFO] [stderr]    Compiling regex-syntax v0.6.29
[INFO] [stderr]    Compiling anyhow v1.0.82
[INFO] [stderr]    Compiling indexmap v2.2.6
[INFO] [stderr]    Compiling aho-corasick v1.1.3
[INFO] [stderr]    Compiling termcolor v1.4.1
[INFO] [stderr]    Compiling ryu v1.0.17
[INFO] [stderr]    Compiling humantime v2.1.0
[INFO] [stderr]    Compiling itoa v1.0.11
[INFO] [stderr]    Compiling lazy_static v1.4.0
[INFO] [stderr]    Compiling quote v1.0.36
[INFO] [stderr]    Compiling syn v2.0.59
[INFO] [stderr]    Compiling dirs-sys-next v0.1.2
[INFO] [stderr]    Compiling is-terminal v0.4.12
[INFO] [stderr]    Compiling dirs-next v2.0.0
[INFO] [stderr]    Compiling parking_lot v0.12.1
[INFO] [stderr]    Compiling term v0.7.0
[INFO] [stderr]    Compiling string_cache v0.8.7
[INFO] [stderr]    Compiling petgraph v0.6.4
[INFO] [stderr]    Compiling ascii-canvas v3.0.0
[INFO] [stderr]    Compiling regex-automata v0.4.6
[INFO] [stderr]    Compiling regex v1.10.4
[INFO] [stderr]    Compiling lalrpop-util v0.20.2
[INFO] [stderr]    Compiling logos-derive v0.12.1
[INFO] [stderr]    Compiling lalrpop v0.20.2
[INFO] [stderr]    Compiling env_logger v0.10.2
[INFO] [stderr]    Compiling wasm-bindgen-backend v0.2.92
[INFO] [stderr]    Compiling serde_derive v1.0.198
[INFO] [stderr]    Compiling strum_macros v0.25.3
[INFO] [stderr]    Compiling enum-as-inner v0.6.0
[INFO] [stderr]    Compiling wasm-bindgen-macro-support v0.2.92
[INFO] [stderr]    Compiling logos v0.12.1
[INFO] [stderr]    Compiling wasm-bindgen-macro v0.2.92
[INFO] [stderr]    Compiling serde_spanned v0.6.5
[INFO] [stderr]    Compiling toml_datetime v0.6.5
[INFO] [stderr]    Compiling toml_edit v0.22.9
[INFO] [stderr]    Compiling c0c v0.1.0 (/opt/rustwide/workdir)
[INFO] [stderr]    Compiling toml v0.8.12
[INFO] [stdout] warning: function `main` is never used
[INFO] [stdout]   --> src/main.rs:45:4
[INFO] [stdout]    |
[INFO] [stdout] 45 | fn main() {
[INFO] [stdout]    |    ^^^^
[INFO] [stdout]    |
[INFO] [stdout]    = note: `#[warn(dead_code)]` on by default
[INFO] [stdout] 
[INFO] [stdout] 
[INFO] [stdout] warning: enum `EmitTarget` is never used
[INFO] [stdout]   --> src/args.rs:13:10
[INFO] [stdout]    |
[INFO] [stdout] 13 | pub enum EmitTarget {
[INFO] [stdout]    |          ^^^^^^^^^^
[INFO] [stdout] 
[INFO] [stdout] 
[INFO] [stdout] warning: struct `Config` is never constructed
[INFO] [stdout]   --> src/args.rs:25:12
[INFO] [stdout]    |
[INFO] [stdout] 25 | pub struct Config {
[INFO] [stdout]    |            ^^^^^^
[INFO] [stdout] 
[INFO] [stdout] 
[INFO] [stdout] warning: associated function `default` is never used
[INFO] [stdout]    --> src/args.rs:100:6
[INFO] [stdout]     |
[INFO] [stdout] 98  | impl Config {
[INFO] [stdout]     | ----------- associated function in this implementation
[INFO] [stdout] 99  |   /// Set your defaults here!
[INFO] [stdout] 100 |   fn default() -> Self {
[INFO] [stdout]     |      ^^^^^^^
[INFO] [stdout] 
[INFO] [stdout] 
[INFO] [stdout] warning: function `parse_args` is never used
[INFO] [stdout]    --> src/args.rs:118:8
[INFO] [stdout]     |
[INFO] [stdout] 118 | pub fn parse_args() -> Config {
[INFO] [stdout]     |        ^^^^^^^^^^
[INFO] [stdout] 
[INFO] [stdout] 
[INFO] [stdout] warning: method `print_instrs` is never used
[INFO] [stdout]    --> src/codegen/mod.rs:287:10
[INFO] [stdout]     |
[INFO] [stdout] 80  | impl Context {
[INFO] [stdout]     | ------------ method in this implementation
[INFO] [stdout] ...
[INFO] [stdout] 287 |   pub fn print_instrs(&self) {
[INFO] [stdout]     |          ^^^^^^^^^^^^
[INFO] [stdout] 
[INFO] [stdout] 
[INFO] [stdout] warning: function `emit_wasm` is never used
[INFO] [stdout]   --> src/emit.rs:70:8
[INFO] [stdout]    |
[INFO] [stdout] 70 | pub fn emit_wasm(
[INFO] [stdout]    |        ^^^^^^^^^
[INFO] [stdout] 
[INFO] [stdout] 
[INFO] [stdout] warning: function `emit_x86` is never used
[INFO] [stdout]   --> src/emit.rs:95:8
[INFO] [stdout]    |
[INFO] [stdout] 95 | pub fn emit_x86(filename: &str, ctxs: Vec<codegen::Context>) -> std::io::Result<()> {
[INFO] [stdout]    |        ^^^^^^^^
[INFO] [stdout] 
[INFO] [stdout] 
[INFO] [stdout] warning: function `emit_abs` is never used
[INFO] [stdout]    --> src/emit.rs:140:8
[INFO] [stdout]     |
[INFO] [stdout] 140 | pub fn emit_abs(filename: &str, ctxs: Vec<codegen::Context>) -> std::io::Result<()> {
[INFO] [stdout]     |        ^^^^^^^^
[INFO] [stdout] 
[INFO] [stdout] 
[INFO] [stdout] warning: enum `BasicBlocks` is never used
[INFO] [stdout]   --> src/optimization/post_munch/basic_blocks.rs:15:10
[INFO] [stdout]    |
[INFO] [stdout] 15 | pub enum BasicBlocks {
[INFO] [stdout]    |          ^^^^^^^^^^^
[INFO] [stdout]    |
[INFO] [stdout]    = note: `BasicBlocks` has a derived impl for the trait `Debug`, but this is intentionally ignored during dead code analysis
[INFO] [stdout] 
[INFO] [stdout] 
[INFO] [stdout] warning: associated function `new_loop` is never used
[INFO] [stdout]   --> src/optimization/post_munch/basic_blocks.rs:26:10
[INFO] [stdout]    |
[INFO] [stdout] 25 | impl BasicBlocks {
[INFO] [stdout]    | ---------------- associated function in this implementation
[INFO] [stdout] 26 |   pub fn new_loop(
[INFO] [stdout]    |          ^^^^^^^^
[INFO] [stdout] 
[INFO] [stdout] 
[INFO] [stdout] warning: function `basic_blocks_vec_from_ctx` is never used
[INFO] [stdout]   --> src/optimization/post_munch/basic_blocks.rs:87:8
[INFO] [stdout]    |
[INFO] [stdout] 87 | pub fn basic_blocks_vec_from_ctx(ctx: &crate::codegen::Context) -> Vec<BasicBlocks> {
[INFO] [stdout]    |        ^^^^^^^^^^^^^^^^^^^^^^^^^
[INFO] [stdout] 
[INFO] [stdout] 
[INFO] [stdout] warning: function `build_basic_blocks_vec` is never used
[INFO] [stdout]    --> src/optimization/post_munch/basic_blocks.rs:112:4
[INFO] [stdout]     |
[INFO] [stdout] 112 | fn build_basic_blocks_vec(
[INFO] [stdout]     |    ^^^^^^^^^^^^^^^^^^^^^^
[INFO] [stdout] 
[INFO] [stdout] 
[INFO] [stdout] warning: function `build_regular_basic_blocks` is never used
[INFO] [stdout]    --> src/optimization/post_munch/basic_blocks.rs:154:4
[INFO] [stdout]     |
[INFO] [stdout] 154 | fn build_regular_basic_blocks(
[INFO] [stdout]     |    ^^^^^^^^^^^^^^^^^^^^^^^^^^
[INFO] [stdout] 
[INFO] [stdout] 
[INFO] [stdout] warning: method `display` is never used
[INFO] [stdout]    --> src/optimization/post_munch/basic_blocks.rs:177:10
[INFO] [stdout]     |
[INFO] [stdout] 176 | impl BasicBlock {
[INFO] [stdout]     | --------------- method in this implementation
[INFO] [stdout] 177 |   pub fn display(&self, padding: &str) -> String {
[INFO] [stdout]     |          ^^^^^^^
[INFO] [stdout] 
[INFO] [stdout] 
[INFO] [stdout] warning: method `display` is never used
[INFO] [stdout]    --> src/optimization/post_munch/basic_blocks.rs:191:10
[INFO] [stdout]     |
[INFO] [stdout] 190 | impl BasicBlocks {
[INFO] [stdout]     | ---------------- method in this implementation
[INFO] [stdout] 191 |   pub fn display(&self, padding: &str) {
[INFO] [stdout]     |          ^^^^^^^
[INFO] [stdout] 
[INFO] [stdout] 
[INFO] [stderr]     Finished `dev` profile [unoptimized + debuginfo] target(s) in 42.99s
[INFO] running `Command { std: "docker" "inspect" "e0fbcdde8a4d1a9ffdeed97e4c0f539f95446ac0370247af511cc7bee3043d0f", kill_on_drop: false }`
[INFO] running `Command { std: "docker" "rm" "-f" "e0fbcdde8a4d1a9ffdeed97e4c0f539f95446ac0370247af511cc7bee3043d0f", kill_on_drop: false }`
[INFO] [stdout] e0fbcdde8a4d1a9ffdeed97e4c0f539f95446ac0370247af511cc7bee3043d0f
[INFO] running `Command { std: "docker" "create" "-v" "/var/lib/crater-agent-workspace/builds/worker-3-tc1/target:/opt/rustwide/target:rw,Z" "-v" "/var/lib/crater-agent-workspace/builds/worker-3-tc1/source:/opt/rustwide/workdir:ro,Z" "-v" "/var/lib/crater-agent-workspace/cargo-home:/opt/rustwide/cargo-home:ro,Z" "-v" "/var/lib/crater-agent-workspace/rustup-home:/opt/rustwide/rustup-home:ro,Z" "-e" "SOURCE_DIR=/opt/rustwide/workdir" "-e" "CARGO_TARGET_DIR=/opt/rustwide/target" "-e" "CARGO_INCREMENTAL=0" "-e" "RUST_BACKTRACE=full" "-e" "RUSTFLAGS=--cap-lints=warn" "-e" "RUSTDOCFLAGS=--cap-lints=warn" "-e" "CARGO_HOME=/opt/rustwide/cargo-home" "-e" "RUSTUP_HOME=/opt/rustwide/rustup-home" "-w" "/opt/rustwide/workdir" "-m" "1610612736" "--user" "0:0" "--network" "none" "ghcr.io/rust-lang/crates-build-env/linux@sha256:f3a9d4ad9d972b27faf3965f35b62e55ba32bbce8f20bc8fe909558a86702fde" "/opt/rustwide/cargo-home/bin/cargo" "+1.83.0" "test" "--frozen" "--no-run" "--message-format=json", kill_on_drop: false }`
[INFO] [stdout] 45996935c7f19acf5850a0c024ffbe4d19347034df4f56f93acd75c93dd3acbb
[INFO] running `Command { std: "docker" "start" "-a" "45996935c7f19acf5850a0c024ffbe4d19347034df4f56f93acd75c93dd3acbb", kill_on_drop: false }`
[INFO] [stderr] warning: file `/opt/rustwide/workdir/src/main.rs` found to be present in multiple build targets:
[INFO] [stderr]   * `lib` target `compile_wasm`
[INFO] [stderr]   * `bin` target `c0c`
[INFO] [stderr]    Compiling c0c v0.1.0 (/opt/rustwide/workdir)
[INFO] [stderr]     Finished `test` profile [unoptimized + debuginfo] target(s) in 4.96s
[INFO] running `Command { std: "docker" "inspect" "45996935c7f19acf5850a0c024ffbe4d19347034df4f56f93acd75c93dd3acbb", kill_on_drop: false }`
[INFO] running `Command { std: "docker" "rm" "-f" "45996935c7f19acf5850a0c024ffbe4d19347034df4f56f93acd75c93dd3acbb", kill_on_drop: false }`
[INFO] [stdout] 45996935c7f19acf5850a0c024ffbe4d19347034df4f56f93acd75c93dd3acbb
[INFO] running `Command { std: "docker" "create" "-v" "/var/lib/crater-agent-workspace/builds/worker-3-tc1/target:/opt/rustwide/target:rw,Z" "-v" "/var/lib/crater-agent-workspace/builds/worker-3-tc1/source:/opt/rustwide/workdir:ro,Z" "-v" "/var/lib/crater-agent-workspace/cargo-home:/opt/rustwide/cargo-home:ro,Z" "-v" "/var/lib/crater-agent-workspace/rustup-home:/opt/rustwide/rustup-home:ro,Z" "-e" "SOURCE_DIR=/opt/rustwide/workdir" "-e" "CARGO_TARGET_DIR=/opt/rustwide/target" "-e" "CARGO_INCREMENTAL=0" "-e" "RUST_BACKTRACE=full" "-e" "RUSTFLAGS=--cap-lints=warn" "-e" "RUSTDOCFLAGS=--cap-lints=warn" "-e" "CARGO_HOME=/opt/rustwide/cargo-home" "-e" "RUSTUP_HOME=/opt/rustwide/rustup-home" "-w" "/opt/rustwide/workdir" "-m" "1610612736" "--user" "0:0" "--network" "none" "ghcr.io/rust-lang/crates-build-env/linux@sha256:f3a9d4ad9d972b27faf3965f35b62e55ba32bbce8f20bc8fe909558a86702fde" "/opt/rustwide/cargo-home/bin/cargo" "+1.83.0" "test" "--frozen", kill_on_drop: false }`
[INFO] [stdout] 556647d1166e10bc15cc8b5f6d7b1c88f7dfcf6a6182bd9ceffcd69a49147312
[INFO] running `Command { std: "docker" "start" "-a" "556647d1166e10bc15cc8b5f6d7b1c88f7dfcf6a6182bd9ceffcd69a49147312", kill_on_drop: false }`
[INFO] [stderr] warning: file `/opt/rustwide/workdir/src/main.rs` found to be present in multiple build targets:
[INFO] [stderr]   * `lib` target `compile_wasm`
[INFO] [stderr]   * `bin` target `c0c`
[INFO] [stderr]     Finished `test` profile [unoptimized + debuginfo] target(s) in 0.11s
[INFO] [stderr]      Running unittests src/main.rs (/opt/rustwide/target/debug/deps/compile_wasm-1108aae303e734dd)
[INFO] [stdout] 
[INFO] [stdout] running 12 tests
[INFO] [stdout] test abs2asm::operand::tests::imm_represented_in_32b_test ... ok
[INFO] [stdout] test abs2asm::operand::tests::test_memloc_string ... ok
[INFO] [stdout] test abs2asm::x86instr::tests::test_magic ... ok
[INFO] [stdout] test regalloc::interference::tests::test_generate_basic_seo ... ok
[INFO] [stdout] test regalloc::interference::tests::test_generate_detached_seo ... ok
[INFO] [stdout] test regalloc::interference::tests::test_generate_z_seo ... ok
[INFO] [stdout] test utils::minheap::tests::test_minheap ... ok
[INFO] [stdout] test utils::minheap::tests::test_minheap2 ... ok
[INFO] [stdout] test registers::tests::reserved2_and_reserved3_are_caller_saved ... ok
[INFO] [stdout] test registers::tests::test_reg_index_order ... ok
[INFO] [stdout] test abs2asm::operand::tests::test_operand_string ... ok
[INFO] [stdout] test abs2asm::operand::tests::imm_valid_for_long ... FAILED
[INFO] [stdout] 
[INFO] [stdout] failures:
[INFO] [stdout] 
[INFO] [stdout] ---- abs2asm::operand::tests::imm_valid_for_long stdout ----
[INFO] [stdout] thread 'abs2asm::operand::tests::imm_valid_for_long' panicked at src/abs2asm/operand.rs:222:5:
[INFO] [stdout] assertion failed: !X64Operand::Imm(i64::MAX).valid_for_long()
[INFO] [stdout] stack backtrace:
[INFO] [stdout]    0:     0x5ce4e882917a - std::backtrace_rs::backtrace::libunwind::trace::h5a5b8284f2d0c266
[INFO] [stdout]                                at /rustc/90b35a6239c3d8bdabc530a6a0816f7ff89a0aaf/library/std/src/../../backtrace/src/backtrace/libunwind.rs:116:5
[INFO] [stdout]    1:     0x5ce4e882917a - std::backtrace_rs::backtrace::trace_unsynchronized::h76d4f1c9b0b875e3
[INFO] [stdout]                                at /rustc/90b35a6239c3d8bdabc530a6a0816f7ff89a0aaf/library/std/src/../../backtrace/src/backtrace/mod.rs:66:5
[INFO] [stdout]    2:     0x5ce4e882917a - std::sys::backtrace::_print_fmt::hc4546b8364a537c6
[INFO] [stdout]                                at /rustc/90b35a6239c3d8bdabc530a6a0816f7ff89a0aaf/library/std/src/sys/backtrace.rs:66:9
[INFO] [stdout]    3:     0x5ce4e882917a - <std::sys::backtrace::BacktraceLock::print::DisplayBacktrace as core::fmt::Display>::fmt::h5b6bd5631a6d1f6b
[INFO] [stdout]                                at /rustc/90b35a6239c3d8bdabc530a6a0816f7ff89a0aaf/library/std/src/sys/backtrace.rs:39:26
[INFO] [stdout]    4:     0x5ce4e884f643 - core::fmt::rt::Argument::fmt::h270f6602a2b96f62
[INFO] [stdout]                                at /rustc/90b35a6239c3d8bdabc530a6a0816f7ff89a0aaf/library/core/src/fmt/rt.rs:177:76
[INFO] [stdout]    5:     0x5ce4e884f643 - core::fmt::write::h7550c97b06c86515
[INFO] [stdout]                                at /rustc/90b35a6239c3d8bdabc530a6a0816f7ff89a0aaf/library/core/src/fmt/mod.rs:1186:21
[INFO] [stdout]    6:     0x5ce4e8826343 - std::io::Write::write_fmt::h509ff860e5956e5e
[INFO] [stdout]                                at /rustc/90b35a6239c3d8bdabc530a6a0816f7ff89a0aaf/library/std/src/io/mod.rs:1839:15
[INFO] [stdout]    7:     0x5ce4e8828fc2 - std::sys::backtrace::BacktraceLock::print::h2395ccd2c84ba3aa
[INFO] [stdout]                                at /rustc/90b35a6239c3d8bdabc530a6a0816f7ff89a0aaf/library/std/src/sys/backtrace.rs:42:9
[INFO] [stdout]    8:     0x5ce4e882a5da - std::panicking::default_hook::{{closure}}::he19d4c7230e07961
[INFO] [stdout]                                at /rustc/90b35a6239c3d8bdabc530a6a0816f7ff89a0aaf/library/std/src/panicking.rs:268:22
[INFO] [stdout]    9:     0x5ce4e882a3e4 - std::panicking::default_hook::hf614597d3c67bbdb
[INFO] [stdout]                                at /rustc/90b35a6239c3d8bdabc530a6a0816f7ff89a0aaf/library/std/src/panicking.rs:292:9
[INFO] [stdout]   10:     0x5ce4e87e9039 - <alloc::boxed::Box<F,A> as core::ops::function::Fn<Args>>::call::h39b51ce4599c23d1
[INFO] [stdout]                                at /rustc/90b35a6239c3d8bdabc530a6a0816f7ff89a0aaf/library/alloc/src/boxed.rs:2468:9
[INFO] [stdout]   11:     0x5ce4e87e9039 - test::test_main::{{closure}}::he977ae839a582784
[INFO] [stdout]                                at /rustc/90b35a6239c3d8bdabc530a6a0816f7ff89a0aaf/library/test/src/lib.rs:133:21
[INFO] [stdout]   12:     0x5ce4e882ac78 - <alloc::boxed::Box<F,A> as core::ops::function::Fn<Args>>::call::h9455091b6b06f9fb
[INFO] [stdout]                                at /rustc/90b35a6239c3d8bdabc530a6a0816f7ff89a0aaf/library/alloc/src/boxed.rs:2468:9
[INFO] [stdout]   13:     0x5ce4e882ac78 - std::panicking::rust_panic_with_hook::h8942133a8b252070
[INFO] [stdout]                                at /rustc/90b35a6239c3d8bdabc530a6a0816f7ff89a0aaf/library/std/src/panicking.rs:809:13
[INFO] [stdout]   14:     0x5ce4e882aa06 - std::panicking::begin_panic_handler::{{closure}}::hb5f5963570096b29
[INFO] [stdout]                                at /rustc/90b35a6239c3d8bdabc530a6a0816f7ff89a0aaf/library/std/src/panicking.rs:667:13
[INFO] [stdout]   15:     0x5ce4e8829659 - std::sys::backtrace::__rust_end_short_backtrace::h6208cedc1922feda
[INFO] [stdout]                                at /rustc/90b35a6239c3d8bdabc530a6a0816f7ff89a0aaf/library/std/src/sys/backtrace.rs:170:18
[INFO] [stdout]   16:     0x5ce4e882a6cc - rust_begin_unwind
[INFO] [stdout]                                at /rustc/90b35a6239c3d8bdabc530a6a0816f7ff89a0aaf/library/std/src/panicking.rs:665:5
[INFO] [stdout]   17:     0x5ce4e86abac0 - core::panicking::panic_fmt::h0c3082644d1bf418
[INFO] [stdout]                                at /rustc/90b35a6239c3d8bdabc530a6a0816f7ff89a0aaf/library/core/src/panicking.rs:74:14
[INFO] [stdout]   18:     0x5ce4e86abb4c - core::panicking::panic::h957f98c65a3b3074
[INFO] [stdout]                                at /rustc/90b35a6239c3d8bdabc530a6a0816f7ff89a0aaf/library/core/src/panicking.rs:148:5
[INFO] [stdout]   19:     0x5ce4e86bb240 - compile_wasm::abs2asm::operand::tests::imm_valid_for_long::h39938630569a7c2d
[INFO] [stdout]                                at /opt/rustwide/workdir/src/abs2asm/operand.rs:222:5
[INFO] [stdout]   20:     0x5ce4e86bb167 - compile_wasm::abs2asm::operand::tests::imm_valid_for_long::{{closure}}::h8b4165d5cf1f396e
[INFO] [stdout]                                at /opt/rustwide/workdir/src/abs2asm/operand.rs:218:26
[INFO] [stdout]   21:     0x5ce4e86d43f6 - core::ops::function::FnOnce::call_once::ha6392622571d2ef3
[INFO] [stdout]                                at /rustc/90b35a6239c3d8bdabc530a6a0816f7ff89a0aaf/library/core/src/ops/function.rs:250:5
[INFO] [stdout]   22:     0x5ce4e87ed9fb - core::ops::function::FnOnce::call_once::h109cf8051a59b34e
[INFO] [stdout]                                at /rustc/90b35a6239c3d8bdabc530a6a0816f7ff89a0aaf/library/core/src/ops/function.rs:250:5
[INFO] [stdout]   23:     0x5ce4e87ed9fb - test::__rust_begin_short_backtrace::hf4fff89d377446ba
[INFO] [stdout]                                at /rustc/90b35a6239c3d8bdabc530a6a0816f7ff89a0aaf/library/test/src/lib.rs:621:18
[INFO] [stdout]   24:     0x5ce4e87ed237 - test::run_test_in_process::{{closure}}::h0e39181dd7ee5a43
[INFO] [stdout]                                at /rustc/90b35a6239c3d8bdabc530a6a0816f7ff89a0aaf/library/test/src/lib.rs:644:60
[INFO] [stdout]   25:     0x5ce4e87ed237 - <core::panic::unwind_safe::AssertUnwindSafe<F> as core::ops::function::FnOnce<()>>::call_once::hc5a66a30f0bdfd1f
[INFO] [stdout]                                at /rustc/90b35a6239c3d8bdabc530a6a0816f7ff89a0aaf/library/core/src/panic/unwind_safe.rs:272:9
[INFO] [stdout]   26:     0x5ce4e87ed237 - std::panicking::try::do_call::h873b7cf639554a5e
[INFO] [stdout]                                at /rustc/90b35a6239c3d8bdabc530a6a0816f7ff89a0aaf/library/std/src/panicking.rs:557:40
[INFO] [stdout]   27:     0x5ce4e87ed237 - std::panicking::try::hdb19862fad9c8bd1
[INFO] [stdout]                                at /rustc/90b35a6239c3d8bdabc530a6a0816f7ff89a0aaf/library/std/src/panicking.rs:520:19
[INFO] [stdout]   28:     0x5ce4e87ed237 - std::panic::catch_unwind::h281fe732d236d260
[INFO] [stdout]                                at /rustc/90b35a6239c3d8bdabc530a6a0816f7ff89a0aaf/library/std/src/panic.rs:358:14
[INFO] [stdout]   29:     0x5ce4e87ed237 - test::run_test_in_process::h949b6df8457ed338
[INFO] [stdout]                                at /rustc/90b35a6239c3d8bdabc530a6a0816f7ff89a0aaf/library/test/src/lib.rs:644:27
[INFO] [stdout]   30:     0x5ce4e87ed237 - test::run_test::{{closure}}::h52c556a6d4740e10
[INFO] [stdout]                                at /rustc/90b35a6239c3d8bdabc530a6a0816f7ff89a0aaf/library/test/src/lib.rs:565:43
[INFO] [stdout]   31:     0x5ce4e87b2514 - test::run_test::{{closure}}::h4237f6381c45ccb9
[INFO] [stdout]                                at /rustc/90b35a6239c3d8bdabc530a6a0816f7ff89a0aaf/library/test/src/lib.rs:595:41
[INFO] [stdout]   32:     0x5ce4e87b2514 - std::sys::backtrace::__rust_begin_short_backtrace::h505c97a579eca628
[INFO] [stdout]                                at /rustc/90b35a6239c3d8bdabc530a6a0816f7ff89a0aaf/library/std/src/sys/backtrace.rs:154:18
[INFO] [stdout]   33:     0x5ce4e87b5bde - std::thread::Builder::spawn_unchecked_::{{closure}}::{{closure}}::h9e86b2e2bc107ea3
[INFO] [stdout]                                at /rustc/90b35a6239c3d8bdabc530a6a0816f7ff89a0aaf/library/std/src/thread/mod.rs:538:17
[INFO] [stdout]   34:     0x5ce4e87b5bde - <core::panic::unwind_safe::AssertUnwindSafe<F> as core::ops::function::FnOnce<()>>::call_once::h8b06ddb275ff4a25
[INFO] [stdout]                                at /rustc/90b35a6239c3d8bdabc530a6a0816f7ff89a0aaf/library/core/src/panic/unwind_safe.rs:272:9
[INFO] [stdout]   35:     0x5ce4e87b5bde - std::panicking::try::do_call::hb26ecd7cd9a9355d
[INFO] [stdout]                                at /rustc/90b35a6239c3d8bdabc530a6a0816f7ff89a0aaf/library/std/src/panicking.rs:557:40
[INFO] [stdout]   36:     0x5ce4e87b5bde - std::panicking::try::h8ddeca9d705f9069
[INFO] [stdout]                                at /rustc/90b35a6239c3d8bdabc530a6a0816f7ff89a0aaf/library/std/src/panicking.rs:520:19
[INFO] [stdout]   37:     0x5ce4e87b5bde - std::panic::catch_unwind::h49e1c33078844c46
[INFO] [stdout]                                at /rustc/90b35a6239c3d8bdabc530a6a0816f7ff89a0aaf/library/std/src/panic.rs:358:14
[INFO] [stdout]   38:     0x5ce4e87b5bde - std::thread::Builder::spawn_unchecked_::{{closure}}::h6073db6ff56ad35d
[INFO] [stdout]                                at /rustc/90b35a6239c3d8bdabc530a6a0816f7ff89a0aaf/library/std/src/thread/mod.rs:537:30
[INFO] [stdout]   39:     0x5ce4e87b5bde - core::ops::function::FnOnce::call_once{{vtable.shim}}::h2c5a5f3779c774f1
[INFO] [stdout]                                at /rustc/90b35a6239c3d8bdabc530a6a0816f7ff89a0aaf/library/core/src/ops/function.rs:250:5
[INFO] [stdout]   40:     0x5ce4e882e9cb - <alloc::boxed::Box<F,A> as core::ops::function::FnOnce<Args>>::call_once::hf75717d9f28faebf
[INFO] [stdout]                                at /rustc/90b35a6239c3d8bdabc530a6a0816f7ff89a0aaf/library/alloc/src/boxed.rs:2454:9
[INFO] [stdout]   41:     0x5ce4e882e9cb - <alloc::boxed::Box<F,A> as core::ops::function::FnOnce<Args>>::call_once::h7bd883a5f3c5f3c1
[INFO] [stdout]                                at /rustc/90b35a6239c3d8bdabc530a6a0816f7ff89a0aaf/library/alloc/src/boxed.rs:2454:9
[INFO] [stdout]   42:     0x5ce4e882e9cb - std::sys::pal::unix::thread::Thread::new::thread_start::hcc78f3943333fa94
[INFO] [stdout]                                at /rustc/90b35a6239c3d8bdabc530a6a0816f7ff89a0aaf/library/std/src/sys/pal/unix/thread.rs:105:17
[INFO] [stdout]   43:     0x7303157a5ac3 - <unknown>
[INFO] [stdout]   44:     0x730315836a04 - clone
[INFO] [stdout]   45:                0x0 - <unknown>
[INFO] [stdout] 
[INFO] [stdout] 
[INFO] [stdout] failures:
[INFO] [stdout]     abs2asm::operand::tests::imm_valid_for_long
[INFO] [stdout] 
[INFO] [stdout] test result: FAILED. 11 passed; 1 failed; 0 ignored; 0 measured; 0 filtered out; finished in 0.06s
[INFO] [stdout] 
[INFO] [stderr] error: test failed, to rerun pass `--lib`
[INFO] running `Command { std: "docker" "inspect" "556647d1166e10bc15cc8b5f6d7b1c88f7dfcf6a6182bd9ceffcd69a49147312", kill_on_drop: false }`
[INFO] running `Command { std: "docker" "rm" "-f" "556647d1166e10bc15cc8b5f6d7b1c88f7dfcf6a6182bd9ceffcd69a49147312", kill_on_drop: false }`
[INFO] [stdout] 556647d1166e10bc15cc8b5f6d7b1c88f7dfcf6a6182bd9ceffcd69a49147312
