[INFO] cloning repository https://github.com/xxxAnn/bootstrap
[INFO] running `Command { std: "git" "-c" "credential.helper=" "-c" "credential.helper=/workspace/cargo-home/bin/git-credential-null" "clone" "--bare" "https://github.com/xxxAnn/bootstrap" "/workspace/cache/git-repos/https%3A%2F%2Fgithub.com%2FxxxAnn%2Fbootstrap", kill_on_drop: false }`
[INFO] [stderr] Cloning into bare repository '/workspace/cache/git-repos/https%3A%2F%2Fgithub.com%2FxxxAnn%2Fbootstrap'...
[INFO] running `Command { std: "git" "rev-parse" "HEAD", kill_on_drop: false }`
[INFO] [stdout] a8fe0f744dc53d03596f5dfeca3255c78fb8f38d
[INFO] testing xxxAnn/bootstrap against 1.83.0 for beta-1.84.0-4-retry
[INFO] running `Command { std: "git" "clone" "/workspace/cache/git-repos/https%3A%2F%2Fgithub.com%2FxxxAnn%2Fbootstrap" "/workspace/builds/worker-0-tc1/source", kill_on_drop: false }`
[INFO] [stderr] Cloning into '/workspace/builds/worker-0-tc1/source'...
[INFO] [stderr] done.
[INFO] validating manifest of git repo https://github.com/xxxAnn/bootstrap on toolchain 1.83.0
[INFO] running `Command { std: CARGO_HOME="/workspace/cargo-home" RUSTUP_HOME="/workspace/rustup-home" "/workspace/cargo-home/bin/cargo" "+1.83.0" "metadata" "--manifest-path" "Cargo.toml" "--no-deps", kill_on_drop: false }`
[INFO] started tweaking git repo https://github.com/xxxAnn/bootstrap
[INFO] finished tweaking git repo https://github.com/xxxAnn/bootstrap
[INFO] tweaked toml for git repo https://github.com/xxxAnn/bootstrap written to /workspace/builds/worker-0-tc1/source/Cargo.toml
[INFO] crate git repo https://github.com/xxxAnn/bootstrap already has a lockfile, it will not be regenerated
[INFO] running `Command { std: CARGO_HOME="/workspace/cargo-home" RUSTUP_HOME="/workspace/rustup-home" "/workspace/cargo-home/bin/cargo" "+1.83.0" "fetch" "--manifest-path" "Cargo.toml", kill_on_drop: false }`
[INFO] [stderr]     Blocking waiting for file lock on package cache
[INFO] [stderr]     Updating crates.io index
[INFO] [stderr]     Blocking waiting for file lock on package cache
[INFO] [stderr]      Locking 3 packages to latest compatible versions
[INFO] [stderr]       Adding memchr v2.7.4
[INFO] [stderr]       Adding minimal-lexical v0.2.1
[INFO] [stderr]       Adding nom v7.1.3
[INFO] running `Command { std: "docker" "create" "-v" "/var/lib/crater-agent-workspace/builds/worker-0-tc1/target:/opt/rustwide/target:rw,Z" "-v" "/var/lib/crater-agent-workspace/builds/worker-0-tc1/source:/opt/rustwide/workdir:ro,Z" "-v" "/var/lib/crater-agent-workspace/cargo-home:/opt/rustwide/cargo-home:ro,Z" "-v" "/var/lib/crater-agent-workspace/rustup-home:/opt/rustwide/rustup-home:ro,Z" "-e" "SOURCE_DIR=/opt/rustwide/workdir" "-e" "CARGO_TARGET_DIR=/opt/rustwide/target" "-e" "CARGO_HOME=/opt/rustwide/cargo-home" "-e" "RUSTUP_HOME=/opt/rustwide/rustup-home" "-w" "/opt/rustwide/workdir" "-m" "1610612736" "--user" "0:0" "--network" "none" "ghcr.io/rust-lang/crates-build-env/linux@sha256:f3a9d4ad9d972b27faf3965f35b62e55ba32bbce8f20bc8fe909558a86702fde" "/opt/rustwide/cargo-home/bin/cargo" "+1.83.0" "metadata" "--no-deps" "--format-version=1", kill_on_drop: false }`
[INFO] [stdout] 0b8ec83db12481e3f2e1ef43d235620fbb0e23ea31b25caf230cb14a6674f4c9
[INFO] running `Command { std: "docker" "start" "-a" "0b8ec83db12481e3f2e1ef43d235620fbb0e23ea31b25caf230cb14a6674f4c9", kill_on_drop: false }`
[INFO] running `Command { std: "docker" "inspect" "0b8ec83db12481e3f2e1ef43d235620fbb0e23ea31b25caf230cb14a6674f4c9", kill_on_drop: false }`
[INFO] running `Command { std: "docker" "rm" "-f" "0b8ec83db12481e3f2e1ef43d235620fbb0e23ea31b25caf230cb14a6674f4c9", kill_on_drop: false }`
[INFO] [stdout] 0b8ec83db12481e3f2e1ef43d235620fbb0e23ea31b25caf230cb14a6674f4c9
[INFO] running `Command { std: "docker" "create" "-v" "/var/lib/crater-agent-workspace/builds/worker-0-tc1/target:/opt/rustwide/target:rw,Z" "-v" "/var/lib/crater-agent-workspace/builds/worker-0-tc1/source:/opt/rustwide/workdir:ro,Z" "-v" "/var/lib/crater-agent-workspace/cargo-home:/opt/rustwide/cargo-home:ro,Z" "-v" "/var/lib/crater-agent-workspace/rustup-home:/opt/rustwide/rustup-home:ro,Z" "-e" "SOURCE_DIR=/opt/rustwide/workdir" "-e" "CARGO_TARGET_DIR=/opt/rustwide/target" "-e" "CARGO_INCREMENTAL=0" "-e" "RUST_BACKTRACE=full" "-e" "RUSTFLAGS=--cap-lints=warn" "-e" "RUSTDOCFLAGS=--cap-lints=warn" "-e" "CARGO_HOME=/opt/rustwide/cargo-home" "-e" "RUSTUP_HOME=/opt/rustwide/rustup-home" "-w" "/opt/rustwide/workdir" "-m" "1610612736" "--user" "0:0" "--network" "none" "ghcr.io/rust-lang/crates-build-env/linux@sha256:f3a9d4ad9d972b27faf3965f35b62e55ba32bbce8f20bc8fe909558a86702fde" "/opt/rustwide/cargo-home/bin/cargo" "+1.83.0" "build" "--frozen" "--message-format=json", kill_on_drop: false }`
[INFO] [stdout] a73ce69abcdc6d6aa55637187b5ad2e1f1589962a372715b8f9c2b3d36b26c64
[INFO] running `Command { std: "docker" "start" "-a" "a73ce69abcdc6d6aa55637187b5ad2e1f1589962a372715b8f9c2b3d36b26c64", kill_on_drop: false }`
[INFO] [stderr]    Compiling memchr v2.7.4
[INFO] [stderr]    Compiling minimal-lexical v0.2.1
[INFO] [stderr]    Compiling nom v7.1.3
[INFO] [stderr]    Compiling bootstrap v0.1.0 (/opt/rustwide/workdir)
[INFO] [stdout] warning: unused import: `nom`
[INFO] [stdout]   --> src/lib.rs:34:5
[INFO] [stdout]    |
[INFO] [stdout] 34 | use nom;
[INFO] [stdout]    |     ^^^
[INFO] [stdout]    |
[INFO] [stdout]    = note: `#[warn(unused_imports)]` on by default
[INFO] [stdout] 
[INFO] [stdout] 
[INFO] [stderr]     Finished `dev` profile [unoptimized + debuginfo] target(s) in 3.13s
[INFO] running `Command { std: "docker" "inspect" "a73ce69abcdc6d6aa55637187b5ad2e1f1589962a372715b8f9c2b3d36b26c64", kill_on_drop: false }`
[INFO] running `Command { std: "docker" "rm" "-f" "a73ce69abcdc6d6aa55637187b5ad2e1f1589962a372715b8f9c2b3d36b26c64", kill_on_drop: false }`
[INFO] [stdout] a73ce69abcdc6d6aa55637187b5ad2e1f1589962a372715b8f9c2b3d36b26c64
[INFO] running `Command { std: "docker" "create" "-v" "/var/lib/crater-agent-workspace/builds/worker-0-tc1/target:/opt/rustwide/target:rw,Z" "-v" "/var/lib/crater-agent-workspace/builds/worker-0-tc1/source:/opt/rustwide/workdir:ro,Z" "-v" "/var/lib/crater-agent-workspace/cargo-home:/opt/rustwide/cargo-home:ro,Z" "-v" "/var/lib/crater-agent-workspace/rustup-home:/opt/rustwide/rustup-home:ro,Z" "-e" "SOURCE_DIR=/opt/rustwide/workdir" "-e" "CARGO_TARGET_DIR=/opt/rustwide/target" "-e" "CARGO_INCREMENTAL=0" "-e" "RUST_BACKTRACE=full" "-e" "RUSTFLAGS=--cap-lints=warn" "-e" "RUSTDOCFLAGS=--cap-lints=warn" "-e" "CARGO_HOME=/opt/rustwide/cargo-home" "-e" "RUSTUP_HOME=/opt/rustwide/rustup-home" "-w" "/opt/rustwide/workdir" "-m" "1610612736" "--user" "0:0" "--network" "none" "ghcr.io/rust-lang/crates-build-env/linux@sha256:f3a9d4ad9d972b27faf3965f35b62e55ba32bbce8f20bc8fe909558a86702fde" "/opt/rustwide/cargo-home/bin/cargo" "+1.83.0" "test" "--frozen" "--no-run" "--message-format=json", kill_on_drop: false }`
[INFO] [stdout] 55dd0570cfda9d283bedc9221d9c44b059d8673652705ca0619448e8bcc334d6
[INFO] running `Command { std: "docker" "start" "-a" "55dd0570cfda9d283bedc9221d9c44b059d8673652705ca0619448e8bcc334d6", kill_on_drop: false }`
[INFO] [stderr]    Compiling bootstrap v0.1.0 (/opt/rustwide/workdir)
[INFO] [stdout] warning: unused import: `nom`
[INFO] [stdout]   --> src/lib.rs:34:5
[INFO] [stdout]    |
[INFO] [stdout] 34 | use nom;
[INFO] [stdout]    |     ^^^
[INFO] [stdout]    |
[INFO] [stdout]    = note: `#[warn(unused_imports)]` on by default
[INFO] [stdout] 
[INFO] [stdout] 
[INFO] [stdout] warning: unused import: `nom`
[INFO] [stdout]   --> src/lib.rs:34:5
[INFO] [stdout]    |
[INFO] [stdout] 34 | use nom;
[INFO] [stdout]    |     ^^^
[INFO] [stdout]    |
[INFO] [stdout]    = note: `#[warn(unused_imports)]` on by default
[INFO] [stdout] 
[INFO] [stdout] 
[INFO] [stderr]     Finished `test` profile [unoptimized + debuginfo] target(s) in 0.43s
[INFO] running `Command { std: "docker" "inspect" "55dd0570cfda9d283bedc9221d9c44b059d8673652705ca0619448e8bcc334d6", kill_on_drop: false }`
[INFO] running `Command { std: "docker" "rm" "-f" "55dd0570cfda9d283bedc9221d9c44b059d8673652705ca0619448e8bcc334d6", kill_on_drop: false }`
[INFO] [stdout] 55dd0570cfda9d283bedc9221d9c44b059d8673652705ca0619448e8bcc334d6
[INFO] running `Command { std: "docker" "create" "-v" "/var/lib/crater-agent-workspace/builds/worker-0-tc1/target:/opt/rustwide/target:rw,Z" "-v" "/var/lib/crater-agent-workspace/builds/worker-0-tc1/source:/opt/rustwide/workdir:ro,Z" "-v" "/var/lib/crater-agent-workspace/cargo-home:/opt/rustwide/cargo-home:ro,Z" "-v" "/var/lib/crater-agent-workspace/rustup-home:/opt/rustwide/rustup-home:ro,Z" "-e" "SOURCE_DIR=/opt/rustwide/workdir" "-e" "CARGO_TARGET_DIR=/opt/rustwide/target" "-e" "CARGO_INCREMENTAL=0" "-e" "RUST_BACKTRACE=full" "-e" "RUSTFLAGS=--cap-lints=warn" "-e" "RUSTDOCFLAGS=--cap-lints=warn" "-e" "CARGO_HOME=/opt/rustwide/cargo-home" "-e" "RUSTUP_HOME=/opt/rustwide/rustup-home" "-w" "/opt/rustwide/workdir" "-m" "1610612736" "--user" "0:0" "--network" "none" "ghcr.io/rust-lang/crates-build-env/linux@sha256:f3a9d4ad9d972b27faf3965f35b62e55ba32bbce8f20bc8fe909558a86702fde" "/opt/rustwide/cargo-home/bin/cargo" "+1.83.0" "test" "--frozen", kill_on_drop: false }`
[INFO] [stdout] c4e5d34b3226b25a9cba3b0a87fe238b5fc8dd97bec8767ed2d33d9c8675543a
[INFO] running `Command { std: "docker" "start" "-a" "c4e5d34b3226b25a9cba3b0a87fe238b5fc8dd97bec8767ed2d33d9c8675543a", kill_on_drop: false }`
[INFO] [stderr] warning: unused import: `nom`
[INFO] [stderr]   --> src/lib.rs:34:5
[INFO] [stderr]    |
[INFO] [stderr] 34 | use nom;
[INFO] [stderr]    |     ^^^
[INFO] [stderr]    |
[INFO] [stderr]    = note: `#[warn(unused_imports)]` on by default
[INFO] [stderr] 
[INFO] [stderr] warning: `bootstrap` (lib) generated 1 warning (run `cargo fix --lib -p bootstrap` to apply 1 suggestion)
[INFO] [stderr] warning: `bootstrap` (lib test) generated 1 warning (1 duplicate)
[INFO] [stderr]     Finished `test` profile [unoptimized + debuginfo] target(s) in 0.01s
[INFO] [stderr]      Running unittests src/lib.rs (/opt/rustwide/target/debug/deps/bootstrap-7f2a7296b28f69d6)
[INFO] [stdout] 
[INFO] [stderr]    Doc-tests bootstrap
[INFO] [stdout] running 0 tests
[INFO] [stdout] 
[INFO] [stdout] test result: ok. 0 passed; 0 failed; 0 ignored; 0 measured; 0 filtered out; finished in 0.00s
[INFO] [stdout] 
[INFO] [stdout] 
[INFO] [stdout] running 2 tests
[INFO] [stdout] test src/lib.rs - (line 9) ... FAILED
[INFO] [stdout] test src/lib.rs - (line 5) ... FAILED
[INFO] [stdout] 
[INFO] [stdout] failures:
[INFO] [stdout] 
[INFO] [stdout] ---- src/lib.rs - (line 9) stdout ----
[INFO] [stdout] error: expected `::`, found `)`
[INFO] [stdout]  --> src/lib.rs:10:13
[INFO] [stdout]   |
[INFO] [stdout] 3 | check(<name>) ...code...
[INFO] [stdout]   |             ^ expected `::`
[INFO] [stdout] 
[INFO] [stdout] error: unexpected token: `...`
[INFO] [stdout]  --> src/lib.rs:10:15
[INFO] [stdout]   |
[INFO] [stdout] 3 | check(<name>) ...code...
[INFO] [stdout]   |               ^^^
[INFO] [stdout]   |
[INFO] [stdout] help: use `..` for an exclusive range
[INFO] [stdout]   |
[INFO] [stdout] 3 | check(<name>) ..code...
[INFO] [stdout]   |               ~~
[INFO] [stdout] help: or `..=` for an inclusive range
[INFO] [stdout]   |
[INFO] [stdout] 3 | check(<name>) ..=code...
[INFO] [stdout]   |               ~~~
[INFO] [stdout] 
[INFO] [stdout] error: expected one of `!`, `.`, `::`, `;`, `?`, `{`, `}`, or an operator, found `...`
[INFO] [stdout]  --> src/lib.rs:10:22
[INFO] [stdout]   |
[INFO] [stdout] 3 | check(<name>) ...code...
[INFO] [stdout]   |                      ^^^ expected one of 8 possible tokens
[INFO] [stdout] 
[INFO] [stdout] error: aborting due to 3 previous errors
[INFO] [stdout] 
[INFO] [stdout] Couldn't compile the test.
[INFO] [stdout] ---- src/lib.rs - (line 5) stdout ----
[INFO] [stdout] error: expected `::`, found `)`
[INFO] [stdout]  --> src/lib.rs:6:14
[INFO] [stdout]   |
[INFO] [stdout] 3 | parser(<name>) ...code...
[INFO] [stdout]   |              ^ expected `::`
[INFO] [stdout] 
[INFO] [stdout] error: unexpected token: `...`
[INFO] [stdout]  --> src/lib.rs:6:16
[INFO] [stdout]   |
[INFO] [stdout] 3 | parser(<name>) ...code...
[INFO] [stdout]   |                ^^^
[INFO] [stdout]   |
[INFO] [stdout] help: use `..` for an exclusive range
[INFO] [stdout]   |
[INFO] [stdout] 3 | parser(<name>) ..code...
[INFO] [stdout]   |                ~~
[INFO] [stdout] help: or `..=` for an inclusive range
[INFO] [stdout]   |
[INFO] [stdout] 3 | parser(<name>) ..=code...
[INFO] [stdout]   |                ~~~
[INFO] [stdout] 
[INFO] [stdout] error: expected one of `!`, `.`, `::`, `;`, `?`, `{`, `}`, or an operator, found `...`
[INFO] [stdout]  --> src/lib.rs:6:23
[INFO] [stdout]   |
[INFO] [stdout] 3 | parser(<name>) ...code...
[INFO] [stdout]   |                       ^^^ expected one of 8 possible tokens
[INFO] [stdout] 
[INFO] [stdout] error: aborting due to 3 previous errors
[INFO] [stdout] 
[INFO] [stdout] Couldn't compile the test.
[INFO] [stdout] 
[INFO] [stdout] failures:
[INFO] [stdout]     src/lib.rs - (line 5)
[INFO] [stdout]     src/lib.rs - (line 9)
[INFO] [stdout] 
[INFO] [stdout] test result: FAILED. 0 passed; 2 failed; 0 ignored; 0 measured; 0 filtered out; finished in 0.10s
[INFO] [stdout] 
[INFO] [stderr] error: doctest failed, to rerun pass `--doc`
[INFO] running `Command { std: "docker" "inspect" "c4e5d34b3226b25a9cba3b0a87fe238b5fc8dd97bec8767ed2d33d9c8675543a", kill_on_drop: false }`
[INFO] running `Command { std: "docker" "rm" "-f" "c4e5d34b3226b25a9cba3b0a87fe238b5fc8dd97bec8767ed2d33d9c8675543a", kill_on_drop: false }`
[INFO] [stdout] c4e5d34b3226b25a9cba3b0a87fe238b5fc8dd97bec8767ed2d33d9c8675543a
