[INFO] cloning repository https://github.com/xd009642/object-trustfall-adapter
[INFO] running `Command { std: "git" "-c" "credential.helper=" "-c" "credential.helper=/workspace/cargo-home/bin/git-credential-null" "clone" "--bare" "https://github.com/xd009642/object-trustfall-adapter" "/workspace/cache/git-repos/https%3A%2F%2Fgithub.com%2Fxd009642%2Fobject-trustfall-adapter", kill_on_drop: false }`
[INFO] [stderr] Cloning into bare repository '/workspace/cache/git-repos/https%3A%2F%2Fgithub.com%2Fxd009642%2Fobject-trustfall-adapter'...
[INFO] running `Command { std: "git" "rev-parse" "HEAD", kill_on_drop: false }`
[INFO] [stdout] 9510ab9c56ba70e332769dd22cd0a1d2c556a7e6
[INFO] testing xd009642/object-trustfall-adapter against beta-2024-12-08 for beta-1.84.0-4-retry
[INFO] running `Command { std: "git" "clone" "/workspace/cache/git-repos/https%3A%2F%2Fgithub.com%2Fxd009642%2Fobject-trustfall-adapter" "/workspace/builds/worker-1-tc2/source", kill_on_drop: false }`
[INFO] [stderr] Cloning into '/workspace/builds/worker-1-tc2/source'...
[INFO] [stderr] done.
[INFO] validating manifest of git repo https://github.com/xd009642/object-trustfall-adapter on toolchain beta-2024-12-08
[INFO] running `Command { std: CARGO_HOME="/workspace/cargo-home" RUSTUP_HOME="/workspace/rustup-home" "/workspace/cargo-home/bin/cargo" "+beta-2024-12-08" "metadata" "--manifest-path" "Cargo.toml" "--no-deps", kill_on_drop: false }`
[INFO] started tweaking git repo https://github.com/xd009642/object-trustfall-adapter
[INFO] finished tweaking git repo https://github.com/xd009642/object-trustfall-adapter
[INFO] tweaked toml for git repo https://github.com/xd009642/object-trustfall-adapter written to /workspace/builds/worker-1-tc2/source/Cargo.toml
[INFO] crate git repo https://github.com/xd009642/object-trustfall-adapter already has a lockfile, it will not be regenerated
[INFO] running `Command { std: CARGO_HOME="/workspace/cargo-home" RUSTUP_HOME="/workspace/rustup-home" "/workspace/cargo-home/bin/cargo" "+beta-2024-12-08" "fetch" "--manifest-path" "Cargo.toml", kill_on_drop: false }`
[INFO] running `Command { std: "docker" "create" "-v" "/var/lib/crater-agent-workspace/builds/worker-1-tc2/target:/opt/rustwide/target:rw,Z" "-v" "/var/lib/crater-agent-workspace/builds/worker-1-tc2/source:/opt/rustwide/workdir:ro,Z" "-v" "/var/lib/crater-agent-workspace/cargo-home:/opt/rustwide/cargo-home:ro,Z" "-v" "/var/lib/crater-agent-workspace/rustup-home:/opt/rustwide/rustup-home:ro,Z" "-e" "SOURCE_DIR=/opt/rustwide/workdir" "-e" "CARGO_TARGET_DIR=/opt/rustwide/target" "-e" "CARGO_HOME=/opt/rustwide/cargo-home" "-e" "RUSTUP_HOME=/opt/rustwide/rustup-home" "-w" "/opt/rustwide/workdir" "-m" "1610612736" "--user" "0:0" "--network" "none" "ghcr.io/rust-lang/crates-build-env/linux@sha256:f3a9d4ad9d972b27faf3965f35b62e55ba32bbce8f20bc8fe909558a86702fde" "/opt/rustwide/cargo-home/bin/cargo" "+beta-2024-12-08" "metadata" "--no-deps" "--format-version=1", kill_on_drop: false }`
[INFO] [stdout] eafbc0a3b6b841217ff0503bd6d0cfcb2b2e0d01884aa6af4da253ce899f84af
[INFO] running `Command { std: "docker" "start" "-a" "eafbc0a3b6b841217ff0503bd6d0cfcb2b2e0d01884aa6af4da253ce899f84af", kill_on_drop: false }`
[INFO] running `Command { std: "docker" "inspect" "eafbc0a3b6b841217ff0503bd6d0cfcb2b2e0d01884aa6af4da253ce899f84af", kill_on_drop: false }`
[INFO] running `Command { std: "docker" "rm" "-f" "eafbc0a3b6b841217ff0503bd6d0cfcb2b2e0d01884aa6af4da253ce899f84af", kill_on_drop: false }`
[INFO] [stdout] eafbc0a3b6b841217ff0503bd6d0cfcb2b2e0d01884aa6af4da253ce899f84af
[INFO] running `Command { std: "docker" "create" "-v" "/var/lib/crater-agent-workspace/builds/worker-1-tc2/target:/opt/rustwide/target:rw,Z" "-v" "/var/lib/crater-agent-workspace/builds/worker-1-tc2/source:/opt/rustwide/workdir:ro,Z" "-v" "/var/lib/crater-agent-workspace/cargo-home:/opt/rustwide/cargo-home:ro,Z" "-v" "/var/lib/crater-agent-workspace/rustup-home:/opt/rustwide/rustup-home:ro,Z" "-e" "SOURCE_DIR=/opt/rustwide/workdir" "-e" "CARGO_TARGET_DIR=/opt/rustwide/target" "-e" "CARGO_INCREMENTAL=0" "-e" "RUST_BACKTRACE=full" "-e" "RUSTFLAGS=--cap-lints=warn" "-e" "RUSTDOCFLAGS=--cap-lints=warn" "-e" "CARGO_HOME=/opt/rustwide/cargo-home" "-e" "RUSTUP_HOME=/opt/rustwide/rustup-home" "-w" "/opt/rustwide/workdir" "-m" "1610612736" "--user" "0:0" "--network" "none" "ghcr.io/rust-lang/crates-build-env/linux@sha256:f3a9d4ad9d972b27faf3965f35b62e55ba32bbce8f20bc8fe909558a86702fde" "/opt/rustwide/cargo-home/bin/cargo" "+beta-2024-12-08" "build" "--frozen" "--message-format=json", kill_on_drop: false }`
[INFO] [stdout] d37a4b6805784d46b1e3ac0b1225cbd4a03c853e6e9d6b2e652e3a9a81c4c50c
[INFO] running `Command { std: "docker" "start" "-a" "d37a4b6805784d46b1e3ac0b1225cbd4a03c853e6e9d6b2e652e3a9a81c4c50c", kill_on_drop: false }`
[INFO] [stderr]    Compiling proc-macro2 v1.0.86
[INFO] [stderr]    Compiling unicode-ident v1.0.12
[INFO] [stderr]    Compiling serde v1.0.204
[INFO] [stderr]    Compiling memchr v2.7.4
[INFO] [stderr]    Compiling equivalent v1.0.1
[INFO] [stderr]    Compiling thiserror v1.0.63
[INFO] [stderr]    Compiling serde_json v1.0.122
[INFO] [stderr]    Compiling hashbrown v0.14.5
[INFO] [stderr]    Compiling cfg-if v1.0.0
[INFO] [stderr]    Compiling itoa v1.0.11
[INFO] [stderr]    Compiling ryu v1.0.18
[INFO] [stderr]    Compiling regex-syntax v0.8.4
[INFO] [stderr]    Compiling ucd-trie v0.1.6
[INFO] [stderr]    Compiling anyhow v1.0.86
[INFO] [stderr]    Compiling either v1.13.0
[INFO] [stderr]    Compiling adler v1.0.2
[INFO] [stderr]    Compiling static_assertions v1.1.0
[INFO] [stderr]    Compiling twox-hash v1.6.3
[INFO] [stderr]    Compiling itertools v0.11.0
[INFO] [stderr]    Compiling aho-corasick v1.1.3
[INFO] [stderr]    Compiling miniz_oxide v0.7.4
[INFO] [stderr]    Compiling crc32fast v1.4.2
[INFO] [stderr]    Compiling maplit v1.0.2
[INFO] [stderr]    Compiling quote v1.0.36
[INFO] [stderr]    Compiling byteorder v1.5.0
[INFO] [stderr]    Compiling ruzstd v0.7.0
[INFO] [stderr]    Compiling syn v2.0.72
[INFO] [stderr]    Compiling flate2 v1.0.30
[INFO] [stderr]    Compiling lazy_static v1.5.0
[INFO] [stderr]    Compiling fallible-iterator v0.3.0
[INFO] [stderr]    Compiling stable_deref_trait v1.2.0
[INFO] [stderr]    Compiling object v0.36.2
[INFO] [stderr]    Compiling regex-automata v0.4.7
[INFO] [stderr]    Compiling serde_derive v1.0.204
[INFO] [stderr]    Compiling thiserror-impl v1.0.63
[INFO] [stderr]    Compiling trustfall_derive v0.3.1
[INFO] [stderr]    Compiling pest v2.7.11
[INFO] [stderr]    Compiling regex v1.10.6
[INFO] [stderr]    Compiling indexmap v2.3.0
[INFO] [stderr]    Compiling bytes v1.7.1
[INFO] [stderr]    Compiling smallvec v1.13.2
[INFO] [stderr]    Compiling iced-x86 v1.21.0
[INFO] [stderr]    Compiling gimli v0.31.0
[INFO] [stderr]    Compiling async-graphql-value v6.0.11
[INFO] [stderr]    Compiling async-graphql-parser v6.0.11
[INFO] [stderr]    Compiling trustfall_core v0.7.1
[INFO] [stderr]    Compiling trustfall v0.7.1
[INFO] [stderr]    Compiling object-trustfall-adapter v0.1.0 (/opt/rustwide/workdir)
[INFO] [stdout] warning: unused import: `gimli`
[INFO] [stdout]  --> src/adapter/adapter_impl.rs:4:5
[INFO] [stdout]   |
[INFO] [stdout] 4 | use gimli::*;
[INFO] [stdout]   |     ^^^^^
[INFO] [stdout]   |
[INFO] [stdout]   = note: `#[warn(unused_imports)]` on by default
[INFO] [stdout] 
[INFO] [stdout] 
[INFO] [stdout] warning: unused import: `Object`
[INFO] [stdout]  --> src/loader.rs:4:35
[INFO] [stdout]   |
[INFO] [stdout] 4 | use object::{read::ObjectSection, Object};
[INFO] [stdout]   |                                   ^^^^^^
[INFO] [stdout] 
[INFO] [stdout] 
[INFO] [stdout] warning: unused variable: `resolve_info`
[INFO] [stdout]    --> src/adapter/adapter_impl.rs:104:9
[INFO] [stdout]     |
[INFO] [stdout] 104 |         resolve_info: &ResolveInfo,
[INFO] [stdout]     |         ^^^^^^^^^^^^ help: if this is intentional, prefix it with an underscore: `_resolve_info`
[INFO] [stdout]     |
[INFO] [stdout]     = note: `#[warn(unused_variables)]` on by default
[INFO] [stdout] 
[INFO] [stdout] 
[INFO] [stdout] warning: unused variable: `contexts`
[INFO] [stdout]    --> src/adapter/adapter_impl.rs:225:9
[INFO] [stdout]     |
[INFO] [stdout] 225 |         contexts: ContextIterator<'a, V>,
[INFO] [stdout]     |         ^^^^^^^^ help: if this is intentional, prefix it with an underscore: `_contexts`
[INFO] [stdout] 
[INFO] [stdout] 
[INFO] [stdout] warning: unused variable: `parameters`
[INFO] [stdout]    --> src/adapter/adapter_impl.rs:228:9
[INFO] [stdout]     |
[INFO] [stdout] 228 |         parameters: &EdgeParameters,
[INFO] [stdout]     |         ^^^^^^^^^^ help: if this is intentional, prefix it with an underscore: `_parameters`
[INFO] [stdout] 
[INFO] [stdout] 
[INFO] [stdout] warning: unused variable: `resolve_info`
[INFO] [stdout]    --> src/adapter/adapter_impl.rs:229:9
[INFO] [stdout]     |
[INFO] [stdout] 229 |         resolve_info: &ResolveEdgeInfo,
[INFO] [stdout]     |         ^^^^^^^^^^^^ help: if this is intentional, prefix it with an underscore: `_resolve_info`
[INFO] [stdout] 
[INFO] [stdout] 
[INFO] [stderr]     Finished `dev` profile [unoptimized + debuginfo] target(s) in 1m 12s
[INFO] running `Command { std: "docker" "inspect" "d37a4b6805784d46b1e3ac0b1225cbd4a03c853e6e9d6b2e652e3a9a81c4c50c", kill_on_drop: false }`
[INFO] running `Command { std: "docker" "rm" "-f" "d37a4b6805784d46b1e3ac0b1225cbd4a03c853e6e9d6b2e652e3a9a81c4c50c", kill_on_drop: false }`
[INFO] [stdout] d37a4b6805784d46b1e3ac0b1225cbd4a03c853e6e9d6b2e652e3a9a81c4c50c
[INFO] running `Command { std: "docker" "create" "-v" "/var/lib/crater-agent-workspace/builds/worker-1-tc2/target:/opt/rustwide/target:rw,Z" "-v" "/var/lib/crater-agent-workspace/builds/worker-1-tc2/source:/opt/rustwide/workdir:ro,Z" "-v" "/var/lib/crater-agent-workspace/cargo-home:/opt/rustwide/cargo-home:ro,Z" "-v" "/var/lib/crater-agent-workspace/rustup-home:/opt/rustwide/rustup-home:ro,Z" "-e" "SOURCE_DIR=/opt/rustwide/workdir" "-e" "CARGO_TARGET_DIR=/opt/rustwide/target" "-e" "CARGO_INCREMENTAL=0" "-e" "RUST_BACKTRACE=full" "-e" "RUSTFLAGS=--cap-lints=warn" "-e" "RUSTDOCFLAGS=--cap-lints=warn" "-e" "CARGO_HOME=/opt/rustwide/cargo-home" "-e" "RUSTUP_HOME=/opt/rustwide/rustup-home" "-w" "/opt/rustwide/workdir" "-m" "1610612736" "--user" "0:0" "--network" "none" "ghcr.io/rust-lang/crates-build-env/linux@sha256:f3a9d4ad9d972b27faf3965f35b62e55ba32bbce8f20bc8fe909558a86702fde" "/opt/rustwide/cargo-home/bin/cargo" "+beta-2024-12-08" "test" "--frozen" "--no-run" "--message-format=json", kill_on_drop: false }`
[INFO] [stdout] 191e89bc615883e1fd4542671231a5e5986c2b775eb0a92cf277017755dd2a82
[INFO] running `Command { std: "docker" "start" "-a" "191e89bc615883e1fd4542671231a5e5986c2b775eb0a92cf277017755dd2a82", kill_on_drop: false }`
[INFO] [stderr]    Compiling glob v0.3.1
[INFO] [stdout] warning: unused import: `gimli`
[INFO] [stdout]  --> src/adapter/adapter_impl.rs:4:5
[INFO] [stdout]   |
[INFO] [stdout] 4 | use gimli::*;
[INFO] [stdout]   |     ^^^^^
[INFO] [stdout]   |
[INFO] [stdout]   = note: `#[warn(unused_imports)]` on by default
[INFO] [stdout] 
[INFO] [stdout] 
[INFO] [stdout] warning: unused import: `Object`
[INFO] [stdout]  --> src/loader.rs:4:35
[INFO] [stdout]   |
[INFO] [stdout] 4 | use object::{read::ObjectSection, Object};
[INFO] [stdout]   |                                   ^^^^^^
[INFO] [stdout] 
[INFO] [stdout] 
[INFO] [stdout] warning: unused variable: `resolve_info`
[INFO] [stdout]    --> src/adapter/adapter_impl.rs:104:9
[INFO] [stdout]     |
[INFO] [stdout] 104 |         resolve_info: &ResolveInfo,
[INFO] [stdout]     |         ^^^^^^^^^^^^ help: if this is intentional, prefix it with an underscore: `_resolve_info`
[INFO] [stdout]     |
[INFO] [stdout]     = note: `#[warn(unused_variables)]` on by default
[INFO] [stdout] 
[INFO] [stdout] 
[INFO] [stdout] warning: unused variable: `contexts`
[INFO] [stdout]    --> src/adapter/adapter_impl.rs:225:9
[INFO] [stdout]     |
[INFO] [stdout] 225 |         contexts: ContextIterator<'a, V>,
[INFO] [stdout]     |         ^^^^^^^^ help: if this is intentional, prefix it with an underscore: `_contexts`
[INFO] [stdout] 
[INFO] [stdout] 
[INFO] [stdout] warning: unused variable: `parameters`
[INFO] [stdout]    --> src/adapter/adapter_impl.rs:228:9
[INFO] [stdout]     |
[INFO] [stdout] 228 |         parameters: &EdgeParameters,
[INFO] [stdout]     |         ^^^^^^^^^^ help: if this is intentional, prefix it with an underscore: `_parameters`
[INFO] [stdout] 
[INFO] [stdout] 
[INFO] [stdout] warning: unused variable: `resolve_info`
[INFO] [stdout]    --> src/adapter/adapter_impl.rs:229:9
[INFO] [stdout]     |
[INFO] [stdout] 229 |         resolve_info: &ResolveEdgeInfo,
[INFO] [stdout]     |         ^^^^^^^^^^^^ help: if this is intentional, prefix it with an underscore: `_resolve_info`
[INFO] [stdout] 
[INFO] [stdout] 
[INFO] [stderr]    Compiling object-trustfall-adapter v0.1.0 (/opt/rustwide/workdir)
[INFO] [stdout] warning: unused import: `gimli`
[INFO] [stdout]  --> src/adapter/adapter_impl.rs:4:5
[INFO] [stdout]   |
[INFO] [stdout] 4 | use gimli::*;
[INFO] [stdout]   |     ^^^^^
[INFO] [stdout]   |
[INFO] [stdout]   = note: `#[warn(unused_imports)]` on by default
[INFO] [stdout] 
[INFO] [stdout] 
[INFO] [stdout] warning: unused import: `Object`
[INFO] [stdout]  --> src/loader.rs:4:35
[INFO] [stdout]   |
[INFO] [stdout] 4 | use object::{read::ObjectSection, Object};
[INFO] [stdout]   |                                   ^^^^^^
[INFO] [stdout] 
[INFO] [stdout] 
[INFO] [stdout] warning: unused variable: `resolve_info`
[INFO] [stdout]    --> src/adapter/adapter_impl.rs:104:9
[INFO] [stdout]     |
[INFO] [stdout] 104 |         resolve_info: &ResolveInfo,
[INFO] [stdout]     |         ^^^^^^^^^^^^ help: if this is intentional, prefix it with an underscore: `_resolve_info`
[INFO] [stdout]     |
[INFO] [stdout]     = note: `#[warn(unused_variables)]` on by default
[INFO] [stdout] 
[INFO] [stdout] 
[INFO] [stdout] warning: unused variable: `contexts`
[INFO] [stdout]    --> src/adapter/adapter_impl.rs:225:9
[INFO] [stdout]     |
[INFO] [stdout] 225 |         contexts: ContextIterator<'a, V>,
[INFO] [stdout]     |         ^^^^^^^^ help: if this is intentional, prefix it with an underscore: `_contexts`
[INFO] [stdout] 
[INFO] [stdout] 
[INFO] [stdout] warning: unused variable: `parameters`
[INFO] [stdout]    --> src/adapter/adapter_impl.rs:228:9
[INFO] [stdout]     |
[INFO] [stdout] 228 |         parameters: &EdgeParameters,
[INFO] [stdout]     |         ^^^^^^^^^^ help: if this is intentional, prefix it with an underscore: `_parameters`
[INFO] [stdout] 
[INFO] [stdout] 
[INFO] [stdout] warning: unused variable: `resolve_info`
[INFO] [stdout]    --> src/adapter/adapter_impl.rs:229:9
[INFO] [stdout]     |
[INFO] [stdout] 229 |         resolve_info: &ResolveEdgeInfo,
[INFO] [stdout]     |         ^^^^^^^^^^^^ help: if this is intentional, prefix it with an underscore: `_resolve_info`
[INFO] [stdout] 
[INFO] [stdout] 
[INFO] [stderr]     Finished `test` profile [unoptimized + debuginfo] target(s) in 21.89s
[INFO] running `Command { std: "docker" "inspect" "191e89bc615883e1fd4542671231a5e5986c2b775eb0a92cf277017755dd2a82", kill_on_drop: false }`
[INFO] running `Command { std: "docker" "rm" "-f" "191e89bc615883e1fd4542671231a5e5986c2b775eb0a92cf277017755dd2a82", kill_on_drop: false }`
[INFO] [stdout] 191e89bc615883e1fd4542671231a5e5986c2b775eb0a92cf277017755dd2a82
[INFO] running `Command { std: "docker" "create" "-v" "/var/lib/crater-agent-workspace/builds/worker-1-tc2/target:/opt/rustwide/target:rw,Z" "-v" "/var/lib/crater-agent-workspace/builds/worker-1-tc2/source:/opt/rustwide/workdir:ro,Z" "-v" "/var/lib/crater-agent-workspace/cargo-home:/opt/rustwide/cargo-home:ro,Z" "-v" "/var/lib/crater-agent-workspace/rustup-home:/opt/rustwide/rustup-home:ro,Z" "-e" "SOURCE_DIR=/opt/rustwide/workdir" "-e" "CARGO_TARGET_DIR=/opt/rustwide/target" "-e" "CARGO_INCREMENTAL=0" "-e" "RUST_BACKTRACE=full" "-e" "RUSTFLAGS=--cap-lints=warn" "-e" "RUSTDOCFLAGS=--cap-lints=warn" "-e" "CARGO_HOME=/opt/rustwide/cargo-home" "-e" "RUSTUP_HOME=/opt/rustwide/rustup-home" "-w" "/opt/rustwide/workdir" "-m" "1610612736" "--user" "0:0" "--network" "none" "ghcr.io/rust-lang/crates-build-env/linux@sha256:f3a9d4ad9d972b27faf3965f35b62e55ba32bbce8f20bc8fe909558a86702fde" "/opt/rustwide/cargo-home/bin/cargo" "+beta-2024-12-08" "test" "--frozen", kill_on_drop: false }`
[INFO] [stdout] 49ed8b5c0329c20f19217d64cfc3a0a85e0f59c27b796ea995b1c50567654ca8
[INFO] running `Command { std: "docker" "start" "-a" "49ed8b5c0329c20f19217d64cfc3a0a85e0f59c27b796ea995b1c50567654ca8", kill_on_drop: false }`
[INFO] [stderr] warning: unused import: `gimli`
[INFO] [stderr]  --> src/adapter/adapter_impl.rs:4:5
[INFO] [stderr]   |
[INFO] [stderr] 4 | use gimli::*;
[INFO] [stderr]   |     ^^^^^
[INFO] [stderr]   |
[INFO] [stderr]   = note: `#[warn(unused_imports)]` on by default
[INFO] [stderr] 
[INFO] [stderr] warning: unused import: `Object`
[INFO] [stderr]  --> src/loader.rs:4:35
[INFO] [stderr]   |
[INFO] [stderr] 4 | use object::{read::ObjectSection, Object};
[INFO] [stderr]   |                                   ^^^^^^
[INFO] [stderr] 
[INFO] [stderr] warning: unused variable: `resolve_info`
[INFO] [stderr]    --> src/adapter/adapter_impl.rs:104:9
[INFO] [stderr]     |
[INFO] [stderr] 104 |         resolve_info: &ResolveInfo,
[INFO] [stderr]     |         ^^^^^^^^^^^^ help: if this is intentional, prefix it with an underscore: `_resolve_info`
[INFO] [stderr]     |
[INFO] [stderr]     = note: `#[warn(unused_variables)]` on by default
[INFO] [stderr] 
[INFO] [stderr] warning: unused variable: `contexts`
[INFO] [stderr]    --> src/adapter/adapter_impl.rs:225:9
[INFO] [stderr]     |
[INFO] [stderr] 225 |         contexts: ContextIterator<'a, V>,
[INFO] [stderr]     |         ^^^^^^^^ help: if this is intentional, prefix it with an underscore: `_contexts`
[INFO] [stderr] 
[INFO] [stderr] warning: unused variable: `parameters`
[INFO] [stderr]    --> src/adapter/adapter_impl.rs:228:9
[INFO] [stderr]     |
[INFO] [stderr] 228 |         parameters: &EdgeParameters,
[INFO] [stderr]     |         ^^^^^^^^^^ help: if this is intentional, prefix it with an underscore: `_parameters`
[INFO] [stderr] 
[INFO] [stderr] warning: unused variable: `resolve_info`
[INFO] [stderr]    --> src/adapter/adapter_impl.rs:229:9
[INFO] [stderr]     |
[INFO] [stderr] 229 |         resolve_info: &ResolveEdgeInfo,
[INFO] [stderr]     |         ^^^^^^^^^^^^ help: if this is intentional, prefix it with an underscore: `_resolve_info`
[INFO] [stderr] 
[INFO] [stderr] warning: `object-trustfall-adapter` (lib) generated 6 warnings
[INFO] [stderr] warning: `object-trustfall-adapter` (lib test) generated 6 warnings (6 duplicates)
[INFO] [stderr]     Finished `test` profile [unoptimized + debuginfo] target(s) in 0.06s
[INFO] [stderr]      Running unittests src/lib.rs (/opt/rustwide/target/debug/deps/object_trustfall_adapter-94d4932cc41d4cc8)
[INFO] [stdout] 
[INFO] [stdout] running 1 test
[INFO] [stdout] test adapter::tests::adapter_satisfies_trustfall_invariants ... ok
[INFO] [stdout] 
[INFO] [stdout] test result: ok. 1 passed; 0 failed; 0 ignored; 0 measured; 0 filtered out; finished in 0.01s
[INFO] [stdout] 
[INFO] [stderr]      Running tests/conformance.rs (/opt/rustwide/target/debug/deps/conformance-cef04a85ba926c6a)
[INFO] [stdout] 
[INFO] [stdout] running 1 test
[INFO] [stdout] test hello_world_conformance ... FAILED
[INFO] [stdout] 
[INFO] [stdout] failures:
[INFO] [stdout] 
[INFO] [stdout] ---- hello_world_conformance stdout ----
[INFO] [stdout] thread 'hello_world_conformance' panicked at tests/conformance.rs:92:58:
[INFO] [stdout] called `Option::unwrap()` on a `None` value
[INFO] [stdout] stack backtrace:
[INFO] [stdout]    0:     0x5bba343eec2a - std::backtrace_rs::backtrace::libunwind::trace::h8810477743020387
[INFO] [stdout]                                at /rustc/202008a1b8de96d2e5b6bc02d379db03a877d34d/library/std/src/../../backtrace/src/backtrace/libunwind.rs:116:5
[INFO] [stdout]    1:     0x5bba343eec2a - std::backtrace_rs::backtrace::trace_unsynchronized::h3aa55355dd6c54a6
[INFO] [stdout]                                at /rustc/202008a1b8de96d2e5b6bc02d379db03a877d34d/library/std/src/../../backtrace/src/backtrace/mod.rs:66:5
[INFO] [stdout]    2:     0x5bba343eec2a - std::sys::backtrace::_print_fmt::h8588b0f62410823f
[INFO] [stdout]                                at /rustc/202008a1b8de96d2e5b6bc02d379db03a877d34d/library/std/src/sys/backtrace.rs:66:9
[INFO] [stdout]    3:     0x5bba343eec2a - <std::sys::backtrace::BacktraceLock::print::DisplayBacktrace as core::fmt::Display>::fmt::h98c26ac25ffe89bb
[INFO] [stdout]                                at /rustc/202008a1b8de96d2e5b6bc02d379db03a877d34d/library/std/src/sys/backtrace.rs:39:26
[INFO] [stdout]    4:     0x5bba34414f53 - core::fmt::rt::Argument::fmt::hf95377f4aebd453b
[INFO] [stdout]                                at /rustc/202008a1b8de96d2e5b6bc02d379db03a877d34d/library/core/src/fmt/rt.rs:177:76
[INFO] [stdout]    5:     0x5bba34414f53 - core::fmt::write::h0dd5f6e2238c7982
[INFO] [stdout]                                at /rustc/202008a1b8de96d2e5b6bc02d379db03a877d34d/library/core/src/fmt/mod.rs:1189:21
[INFO] [stdout]    6:     0x5bba343eb3f3 - std::io::Write::write_fmt::h03bb0ca26e6faf8c
[INFO] [stdout]                                at /rustc/202008a1b8de96d2e5b6bc02d379db03a877d34d/library/std/src/io/mod.rs:1884:15
[INFO] [stdout]    7:     0x5bba343eea72 - std::sys::backtrace::BacktraceLock::print::h5c19c1c038ee186d
[INFO] [stdout]                                at /rustc/202008a1b8de96d2e5b6bc02d379db03a877d34d/library/std/src/sys/backtrace.rs:42:9
[INFO] [stdout]    8:     0x5bba343f00ad - std::panicking::default_hook::{{closure}}::h77172f079a1fcb13
[INFO] [stdout]                                at /rustc/202008a1b8de96d2e5b6bc02d379db03a877d34d/library/std/src/panicking.rs:268:22
[INFO] [stdout]    9:     0x5bba343efeb7 - std::panicking::default_hook::he5f8e3b203ccddba
[INFO] [stdout]                                at /rustc/202008a1b8de96d2e5b6bc02d379db03a877d34d/library/std/src/panicking.rs:292:9
[INFO] [stdout]   10:     0x5bba342cc067 - <alloc::boxed::Box<F,A> as core::ops::function::Fn<Args>>::call::h7a3c7b4a1ae77f2f
[INFO] [stdout]                                at /rustc/202008a1b8de96d2e5b6bc02d379db03a877d34d/library/alloc/src/boxed.rs:1986:9
[INFO] [stdout]   11:     0x5bba342cc067 - test::test_main::{{closure}}::hf0d3b69ae9b353d1
[INFO] [stdout]                                at /rustc/202008a1b8de96d2e5b6bc02d379db03a877d34d/library/test/src/lib.rs:134:21
[INFO] [stdout]   12:     0x5bba343f0758 - <alloc::boxed::Box<F,A> as core::ops::function::Fn<Args>>::call::h6332e82e7b189abd
[INFO] [stdout]                                at /rustc/202008a1b8de96d2e5b6bc02d379db03a877d34d/library/alloc/src/boxed.rs:1986:9
[INFO] [stdout]   13:     0x5bba343f0758 - std::panicking::rust_panic_with_hook::h53863d4e9018df39
[INFO] [stdout]                                at /rustc/202008a1b8de96d2e5b6bc02d379db03a877d34d/library/std/src/panicking.rs:809:13
[INFO] [stdout]   14:     0x5bba343f04e6 - std::panicking::begin_panic_handler::{{closure}}::h67280e6fa0757873
[INFO] [stdout]                                at /rustc/202008a1b8de96d2e5b6bc02d379db03a877d34d/library/std/src/panicking.rs:667:13
[INFO] [stdout]   15:     0x5bba343ef109 - std::sys::backtrace::__rust_end_short_backtrace::h1dac3f54d6fbbeb2
[INFO] [stdout]                                at /rustc/202008a1b8de96d2e5b6bc02d379db03a877d34d/library/std/src/sys/backtrace.rs:170:18
[INFO] [stdout]   16:     0x5bba343f01ac - rust_begin_unwind
[INFO] [stdout]                                at /rustc/202008a1b8de96d2e5b6bc02d379db03a877d34d/library/std/src/panicking.rs:665:5
[INFO] [stdout]   17:     0x5bba341f71a0 - core::panicking::panic_fmt::h6792bd1b2bf01041
[INFO] [stdout]                                at /rustc/202008a1b8de96d2e5b6bc02d379db03a877d34d/library/core/src/panicking.rs:76:14
[INFO] [stdout]   18:     0x5bba341f722c - core::panicking::panic::hbb5c236a846c507c
[INFO] [stdout]                                at /rustc/202008a1b8de96d2e5b6bc02d379db03a877d34d/library/core/src/panicking.rs:148:5
[INFO] [stdout]   19:     0x5bba341f7119 - core::option::unwrap_failed::hc5b7b0e3b50bafe9
[INFO] [stdout]                                at /rustc/202008a1b8de96d2e5b6bc02d379db03a877d34d/library/core/src/option.rs:2009:5
[INFO] [stdout]   20:     0x5bba3424448a - core::option::Option<T>::unwrap::hb5d6af3783971f87
[INFO] [stdout]                                at /rustc/202008a1b8de96d2e5b6bc02d379db03a877d34d/library/core/src/option.rs:972:21
[INFO] [stdout]   21:     0x5bba3424448a - conformance::check_addresses_match::he1d22ca1a437e1a6
[INFO] [stdout]                                at /opt/rustwide/workdir/tests/conformance.rs:92:23
[INFO] [stdout]   22:     0x5bba3424a526 - conformance::hello_world_conformance::hb4d2bde48806633c
[INFO] [stdout]                                at /opt/rustwide/workdir/tests/conformance.rs:153:5
[INFO] [stdout]   23:     0x5bba3424a437 - conformance::hello_world_conformance::{{closure}}::h84414a27d4171a77
[INFO] [stdout]                                at /opt/rustwide/workdir/tests/conformance.rs:151:29
[INFO] [stdout]   24:     0x5bba34233d06 - core::ops::function::FnOnce::call_once::hb4fa2d1df115fa13
[INFO] [stdout]                                at /rustc/202008a1b8de96d2e5b6bc02d379db03a877d34d/library/core/src/ops/function.rs:250:5
[INFO] [stdout]   25:     0x5bba342d0b8b - core::ops::function::FnOnce::call_once::h871bf86719ec9aa4
[INFO] [stdout]                                at /rustc/202008a1b8de96d2e5b6bc02d379db03a877d34d/library/core/src/ops/function.rs:250:5
[INFO] [stdout]   26:     0x5bba342d0b8b - test::__rust_begin_short_backtrace::h2167df1e2b7d76fd
[INFO] [stdout]                                at /rustc/202008a1b8de96d2e5b6bc02d379db03a877d34d/library/test/src/lib.rs:632:18
[INFO] [stdout]   27:     0x5bba342d0578 - test::run_test_in_process::{{closure}}::h15d92f75a3adfb79
[INFO] [stdout]                                at /rustc/202008a1b8de96d2e5b6bc02d379db03a877d34d/library/test/src/lib.rs:655:60
[INFO] [stdout]   28:     0x5bba342d0578 - <core::panic::unwind_safe::AssertUnwindSafe<F> as core::ops::function::FnOnce<()>>::call_once::hb6c8955835a8dbbb
[INFO] [stdout]                                at /rustc/202008a1b8de96d2e5b6bc02d379db03a877d34d/library/core/src/panic/unwind_safe.rs:272:9
[INFO] [stdout]   29:     0x5bba342d0578 - std::panicking::try::do_call::hc79d0fc888a0bd30
[INFO] [stdout]                                at /rustc/202008a1b8de96d2e5b6bc02d379db03a877d34d/library/std/src/panicking.rs:557:40
[INFO] [stdout]   30:     0x5bba342d0578 - std::panicking::try::hb8a7878e3a8589d6
[INFO] [stdout]                                at /rustc/202008a1b8de96d2e5b6bc02d379db03a877d34d/library/std/src/panicking.rs:520:19
[INFO] [stdout]   31:     0x5bba342d0578 - std::panic::catch_unwind::hb8e4600ff0ff5cfa
[INFO] [stdout]                                at /rustc/202008a1b8de96d2e5b6bc02d379db03a877d34d/library/std/src/panic.rs:358:14
[INFO] [stdout]   32:     0x5bba342d0578 - test::run_test_in_process::hc2900b0b18688dd6
[INFO] [stdout]                                at /rustc/202008a1b8de96d2e5b6bc02d379db03a877d34d/library/test/src/lib.rs:655:27
[INFO] [stdout]   33:     0x5bba342d0578 - test::run_test::{{closure}}::hac2a9cb07be3d48d
[INFO] [stdout]                                at /rustc/202008a1b8de96d2e5b6bc02d379db03a877d34d/library/test/src/lib.rs:576:43
[INFO] [stdout]   34:     0x5bba3429401a - test::run_test::{{closure}}::h4a5b729e66a38cd8
[INFO] [stdout]                                at /rustc/202008a1b8de96d2e5b6bc02d379db03a877d34d/library/test/src/lib.rs:606:41
[INFO] [stdout]   35:     0x5bba3429401a - std::sys::backtrace::__rust_begin_short_backtrace::h0496fb742492f573
[INFO] [stdout]                                at /rustc/202008a1b8de96d2e5b6bc02d379db03a877d34d/library/std/src/sys/backtrace.rs:154:18
[INFO] [stdout]   36:     0x5bba34297994 - std::thread::Builder::spawn_unchecked_::{{closure}}::{{closure}}::hbb6d257c550a54bd
[INFO] [stdout]                                at /rustc/202008a1b8de96d2e5b6bc02d379db03a877d34d/library/std/src/thread/mod.rs:561:17
[INFO] [stdout]   37:     0x5bba34297994 - <core::panic::unwind_safe::AssertUnwindSafe<F> as core::ops::function::FnOnce<()>>::call_once::h46696fe4a6832328
[INFO] [stdout]                                at /rustc/202008a1b8de96d2e5b6bc02d379db03a877d34d/library/core/src/panic/unwind_safe.rs:272:9
[INFO] [stdout]   38:     0x5bba34297994 - std::panicking::try::do_call::h2625a51b667bfb64
[INFO] [stdout]                                at /rustc/202008a1b8de96d2e5b6bc02d379db03a877d34d/library/std/src/panicking.rs:557:40
[INFO] [stdout]   39:     0x5bba34297994 - std::panicking::try::hb956a59a1973aa4c
[INFO] [stdout]                                at /rustc/202008a1b8de96d2e5b6bc02d379db03a877d34d/library/std/src/panicking.rs:520:19
[INFO] [stdout]   40:     0x5bba34297994 - std::panic::catch_unwind::h64f3b9d1067ef6a0
[INFO] [stdout]                                at /rustc/202008a1b8de96d2e5b6bc02d379db03a877d34d/library/std/src/panic.rs:358:14
[INFO] [stdout]   41:     0x5bba34297994 - std::thread::Builder::spawn_unchecked_::{{closure}}::h42b2841295b6c0b2
[INFO] [stdout]                                at /rustc/202008a1b8de96d2e5b6bc02d379db03a877d34d/library/std/src/thread/mod.rs:559:30
[INFO] [stdout]   42:     0x5bba34297994 - core::ops::function::FnOnce::call_once{{vtable.shim}}::h6127de71b8124639
[INFO] [stdout]                                at /rustc/202008a1b8de96d2e5b6bc02d379db03a877d34d/library/core/src/ops/function.rs:250:5
[INFO] [stdout]   43:     0x5bba343f4dcb - <alloc::boxed::Box<F,A> as core::ops::function::FnOnce<Args>>::call_once::h42f0ba71002a1b2c
[INFO] [stdout]                                at /rustc/202008a1b8de96d2e5b6bc02d379db03a877d34d/library/alloc/src/boxed.rs:1972:9
[INFO] [stdout]   44:     0x5bba343f4dcb - <alloc::boxed::Box<F,A> as core::ops::function::FnOnce<Args>>::call_once::had9e47d7a3dcecb8
[INFO] [stdout]                                at /rustc/202008a1b8de96d2e5b6bc02d379db03a877d34d/library/alloc/src/boxed.rs:1972:9
[INFO] [stdout]   45:     0x5bba343f4dcb - std::sys::pal::unix::thread::Thread::new::thread_start::h48cf765408f6f5f2
[INFO] [stdout]                                at /rustc/202008a1b8de96d2e5b6bc02d379db03a877d34d/library/std/src/sys/pal/unix/thread.rs:105:17
[INFO] [stdout]   46:     0x7dae081d2ac3 - <unknown>
[INFO] [stdout]   47:     0x7dae08263a04 - clone
[INFO] [stdout]   48:                0x0 - <unknown>
[INFO] [stdout] 
[INFO] [stdout] 
[INFO] [stdout] failures:
[INFO] [stdout]     hello_world_conformance
[INFO] [stdout] 
[INFO] [stdout] test result: FAILED. 0 passed; 1 failed; 0 ignored; 0 measured; 0 filtered out; finished in 0.19s
[INFO] [stdout] 
[INFO] [stderr] error: test failed, to rerun pass `--test conformance`
[INFO] running `Command { std: "docker" "inspect" "49ed8b5c0329c20f19217d64cfc3a0a85e0f59c27b796ea995b1c50567654ca8", kill_on_drop: false }`
[INFO] running `Command { std: "docker" "rm" "-f" "49ed8b5c0329c20f19217d64cfc3a0a85e0f59c27b796ea995b1c50567654ca8", kill_on_drop: false }`
[INFO] [stdout] 49ed8b5c0329c20f19217d64cfc3a0a85e0f59c27b796ea995b1c50567654ca8
