[INFO] cloning repository https://github.com/www5226448/water
[INFO] running `Command { std: "git" "-c" "credential.helper=" "-c" "credential.helper=/workspace/cargo-home/bin/git-credential-null" "clone" "--bare" "https://github.com/www5226448/water" "/workspace/cache/git-repos/https%3A%2F%2Fgithub.com%2Fwww5226448%2Fwater", kill_on_drop: false }`
[INFO] [stderr] Cloning into bare repository '/workspace/cache/git-repos/https%3A%2F%2Fgithub.com%2Fwww5226448%2Fwater'...
[INFO] running `Command { std: "git" "rev-parse" "HEAD", kill_on_drop: false }`
[INFO] [stdout] 8e3a88f8588d3485355bd518ac7f58a62509876b
[INFO] testing www5226448/water against 1.83.0 for beta-1.84.0-4-retry
[INFO] running `Command { std: "git" "clone" "/workspace/cache/git-repos/https%3A%2F%2Fgithub.com%2Fwww5226448%2Fwater" "/workspace/builds/worker-3-tc1/source", kill_on_drop: false }`
[INFO] [stderr] Cloning into '/workspace/builds/worker-3-tc1/source'...
[INFO] [stderr] done.
[INFO] validating manifest of git repo https://github.com/www5226448/water on toolchain 1.83.0
[INFO] running `Command { std: CARGO_HOME="/workspace/cargo-home" RUSTUP_HOME="/workspace/rustup-home" "/workspace/cargo-home/bin/cargo" "+1.83.0" "metadata" "--manifest-path" "Cargo.toml" "--no-deps", kill_on_drop: false }`
[INFO] started tweaking git repo https://github.com/www5226448/water
[INFO] finished tweaking git repo https://github.com/www5226448/water
[INFO] tweaked toml for git repo https://github.com/www5226448/water written to /workspace/builds/worker-3-tc1/source/Cargo.toml
[INFO] crate git repo https://github.com/www5226448/water already has a lockfile, it will not be regenerated
[INFO] running `Command { std: CARGO_HOME="/workspace/cargo-home" RUSTUP_HOME="/workspace/rustup-home" "/workspace/cargo-home/bin/cargo" "+1.83.0" "fetch" "--manifest-path" "Cargo.toml", kill_on_drop: false }`
[INFO] [stderr]     Updating crates.io index
[INFO] [stderr]  Downloading crates ...
[INFO] [stderr]   Downloaded starknet-ff v0.3.7
[INFO] [stderr]   Downloaded starknet-curve v0.4.2
[INFO] [stderr]   Downloaded starknet-crypto v0.6.2
[INFO] [stderr]   Downloaded starknet-crypto-codegen v0.3.3
[INFO] [stderr]   Downloaded starknet-signers v0.7.0
[INFO] [stderr]   Downloaded starknet-providers v0.9.0
[INFO] [stderr]   Downloaded starknet-macros v0.1.7
[INFO] [stderr]   Downloaded starknet-accounts v0.8.0
[INFO] [stderr]   Downloaded starknet-contract v0.8.0
[INFO] [stderr]   Downloaded starknet-core v0.10.0
[INFO] [stderr]   Downloaded starknet v0.9.0
[INFO] [stderr]   Downloaded starknet-core v0.9.0
[INFO] running `Command { std: "docker" "create" "-v" "/var/lib/crater-agent-workspace/builds/worker-3-tc1/target:/opt/rustwide/target:rw,Z" "-v" "/var/lib/crater-agent-workspace/builds/worker-3-tc1/source:/opt/rustwide/workdir:ro,Z" "-v" "/var/lib/crater-agent-workspace/cargo-home:/opt/rustwide/cargo-home:ro,Z" "-v" "/var/lib/crater-agent-workspace/rustup-home:/opt/rustwide/rustup-home:ro,Z" "-e" "SOURCE_DIR=/opt/rustwide/workdir" "-e" "CARGO_TARGET_DIR=/opt/rustwide/target" "-e" "CARGO_HOME=/opt/rustwide/cargo-home" "-e" "RUSTUP_HOME=/opt/rustwide/rustup-home" "-w" "/opt/rustwide/workdir" "-m" "1610612736" "--user" "0:0" "--network" "none" "ghcr.io/rust-lang/crates-build-env/linux@sha256:f3a9d4ad9d972b27faf3965f35b62e55ba32bbce8f20bc8fe909558a86702fde" "/opt/rustwide/cargo-home/bin/cargo" "+1.83.0" "metadata" "--no-deps" "--format-version=1", kill_on_drop: false }`
[INFO] [stdout] b96741bc5ec256087e6cfe2adcba6273931dfa2d1662d487b67d9a21ef999f94
[INFO] running `Command { std: "docker" "start" "-a" "b96741bc5ec256087e6cfe2adcba6273931dfa2d1662d487b67d9a21ef999f94", kill_on_drop: false }`
[INFO] running `Command { std: "docker" "inspect" "b96741bc5ec256087e6cfe2adcba6273931dfa2d1662d487b67d9a21ef999f94", kill_on_drop: false }`
[INFO] running `Command { std: "docker" "rm" "-f" "b96741bc5ec256087e6cfe2adcba6273931dfa2d1662d487b67d9a21ef999f94", kill_on_drop: false }`
[INFO] [stdout] b96741bc5ec256087e6cfe2adcba6273931dfa2d1662d487b67d9a21ef999f94
[INFO] running `Command { std: "docker" "create" "-v" "/var/lib/crater-agent-workspace/builds/worker-3-tc1/target:/opt/rustwide/target:rw,Z" "-v" "/var/lib/crater-agent-workspace/builds/worker-3-tc1/source:/opt/rustwide/workdir:ro,Z" "-v" "/var/lib/crater-agent-workspace/cargo-home:/opt/rustwide/cargo-home:ro,Z" "-v" "/var/lib/crater-agent-workspace/rustup-home:/opt/rustwide/rustup-home:ro,Z" "-e" "SOURCE_DIR=/opt/rustwide/workdir" "-e" "CARGO_TARGET_DIR=/opt/rustwide/target" "-e" "CARGO_INCREMENTAL=0" "-e" "RUST_BACKTRACE=full" "-e" "RUSTFLAGS=--cap-lints=warn" "-e" "RUSTDOCFLAGS=--cap-lints=warn" "-e" "CARGO_HOME=/opt/rustwide/cargo-home" "-e" "RUSTUP_HOME=/opt/rustwide/rustup-home" "-w" "/opt/rustwide/workdir" "-m" "1610612736" "--user" "0:0" "--network" "none" "ghcr.io/rust-lang/crates-build-env/linux@sha256:f3a9d4ad9d972b27faf3965f35b62e55ba32bbce8f20bc8fe909558a86702fde" "/opt/rustwide/cargo-home/bin/cargo" "+1.83.0" "build" "--frozen" "--message-format=json", kill_on_drop: false }`
[INFO] [stdout] 11738178b51da6930d0b0449d2624be43c9d312c1a00f04d707e671a96fea87c
[INFO] running `Command { std: "docker" "start" "-a" "11738178b51da6930d0b0449d2624be43c9d312c1a00f04d707e671a96fea87c", kill_on_drop: false }`
[INFO] [stderr]    Compiling proc-macro2 v1.0.81
[INFO] [stderr]    Compiling unicode-ident v1.0.12
[INFO] [stderr]    Compiling autocfg v1.2.0
[INFO] [stderr]    Compiling cfg-if v1.0.0
[INFO] [stderr]    Compiling version_check v0.9.4
[INFO] [stderr]    Compiling typenum v1.17.0
[INFO] [stderr]    Compiling libc v0.2.153
[INFO] [stderr]    Compiling subtle v2.5.0
[INFO] [stderr]    Compiling serde v1.0.198
[INFO] [stderr]    Compiling syn v1.0.109
[INFO] [stderr]    Compiling fnv v1.0.7
[INFO] [stderr]    Compiling itoa v1.0.11
[INFO] [stderr]    Compiling ppv-lite86 v0.2.17
[INFO] [stderr]    Compiling paste v1.0.14
[INFO] [stderr]    Compiling bytes v1.6.0
[INFO] [stderr]    Compiling either v1.11.0
[INFO] [stderr]    Compiling rand_core v0.6.4
[INFO] [stderr]    Compiling ryu v1.0.17
[INFO] [stderr]    Compiling cpufeatures v0.2.12
[INFO] [stderr]    Compiling itertools v0.10.5
[INFO] [stderr]    Compiling pin-project-lite v0.2.14
[INFO] [stderr]    Compiling strsim v0.10.0
[INFO] [stderr]    Compiling cc v1.0.95
[INFO] [stderr]    Compiling generic-array v0.14.7
[INFO] [stderr]    Compiling parking_lot_core v0.9.9
[INFO] [stderr]    Compiling ident_case v1.0.1
[INFO] [stderr]    Compiling smallvec v1.13.2
[INFO] [stderr]    Compiling scopeguard v1.2.0
[INFO] [stderr]    Compiling hex v0.4.3
[INFO] [stderr]    Compiling num-traits v0.2.18
[INFO] [stderr]    Compiling num-bigint v0.4.4
[INFO] [stderr]    Compiling rand_chacha v0.3.1
[INFO] [stderr]    Compiling lock_api v0.4.11
[INFO] [stderr]    Compiling rand v0.8.5
[INFO] [stderr]    Compiling keccak v0.1.5
[INFO] [stderr]    Compiling crc32fast v1.4.0
[INFO] [stderr]    Compiling getrandom v0.2.14
[INFO] [stderr]    Compiling quote v1.0.36
[INFO] [stderr]    Compiling num_cpus v1.16.0
[INFO] [stderr]    Compiling signal-hook-registry v1.4.1
[INFO] [stderr]    Compiling mio v0.8.11
[INFO] [stderr]    Compiling parking_lot v0.12.1
[INFO] [stderr]    Compiling socket2 v0.5.6
[INFO] [stderr]    Compiling untrusted v0.9.0
[INFO] [stderr]    Compiling syn v2.0.60
[INFO] [stderr]    Compiling crunchy v0.2.2
[INFO] [stderr]    Compiling futures-core v0.3.30
[INFO] [stderr]    Compiling serde_json_pythonic v0.1.2
[INFO] [stderr]    Compiling once_cell v1.19.0
[INFO] [stderr]    Compiling spin v0.9.8
[INFO] [stderr]    Compiling slab v0.4.9
[INFO] [stderr]    Compiling tracing-core v0.1.32
[INFO] [stderr]    Compiling adler v1.0.2
[INFO] [stderr]    Compiling rustc-hex v2.1.0
[INFO] [stderr]    Compiling miniz_oxide v0.7.2
[INFO] [stderr]    Compiling ring v0.17.8
[INFO] [stderr]    Compiling http v0.2.12
[INFO] [stderr]    Compiling pin-utils v0.1.0
[INFO] [stderr]    Compiling rustls v0.21.11
[INFO] [stderr]    Compiling futures-sink v0.3.30
[INFO] [stderr]    Compiling futures-task v0.3.30
[INFO] [stderr]    Compiling static_assertions v1.1.0
[INFO] [stderr]    Compiling tinyvec_macros v0.1.1
[INFO] [stderr]    Compiling httparse v1.8.0
[INFO] [stderr]    Compiling hashbrown v0.14.3
[INFO] [stderr]    Compiling serde_json v1.0.116
[INFO] [stderr]    Compiling tracing v0.1.40
[INFO] [stderr]    Compiling byteorder v1.5.0
[INFO] [stderr]    Compiling num-integer v0.1.46
[INFO] [stderr]    Compiling ark-std v0.4.0
[INFO] [stderr]    Compiling block-buffer v0.10.4
[INFO] [stderr]    Compiling crypto-common v0.1.6
[INFO] [stderr]    Compiling digest v0.10.7
[INFO] [stderr]    Compiling inout v0.1.3
[INFO] [stderr]    Compiling equivalent v1.0.1
[INFO] [stderr]    Compiling flate2 v1.0.28
[INFO] [stderr]    Compiling cipher v0.4.4
[INFO] [stderr]    Compiling tinyvec v1.6.0
[INFO] [stderr]    Compiling futures-util v0.3.30
[INFO] [stderr]    Compiling rlp v0.5.2
[INFO] [stderr]    Compiling hmac v0.12.1
[INFO] [stderr]    Compiling sha2 v0.10.8
[INFO] [stderr]    Compiling log v0.4.21
[INFO] [stderr]    Compiling percent-encoding v2.3.1
[INFO] [stderr]    Compiling thiserror v1.0.58
[INFO] [stderr]    Compiling base64 v0.21.7
[INFO] [stderr]    Compiling try-lock v0.2.5
[INFO] [stderr]    Compiling tiny-keccak v2.0.2
[INFO] [stderr]    Compiling indexmap v2.2.6
[INFO] [stderr]    Compiling want v0.3.1
[INFO] [stderr]    Compiling impl-rlp v0.3.0
[INFO] [stderr]    Compiling form_urlencoded v1.2.1
[INFO] [stderr]    Compiling http-body v0.4.6
[INFO] [stderr]    Compiling unicode-normalization v0.1.23
[INFO] [stderr]    Compiling rfc6979 v0.4.0
[INFO] [stderr]    Compiling fixed-hash v0.8.0
[INFO] [stderr]    Compiling sha3 v0.10.8
[INFO] [stderr]    Compiling futures-channel v0.3.30
[INFO] [stderr]    Compiling unicode-bidi v0.3.15
[INFO] [stderr]    Compiling tower-service v0.3.2
[INFO] [stderr]    Compiling httpdate v1.0.3
[INFO] [stderr]    Compiling pbkdf2 v0.11.0
[INFO] [stderr]    Compiling salsa20 v0.10.2
[INFO] [stderr]    Compiling uint v0.9.5
[INFO] [stderr]    Compiling rustls-pemfile v1.0.4
[INFO] [stderr]    Compiling aes v0.8.4
[INFO] [stderr]    Compiling scrypt v0.10.0
[INFO] [stderr]    Compiling ctr v0.9.2
[INFO] [stderr]    Compiling encoding_rs v0.8.34
[INFO] [stderr]    Compiling sync_wrapper v0.1.2
[INFO] [stderr]    Compiling ipnet v2.9.0
[INFO] [stderr]    Compiling idna v0.5.0
[INFO] [stderr]    Compiling mime v0.3.17
[INFO] [stderr]    Compiling webpki-roots v0.25.4
[INFO] [stderr]    Compiling ark-serialize v0.4.2
[INFO] [stderr]    Compiling url v2.5.0
[INFO] [stderr]    Compiling darling_core v0.20.8
[INFO] [stderr]    Compiling sct v0.7.1
[INFO] [stderr]    Compiling rustls-webpki v0.101.7
[INFO] [stderr]    Compiling serde_derive v1.0.198
[INFO] [stderr]    Compiling zeroize_derive v1.4.2
[INFO] [stderr]    Compiling tokio-macros v2.2.0
[INFO] [stderr]    Compiling thiserror-impl v1.0.58
[INFO] [stderr]    Compiling async-trait v0.1.80
[INFO] [stderr]    Compiling auto_impl v1.2.0
[INFO] [stderr]    Compiling ark-ff-macros v0.4.2
[INFO] [stderr]    Compiling derivative v2.2.0
[INFO] [stderr]    Compiling ark-ff-asm v0.4.2
[INFO] [stderr]    Compiling zeroize v1.7.0
[INFO] [stderr]    Compiling tokio v1.37.0
[INFO] [stderr]    Compiling crypto-bigint v0.5.5
[INFO] [stderr]    Compiling darling_macro v0.20.8
[INFO] [stderr]    Compiling darling v0.20.8
[INFO] [stderr]    Compiling serde_with_macros v2.3.3
[INFO] [stderr]    Compiling ark-ff v0.4.2
[INFO] [stderr]    Compiling serde_with v2.3.3
[INFO] [stderr]    Compiling tokio-util v0.7.10
[INFO] [stderr]    Compiling tokio-rustls v0.24.1
[INFO] [stderr]    Compiling h2 v0.3.26
[INFO] [stderr]    Compiling bigdecimal v0.3.1
[INFO] [stderr]    Compiling impl-serde v0.4.0
[INFO] [stderr]    Compiling serde_urlencoded v0.7.1
[INFO] [stderr]    Compiling uuid v0.8.2
[INFO] [stderr]    Compiling ethbloom v0.13.0
[INFO] [stderr]    Compiling primitive-types v0.12.2
[INFO] [stderr]    Compiling eth-keystore v0.5.0
[INFO] [stderr]    Compiling ethereum-types v0.14.1
[INFO] [stderr]    Compiling hyper v0.14.28
[INFO] [stderr]    Compiling starknet-ff v0.3.7
[INFO] [stderr]    Compiling starknet-curve v0.4.2
[INFO] [stderr]    Compiling hyper-rustls v0.24.2
[INFO] [stderr]    Compiling reqwest v0.11.27
[INFO] [stderr]    Compiling starknet-crypto-codegen v0.3.3
[INFO] [stderr]    Compiling starknet-crypto v0.6.2
[INFO] [stderr]    Compiling starknet-core v0.9.0
[INFO] [stderr]    Compiling starknet-core v0.10.0
[INFO] [stderr]    Compiling starknet-providers v0.9.0
[INFO] [stderr]    Compiling starknet-signers v0.7.0
[INFO] [stderr]    Compiling starknet-macros v0.1.7
[INFO] [stderr]    Compiling starknet-accounts v0.8.0
[INFO] [stderr]    Compiling starknet-contract v0.8.0
[INFO] [stderr]    Compiling starknet v0.9.0
[INFO] [stderr]    Compiling water v0.1.0 (/opt/rustwide/workdir)
[INFO] [stdout] warning: unused import: `warn`
[INFO] [stdout]  --> src/graph.rs:5:17
[INFO] [stdout]   |
[INFO] [stdout] 5 | use log::{info, warn};
[INFO] [stdout]   |                 ^^^^
[INFO] [stdout]   |
[INFO] [stdout]   = note: `#[warn(unused_imports)]` on by default
[INFO] [stdout] 
[INFO] [stdout] 
[INFO] [stdout] warning: unused import: `starknet::accounts::AccountError`
[INFO] [stdout]  --> src/graph.rs:6:5
[INFO] [stdout]   |
[INFO] [stdout] 6 | use starknet::accounts::AccountError;
[INFO] [stdout]   |     ^^^^^^^^^^^^^^^^^^^^^^^^^^^^^^^^
[INFO] [stdout] 
[INFO] [stdout] 
[INFO] [stdout] warning: unused import: `starknet::accounts::AccountError::Provider`
[INFO] [stdout]  --> src/graph.rs:7:5
[INFO] [stdout]   |
[INFO] [stdout] 7 | use starknet::accounts::AccountError::Provider;
[INFO] [stdout]   |     ^^^^^^^^^^^^^^^^^^^^^^^^^^^^^^^^^^^^^^^^^^
[INFO] [stdout] 
[INFO] [stdout] 
[INFO] [stdout] warning: unused import: `RawExecution`
[INFO] [stdout]  --> src/graph.rs:8:41
[INFO] [stdout]   |
[INFO] [stdout] 8 | use starknet::accounts::{Account, Call, RawExecution};
[INFO] [stdout]   |                                         ^^^^^^^^^^^^
[INFO] [stdout] 
[INFO] [stdout] 
[INFO] [stdout] warning: unused import: `StarknetError`
[INFO] [stdout]  --> src/graph.rs:9:43
[INFO] [stdout]   |
[INFO] [stdout] 9 | use starknet::core::types::{FieldElement, StarknetError};
[INFO] [stdout]   |                                           ^^^^^^^^^^^^^
[INFO] [stdout] 
[INFO] [stdout] 
[INFO] [stdout] warning: unused import: `starknet::providers::ProviderError`
[INFO] [stdout]   --> src/graph.rs:11:5
[INFO] [stdout]    |
[INFO] [stdout] 11 | use starknet::providers::ProviderError;
[INFO] [stdout]    |     ^^^^^^^^^^^^^^^^^^^^^^^^^^^^^^^^^^
[INFO] [stdout] 
[INFO] [stdout] 
[INFO] [stdout] warning: unused imports: `HttpTransport`, `JsonRpcClient`, `Url`, and `self`
[INFO] [stdout]  --> src/retrieve.rs:5:19
[INFO] [stdout]   |
[INFO] [stdout] 5 |     core::types::{self, BlockId, BlockTag, FieldElement, FunctionCall},
[INFO] [stdout]   |                   ^^^^
[INFO] [stdout] ...
[INFO] [stdout] 8 |         jsonrpc::{HttpTransport, JsonRpcClient},
[INFO] [stdout]   |                   ^^^^^^^^^^^^^  ^^^^^^^^^^^^^
[INFO] [stdout] 9 |         Provider, Url,
[INFO] [stdout]   |                   ^^^
[INFO] [stdout] 
[INFO] [stdout] 
[INFO] [stdout] warning: variant `wstETH` should have an upper camel case name
[INFO] [stdout]   --> src/types.rs:12:5
[INFO] [stdout]    |
[INFO] [stdout] 12 |     wstETH,
[INFO] [stdout]    |     ^^^^^^ help: convert the identifier to upper camel case: `WstEth`
[INFO] [stdout]    |
[INFO] [stdout]    = note: `#[warn(non_camel_case_types)]` on by default
[INFO] [stdout] 
[INFO] [stdout] 
[INFO] [stdout] warning: variant `jedipair` should have an upper camel case name
[INFO] [stdout]   --> src/types.rs:56:5
[INFO] [stdout]    |
[INFO] [stdout] 56 |     jedipair,
[INFO] [stdout]    |     ^^^^^^^^ help: convert the identifier to upper camel case: `Jedipair`
[INFO] [stdout] 
[INFO] [stdout] 
[INFO] [stdout] warning: variant `onepair` should have an upper camel case name
[INFO] [stdout]   --> src/types.rs:57:5
[INFO] [stdout]    |
[INFO] [stdout] 57 |     onepair,
[INFO] [stdout]    |     ^^^^^^^ help: convert the identifier to upper camel case (notice the capitalization): `Onepair`
[INFO] [stdout] 
[INFO] [stdout] 
[INFO] [stdout] warning: variant `myPoolId` should have an upper camel case name
[INFO] [stdout]   --> src/types.rs:58:5
[INFO] [stdout]    |
[INFO] [stdout] 58 |     myPoolId,
[INFO] [stdout]    |     ^^^^^^^^ help: convert the identifier to upper camel case: `MyPoolId`
[INFO] [stdout] 
[INFO] [stdout] 
[INFO] [stdout] warning: unused import: `Fetcher`
[INFO] [stdout]  --> src/main.rs:7:20
[INFO] [stdout]   |
[INFO] [stdout] 7 | use crate::types::{Fetcher, Token::*};
[INFO] [stdout]   |                    ^^^^^^^
[INFO] [stdout] 
[INFO] [stdout] 
[INFO] [stdout] warning: method `provider` is never used
[INFO] [stdout]    --> src/types.rs:123:12
[INFO] [stdout]     |
[INFO] [stdout] 115 | impl Fetcher {
[INFO] [stdout]     | ------------ method in this implementation
[INFO] [stdout] ...
[INFO] [stdout] 123 |     pub fn provider(&self) -> &JsonRpcClient<HttpTransport> {
[INFO] [stdout]     |            ^^^^^^^^
[INFO] [stdout]     |
[INFO] [stdout]     = note: `#[warn(dead_code)]` on by default
[INFO] [stdout] 
[INFO] [stdout] 
[INFO] [stdout] warning: static variable `Tx_pool` should have an upper case name
[INFO] [stdout]    --> src/graph.rs:246:8
[INFO] [stdout]     |
[INFO] [stdout] 246 | static Tx_pool: RwLock<Vec<FieldElement>> = RwLock::new(Vec::new());
[INFO] [stdout]     |        ^^^^^^^ help: convert the identifier to upper case: `TX_POOL`
[INFO] [stdout]     |
[INFO] [stdout]     = note: `#[warn(non_upper_case_globals)]` on by default
[INFO] [stdout] 
[INFO] [stdout] 
[INFO] [stdout] warning: variable `privateKey` should have a snake case name
[INFO] [stdout]   --> src/types.rs:86:9
[INFO] [stdout]    |
[INFO] [stdout] 86 |     let privateKey = line.next().expect("Failed to compile private key");
[INFO] [stdout]    |         ^^^^^^^^^^ help: convert the identifier to snake case: `private_key`
[INFO] [stdout]    |
[INFO] [stdout]    = note: `#[warn(non_snake_case)]` on by default
[INFO] [stdout] 
[INFO] [stdout] 
[INFO] [stdout] warning: variable `amountIn` should have a snake case name
[INFO] [stdout]   --> src/utils.rs:20:5
[INFO] [stdout]    |
[INFO] [stdout] 20 |     amountIn: &FieldElement,
[INFO] [stdout]    |     ^^^^^^^^ help: convert the identifier to snake case: `amount_in`
[INFO] [stdout] 
[INFO] [stdout] 
[INFO] [stdout] warning: variable `amountInWithFee` should have a snake case name
[INFO] [stdout]   --> src/utils.rs:22:9
[INFO] [stdout]    |
[INFO] [stdout] 22 |     let amountInWithFee = *amountIn * felt!("997"); // amountInWithFee = amountIn.mul(997);
[INFO] [stdout]    |         ^^^^^^^^^^^^^^^ help: convert the identifier to snake case: `amount_in_with_fee`
[INFO] [stdout] 
[INFO] [stdout] 
[INFO] [stdout] warning: variable `amountOut` should have a snake case name
[INFO] [stdout]   --> src/utils.rs:27:9
[INFO] [stdout]    |
[INFO] [stdout] 27 |     let amountOut = numerator.floor_div(denominator);
[INFO] [stdout]    |         ^^^^^^^^^ help: convert the identifier to snake case: `amount_out`
[INFO] [stdout] 
[INFO] [stdout] 
[INFO] [stdout] warning: function `uniswapv2_getAmountOut` should have a snake case name
[INFO] [stdout]   --> src/utils.rs:32:8
[INFO] [stdout]    |
[INFO] [stdout] 32 | pub fn uniswapv2_getAmountOut(
[INFO] [stdout]    |        ^^^^^^^^^^^^^^^^^^^^^^ help: convert the identifier to snake case: `uniswapv2_get_amount_out`
[INFO] [stdout] 
[INFO] [stdout] 
[INFO] [stdout] warning: variable `amountIn` should have a snake case name
[INFO] [stdout]   --> src/utils.rs:37:5
[INFO] [stdout]    |
[INFO] [stdout] 37 |     amountIn: &FieldElement,
[INFO] [stdout]    |     ^^^^^^^^ help: convert the identifier to snake case: `amount_in`
[INFO] [stdout] 
[INFO] [stdout] 
[INFO] [stdout] warning: variable `tokenIn` should have a snake case name
[INFO] [stdout]   --> src/utils.rs:38:5
[INFO] [stdout]    |
[INFO] [stdout] 38 |     tokenIn: &Token,
[INFO] [stdout]    |     ^^^^^^^ help: convert the identifier to snake case: `token_in`
[INFO] [stdout] 
[INFO] [stdout] 
[INFO] [stderr]     Finished `dev` profile [unoptimized + debuginfo] target(s) in 1m 36s
[INFO] running `Command { std: "docker" "inspect" "11738178b51da6930d0b0449d2624be43c9d312c1a00f04d707e671a96fea87c", kill_on_drop: false }`
[INFO] running `Command { std: "docker" "rm" "-f" "11738178b51da6930d0b0449d2624be43c9d312c1a00f04d707e671a96fea87c", kill_on_drop: false }`
[INFO] [stdout] 11738178b51da6930d0b0449d2624be43c9d312c1a00f04d707e671a96fea87c
[INFO] running `Command { std: "docker" "create" "-v" "/var/lib/crater-agent-workspace/builds/worker-3-tc1/target:/opt/rustwide/target:rw,Z" "-v" "/var/lib/crater-agent-workspace/builds/worker-3-tc1/source:/opt/rustwide/workdir:ro,Z" "-v" "/var/lib/crater-agent-workspace/cargo-home:/opt/rustwide/cargo-home:ro,Z" "-v" "/var/lib/crater-agent-workspace/rustup-home:/opt/rustwide/rustup-home:ro,Z" "-e" "SOURCE_DIR=/opt/rustwide/workdir" "-e" "CARGO_TARGET_DIR=/opt/rustwide/target" "-e" "CARGO_INCREMENTAL=0" "-e" "RUST_BACKTRACE=full" "-e" "RUSTFLAGS=--cap-lints=warn" "-e" "RUSTDOCFLAGS=--cap-lints=warn" "-e" "CARGO_HOME=/opt/rustwide/cargo-home" "-e" "RUSTUP_HOME=/opt/rustwide/rustup-home" "-w" "/opt/rustwide/workdir" "-m" "1610612736" "--user" "0:0" "--network" "none" "ghcr.io/rust-lang/crates-build-env/linux@sha256:f3a9d4ad9d972b27faf3965f35b62e55ba32bbce8f20bc8fe909558a86702fde" "/opt/rustwide/cargo-home/bin/cargo" "+1.83.0" "test" "--frozen" "--no-run" "--message-format=json", kill_on_drop: false }`
[INFO] [stdout] c5234303e59bc54afdfa2b82b38106b055b131bff388cff21130ad966f0fdeee
[INFO] running `Command { std: "docker" "start" "-a" "c5234303e59bc54afdfa2b82b38106b055b131bff388cff21130ad966f0fdeee", kill_on_drop: false }`
[INFO] [stderr]    Compiling water v0.1.0 (/opt/rustwide/workdir)
[INFO] [stdout] warning: unused import: `warn`
[INFO] [stdout]  --> src/graph.rs:5:17
[INFO] [stdout]   |
[INFO] [stdout] 5 | use log::{info, warn};
[INFO] [stdout]   |                 ^^^^
[INFO] [stdout]   |
[INFO] [stdout]   = note: `#[warn(unused_imports)]` on by default
[INFO] [stdout] 
[INFO] [stdout] 
[INFO] [stdout] warning: unused import: `starknet::accounts::AccountError`
[INFO] [stdout]  --> src/graph.rs:6:5
[INFO] [stdout]   |
[INFO] [stdout] 6 | use starknet::accounts::AccountError;
[INFO] [stdout]   |     ^^^^^^^^^^^^^^^^^^^^^^^^^^^^^^^^
[INFO] [stdout] 
[INFO] [stdout] 
[INFO] [stdout] warning: unused import: `starknet::accounts::AccountError::Provider`
[INFO] [stdout]  --> src/graph.rs:7:5
[INFO] [stdout]   |
[INFO] [stdout] 7 | use starknet::accounts::AccountError::Provider;
[INFO] [stdout]   |     ^^^^^^^^^^^^^^^^^^^^^^^^^^^^^^^^^^^^^^^^^^
[INFO] [stdout] 
[INFO] [stdout] 
[INFO] [stdout] warning: unused import: `RawExecution`
[INFO] [stdout]  --> src/graph.rs:8:41
[INFO] [stdout]   |
[INFO] [stdout] 8 | use starknet::accounts::{Account, Call, RawExecution};
[INFO] [stdout]   |                                         ^^^^^^^^^^^^
[INFO] [stdout] 
[INFO] [stdout] 
[INFO] [stdout] warning: unused import: `StarknetError`
[INFO] [stdout]  --> src/graph.rs:9:43
[INFO] [stdout]   |
[INFO] [stdout] 9 | use starknet::core::types::{FieldElement, StarknetError};
[INFO] [stdout]   |                                           ^^^^^^^^^^^^^
[INFO] [stdout] 
[INFO] [stdout] 
[INFO] [stdout] warning: unused import: `starknet::providers::ProviderError`
[INFO] [stdout]   --> src/graph.rs:11:5
[INFO] [stdout]    |
[INFO] [stdout] 11 | use starknet::providers::ProviderError;
[INFO] [stdout]    |     ^^^^^^^^^^^^^^^^^^^^^^^^^^^^^^^^^^
[INFO] [stdout] 
[INFO] [stdout] 
[INFO] [stdout] warning: unused imports: `HttpTransport`, `JsonRpcClient`, `Url`, and `self`
[INFO] [stdout]  --> src/retrieve.rs:5:19
[INFO] [stdout]   |
[INFO] [stdout] 5 |     core::types::{self, BlockId, BlockTag, FieldElement, FunctionCall},
[INFO] [stdout]   |                   ^^^^
[INFO] [stdout] ...
[INFO] [stdout] 8 |         jsonrpc::{HttpTransport, JsonRpcClient},
[INFO] [stdout]   |                   ^^^^^^^^^^^^^  ^^^^^^^^^^^^^
[INFO] [stdout] 9 |         Provider, Url,
[INFO] [stdout]   |                   ^^^
[INFO] [stdout] 
[INFO] [stdout] 
[INFO] [stdout] warning: variant `wstETH` should have an upper camel case name
[INFO] [stdout]   --> src/types.rs:12:5
[INFO] [stdout]    |
[INFO] [stdout] 12 |     wstETH,
[INFO] [stdout]    |     ^^^^^^ help: convert the identifier to upper camel case: `WstEth`
[INFO] [stdout]    |
[INFO] [stdout]    = note: `#[warn(non_camel_case_types)]` on by default
[INFO] [stdout] 
[INFO] [stdout] 
[INFO] [stdout] warning: variant `jedipair` should have an upper camel case name
[INFO] [stdout]   --> src/types.rs:56:5
[INFO] [stdout]    |
[INFO] [stdout] 56 |     jedipair,
[INFO] [stdout]    |     ^^^^^^^^ help: convert the identifier to upper camel case: `Jedipair`
[INFO] [stdout] 
[INFO] [stdout] 
[INFO] [stdout] warning: variant `onepair` should have an upper camel case name
[INFO] [stdout]   --> src/types.rs:57:5
[INFO] [stdout]    |
[INFO] [stdout] 57 |     onepair,
[INFO] [stdout]    |     ^^^^^^^ help: convert the identifier to upper camel case (notice the capitalization): `Onepair`
[INFO] [stdout] 
[INFO] [stdout] 
[INFO] [stdout] warning: variant `myPoolId` should have an upper camel case name
[INFO] [stdout]   --> src/types.rs:58:5
[INFO] [stdout]    |
[INFO] [stdout] 58 |     myPoolId,
[INFO] [stdout]    |     ^^^^^^^^ help: convert the identifier to upper camel case: `MyPoolId`
[INFO] [stdout] 
[INFO] [stdout] 
[INFO] [stdout] warning: unused import: `Fetcher`
[INFO] [stdout]  --> src/main.rs:7:20
[INFO] [stdout]   |
[INFO] [stdout] 7 | use crate::types::{Fetcher, Token::*};
[INFO] [stdout]   |                    ^^^^^^^
[INFO] [stdout] 
[INFO] [stdout] 
[INFO] [stdout] warning: variable does not need to be mutable
[INFO] [stdout]   --> src/main.rs:51:9
[INFO] [stdout]    |
[INFO] [stdout] 51 |     let mut mapping = retrieve::compile_states(&pairs, &r);
[INFO] [stdout]    |         ----^^^^^^^
[INFO] [stdout]    |         |
[INFO] [stdout]    |         help: remove this `mut`
[INFO] [stdout]    |
[INFO] [stdout]    = note: `#[warn(unused_mut)]` on by default
[INFO] [stdout] 
[INFO] [stdout] 
[INFO] [stdout] warning: method `provider` is never used
[INFO] [stdout]    --> src/types.rs:123:12
[INFO] [stdout]     |
[INFO] [stdout] 115 | impl Fetcher {
[INFO] [stdout]     | ------------ method in this implementation
[INFO] [stdout] ...
[INFO] [stdout] 123 |     pub fn provider(&self) -> &JsonRpcClient<HttpTransport> {
[INFO] [stdout]     |            ^^^^^^^^
[INFO] [stdout]     |
[INFO] [stdout]     = note: `#[warn(dead_code)]` on by default
[INFO] [stdout] 
[INFO] [stdout] 
[INFO] [stdout] warning: static variable `Tx_pool` should have an upper case name
[INFO] [stdout]    --> src/graph.rs:246:8
[INFO] [stdout]     |
[INFO] [stdout] 246 | static Tx_pool: RwLock<Vec<FieldElement>> = RwLock::new(Vec::new());
[INFO] [stdout]     |        ^^^^^^^ help: convert the identifier to upper case: `TX_POOL`
[INFO] [stdout]     |
[INFO] [stdout]     = note: `#[warn(non_upper_case_globals)]` on by default
[INFO] [stdout] 
[INFO] [stdout] 
[INFO] [stdout] warning: variable `privateKey` should have a snake case name
[INFO] [stdout]   --> src/types.rs:86:9
[INFO] [stdout]    |
[INFO] [stdout] 86 |     let privateKey = line.next().expect("Failed to compile private key");
[INFO] [stdout]    |         ^^^^^^^^^^ help: convert the identifier to snake case: `private_key`
[INFO] [stdout]    |
[INFO] [stdout]    = note: `#[warn(non_snake_case)]` on by default
[INFO] [stdout] 
[INFO] [stdout] 
[INFO] [stdout] warning: variable `amountIn` should have a snake case name
[INFO] [stdout]   --> src/utils.rs:20:5
[INFO] [stdout]    |
[INFO] [stdout] 20 |     amountIn: &FieldElement,
[INFO] [stdout]    |     ^^^^^^^^ help: convert the identifier to snake case: `amount_in`
[INFO] [stdout] 
[INFO] [stdout] 
[INFO] [stdout] warning: variable `amountInWithFee` should have a snake case name
[INFO] [stdout]   --> src/utils.rs:22:9
[INFO] [stdout]    |
[INFO] [stdout] 22 |     let amountInWithFee = *amountIn * felt!("997"); // amountInWithFee = amountIn.mul(997);
[INFO] [stdout]    |         ^^^^^^^^^^^^^^^ help: convert the identifier to snake case: `amount_in_with_fee`
[INFO] [stdout] 
[INFO] [stdout] 
[INFO] [stdout] warning: variable `amountOut` should have a snake case name
[INFO] [stdout]   --> src/utils.rs:27:9
[INFO] [stdout]    |
[INFO] [stdout] 27 |     let amountOut = numerator.floor_div(denominator);
[INFO] [stdout]    |         ^^^^^^^^^ help: convert the identifier to snake case: `amount_out`
[INFO] [stdout] 
[INFO] [stdout] 
[INFO] [stdout] warning: function `uniswapv2_getAmountOut` should have a snake case name
[INFO] [stdout]   --> src/utils.rs:32:8
[INFO] [stdout]    |
[INFO] [stdout] 32 | pub fn uniswapv2_getAmountOut(
[INFO] [stdout]    |        ^^^^^^^^^^^^^^^^^^^^^^ help: convert the identifier to snake case: `uniswapv2_get_amount_out`
[INFO] [stdout] 
[INFO] [stdout] 
[INFO] [stdout] warning: variable `amountIn` should have a snake case name
[INFO] [stdout]   --> src/utils.rs:37:5
[INFO] [stdout]    |
[INFO] [stdout] 37 |     amountIn: &FieldElement,
[INFO] [stdout]    |     ^^^^^^^^ help: convert the identifier to snake case: `amount_in`
[INFO] [stdout] 
[INFO] [stdout] 
[INFO] [stdout] warning: variable `tokenIn` should have a snake case name
[INFO] [stdout]   --> src/utils.rs:38:5
[INFO] [stdout]    |
[INFO] [stdout] 38 |     tokenIn: &Token,
[INFO] [stdout]    |     ^^^^^^^ help: convert the identifier to snake case: `token_in`
[INFO] [stdout] 
[INFO] [stdout] 
[INFO] [stderr]     Finished `test` profile [unoptimized + debuginfo] target(s) in 4.85s
[INFO] running `Command { std: "docker" "inspect" "c5234303e59bc54afdfa2b82b38106b055b131bff388cff21130ad966f0fdeee", kill_on_drop: false }`
[INFO] running `Command { std: "docker" "rm" "-f" "c5234303e59bc54afdfa2b82b38106b055b131bff388cff21130ad966f0fdeee", kill_on_drop: false }`
[INFO] [stdout] c5234303e59bc54afdfa2b82b38106b055b131bff388cff21130ad966f0fdeee
[INFO] running `Command { std: "docker" "create" "-v" "/var/lib/crater-agent-workspace/builds/worker-3-tc1/target:/opt/rustwide/target:rw,Z" "-v" "/var/lib/crater-agent-workspace/builds/worker-3-tc1/source:/opt/rustwide/workdir:ro,Z" "-v" "/var/lib/crater-agent-workspace/cargo-home:/opt/rustwide/cargo-home:ro,Z" "-v" "/var/lib/crater-agent-workspace/rustup-home:/opt/rustwide/rustup-home:ro,Z" "-e" "SOURCE_DIR=/opt/rustwide/workdir" "-e" "CARGO_TARGET_DIR=/opt/rustwide/target" "-e" "CARGO_INCREMENTAL=0" "-e" "RUST_BACKTRACE=full" "-e" "RUSTFLAGS=--cap-lints=warn" "-e" "RUSTDOCFLAGS=--cap-lints=warn" "-e" "CARGO_HOME=/opt/rustwide/cargo-home" "-e" "RUSTUP_HOME=/opt/rustwide/rustup-home" "-w" "/opt/rustwide/workdir" "-m" "1610612736" "--user" "0:0" "--network" "none" "ghcr.io/rust-lang/crates-build-env/linux@sha256:f3a9d4ad9d972b27faf3965f35b62e55ba32bbce8f20bc8fe909558a86702fde" "/opt/rustwide/cargo-home/bin/cargo" "+1.83.0" "test" "--frozen", kill_on_drop: false }`
[INFO] [stdout] 4e9152695fb5b2078b6b3da9def92d9a1604607663415bb44330e5377136eabb
[INFO] running `Command { std: "docker" "start" "-a" "4e9152695fb5b2078b6b3da9def92d9a1604607663415bb44330e5377136eabb", kill_on_drop: false }`
[INFO] [stderr] warning: unused import: `warn`
[INFO] [stderr]  --> src/graph.rs:5:17
[INFO] [stderr]   |
[INFO] [stderr] 5 | use log::{info, warn};
[INFO] [stderr]   |                 ^^^^
[INFO] [stderr]   |
[INFO] [stderr]   = note: `#[warn(unused_imports)]` on by default
[INFO] [stderr] 
[INFO] [stderr] warning: unused import: `starknet::accounts::AccountError`
[INFO] [stderr]  --> src/graph.rs:6:5
[INFO] [stderr]   |
[INFO] [stderr] 6 | use starknet::accounts::AccountError;
[INFO] [stderr]   |     ^^^^^^^^^^^^^^^^^^^^^^^^^^^^^^^^
[INFO] [stderr] 
[INFO] [stderr] warning: unused import: `starknet::accounts::AccountError::Provider`
[INFO] [stderr]  --> src/graph.rs:7:5
[INFO] [stderr]   |
[INFO] [stderr] 7 | use starknet::accounts::AccountError::Provider;
[INFO] [stderr]   |     ^^^^^^^^^^^^^^^^^^^^^^^^^^^^^^^^^^^^^^^^^^
[INFO] [stderr] 
[INFO] [stderr] warning: unused import: `RawExecution`
[INFO] [stderr]  --> src/graph.rs:8:41
[INFO] [stderr]   |
[INFO] [stderr] 8 | use starknet::accounts::{Account, Call, RawExecution};
[INFO] [stderr]   |                                         ^^^^^^^^^^^^
[INFO] [stderr] 
[INFO] [stderr] warning: unused import: `StarknetError`
[INFO] [stderr]  --> src/graph.rs:9:43
[INFO] [stderr]   |
[INFO] [stderr] 9 | use starknet::core::types::{FieldElement, StarknetError};
[INFO] [stderr]   |                                           ^^^^^^^^^^^^^
[INFO] [stderr] 
[INFO] [stderr] warning: unused import: `starknet::providers::ProviderError`
[INFO] [stderr]   --> src/graph.rs:11:5
[INFO] [stderr]    |
[INFO] [stderr] 11 | use starknet::providers::ProviderError;
[INFO] [stderr]    |     ^^^^^^^^^^^^^^^^^^^^^^^^^^^^^^^^^^
[INFO] [stderr] 
[INFO] [stderr] warning: unused imports: `HttpTransport`, `JsonRpcClient`, `Url`, and `self`
[INFO] [stderr]  --> src/retrieve.rs:5:19
[INFO] [stderr]   |
[INFO] [stderr] 5 |     core::types::{self, BlockId, BlockTag, FieldElement, FunctionCall},
[INFO] [stderr]   |                   ^^^^
[INFO] [stderr] ...
[INFO] [stderr] 8 |         jsonrpc::{HttpTransport, JsonRpcClient},
[INFO] [stderr]   |                   ^^^^^^^^^^^^^  ^^^^^^^^^^^^^
[INFO] [stderr] 9 |         Provider, Url,
[INFO] [stderr]   |                   ^^^
[INFO] [stderr] 
[INFO] [stderr] warning: variant `wstETH` should have an upper camel case name
[INFO] [stderr]   --> src/types.rs:12:5
[INFO] [stderr]    |
[INFO] [stderr] 12 |     wstETH,
[INFO] [stderr]    |     ^^^^^^ help: convert the identifier to upper camel case: `WstEth`
[INFO] [stderr]    |
[INFO] [stderr]    = note: `#[warn(non_camel_case_types)]` on by default
[INFO] [stderr] 
[INFO] [stderr] warning: variant `jedipair` should have an upper camel case name
[INFO] [stderr]   --> src/types.rs:56:5
[INFO] [stderr]    |
[INFO] [stderr] 56 |     jedipair,
[INFO] [stderr]    |     ^^^^^^^^ help: convert the identifier to upper camel case: `Jedipair`
[INFO] [stderr] 
[INFO] [stderr] warning: variant `onepair` should have an upper camel case name
[INFO] [stderr]   --> src/types.rs:57:5
[INFO] [stderr]    |
[INFO] [stderr] 57 |     onepair,
[INFO] [stderr]    |     ^^^^^^^ help: convert the identifier to upper camel case (notice the capitalization): `Onepair`
[INFO] [stderr] 
[INFO] [stderr] warning: variant `myPoolId` should have an upper camel case name
[INFO] [stderr]   --> src/types.rs:58:5
[INFO] [stderr]    |
[INFO] [stderr] 58 |     myPoolId,
[INFO] [stderr]    |     ^^^^^^^^ help: convert the identifier to upper camel case: `MyPoolId`
[INFO] [stderr] 
[INFO] [stderr] warning: unused import: `Fetcher`
[INFO] [stderr]  --> src/main.rs:7:20
[INFO] [stderr]   |
[INFO] [stderr] 7 | use crate::types::{Fetcher, Token::*};
[INFO] [stderr]   |                    ^^^^^^^
[INFO] [stderr] 
[INFO] [stderr] warning: variable does not need to be mutable
[INFO] [stderr]   --> src/main.rs:51:9
[INFO] [stderr]    |
[INFO] [stderr] 51 |     let mut mapping = retrieve::compile_states(&pairs, &r);
[INFO] [stderr]    |         ----^^^^^^^
[INFO] [stderr]    |         |
[INFO] [stderr]    |         help: remove this `mut`
[INFO] [stderr]    |
[INFO] [stderr]    = note: `#[warn(unused_mut)]` on by default
[INFO] [stderr] 
[INFO] [stderr] warning: method `provider` is never used
[INFO] [stderr]    --> src/types.rs:123:12
[INFO] [stderr]     |
[INFO] [stderr] 115 | impl Fetcher {
[INFO] [stderr]     | ------------ method in this implementation
[INFO] [stderr] ...
[INFO] [stderr] 123 |     pub fn provider(&self) -> &JsonRpcClient<HttpTransport> {
[INFO] [stderr]     |            ^^^^^^^^
[INFO] [stderr]     |
[INFO] [stderr]     = note: `#[warn(dead_code)]` on by default
[INFO] [stderr] 
[INFO] [stderr] warning: static variable `Tx_pool` should have an upper case name
[INFO] [stderr]    --> src/graph.rs:246:8
[INFO] [stderr]     |
[INFO] [stderr] 246 | static Tx_pool: RwLock<Vec<FieldElement>> = RwLock::new(Vec::new());
[INFO] [stderr]     |        ^^^^^^^ help: convert the identifier to upper case: `TX_POOL`
[INFO] [stderr]     |
[INFO] [stderr]     = note: `#[warn(non_upper_case_globals)]` on by default
[INFO] [stderr] 
[INFO] [stderr] warning: variable `privateKey` should have a snake case name
[INFO] [stderr]   --> src/types.rs:86:9
[INFO] [stderr]    |
[INFO] [stderr] 86 |     let privateKey = line.next().expect("Failed to compile private key");
[INFO] [stderr]    |         ^^^^^^^^^^ help: convert the identifier to snake case: `private_key`
[INFO] [stderr]    |
[INFO] [stderr]    = note: `#[warn(non_snake_case)]` on by default
[INFO] [stderr] 
[INFO] [stderr] warning: variable `amountIn` should have a snake case name
[INFO] [stderr]   --> src/utils.rs:20:5
[INFO] [stderr]    |
[INFO] [stderr] 20 |     amountIn: &FieldElement,
[INFO] [stderr]    |     ^^^^^^^^ help: convert the identifier to snake case: `amount_in`
[INFO] [stderr] 
[INFO] [stderr] warning: variable `amountInWithFee` should have a snake case name
[INFO] [stderr]   --> src/utils.rs:22:9
[INFO] [stderr]    |
[INFO] [stderr] 22 |     let amountInWithFee = *amountIn * felt!("997"); // amountInWithFee = amountIn.mul(997);
[INFO] [stderr]    |         ^^^^^^^^^^^^^^^ help: convert the identifier to snake case: `amount_in_with_fee`
[INFO] [stderr] 
[INFO] [stderr] warning: variable `amountOut` should have a snake case name
[INFO] [stderr]   --> src/utils.rs:27:9
[INFO] [stderr]    |
[INFO] [stderr] 27 |     let amountOut = numerator.floor_div(denominator);
[INFO] [stderr]    |         ^^^^^^^^^ help: convert the identifier to snake case: `amount_out`
[INFO] [stderr] 
[INFO] [stderr] warning: function `uniswapv2_getAmountOut` should have a snake case name
[INFO] [stderr]   --> src/utils.rs:32:8
[INFO] [stderr]    |
[INFO] [stderr] 32 | pub fn uniswapv2_getAmountOut(
[INFO] [stderr]    |        ^^^^^^^^^^^^^^^^^^^^^^ help: convert the identifier to snake case: `uniswapv2_get_amount_out`
[INFO] [stderr] 
[INFO] [stderr] warning: variable `amountIn` should have a snake case name
[INFO] [stderr]   --> src/utils.rs:37:5
[INFO] [stderr]    |
[INFO] [stderr] 37 |     amountIn: &FieldElement,
[INFO] [stderr]    |     ^^^^^^^^ help: convert the identifier to snake case: `amount_in`
[INFO] [stderr] 
[INFO] [stderr] warning: variable `tokenIn` should have a snake case name
[INFO] [stderr]   --> src/utils.rs:38:5
[INFO] [stderr]    |
[INFO] [stderr] 38 |     tokenIn: &Token,
[INFO] [stderr]    |     ^^^^^^^ help: convert the identifier to snake case: `token_in`
[INFO] [stderr] 
[INFO] [stderr] warning: `water` (bin "water" test) generated 22 warnings (run `cargo fix --bin "water" --tests` to apply 9 suggestions)
[INFO] [stderr]     Finished `test` profile [unoptimized + debuginfo] target(s) in 0.21s
[INFO] [stdout] 
[INFO] [stderr]      Running unittests src/main.rs (/opt/rustwide/target/debug/deps/water-0f0b45d811929f6f)
[INFO] [stdout] running 3 tests
[INFO] [stdout] test utils::test_field ... ok
[INFO] [stdout] test utils::test_profitable ... ok
[INFO] [stdout] test test_state_retrieve ... FAILED
[INFO] [stdout] 
[INFO] [stdout] failures:
[INFO] [stdout] 
[INFO] [stdout] ---- test_state_retrieve stdout ----
[INFO] [stdout] thread 'test_state_retrieve' panicked at src/retrieve.rs:19:59:
[INFO] [stdout] Failed to read dex data: Os { code: 2, kind: NotFound, message: "No such file or directory" }
[INFO] [stdout] stack backtrace:
[INFO] [stdout]    0:     0x5a9dbe816a5a - std::backtrace_rs::backtrace::libunwind::trace::h5a5b8284f2d0c266
[INFO] [stdout]                                at /rustc/90b35a6239c3d8bdabc530a6a0816f7ff89a0aaf/library/std/src/../../backtrace/src/backtrace/libunwind.rs:116:5
[INFO] [stdout]    1:     0x5a9dbe816a5a - std::backtrace_rs::backtrace::trace_unsynchronized::h76d4f1c9b0b875e3
[INFO] [stdout]                                at /rustc/90b35a6239c3d8bdabc530a6a0816f7ff89a0aaf/library/std/src/../../backtrace/src/backtrace/mod.rs:66:5
[INFO] [stdout]    2:     0x5a9dbe816a5a - std::sys::backtrace::_print_fmt::hc4546b8364a537c6
[INFO] [stdout]                                at /rustc/90b35a6239c3d8bdabc530a6a0816f7ff89a0aaf/library/std/src/sys/backtrace.rs:66:9
[INFO] [stdout]    3:     0x5a9dbe816a5a - <std::sys::backtrace::BacktraceLock::print::DisplayBacktrace as core::fmt::Display>::fmt::h5b6bd5631a6d1f6b
[INFO] [stdout]                                at /rustc/90b35a6239c3d8bdabc530a6a0816f7ff89a0aaf/library/std/src/sys/backtrace.rs:39:26
[INFO] [stdout]    4:     0x5a9dbe83ed33 - core::fmt::rt::Argument::fmt::h270f6602a2b96f62
[INFO] [stdout]                                at /rustc/90b35a6239c3d8bdabc530a6a0816f7ff89a0aaf/library/core/src/fmt/rt.rs:177:76
[INFO] [stdout]    5:     0x5a9dbe83ed33 - core::fmt::write::h7550c97b06c86515
[INFO] [stdout]                                at /rustc/90b35a6239c3d8bdabc530a6a0816f7ff89a0aaf/library/core/src/fmt/mod.rs:1186:21
[INFO] [stdout]    6:     0x5a9dbe8130d3 - std::io::Write::write_fmt::h509ff860e5956e5e
[INFO] [stdout]                                at /rustc/90b35a6239c3d8bdabc530a6a0816f7ff89a0aaf/library/std/src/io/mod.rs:1839:15
[INFO] [stdout]    7:     0x5a9dbe8168a2 - std::sys::backtrace::BacktraceLock::print::h2395ccd2c84ba3aa
[INFO] [stdout]                                at /rustc/90b35a6239c3d8bdabc530a6a0816f7ff89a0aaf/library/std/src/sys/backtrace.rs:42:9
[INFO] [stdout]    8:     0x5a9dbe817eba - std::panicking::default_hook::{{closure}}::he19d4c7230e07961
[INFO] [stdout]                                at /rustc/90b35a6239c3d8bdabc530a6a0816f7ff89a0aaf/library/std/src/panicking.rs:268:22
[INFO] [stdout]    9:     0x5a9dbe817cc4 - std::panicking::default_hook::hf614597d3c67bbdb
[INFO] [stdout]                                at /rustc/90b35a6239c3d8bdabc530a6a0816f7ff89a0aaf/library/std/src/panicking.rs:292:9
[INFO] [stdout]   10:     0x5a9dbe180939 - <alloc::boxed::Box<F,A> as core::ops::function::Fn<Args>>::call::h39b51ce4599c23d1
[INFO] [stdout]                                at /rustc/90b35a6239c3d8bdabc530a6a0816f7ff89a0aaf/library/alloc/src/boxed.rs:2468:9
[INFO] [stdout]   11:     0x5a9dbe180939 - test::test_main::{{closure}}::he977ae839a582784
[INFO] [stdout]                                at /rustc/90b35a6239c3d8bdabc530a6a0816f7ff89a0aaf/library/test/src/lib.rs:133:21
[INFO] [stdout]   12:     0x5a9dbe818558 - <alloc::boxed::Box<F,A> as core::ops::function::Fn<Args>>::call::h9455091b6b06f9fb
[INFO] [stdout]                                at /rustc/90b35a6239c3d8bdabc530a6a0816f7ff89a0aaf/library/alloc/src/boxed.rs:2468:9
[INFO] [stdout]   13:     0x5a9dbe818558 - std::panicking::rust_panic_with_hook::h8942133a8b252070
[INFO] [stdout]                                at /rustc/90b35a6239c3d8bdabc530a6a0816f7ff89a0aaf/library/std/src/panicking.rs:809:13
[INFO] [stdout]   14:     0x5a9dbe81831a - std::panicking::begin_panic_handler::{{closure}}::hb5f5963570096b29
[INFO] [stdout]                                at /rustc/90b35a6239c3d8bdabc530a6a0816f7ff89a0aaf/library/std/src/panicking.rs:674:13
[INFO] [stdout]   15:     0x5a9dbe816f39 - std::sys::backtrace::__rust_end_short_backtrace::h6208cedc1922feda
[INFO] [stdout]                                at /rustc/90b35a6239c3d8bdabc530a6a0816f7ff89a0aaf/library/std/src/sys/backtrace.rs:170:18
[INFO] [stdout]   16:     0x5a9dbe817fac - rust_begin_unwind
[INFO] [stdout]                                at /rustc/90b35a6239c3d8bdabc530a6a0816f7ff89a0aaf/library/std/src/panicking.rs:665:5
[INFO] [stdout]   17:     0x5a9dbe1262a0 - core::panicking::panic_fmt::h0c3082644d1bf418
[INFO] [stdout]                                at /rustc/90b35a6239c3d8bdabc530a6a0816f7ff89a0aaf/library/core/src/panicking.rs:74:14
[INFO] [stdout]   18:     0x5a9dbe126786 - core::result::unwrap_failed::hd20b4aa073bda1e2
[INFO] [stdout]                                at /rustc/90b35a6239c3d8bdabc530a6a0816f7ff89a0aaf/library/core/src/result.rs:1700:5
[INFO] [stdout]   19:     0x5a9dbe133734 - core::result::Result<T,E>::expect::h1933df5928b6cdcd
[INFO] [stdout]                                at /rustc/90b35a6239c3d8bdabc530a6a0816f7ff89a0aaf/library/core/src/result.rs:1061:23
[INFO] [stdout]   20:     0x5a9dbe136d42 - water::retrieve::decode_pair_data::haf1ccf6d85b2d3a9
[INFO] [stdout]                                at /opt/rustwide/workdir/src/retrieve.rs:19:21
[INFO] [stdout]   21:     0x5a9dbe144c83 - water::test_state_retrieve::{{closure}}::h3a7caa6d1b469e26
[INFO] [stdout]                                at /opt/rustwide/workdir/src/main.rs:47:17
[INFO] [stdout]   22:     0x5a9dbe13c862 - <core::pin::Pin<P> as core::future::future::Future>::poll::hde1dc89eb35e0026
[INFO] [stdout]                                at /rustc/90b35a6239c3d8bdabc530a6a0816f7ff89a0aaf/library/core/src/future/future.rs:123:9
[INFO] [stdout]   23:     0x5a9dbe13c81d - <core::pin::Pin<P> as core::future::future::Future>::poll::h36f31c286d7838a2
[INFO] [stdout]                                at /rustc/90b35a6239c3d8bdabc530a6a0816f7ff89a0aaf/library/core/src/future/future.rs:123:9
[INFO] [stdout]   24:     0x5a9dbe135d4f - tokio::runtime::scheduler::current_thread::CoreGuard::block_on::{{closure}}::{{closure}}::{{closure}}::h5334765c1b5c68e2
[INFO] [stdout]                                at /opt/rustwide/cargo-home/registry/src/index.crates.io-6f17d22bba15001f/tokio-1.37.0/src/runtime/scheduler/current_thread/mod.rs:659:57
[INFO] [stdout]   25:     0x5a9dbe135c85 - tokio::runtime::coop::with_budget::hfbfd3d551417de93
[INFO] [stdout]                                at /opt/rustwide/cargo-home/registry/src/index.crates.io-6f17d22bba15001f/tokio-1.37.0/src/runtime/coop.rs:107:5
[INFO] [stdout]   26:     0x5a9dbe135c85 - tokio::runtime::coop::budget::he736257e4a203727
[INFO] [stdout]                                at /opt/rustwide/cargo-home/registry/src/index.crates.io-6f17d22bba15001f/tokio-1.37.0/src/runtime/coop.rs:73:5
[INFO] [stdout]   27:     0x5a9dbe135c85 - tokio::runtime::scheduler::current_thread::CoreGuard::block_on::{{closure}}::{{closure}}::h658b70406d6cb81b
[INFO] [stdout]                                at /opt/rustwide/cargo-home/registry/src/index.crates.io-6f17d22bba15001f/tokio-1.37.0/src/runtime/scheduler/current_thread/mod.rs:659:25
[INFO] [stdout]   28:     0x5a9dbe134a30 - tokio::runtime::scheduler::current_thread::Context::enter::heee8bd9a75ced880
[INFO] [stdout]                                at /opt/rustwide/cargo-home/registry/src/index.crates.io-6f17d22bba15001f/tokio-1.37.0/src/runtime/scheduler/current_thread/mod.rs:404:19
[INFO] [stdout]   29:     0x5a9dbe1354ee - tokio::runtime::scheduler::current_thread::CoreGuard::block_on::{{closure}}::hfbd10896d19355b1
[INFO] [stdout]                                at /opt/rustwide/cargo-home/registry/src/index.crates.io-6f17d22bba15001f/tokio-1.37.0/src/runtime/scheduler/current_thread/mod.rs:658:36
[INFO] [stdout]   30:     0x5a9dbe135264 - tokio::runtime::scheduler::current_thread::CoreGuard::enter::{{closure}}::hde7898a0f7e991a9
[INFO] [stdout]                                at /opt/rustwide/cargo-home/registry/src/index.crates.io-6f17d22bba15001f/tokio-1.37.0/src/runtime/scheduler/current_thread/mod.rs:737:68
[INFO] [stdout]   31:     0x5a9dbe13406b - tokio::runtime::context::scoped::Scoped<T>::set::ha3c17465cc5ec30c
[INFO] [stdout]                                at /opt/rustwide/cargo-home/registry/src/index.crates.io-6f17d22bba15001f/tokio-1.37.0/src/runtime/context/scoped.rs:40:9
[INFO] [stdout]   32:     0x5a9dbe142d19 - tokio::runtime::context::set_scheduler::{{closure}}::h355a63bdf870aa93
[INFO] [stdout]                                at /opt/rustwide/cargo-home/registry/src/index.crates.io-6f17d22bba15001f/tokio-1.37.0/src/runtime/context.rs:176:26
[INFO] [stdout]   33:     0x5a9dbe139abd - std::thread::local::LocalKey<T>::try_with::h44e655561a4db4ae
[INFO] [stdout]                                at /rustc/90b35a6239c3d8bdabc530a6a0816f7ff89a0aaf/library/std/src/thread/local.rs:283:12
[INFO] [stdout]   34:     0x5a9dbe1396aa - std::thread::local::LocalKey<T>::with::h0b5015fb80657015
[INFO] [stdout]                                at /rustc/90b35a6239c3d8bdabc530a6a0816f7ff89a0aaf/library/std/src/thread/local.rs:260:9
[INFO] [stdout]   35:     0x5a9dbe142ccd - tokio::runtime::context::set_scheduler::h56dc5376146eca45
[INFO] [stdout]                                at /opt/rustwide/cargo-home/registry/src/index.crates.io-6f17d22bba15001f/tokio-1.37.0/src/runtime/context.rs:176:9
[INFO] [stdout]   36:     0x5a9dbe135010 - tokio::runtime::scheduler::current_thread::CoreGuard::enter::h0e0f419fe08dd1a6
[INFO] [stdout]                                at /opt/rustwide/cargo-home/registry/src/index.crates.io-6f17d22bba15001f/tokio-1.37.0/src/runtime/scheduler/current_thread/mod.rs:737:27
[INFO] [stdout]   37:     0x5a9dbe135283 - tokio::runtime::scheduler::current_thread::CoreGuard::block_on::h57aaecc16655d5de
[INFO] [stdout]                                at /opt/rustwide/cargo-home/registry/src/index.crates.io-6f17d22bba15001f/tokio-1.37.0/src/runtime/scheduler/current_thread/mod.rs:646:19
[INFO] [stdout]   38:     0x5a9dbe13427d - tokio::runtime::scheduler::current_thread::CurrentThread::block_on::{{closure}}::hf9fd3f9834cd2347
[INFO] [stdout]                                at /opt/rustwide/cargo-home/registry/src/index.crates.io-6f17d22bba15001f/tokio-1.37.0/src/runtime/scheduler/current_thread/mod.rs:175:28
[INFO] [stdout]   39:     0x5a9dbe1430d6 - tokio::runtime::context::runtime::enter_runtime::h532db554e9fd2e52
[INFO] [stdout]                                at /opt/rustwide/cargo-home/registry/src/index.crates.io-6f17d22bba15001f/tokio-1.37.0/src/runtime/context/runtime.rs:65:16
[INFO] [stdout]   40:     0x5a9dbe134191 - tokio::runtime::scheduler::current_thread::CurrentThread::block_on::h97c90610cd44de6a
[INFO] [stdout]                                at /opt/rustwide/cargo-home/registry/src/index.crates.io-6f17d22bba15001f/tokio-1.37.0/src/runtime/scheduler/current_thread/mod.rs:167:9
[INFO] [stdout]   41:     0x5a9dbe13c19d - tokio::runtime::runtime::Runtime::block_on::h8499eaabcde1a41d
[INFO] [stdout]                                at /opt/rustwide/cargo-home/registry/src/index.crates.io-6f17d22bba15001f/tokio-1.37.0/src/runtime/runtime.rs:349:47
[INFO] [stdout]   42:     0x5a9dbe144b31 - water::test_state_retrieve::ha919b94f6822b5b4
[INFO] [stdout]                                at /opt/rustwide/workdir/src/main.rs:54:5
[INFO] [stdout]   43:     0x5a9dbe1449d7 - water::test_state_retrieve::{{closure}}::h465936410ca7a68c
[INFO] [stdout]                                at /opt/rustwide/workdir/src/main.rs:45:31
[INFO] [stdout]   44:     0x5a9dbe131e16 - core::ops::function::FnOnce::call_once::h14a224dd06632dae
[INFO] [stdout]                                at /rustc/90b35a6239c3d8bdabc530a6a0816f7ff89a0aaf/library/core/src/ops/function.rs:250:5
[INFO] [stdout]   45:     0x5a9dbe1852fb - core::ops::function::FnOnce::call_once::h109cf8051a59b34e
[INFO] [stdout]                                at /rustc/90b35a6239c3d8bdabc530a6a0816f7ff89a0aaf/library/core/src/ops/function.rs:250:5
[INFO] [stdout]   46:     0x5a9dbe1852fb - test::__rust_begin_short_backtrace::hf4fff89d377446ba
[INFO] [stdout]                                at /rustc/90b35a6239c3d8bdabc530a6a0816f7ff89a0aaf/library/test/src/lib.rs:621:18
[INFO] [stdout]   47:     0x5a9dbe184b37 - test::run_test_in_process::{{closure}}::h0e39181dd7ee5a43
[INFO] [stdout]                                at /rustc/90b35a6239c3d8bdabc530a6a0816f7ff89a0aaf/library/test/src/lib.rs:644:60
[INFO] [stdout]   48:     0x5a9dbe184b37 - <core::panic::unwind_safe::AssertUnwindSafe<F> as core::ops::function::FnOnce<()>>::call_once::hc5a66a30f0bdfd1f
[INFO] [stdout]                                at /rustc/90b35a6239c3d8bdabc530a6a0816f7ff89a0aaf/library/core/src/panic/unwind_safe.rs:272:9
[INFO] [stdout]   49:     0x5a9dbe184b37 - std::panicking::try::do_call::h873b7cf639554a5e
[INFO] [stdout]                                at /rustc/90b35a6239c3d8bdabc530a6a0816f7ff89a0aaf/library/std/src/panicking.rs:557:40
[INFO] [stdout]   50:     0x5a9dbe184b37 - std::panicking::try::hdb19862fad9c8bd1
[INFO] [stdout]                                at /rustc/90b35a6239c3d8bdabc530a6a0816f7ff89a0aaf/library/std/src/panicking.rs:520:19
[INFO] [stdout]   51:     0x5a9dbe184b37 - std::panic::catch_unwind::h281fe732d236d260
[INFO] [stdout]                                at /rustc/90b35a6239c3d8bdabc530a6a0816f7ff89a0aaf/library/std/src/panic.rs:358:14
[INFO] [stdout]   52:     0x5a9dbe184b37 - test::run_test_in_process::h949b6df8457ed338
[INFO] [stdout]                                at /rustc/90b35a6239c3d8bdabc530a6a0816f7ff89a0aaf/library/test/src/lib.rs:644:27
[INFO] [stdout]   53:     0x5a9dbe184b37 - test::run_test::{{closure}}::h52c556a6d4740e10
[INFO] [stdout]                                at /rustc/90b35a6239c3d8bdabc530a6a0816f7ff89a0aaf/library/test/src/lib.rs:565:43
[INFO] [stdout]   54:     0x5a9dbe149e14 - test::run_test::{{closure}}::h4237f6381c45ccb9
[INFO] [stdout]                                at /rustc/90b35a6239c3d8bdabc530a6a0816f7ff89a0aaf/library/test/src/lib.rs:595:41
[INFO] [stdout]   55:     0x5a9dbe149e14 - std::sys::backtrace::__rust_begin_short_backtrace::h505c97a579eca628
[INFO] [stdout]                                at /rustc/90b35a6239c3d8bdabc530a6a0816f7ff89a0aaf/library/std/src/sys/backtrace.rs:154:18
[INFO] [stdout]   56:     0x5a9dbe14d4de - std::thread::Builder::spawn_unchecked_::{{closure}}::{{closure}}::h9e86b2e2bc107ea3
[INFO] [stdout]                                at /rustc/90b35a6239c3d8bdabc530a6a0816f7ff89a0aaf/library/std/src/thread/mod.rs:538:17
[INFO] [stdout]   57:     0x5a9dbe14d4de - <core::panic::unwind_safe::AssertUnwindSafe<F> as core::ops::function::FnOnce<()>>::call_once::h8b06ddb275ff4a25
[INFO] [stdout]                                at /rustc/90b35a6239c3d8bdabc530a6a0816f7ff89a0aaf/library/core/src/panic/unwind_safe.rs:272:9
[INFO] [stdout]   58:     0x5a9dbe14d4de - std::panicking::try::do_call::hb26ecd7cd9a9355d
[INFO] [stdout]                                at /rustc/90b35a6239c3d8bdabc530a6a0816f7ff89a0aaf/library/std/src/panicking.rs:557:40
[INFO] [stdout]   59:     0x5a9dbe14d4de - std::panicking::try::h8ddeca9d705f9069
[INFO] [stdout]                                at /rustc/90b35a6239c3d8bdabc530a6a0816f7ff89a0aaf/library/std/src/panicking.rs:520:19
[INFO] [stdout]   60:     0x5a9dbe14d4de - std::panic::catch_unwind::h49e1c33078844c46
[INFO] [stdout]                                at /rustc/90b35a6239c3d8bdabc530a6a0816f7ff89a0aaf/library/std/src/panic.rs:358:14
[INFO] [stdout]   61:     0x5a9dbe14d4de - std::thread::Builder::spawn_unchecked_::{{closure}}::h6073db6ff56ad35d
[INFO] [stdout]                                at /rustc/90b35a6239c3d8bdabc530a6a0816f7ff89a0aaf/library/std/src/thread/mod.rs:537:30
[INFO] [stdout]   62:     0x5a9dbe14d4de - core::ops::function::FnOnce::call_once{{vtable.shim}}::h2c5a5f3779c774f1
[INFO] [stdout]                                at /rustc/90b35a6239c3d8bdabc530a6a0816f7ff89a0aaf/library/core/src/ops/function.rs:250:5
[INFO] [stdout]   63:     0x5a9dbe81c53b - <alloc::boxed::Box<F,A> as core::ops::function::FnOnce<Args>>::call_once::hf75717d9f28faebf
[INFO] [stdout]                                at /rustc/90b35a6239c3d8bdabc530a6a0816f7ff89a0aaf/library/alloc/src/boxed.rs:2454:9
[INFO] [stdout]   64:     0x5a9dbe81c53b - <alloc::boxed::Box<F,A> as core::ops::function::FnOnce<Args>>::call_once::h7bd883a5f3c5f3c1
[INFO] [stdout]                                at /rustc/90b35a6239c3d8bdabc530a6a0816f7ff89a0aaf/library/alloc/src/boxed.rs:2454:9
[INFO] [stdout]   65:     0x5a9dbe81c53b - std::sys::pal::unix::thread::Thread::new::thread_start::hcc78f3943333fa94
[INFO] [stdout]                                at /rustc/90b35a6239c3d8bdabc530a6a0816f7ff89a0aaf/library/std/src/sys/pal/unix/thread.rs:105:17
[INFO] [stdout]   66:     0x71076a871ac3 - <unknown>
[INFO] [stdout]   67:     0x71076a902a04 - clone
[INFO] [stdout]   68:                0x0 - <unknown>
[INFO] [stdout] 
[INFO] [stdout] 
[INFO] [stdout] failures:
[INFO] [stdout]     test_state_retrieve
[INFO] [stdout] 
[INFO] [stdout] test result: FAILED. 2 passed; 1 failed; 0 ignored; 0 measured; 0 filtered out; finished in 0.09s
[INFO] [stdout] 
[INFO] [stderr] error: test failed, to rerun pass `--bin water`
[INFO] running `Command { std: "docker" "inspect" "4e9152695fb5b2078b6b3da9def92d9a1604607663415bb44330e5377136eabb", kill_on_drop: false }`
[INFO] running `Command { std: "docker" "rm" "-f" "4e9152695fb5b2078b6b3da9def92d9a1604607663415bb44330e5377136eabb", kill_on_drop: false }`
[INFO] [stdout] 4e9152695fb5b2078b6b3da9def92d9a1604607663415bb44330e5377136eabb
