[INFO] cloning repository https://github.com/www5226448/rust_pertrify
[INFO] running `Command { std: "git" "-c" "credential.helper=" "-c" "credential.helper=/workspace/cargo-home/bin/git-credential-null" "clone" "--bare" "https://github.com/www5226448/rust_pertrify" "/workspace/cache/git-repos/https%3A%2F%2Fgithub.com%2Fwww5226448%2Frust_pertrify", kill_on_drop: false }`
[INFO] [stderr] Cloning into bare repository '/workspace/cache/git-repos/https%3A%2F%2Fgithub.com%2Fwww5226448%2Frust_pertrify'...
[INFO] running `Command { std: "git" "rev-parse" "HEAD", kill_on_drop: false }`
[INFO] [stdout] 7d59a15de3a493bfeba6ee050f1d8d998a5fa5e7
[INFO] testing www5226448/rust_pertrify against beta-2024-12-08 for beta-1.84.0-4-retry
[INFO] running `Command { std: "git" "clone" "/workspace/cache/git-repos/https%3A%2F%2Fgithub.com%2Fwww5226448%2Frust_pertrify" "/workspace/builds/worker-6-tc2/source", kill_on_drop: false }`
[INFO] [stderr] Cloning into '/workspace/builds/worker-6-tc2/source'...
[INFO] [stderr] done.
[INFO] validating manifest of git repo https://github.com/www5226448/rust_pertrify on toolchain beta-2024-12-08
[INFO] running `Command { std: CARGO_HOME="/workspace/cargo-home" RUSTUP_HOME="/workspace/rustup-home" "/workspace/cargo-home/bin/cargo" "+beta-2024-12-08" "metadata" "--manifest-path" "Cargo.toml" "--no-deps", kill_on_drop: false }`
[INFO] started tweaking git repo https://github.com/www5226448/rust_pertrify
[INFO] finished tweaking git repo https://github.com/www5226448/rust_pertrify
[INFO] tweaked toml for git repo https://github.com/www5226448/rust_pertrify written to /workspace/builds/worker-6-tc2/source/Cargo.toml
[INFO] crate git repo https://github.com/www5226448/rust_pertrify already has a lockfile, it will not be regenerated
[INFO] running `Command { std: CARGO_HOME="/workspace/cargo-home" RUSTUP_HOME="/workspace/rustup-home" "/workspace/cargo-home/bin/cargo" "+beta-2024-12-08" "fetch" "--manifest-path" "Cargo.toml", kill_on_drop: false }`
[INFO] running `Command { std: "docker" "create" "-v" "/var/lib/crater-agent-workspace/builds/worker-6-tc2/target:/opt/rustwide/target:rw,Z" "-v" "/var/lib/crater-agent-workspace/builds/worker-6-tc2/source:/opt/rustwide/workdir:ro,Z" "-v" "/var/lib/crater-agent-workspace/cargo-home:/opt/rustwide/cargo-home:ro,Z" "-v" "/var/lib/crater-agent-workspace/rustup-home:/opt/rustwide/rustup-home:ro,Z" "-e" "SOURCE_DIR=/opt/rustwide/workdir" "-e" "CARGO_TARGET_DIR=/opt/rustwide/target" "-e" "CARGO_HOME=/opt/rustwide/cargo-home" "-e" "RUSTUP_HOME=/opt/rustwide/rustup-home" "-w" "/opt/rustwide/workdir" "-m" "1610612736" "--user" "0:0" "--network" "none" "ghcr.io/rust-lang/crates-build-env/linux@sha256:f3a9d4ad9d972b27faf3965f35b62e55ba32bbce8f20bc8fe909558a86702fde" "/opt/rustwide/cargo-home/bin/cargo" "+beta-2024-12-08" "metadata" "--no-deps" "--format-version=1", kill_on_drop: false }`
[INFO] [stdout] 74e85c4804610b3fa01f76dfdcf3526ed361e6920bb132423aab55be3331e122
[INFO] running `Command { std: "docker" "start" "-a" "74e85c4804610b3fa01f76dfdcf3526ed361e6920bb132423aab55be3331e122", kill_on_drop: false }`
[INFO] running `Command { std: "docker" "inspect" "74e85c4804610b3fa01f76dfdcf3526ed361e6920bb132423aab55be3331e122", kill_on_drop: false }`
[INFO] running `Command { std: "docker" "rm" "-f" "74e85c4804610b3fa01f76dfdcf3526ed361e6920bb132423aab55be3331e122", kill_on_drop: false }`
[INFO] [stdout] 74e85c4804610b3fa01f76dfdcf3526ed361e6920bb132423aab55be3331e122
[INFO] running `Command { std: "docker" "create" "-v" "/var/lib/crater-agent-workspace/builds/worker-6-tc2/target:/opt/rustwide/target:rw,Z" "-v" "/var/lib/crater-agent-workspace/builds/worker-6-tc2/source:/opt/rustwide/workdir:ro,Z" "-v" "/var/lib/crater-agent-workspace/cargo-home:/opt/rustwide/cargo-home:ro,Z" "-v" "/var/lib/crater-agent-workspace/rustup-home:/opt/rustwide/rustup-home:ro,Z" "-e" "SOURCE_DIR=/opt/rustwide/workdir" "-e" "CARGO_TARGET_DIR=/opt/rustwide/target" "-e" "CARGO_INCREMENTAL=0" "-e" "RUST_BACKTRACE=full" "-e" "RUSTFLAGS=--cap-lints=warn" "-e" "RUSTDOCFLAGS=--cap-lints=warn" "-e" "CARGO_HOME=/opt/rustwide/cargo-home" "-e" "RUSTUP_HOME=/opt/rustwide/rustup-home" "-w" "/opt/rustwide/workdir" "-m" "1610612736" "--user" "0:0" "--network" "none" "ghcr.io/rust-lang/crates-build-env/linux@sha256:f3a9d4ad9d972b27faf3965f35b62e55ba32bbce8f20bc8fe909558a86702fde" "/opt/rustwide/cargo-home/bin/cargo" "+beta-2024-12-08" "build" "--frozen" "--message-format=json", kill_on_drop: false }`
[INFO] [stdout] b8af4e0ea641b6e757c435675b84a49a8f33878d32288cb5cf312ffdfc29542e
[INFO] running `Command { std: "docker" "start" "-a" "b8af4e0ea641b6e757c435675b84a49a8f33878d32288cb5cf312ffdfc29542e", kill_on_drop: false }`
[INFO] [stderr]    Compiling proc-macro2 v1.0.81
[INFO] [stderr]    Compiling unicode-ident v1.0.12
[INFO] [stderr]    Compiling autocfg v1.2.0
[INFO] [stderr]    Compiling typenum v1.17.0
[INFO] [stderr]    Compiling version_check v0.9.4
[INFO] [stderr]    Compiling libc v0.2.153
[INFO] [stderr]    Compiling subtle v2.5.0
[INFO] [stderr]    Compiling serde v1.0.198
[INFO] [stderr]    Compiling syn v1.0.109
[INFO] [stderr]    Compiling itoa v1.0.11
[INFO] [stderr]    Compiling ppv-lite86 v0.2.17
[INFO] [stderr]    Compiling paste v1.0.14
[INFO] [stderr]    Compiling either v1.11.0
[INFO] [stderr]    Compiling rand_core v0.6.4
[INFO] [stderr]    Compiling bytes v1.6.0
[INFO] [stderr]    Compiling itertools v0.10.5
[INFO] [stderr]    Compiling ryu v1.0.17
[INFO] [stderr]    Compiling cpufeatures v0.2.12
[INFO] [stderr]    Compiling ident_case v1.0.1
[INFO] [stderr]    Compiling pin-project-lite v0.2.14
[INFO] [stderr]    Compiling cc v1.0.95
[INFO] [stderr]    Compiling strsim v0.10.0
[INFO] [stderr]    Compiling parking_lot_core v0.9.9
[INFO] [stderr]    Compiling num-traits v0.2.18
[INFO] [stderr]    Compiling num-bigint v0.4.4
[INFO] [stderr]    Compiling rand_chacha v0.3.1
[INFO] [stderr]    Compiling generic-array v0.14.7
[INFO] [stderr]    Compiling lock_api v0.4.11
[INFO] [stderr]    Compiling scopeguard v1.2.0
[INFO] [stderr]    Compiling rand v0.8.5
[INFO] [stderr]    Compiling smallvec v1.13.2
[INFO] [stderr]    Compiling hex v0.4.3
[INFO] [stderr]    Compiling keccak v0.1.5
[INFO] [stderr]    Compiling untrusted v0.9.0
[INFO] [stderr]    Compiling crc32fast v1.4.0
[INFO] [stderr]    Compiling crunchy v0.2.2
[INFO] [stderr]    Compiling once_cell v1.19.0
[INFO] [stderr]    Compiling futures-core v0.3.30
[INFO] [stderr]    Compiling serde_json_pythonic v0.1.2
[INFO] [stderr]    Compiling slab v0.4.9
[INFO] [stderr]    Compiling adler v1.0.2
[INFO] [stderr]    Compiling rustc-hex v2.1.0
[INFO] [stderr]    Compiling miniz_oxide v0.7.2
[INFO] [stderr]    Compiling http v0.2.12
[INFO] [stderr]    Compiling tracing-core v0.1.32
[INFO] [stderr]    Compiling rustls v0.21.11
[INFO] [stderr]    Compiling pin-utils v0.1.0
[INFO] [stderr]    Compiling static_assertions v1.1.0
[INFO] [stderr]    Compiling getrandom v0.2.14
[INFO] [stderr]    Compiling mio v0.8.11
[INFO] [stderr]    Compiling signal-hook-registry v1.4.1
[INFO] [stderr]    Compiling block-buffer v0.10.4
[INFO] [stderr]    Compiling quote v1.0.36
[INFO] [stderr]    Compiling crypto-common v0.1.6
[INFO] [stderr]    Compiling num_cpus v1.16.0
[INFO] [stderr]    Compiling syn v2.0.60
[INFO] [stderr]    Compiling digest v0.10.7
[INFO] [stderr]    Compiling parking_lot v0.12.1
[INFO] [stderr]    Compiling num-integer v0.1.46
[INFO] [stderr]    Compiling ark-std v0.4.0
[INFO] [stderr]    Compiling socket2 v0.5.6
[INFO] [stderr]    Compiling hmac v0.12.1
[INFO] [stderr]    Compiling inout v0.1.3
[INFO] [stderr]    Compiling ring v0.17.8
[INFO] [stderr]    Compiling cipher v0.4.4
[INFO] [stderr]    Compiling tracing v0.1.40
[INFO] [stderr]    Compiling sha2 v0.10.8
[INFO] [stderr]    Compiling equivalent v1.0.1
[INFO] [stderr]    Compiling tinyvec_macros v0.1.1
[INFO] [stderr]    Compiling httparse v1.8.0
[INFO] [stderr]    Compiling futures-sink v0.3.30
[INFO] [stderr]    Compiling byteorder v1.5.0
[INFO] [stderr]    Compiling hashbrown v0.14.3
[INFO] [stderr]    Compiling serde_json v1.0.116
[INFO] [stderr]    Compiling futures-task v0.3.30
[INFO] [stderr]    Compiling tinyvec v1.6.0
[INFO] [stderr]    Compiling futures-util v0.3.30
[INFO] [stderr]    Compiling flate2 v1.0.28
[INFO] [stderr]    Compiling rlp v0.5.2
[INFO] [stderr]    Compiling base64 v0.21.7
[INFO] [stderr]    Compiling percent-encoding v2.3.1
[INFO] [stderr]    Compiling tiny-keccak v2.0.2
[INFO] [stderr]    Compiling indexmap v2.2.6
[INFO] [stderr]    Compiling thiserror v1.0.58
[INFO] [stderr]    Compiling try-lock v0.2.5
[INFO] [stderr]    Compiling log v0.4.21
[INFO] [stderr]    Compiling want v0.3.1
[INFO] [stderr]    Compiling impl-rlp v0.3.0
[INFO] [stderr]    Compiling form_urlencoded v1.2.1
[INFO] [stderr]    Compiling unicode-normalization v0.1.23
[INFO] [stderr]    Compiling fixed-hash v0.8.0
[INFO] [stderr]    Compiling rfc6979 v0.4.0
[INFO] [stderr]    Compiling http-body v0.4.6
[INFO] [stderr]    Compiling sha3 v0.10.8
[INFO] [stderr]    Compiling futures-channel v0.3.30
[INFO] [stderr]    Compiling tower-service v0.3.2
[INFO] [stderr]    Compiling httpdate v1.0.3
[INFO] [stderr]    Compiling unicode-bidi v0.3.15
[INFO] [stderr]    Compiling uint v0.9.5
[INFO] [stderr]    Compiling ark-serialize v0.4.2
[INFO] [stderr]    Compiling salsa20 v0.10.2
[INFO] [stderr]    Compiling pbkdf2 v0.11.0
[INFO] [stderr]    Compiling scrypt v0.10.0
[INFO] [stderr]    Compiling rustls-pemfile v1.0.4
[INFO] [stderr]    Compiling ctr v0.9.2
[INFO] [stderr]    Compiling aes v0.8.4
[INFO] [stderr]    Compiling encoding_rs v0.8.34
[INFO] [stderr]    Compiling webpki-roots v0.25.4
[INFO] [stderr]    Compiling mime v0.3.17
[INFO] [stderr]    Compiling ipnet v2.9.0
[INFO] [stderr]    Compiling sync_wrapper v0.1.2
[INFO] [stderr]    Compiling idna v0.5.0
[INFO] [stderr]    Compiling url v2.5.0
[INFO] [stderr]    Compiling ark-ff-macros v0.4.2
[INFO] [stderr]    Compiling ark-ff-asm v0.4.2
[INFO] [stderr]    Compiling derivative v2.2.0
[INFO] [stderr]    Compiling darling_core v0.20.8
[INFO] [stderr]    Compiling serde_derive v1.0.198
[INFO] [stderr]    Compiling zeroize_derive v1.4.2
[INFO] [stderr]    Compiling tokio-macros v2.2.0
[INFO] [stderr]    Compiling thiserror-impl v1.0.58
[INFO] [stderr]    Compiling async-trait v0.1.80
[INFO] [stderr]    Compiling auto_impl v1.2.0
[INFO] [stderr]    Compiling tokio v1.37.0
[INFO] [stderr]    Compiling zeroize v1.7.0
[INFO] [stderr]    Compiling crypto-bigint v0.5.5
[INFO] [stderr]    Compiling ark-ff v0.4.2
[INFO] [stderr]    Compiling sct v0.7.1
[INFO] [stderr]    Compiling rustls-webpki v0.101.7
[INFO] [stderr]    Compiling darling_macro v0.20.8
[INFO] [stderr]    Compiling darling v0.20.8
[INFO] [stderr]    Compiling serde_with_macros v2.3.3
[INFO] [stderr]    Compiling tokio-util v0.7.10
[INFO] [stderr]    Compiling tokio-rustls v0.24.1
[INFO] [stderr]    Compiling bigdecimal v0.3.1
[INFO] [stderr]    Compiling impl-serde v0.4.0
[INFO] [stderr]    Compiling serde_with v2.3.3
[INFO] [stderr]    Compiling serde_urlencoded v0.7.1
[INFO] [stderr]    Compiling uuid v0.8.2
[INFO] [stderr]    Compiling h2 v0.3.26
[INFO] [stderr]    Compiling ethbloom v0.13.0
[INFO] [stderr]    Compiling primitive-types v0.12.2
[INFO] [stderr]    Compiling ethereum-types v0.14.1
[INFO] [stderr]    Compiling eth-keystore v0.5.0
[INFO] [stderr]    Compiling hyper v0.14.28
[INFO] [stderr]    Compiling starknet-ff v0.3.7
[INFO] [stderr]    Compiling starknet-curve v0.4.2
[INFO] [stderr]    Compiling starknet-crypto-codegen v0.3.3
[INFO] [stderr]    Compiling hyper-rustls v0.24.2
[INFO] [stderr]    Compiling reqwest v0.11.27
[INFO] [stderr]    Compiling starknet-crypto v0.6.2
[INFO] [stderr]    Compiling starknet-core v0.10.0
[INFO] [stderr]    Compiling starknet-core v0.9.0
[INFO] [stderr]    Compiling starknet-providers v0.9.0
[INFO] [stderr]    Compiling starknet-signers v0.7.0
[INFO] [stderr]    Compiling starknet-macros v0.1.7
[INFO] [stderr]    Compiling starknet-accounts v0.8.0
[INFO] [stderr]    Compiling starknet-contract v0.8.0
[INFO] [stderr]    Compiling starknet v0.9.0
[INFO] [stderr]    Compiling water v0.1.0 (/opt/rustwide/workdir)
[INFO] [stdout] warning: unused import: `InvokeTransactionResult`
[INFO] [stdout]  --> src/graph.rs:4:43
[INFO] [stdout]   |
[INFO] [stdout] 4 | use starknet::core::types::{FieldElement, InvokeTransactionResult};
[INFO] [stdout]   |                                           ^^^^^^^^^^^^^^^^^^^^^^^
[INFO] [stdout]   |
[INFO] [stdout]   = note: `#[warn(unused_imports)]` on by default
[INFO] [stdout] 
[INFO] [stdout] 
[INFO] [stdout] warning: unused import: `warn`
[INFO] [stdout]  --> src/graph.rs:9:17
[INFO] [stdout]   |
[INFO] [stdout] 9 | use log::{info, warn};
[INFO] [stdout]   |                 ^^^^
[INFO] [stdout] 
[INFO] [stdout] 
[INFO] [stdout] warning: unused imports: `HttpTransport`, `JsonRpcClient`, `Url`, and `self`
[INFO] [stdout]  --> src/retrieve.rs:5:19
[INFO] [stdout]   |
[INFO] [stdout] 5 |     core::types::{self, BlockId, BlockTag, FieldElement, FunctionCall},
[INFO] [stdout]   |                   ^^^^
[INFO] [stdout] ...
[INFO] [stdout] 8 |         jsonrpc::{HttpTransport, JsonRpcClient},
[INFO] [stdout]   |                   ^^^^^^^^^^^^^  ^^^^^^^^^^^^^
[INFO] [stdout] 9 |         Provider, Url,
[INFO] [stdout]   |                   ^^^
[INFO] [stdout] 
[INFO] [stdout] 
[INFO] [stdout] warning: variant `wstETH` should have an upper camel case name
[INFO] [stdout]   --> src/types.rs:12:5
[INFO] [stdout]    |
[INFO] [stdout] 12 |     wstETH,
[INFO] [stdout]    |     ^^^^^^ help: convert the identifier to upper camel case: `WstEth`
[INFO] [stdout]    |
[INFO] [stdout]    = note: `#[warn(non_camel_case_types)]` on by default
[INFO] [stdout] 
[INFO] [stdout] 
[INFO] [stdout] warning: variant `jedipair` should have an upper camel case name
[INFO] [stdout]   --> src/types.rs:56:5
[INFO] [stdout]    |
[INFO] [stdout] 56 |     jedipair,
[INFO] [stdout]    |     ^^^^^^^^ help: convert the identifier to upper camel case: `Jedipair`
[INFO] [stdout] 
[INFO] [stdout] 
[INFO] [stdout] warning: variant `onepair` should have an upper camel case name
[INFO] [stdout]   --> src/types.rs:57:5
[INFO] [stdout]    |
[INFO] [stdout] 57 |     onepair,
[INFO] [stdout]    |     ^^^^^^^ help: convert the identifier to upper camel case (notice the capitalization): `Onepair`
[INFO] [stdout] 
[INFO] [stdout] 
[INFO] [stdout] warning: variant `myPoolId` should have an upper camel case name
[INFO] [stdout]   --> src/types.rs:58:5
[INFO] [stdout]    |
[INFO] [stdout] 58 |     myPoolId,
[INFO] [stdout]    |     ^^^^^^^^ help: convert the identifier to upper camel case: `MyPoolId`
[INFO] [stdout] 
[INFO] [stdout] 
[INFO] [stdout] warning: unused import: `Fetcher`
[INFO] [stdout]  --> src/main.rs:9:13
[INFO] [stdout]   |
[INFO] [stdout] 9 | use types::{Fetcher, Token::*};
[INFO] [stdout]   |             ^^^^^^^
[INFO] [stdout] 
[INFO] [stdout] 
[INFO] [stdout] warning: method `provider` is never used
[INFO] [stdout]    --> src/types.rs:123:12
[INFO] [stdout]     |
[INFO] [stdout] 115 | impl Fetcher {
[INFO] [stdout]     | ------------ method in this implementation
[INFO] [stdout] ...
[INFO] [stdout] 123 |     pub fn provider(&self) -> &JsonRpcClient<HttpTransport> {
[INFO] [stdout]     |            ^^^^^^^^
[INFO] [stdout]     |
[INFO] [stdout]     = note: `#[warn(dead_code)]` on by default
[INFO] [stdout] 
[INFO] [stdout] 
[INFO] [stdout] warning: variable `privateKey` should have a snake case name
[INFO] [stdout]   --> src/types.rs:86:9
[INFO] [stdout]    |
[INFO] [stdout] 86 |     let privateKey = line.next().expect("Failed to compile private key");
[INFO] [stdout]    |         ^^^^^^^^^^ help: convert the identifier to snake case: `private_key`
[INFO] [stdout]    |
[INFO] [stdout]    = note: `#[warn(non_snake_case)]` on by default
[INFO] [stdout] 
[INFO] [stdout] 
[INFO] [stdout] warning: variable `amountIn` should have a snake case name
[INFO] [stdout]   --> src/utils.rs:20:5
[INFO] [stdout]    |
[INFO] [stdout] 20 |     amountIn: &FieldElement,
[INFO] [stdout]    |     ^^^^^^^^ help: convert the identifier to snake case: `amount_in`
[INFO] [stdout] 
[INFO] [stdout] 
[INFO] [stdout] warning: variable `amountInWithFee` should have a snake case name
[INFO] [stdout]   --> src/utils.rs:22:9
[INFO] [stdout]    |
[INFO] [stdout] 22 |     let amountInWithFee = *amountIn * felt!("997"); // amountInWithFee = amountIn.mul(997);
[INFO] [stdout]    |         ^^^^^^^^^^^^^^^ help: convert the identifier to snake case: `amount_in_with_fee`
[INFO] [stdout] 
[INFO] [stdout] 
[INFO] [stdout] warning: variable `amountOut` should have a snake case name
[INFO] [stdout]   --> src/utils.rs:27:9
[INFO] [stdout]    |
[INFO] [stdout] 27 |     let amountOut = numerator.floor_div(denominator);
[INFO] [stdout]    |         ^^^^^^^^^ help: convert the identifier to snake case: `amount_out`
[INFO] [stdout] 
[INFO] [stdout] 
[INFO] [stdout] warning: function `uniswapv2_getAmountOut` should have a snake case name
[INFO] [stdout]   --> src/utils.rs:32:8
[INFO] [stdout]    |
[INFO] [stdout] 32 | pub fn uniswapv2_getAmountOut(
[INFO] [stdout]    |        ^^^^^^^^^^^^^^^^^^^^^^ help: convert the identifier to snake case: `uniswapv2_get_amount_out`
[INFO] [stdout] 
[INFO] [stdout] 
[INFO] [stdout] warning: variable `amountIn` should have a snake case name
[INFO] [stdout]   --> src/utils.rs:37:5
[INFO] [stdout]    |
[INFO] [stdout] 37 |     amountIn: &FieldElement,
[INFO] [stdout]    |     ^^^^^^^^ help: convert the identifier to snake case: `amount_in`
[INFO] [stdout] 
[INFO] [stdout] 
[INFO] [stdout] warning: variable `tokenIn` should have a snake case name
[INFO] [stdout]   --> src/utils.rs:38:5
[INFO] [stdout]    |
[INFO] [stdout] 38 |     tokenIn: &Token,
[INFO] [stdout]    |     ^^^^^^^ help: convert the identifier to snake case: `token_in`
[INFO] [stdout] 
[INFO] [stdout] 
[INFO] [stderr]     Finished `dev` profile [unoptimized + debuginfo] target(s) in 1m 12s
[INFO] running `Command { std: "docker" "inspect" "b8af4e0ea641b6e757c435675b84a49a8f33878d32288cb5cf312ffdfc29542e", kill_on_drop: false }`
[INFO] running `Command { std: "docker" "rm" "-f" "b8af4e0ea641b6e757c435675b84a49a8f33878d32288cb5cf312ffdfc29542e", kill_on_drop: false }`
[INFO] [stdout] b8af4e0ea641b6e757c435675b84a49a8f33878d32288cb5cf312ffdfc29542e
[INFO] running `Command { std: "docker" "create" "-v" "/var/lib/crater-agent-workspace/builds/worker-6-tc2/target:/opt/rustwide/target:rw,Z" "-v" "/var/lib/crater-agent-workspace/builds/worker-6-tc2/source:/opt/rustwide/workdir:ro,Z" "-v" "/var/lib/crater-agent-workspace/cargo-home:/opt/rustwide/cargo-home:ro,Z" "-v" "/var/lib/crater-agent-workspace/rustup-home:/opt/rustwide/rustup-home:ro,Z" "-e" "SOURCE_DIR=/opt/rustwide/workdir" "-e" "CARGO_TARGET_DIR=/opt/rustwide/target" "-e" "CARGO_INCREMENTAL=0" "-e" "RUST_BACKTRACE=full" "-e" "RUSTFLAGS=--cap-lints=warn" "-e" "RUSTDOCFLAGS=--cap-lints=warn" "-e" "CARGO_HOME=/opt/rustwide/cargo-home" "-e" "RUSTUP_HOME=/opt/rustwide/rustup-home" "-w" "/opt/rustwide/workdir" "-m" "1610612736" "--user" "0:0" "--network" "none" "ghcr.io/rust-lang/crates-build-env/linux@sha256:f3a9d4ad9d972b27faf3965f35b62e55ba32bbce8f20bc8fe909558a86702fde" "/opt/rustwide/cargo-home/bin/cargo" "+beta-2024-12-08" "test" "--frozen" "--no-run" "--message-format=json", kill_on_drop: false }`
[INFO] [stdout] 1a1bf3ae1d4d981a72d24df1ec39a0a7f893b92177f58560c73c118c8947a374
[INFO] running `Command { std: "docker" "start" "-a" "1a1bf3ae1d4d981a72d24df1ec39a0a7f893b92177f58560c73c118c8947a374", kill_on_drop: false }`
[INFO] [stderr]    Compiling water v0.1.0 (/opt/rustwide/workdir)
[INFO] [stdout] warning: unused import: `InvokeTransactionResult`
[INFO] [stdout]  --> src/graph.rs:4:43
[INFO] [stdout]   |
[INFO] [stdout] 4 | use starknet::core::types::{FieldElement, InvokeTransactionResult};
[INFO] [stdout]   |                                           ^^^^^^^^^^^^^^^^^^^^^^^
[INFO] [stdout]   |
[INFO] [stdout]   = note: `#[warn(unused_imports)]` on by default
[INFO] [stdout] 
[INFO] [stdout] 
[INFO] [stdout] warning: unused import: `warn`
[INFO] [stdout]  --> src/graph.rs:9:17
[INFO] [stdout]   |
[INFO] [stdout] 9 | use log::{info, warn};
[INFO] [stdout]   |                 ^^^^
[INFO] [stdout] 
[INFO] [stdout] 
[INFO] [stdout] warning: unused imports: `HttpTransport`, `JsonRpcClient`, `Url`, and `self`
[INFO] [stdout]  --> src/retrieve.rs:5:19
[INFO] [stdout]   |
[INFO] [stdout] 5 |     core::types::{self, BlockId, BlockTag, FieldElement, FunctionCall},
[INFO] [stdout]   |                   ^^^^
[INFO] [stdout] ...
[INFO] [stdout] 8 |         jsonrpc::{HttpTransport, JsonRpcClient},
[INFO] [stdout]   |                   ^^^^^^^^^^^^^  ^^^^^^^^^^^^^
[INFO] [stdout] 9 |         Provider, Url,
[INFO] [stdout]   |                   ^^^
[INFO] [stdout] 
[INFO] [stdout] 
[INFO] [stdout] warning: variant `wstETH` should have an upper camel case name
[INFO] [stdout]   --> src/types.rs:12:5
[INFO] [stdout]    |
[INFO] [stdout] 12 |     wstETH,
[INFO] [stdout]    |     ^^^^^^ help: convert the identifier to upper camel case: `WstEth`
[INFO] [stdout]    |
[INFO] [stdout]    = note: `#[warn(non_camel_case_types)]` on by default
[INFO] [stdout] 
[INFO] [stdout] 
[INFO] [stdout] warning: variant `jedipair` should have an upper camel case name
[INFO] [stdout]   --> src/types.rs:56:5
[INFO] [stdout]    |
[INFO] [stdout] 56 |     jedipair,
[INFO] [stdout]    |     ^^^^^^^^ help: convert the identifier to upper camel case: `Jedipair`
[INFO] [stdout] 
[INFO] [stdout] 
[INFO] [stdout] warning: variant `onepair` should have an upper camel case name
[INFO] [stdout]   --> src/types.rs:57:5
[INFO] [stdout]    |
[INFO] [stdout] 57 |     onepair,
[INFO] [stdout]    |     ^^^^^^^ help: convert the identifier to upper camel case (notice the capitalization): `Onepair`
[INFO] [stdout] 
[INFO] [stdout] 
[INFO] [stdout] warning: variant `myPoolId` should have an upper camel case name
[INFO] [stdout]   --> src/types.rs:58:5
[INFO] [stdout]    |
[INFO] [stdout] 58 |     myPoolId,
[INFO] [stdout]    |     ^^^^^^^^ help: convert the identifier to upper camel case: `MyPoolId`
[INFO] [stdout] 
[INFO] [stdout] 
[INFO] [stdout] warning: unused import: `Fetcher`
[INFO] [stdout]  --> src/main.rs:9:13
[INFO] [stdout]   |
[INFO] [stdout] 9 | use types::{Fetcher, Token::*};
[INFO] [stdout]   |             ^^^^^^^
[INFO] [stdout] 
[INFO] [stdout] 
[INFO] [stdout] warning: variable does not need to be mutable
[INFO] [stdout]   --> src/main.rs:50:9
[INFO] [stdout]    |
[INFO] [stdout] 50 |     let mut mapping = retrieve::compile_states(&pairs, &r);
[INFO] [stdout]    |         ----^^^^^^^
[INFO] [stdout]    |         |
[INFO] [stdout]    |         help: remove this `mut`
[INFO] [stdout]    |
[INFO] [stdout]    = note: `#[warn(unused_mut)]` on by default
[INFO] [stdout] 
[INFO] [stdout] 
[INFO] [stdout] warning: method `provider` is never used
[INFO] [stdout]    --> src/types.rs:123:12
[INFO] [stdout]     |
[INFO] [stdout] 115 | impl Fetcher {
[INFO] [stdout]     | ------------ method in this implementation
[INFO] [stdout] ...
[INFO] [stdout] 123 |     pub fn provider(&self) -> &JsonRpcClient<HttpTransport> {
[INFO] [stdout]     |            ^^^^^^^^
[INFO] [stdout]     |
[INFO] [stdout]     = note: `#[warn(dead_code)]` on by default
[INFO] [stdout] 
[INFO] [stdout] 
[INFO] [stdout] warning: variable `privateKey` should have a snake case name
[INFO] [stdout]   --> src/types.rs:86:9
[INFO] [stdout]    |
[INFO] [stdout] 86 |     let privateKey = line.next().expect("Failed to compile private key");
[INFO] [stdout]    |         ^^^^^^^^^^ help: convert the identifier to snake case: `private_key`
[INFO] [stdout]    |
[INFO] [stdout]    = note: `#[warn(non_snake_case)]` on by default
[INFO] [stdout] 
[INFO] [stdout] 
[INFO] [stdout] warning: variable `amountIn` should have a snake case name
[INFO] [stdout]   --> src/utils.rs:20:5
[INFO] [stdout]    |
[INFO] [stdout] 20 |     amountIn: &FieldElement,
[INFO] [stdout]    |     ^^^^^^^^ help: convert the identifier to snake case: `amount_in`
[INFO] [stdout] 
[INFO] [stdout] 
[INFO] [stdout] warning: variable `amountInWithFee` should have a snake case name
[INFO] [stdout]   --> src/utils.rs:22:9
[INFO] [stdout]    |
[INFO] [stdout] 22 |     let amountInWithFee = *amountIn * felt!("997"); // amountInWithFee = amountIn.mul(997);
[INFO] [stdout]    |         ^^^^^^^^^^^^^^^ help: convert the identifier to snake case: `amount_in_with_fee`
[INFO] [stdout] 
[INFO] [stdout] 
[INFO] [stdout] warning: variable `amountOut` should have a snake case name
[INFO] [stdout]   --> src/utils.rs:27:9
[INFO] [stdout]    |
[INFO] [stdout] 27 |     let amountOut = numerator.floor_div(denominator);
[INFO] [stdout]    |         ^^^^^^^^^ help: convert the identifier to snake case: `amount_out`
[INFO] [stdout] 
[INFO] [stdout] 
[INFO] [stdout] warning: function `uniswapv2_getAmountOut` should have a snake case name
[INFO] [stdout]   --> src/utils.rs:32:8
[INFO] [stdout]    |
[INFO] [stdout] 32 | pub fn uniswapv2_getAmountOut(
[INFO] [stdout]    |        ^^^^^^^^^^^^^^^^^^^^^^ help: convert the identifier to snake case: `uniswapv2_get_amount_out`
[INFO] [stdout] 
[INFO] [stdout] 
[INFO] [stdout] warning: variable `amountIn` should have a snake case name
[INFO] [stdout]   --> src/utils.rs:37:5
[INFO] [stdout]    |
[INFO] [stdout] 37 |     amountIn: &FieldElement,
[INFO] [stdout]    |     ^^^^^^^^ help: convert the identifier to snake case: `amount_in`
[INFO] [stdout] 
[INFO] [stdout] 
[INFO] [stdout] warning: variable `tokenIn` should have a snake case name
[INFO] [stdout]   --> src/utils.rs:38:5
[INFO] [stdout]    |
[INFO] [stdout] 38 |     tokenIn: &Token,
[INFO] [stdout]    |     ^^^^^^^ help: convert the identifier to snake case: `token_in`
[INFO] [stdout] 
[INFO] [stdout] 
[INFO] [stderr]     Finished `test` profile [unoptimized + debuginfo] target(s) in 4.90s
[INFO] running `Command { std: "docker" "inspect" "1a1bf3ae1d4d981a72d24df1ec39a0a7f893b92177f58560c73c118c8947a374", kill_on_drop: false }`
[INFO] running `Command { std: "docker" "rm" "-f" "1a1bf3ae1d4d981a72d24df1ec39a0a7f893b92177f58560c73c118c8947a374", kill_on_drop: false }`
[INFO] [stdout] 1a1bf3ae1d4d981a72d24df1ec39a0a7f893b92177f58560c73c118c8947a374
[INFO] running `Command { std: "docker" "create" "-v" "/var/lib/crater-agent-workspace/builds/worker-6-tc2/target:/opt/rustwide/target:rw,Z" "-v" "/var/lib/crater-agent-workspace/builds/worker-6-tc2/source:/opt/rustwide/workdir:ro,Z" "-v" "/var/lib/crater-agent-workspace/cargo-home:/opt/rustwide/cargo-home:ro,Z" "-v" "/var/lib/crater-agent-workspace/rustup-home:/opt/rustwide/rustup-home:ro,Z" "-e" "SOURCE_DIR=/opt/rustwide/workdir" "-e" "CARGO_TARGET_DIR=/opt/rustwide/target" "-e" "CARGO_INCREMENTAL=0" "-e" "RUST_BACKTRACE=full" "-e" "RUSTFLAGS=--cap-lints=warn" "-e" "RUSTDOCFLAGS=--cap-lints=warn" "-e" "CARGO_HOME=/opt/rustwide/cargo-home" "-e" "RUSTUP_HOME=/opt/rustwide/rustup-home" "-w" "/opt/rustwide/workdir" "-m" "1610612736" "--user" "0:0" "--network" "none" "ghcr.io/rust-lang/crates-build-env/linux@sha256:f3a9d4ad9d972b27faf3965f35b62e55ba32bbce8f20bc8fe909558a86702fde" "/opt/rustwide/cargo-home/bin/cargo" "+beta-2024-12-08" "test" "--frozen", kill_on_drop: false }`
[INFO] [stdout] 12208d4df26eb524454508dd146f8e65212e009c333cd635618e80841b93e772
[INFO] running `Command { std: "docker" "start" "-a" "12208d4df26eb524454508dd146f8e65212e009c333cd635618e80841b93e772", kill_on_drop: false }`
[INFO] [stderr] warning: unused import: `InvokeTransactionResult`
[INFO] [stderr]  --> src/graph.rs:4:43
[INFO] [stderr]   |
[INFO] [stderr] 4 | use starknet::core::types::{FieldElement, InvokeTransactionResult};
[INFO] [stderr]   |                                           ^^^^^^^^^^^^^^^^^^^^^^^
[INFO] [stderr]   |
[INFO] [stderr]   = note: `#[warn(unused_imports)]` on by default
[INFO] [stderr] 
[INFO] [stderr] warning: unused import: `warn`
[INFO] [stderr]  --> src/graph.rs:9:17
[INFO] [stderr]   |
[INFO] [stderr] 9 | use log::{info, warn};
[INFO] [stderr]   |                 ^^^^
[INFO] [stderr] 
[INFO] [stderr] warning: unused imports: `HttpTransport`, `JsonRpcClient`, `Url`, and `self`
[INFO] [stderr]  --> src/retrieve.rs:5:19
[INFO] [stderr]   |
[INFO] [stderr] 5 |     core::types::{self, BlockId, BlockTag, FieldElement, FunctionCall},
[INFO] [stderr]   |                   ^^^^
[INFO] [stderr] ...
[INFO] [stderr] 8 |         jsonrpc::{HttpTransport, JsonRpcClient},
[INFO] [stderr]   |                   ^^^^^^^^^^^^^  ^^^^^^^^^^^^^
[INFO] [stderr] 9 |         Provider, Url,
[INFO] [stderr]   |                   ^^^
[INFO] [stderr] 
[INFO] [stderr] warning: variant `wstETH` should have an upper camel case name
[INFO] [stderr]   --> src/types.rs:12:5
[INFO] [stderr]    |
[INFO] [stderr] 12 |     wstETH,
[INFO] [stderr]    |     ^^^^^^ help: convert the identifier to upper camel case: `WstEth`
[INFO] [stderr]    |
[INFO] [stderr]    = note: `#[warn(non_camel_case_types)]` on by default
[INFO] [stderr] 
[INFO] [stderr] warning: variant `jedipair` should have an upper camel case name
[INFO] [stderr]   --> src/types.rs:56:5
[INFO] [stderr]    |
[INFO] [stderr] 56 |     jedipair,
[INFO] [stderr]    |     ^^^^^^^^ help: convert the identifier to upper camel case: `Jedipair`
[INFO] [stderr] 
[INFO] [stderr] warning: variant `onepair` should have an upper camel case name
[INFO] [stderr]   --> src/types.rs:57:5
[INFO] [stderr]    |
[INFO] [stderr] 57 |     onepair,
[INFO] [stderr]    |     ^^^^^^^ help: convert the identifier to upper camel case (notice the capitalization): `Onepair`
[INFO] [stderr] 
[INFO] [stderr] warning: variant `myPoolId` should have an upper camel case name
[INFO] [stderr]   --> src/types.rs:58:5
[INFO] [stderr]    |
[INFO] [stderr] 58 |     myPoolId,
[INFO] [stderr]    |     ^^^^^^^^ help: convert the identifier to upper camel case: `MyPoolId`
[INFO] [stderr] 
[INFO] [stderr] warning: unused import: `Fetcher`
[INFO] [stderr]  --> src/main.rs:9:13
[INFO] [stderr]   |
[INFO] [stderr] 9 | use types::{Fetcher, Token::*};
[INFO] [stderr]   |             ^^^^^^^
[INFO] [stderr] 
[INFO] [stderr] warning: variable does not need to be mutable
[INFO] [stderr]   --> src/main.rs:50:9
[INFO] [stderr]    |
[INFO] [stderr] 50 |     let mut mapping = retrieve::compile_states(&pairs, &r);
[INFO] [stderr]    |         ----^^^^^^^
[INFO] [stderr]    |         |
[INFO] [stderr]    |         help: remove this `mut`
[INFO] [stderr]    |
[INFO] [stderr]    = note: `#[warn(unused_mut)]` on by default
[INFO] [stderr] 
[INFO] [stderr] warning: method `provider` is never used
[INFO] [stderr]    --> src/types.rs:123:12
[INFO] [stderr]     |
[INFO] [stderr] 115 | impl Fetcher {
[INFO] [stderr]     | ------------ method in this implementation
[INFO] [stderr] ...
[INFO] [stderr] 123 |     pub fn provider(&self) -> &JsonRpcClient<HttpTransport> {
[INFO] [stderr]     |            ^^^^^^^^
[INFO] [stderr]     |
[INFO] [stderr]     = note: `#[warn(dead_code)]` on by default
[INFO] [stderr] 
[INFO] [stderr] warning: variable `privateKey` should have a snake case name
[INFO] [stderr]   --> src/types.rs:86:9
[INFO] [stderr]    |
[INFO] [stderr] 86 |     let privateKey = line.next().expect("Failed to compile private key");
[INFO] [stderr]    |         ^^^^^^^^^^ help: convert the identifier to snake case: `private_key`
[INFO] [stderr]    |
[INFO] [stderr]    = note: `#[warn(non_snake_case)]` on by default
[INFO] [stderr] 
[INFO] [stderr] warning: variable `amountIn` should have a snake case name
[INFO] [stderr]   --> src/utils.rs:20:5
[INFO] [stderr]    |
[INFO] [stderr] 20 |     amountIn: &FieldElement,
[INFO] [stderr]    |     ^^^^^^^^ help: convert the identifier to snake case: `amount_in`
[INFO] [stderr] 
[INFO] [stderr] warning: variable `amountInWithFee` should have a snake case name
[INFO] [stderr]   --> src/utils.rs:22:9
[INFO] [stderr]    |
[INFO] [stderr] 22 |     let amountInWithFee = *amountIn * felt!("997"); // amountInWithFee = amountIn.mul(997);
[INFO] [stderr]    |         ^^^^^^^^^^^^^^^ help: convert the identifier to snake case: `amount_in_with_fee`
[INFO] [stderr] 
[INFO] [stderr] warning: variable `amountOut` should have a snake case name
[INFO] [stderr]   --> src/utils.rs:27:9
[INFO] [stderr]    |
[INFO] [stderr] 27 |     let amountOut = numerator.floor_div(denominator);
[INFO] [stderr]    |         ^^^^^^^^^ help: convert the identifier to snake case: `amount_out`
[INFO] [stderr] 
[INFO] [stderr] warning: function `uniswapv2_getAmountOut` should have a snake case name
[INFO] [stderr]   --> src/utils.rs:32:8
[INFO] [stderr]    |
[INFO] [stderr] 32 | pub fn uniswapv2_getAmountOut(
[INFO] [stderr]    |        ^^^^^^^^^^^^^^^^^^^^^^ help: convert the identifier to snake case: `uniswapv2_get_amount_out`
[INFO] [stderr] 
[INFO] [stderr] warning: variable `amountIn` should have a snake case name
[INFO] [stderr]   --> src/utils.rs:37:5
[INFO] [stderr]    |
[INFO] [stderr] 37 |     amountIn: &FieldElement,
[INFO] [stderr]    |     ^^^^^^^^ help: convert the identifier to snake case: `amount_in`
[INFO] [stderr] 
[INFO] [stderr] warning: variable `tokenIn` should have a snake case name
[INFO] [stderr]   --> src/utils.rs:38:5
[INFO] [stderr]    |
[INFO] [stderr] 38 |     tokenIn: &Token,
[INFO] [stderr]    |     ^^^^^^^ help: convert the identifier to snake case: `token_in`
[INFO] [stderr] 
[INFO] [stderr] warning: `water` (bin "water" test) generated 17 warnings (run `cargo fix --bin "water" --tests` to apply 5 suggestions)
[INFO] [stderr]     Finished `test` profile [unoptimized + debuginfo] target(s) in 0.22s
[INFO] [stderr]      Running unittests src/main.rs (/opt/rustwide/target/debug/deps/water-09e16cd034f10457)
[INFO] [stdout] 
[INFO] [stdout] running 3 tests
[INFO] [stdout] test utils::test_field ... ok
[INFO] [stdout] test utils::test_profitable ... ok
[INFO] [stdout] test test_state_retrieve ... FAILED
[INFO] [stdout] 
[INFO] [stdout] failures:
[INFO] [stdout] 
[INFO] [stdout] ---- test_state_retrieve stdout ----
[INFO] [stdout] thread 'test_state_retrieve' panicked at src/retrieve.rs:19:59:
[INFO] [stdout] Failed to read dex data: Os { code: 2, kind: NotFound, message: "No such file or directory" }
[INFO] [stdout] stack backtrace:
[INFO] [stdout]    0:     0x6315add931ea - std::backtrace_rs::backtrace::libunwind::trace::h8810477743020387
[INFO] [stdout]                                at /rustc/202008a1b8de96d2e5b6bc02d379db03a877d34d/library/std/src/../../backtrace/src/backtrace/libunwind.rs:116:5
[INFO] [stdout]    1:     0x6315add931ea - std::backtrace_rs::backtrace::trace_unsynchronized::h3aa55355dd6c54a6
[INFO] [stdout]                                at /rustc/202008a1b8de96d2e5b6bc02d379db03a877d34d/library/std/src/../../backtrace/src/backtrace/mod.rs:66:5
[INFO] [stdout]    2:     0x6315add931ea - std::sys::backtrace::_print_fmt::h8588b0f62410823f
[INFO] [stdout]                                at /rustc/202008a1b8de96d2e5b6bc02d379db03a877d34d/library/std/src/sys/backtrace.rs:66:9
[INFO] [stdout]    3:     0x6315add931ea - <std::sys::backtrace::BacktraceLock::print::DisplayBacktrace as core::fmt::Display>::fmt::h98c26ac25ffe89bb
[INFO] [stdout]                                at /rustc/202008a1b8de96d2e5b6bc02d379db03a877d34d/library/std/src/sys/backtrace.rs:39:26
[INFO] [stdout]    4:     0x6315addbbb03 - core::fmt::rt::Argument::fmt::hf95377f4aebd453b
[INFO] [stdout]                                at /rustc/202008a1b8de96d2e5b6bc02d379db03a877d34d/library/core/src/fmt/rt.rs:177:76
[INFO] [stdout]    5:     0x6315addbbb03 - core::fmt::write::h0dd5f6e2238c7982
[INFO] [stdout]                                at /rustc/202008a1b8de96d2e5b6bc02d379db03a877d34d/library/core/src/fmt/mod.rs:1189:21
[INFO] [stdout]    6:     0x6315add8f823 - std::io::Write::write_fmt::h03bb0ca26e6faf8c
[INFO] [stdout]                                at /rustc/202008a1b8de96d2e5b6bc02d379db03a877d34d/library/std/src/io/mod.rs:1884:15
[INFO] [stdout]    7:     0x6315add93032 - std::sys::backtrace::BacktraceLock::print::h5c19c1c038ee186d
[INFO] [stdout]                                at /rustc/202008a1b8de96d2e5b6bc02d379db03a877d34d/library/std/src/sys/backtrace.rs:42:9
[INFO] [stdout]    8:     0x6315add9466d - std::panicking::default_hook::{{closure}}::h77172f079a1fcb13
[INFO] [stdout]                                at /rustc/202008a1b8de96d2e5b6bc02d379db03a877d34d/library/std/src/panicking.rs:268:22
[INFO] [stdout]    9:     0x6315add94477 - std::panicking::default_hook::he5f8e3b203ccddba
[INFO] [stdout]                                at /rustc/202008a1b8de96d2e5b6bc02d379db03a877d34d/library/std/src/panicking.rs:292:9
[INFO] [stdout]   10:     0x6315ad6ed007 - <alloc::boxed::Box<F,A> as core::ops::function::Fn<Args>>::call::h7a3c7b4a1ae77f2f
[INFO] [stdout]                                at /rustc/202008a1b8de96d2e5b6bc02d379db03a877d34d/library/alloc/src/boxed.rs:1986:9
[INFO] [stdout]   11:     0x6315ad6ed007 - test::test_main::{{closure}}::hf0d3b69ae9b353d1
[INFO] [stdout]                                at /rustc/202008a1b8de96d2e5b6bc02d379db03a877d34d/library/test/src/lib.rs:134:21
[INFO] [stdout]   12:     0x6315add94d18 - <alloc::boxed::Box<F,A> as core::ops::function::Fn<Args>>::call::h6332e82e7b189abd
[INFO] [stdout]                                at /rustc/202008a1b8de96d2e5b6bc02d379db03a877d34d/library/alloc/src/boxed.rs:1986:9
[INFO] [stdout]   13:     0x6315add94d18 - std::panicking::rust_panic_with_hook::h53863d4e9018df39
[INFO] [stdout]                                at /rustc/202008a1b8de96d2e5b6bc02d379db03a877d34d/library/std/src/panicking.rs:809:13
[INFO] [stdout]   14:     0x6315add94ada - std::panicking::begin_panic_handler::{{closure}}::h67280e6fa0757873
[INFO] [stdout]                                at /rustc/202008a1b8de96d2e5b6bc02d379db03a877d34d/library/std/src/panicking.rs:674:13
[INFO] [stdout]   15:     0x6315add936c9 - std::sys::backtrace::__rust_end_short_backtrace::h1dac3f54d6fbbeb2
[INFO] [stdout]                                at /rustc/202008a1b8de96d2e5b6bc02d379db03a877d34d/library/std/src/sys/backtrace.rs:170:18
[INFO] [stdout]   16:     0x6315add9476c - rust_begin_unwind
[INFO] [stdout]                                at /rustc/202008a1b8de96d2e5b6bc02d379db03a877d34d/library/std/src/panicking.rs:665:5
[INFO] [stdout]   17:     0x6315ad6912f0 - core::panicking::panic_fmt::h6792bd1b2bf01041
[INFO] [stdout]                                at /rustc/202008a1b8de96d2e5b6bc02d379db03a877d34d/library/core/src/panicking.rs:76:14
[INFO] [stdout]   18:     0x6315ad6917d6 - core::result::unwrap_failed::h05e0602ed34287c5
[INFO] [stdout]                                at /rustc/202008a1b8de96d2e5b6bc02d379db03a877d34d/library/core/src/result.rs:1699:5
[INFO] [stdout]   19:     0x6315ad6adab4 - core::result::Result<T,E>::expect::h06847c4e41788bf7
[INFO] [stdout]                                at /rustc/202008a1b8de96d2e5b6bc02d379db03a877d34d/library/core/src/result.rs:1061:23
[INFO] [stdout]   20:     0x6315ad6a1032 - water::retrieve::decode_pair_data::hcaac0dfbb422b958
[INFO] [stdout]                                at /opt/rustwide/workdir/src/retrieve.rs:19:21
[INFO] [stdout]   21:     0x6315ad6a95f3 - water::test_state_retrieve::{{closure}}::h2d4d77221dfc5838
[INFO] [stdout]                                at /opt/rustwide/workdir/src/main.rs:46:17
[INFO] [stdout]   22:     0x6315ad6af102 - <core::pin::Pin<P> as core::future::future::Future>::poll::hce2afd9b9493ba9a
[INFO] [stdout]                                at /rustc/202008a1b8de96d2e5b6bc02d379db03a877d34d/library/core/src/future/future.rs:124:9
[INFO] [stdout]   23:     0x6315ad6af05d - <core::pin::Pin<P> as core::future::future::Future>::poll::h71da59834d0e4609
[INFO] [stdout]                                at /rustc/202008a1b8de96d2e5b6bc02d379db03a877d34d/library/core/src/future/future.rs:124:9
[INFO] [stdout]   24:     0x6315ad6a027f - tokio::runtime::scheduler::current_thread::CoreGuard::block_on::{{closure}}::{{closure}}::{{closure}}::h6e493fd3524ef90f
[INFO] [stdout]                                at /opt/rustwide/cargo-home/registry/src/index.crates.io-6f17d22bba15001f/tokio-1.37.0/src/runtime/scheduler/current_thread/mod.rs:659:57
[INFO] [stdout]   25:     0x6315ad6a01c5 - tokio::runtime::coop::with_budget::hd8a6b6f3113dff5e
[INFO] [stdout]                                at /opt/rustwide/cargo-home/registry/src/index.crates.io-6f17d22bba15001f/tokio-1.37.0/src/runtime/coop.rs:107:5
[INFO] [stdout]   26:     0x6315ad6a01c5 - tokio::runtime::coop::budget::h98fa09439e5ab026
[INFO] [stdout]                                at /opt/rustwide/cargo-home/registry/src/index.crates.io-6f17d22bba15001f/tokio-1.37.0/src/runtime/coop.rs:73:5
[INFO] [stdout]   27:     0x6315ad6a01c5 - tokio::runtime::scheduler::current_thread::CoreGuard::block_on::{{closure}}::{{closure}}::hc988159db2da43e3
[INFO] [stdout]                                at /opt/rustwide/cargo-home/registry/src/index.crates.io-6f17d22bba15001f/tokio-1.37.0/src/runtime/scheduler/current_thread/mod.rs:659:25
[INFO] [stdout]   28:     0x6315ad69ef60 - tokio::runtime::scheduler::current_thread::Context::enter::hb0da8b1bd655d6cb
[INFO] [stdout]                                at /opt/rustwide/cargo-home/registry/src/index.crates.io-6f17d22bba15001f/tokio-1.37.0/src/runtime/scheduler/current_thread/mod.rs:404:19
[INFO] [stdout]   29:     0x6315ad69fa1e - tokio::runtime::scheduler::current_thread::CoreGuard::block_on::{{closure}}::hb6c67719a576abae
[INFO] [stdout]                                at /opt/rustwide/cargo-home/registry/src/index.crates.io-6f17d22bba15001f/tokio-1.37.0/src/runtime/scheduler/current_thread/mod.rs:658:36
[INFO] [stdout]   30:     0x6315ad69f794 - tokio::runtime::scheduler::current_thread::CoreGuard::enter::{{closure}}::h569a0feb5d963b55
[INFO] [stdout]                                at /opt/rustwide/cargo-home/registry/src/index.crates.io-6f17d22bba15001f/tokio-1.37.0/src/runtime/scheduler/current_thread/mod.rs:737:68
[INFO] [stdout]   31:     0x6315ad6ae9eb - tokio::runtime::context::scoped::Scoped<T>::set::h136549ddda169e70
[INFO] [stdout]                                at /opt/rustwide/cargo-home/registry/src/index.crates.io-6f17d22bba15001f/tokio-1.37.0/src/runtime/context/scoped.rs:40:9
[INFO] [stdout]   32:     0x6315ad6a7789 - tokio::runtime::context::set_scheduler::{{closure}}::hc7d57f16f06452e0
[INFO] [stdout]                                at /opt/rustwide/cargo-home/registry/src/index.crates.io-6f17d22bba15001f/tokio-1.37.0/src/runtime/context.rs:176:26
[INFO] [stdout]   33:     0x6315ad6a462d - std::thread::local::LocalKey<T>::try_with::hbbbec6ac35a84ea2
[INFO] [stdout]                                at /rustc/202008a1b8de96d2e5b6bc02d379db03a877d34d/library/std/src/thread/local.rs:283:12
[INFO] [stdout]   34:     0x6315ad6a3f7a - std::thread::local::LocalKey<T>::with::hed7ad2d77530cff0
[INFO] [stdout]                                at /rustc/202008a1b8de96d2e5b6bc02d379db03a877d34d/library/std/src/thread/local.rs:260:9
[INFO] [stdout]   35:     0x6315ad6a773d - tokio::runtime::context::set_scheduler::hf8479ac5a5157efc
[INFO] [stdout]                                at /opt/rustwide/cargo-home/registry/src/index.crates.io-6f17d22bba15001f/tokio-1.37.0/src/runtime/context.rs:176:9
[INFO] [stdout]   36:     0x6315ad69f540 - tokio::runtime::scheduler::current_thread::CoreGuard::enter::h2220d7f95b3a367e
[INFO] [stdout]                                at /opt/rustwide/cargo-home/registry/src/index.crates.io-6f17d22bba15001f/tokio-1.37.0/src/runtime/scheduler/current_thread/mod.rs:737:27
[INFO] [stdout]   37:     0x6315ad69f7b3 - tokio::runtime::scheduler::current_thread::CoreGuard::block_on::h4a3ac3bf8179bc71
[INFO] [stdout]                                at /opt/rustwide/cargo-home/registry/src/index.crates.io-6f17d22bba15001f/tokio-1.37.0/src/runtime/scheduler/current_thread/mod.rs:646:19
[INFO] [stdout]   38:     0x6315ad69e7ad - tokio::runtime::scheduler::current_thread::CurrentThread::block_on::{{closure}}::h653b7a36e718608d
[INFO] [stdout]                                at /opt/rustwide/cargo-home/registry/src/index.crates.io-6f17d22bba15001f/tokio-1.37.0/src/runtime/scheduler/current_thread/mod.rs:175:28
[INFO] [stdout]   39:     0x6315ad69e026 - tokio::runtime::context::runtime::enter_runtime::hdfa5fba386f0c6bf
[INFO] [stdout]                                at /opt/rustwide/cargo-home/registry/src/index.crates.io-6f17d22bba15001f/tokio-1.37.0/src/runtime/context/runtime.rs:65:16
[INFO] [stdout]   40:     0x6315ad69e6c1 - tokio::runtime::scheduler::current_thread::CurrentThread::block_on::h438bf3b8cf9402ee
[INFO] [stdout]                                at /opt/rustwide/cargo-home/registry/src/index.crates.io-6f17d22bba15001f/tokio-1.37.0/src/runtime/scheduler/current_thread/mod.rs:167:9
[INFO] [stdout]   41:     0x6315ad6a792d - tokio::runtime::runtime::Runtime::block_on::h3a419f3425ce28da
[INFO] [stdout]                                at /opt/rustwide/cargo-home/registry/src/index.crates.io-6f17d22bba15001f/tokio-1.37.0/src/runtime/runtime.rs:349:47
[INFO] [stdout]   42:     0x6315ad6a94a1 - water::test_state_retrieve::h3558ec145974f5ba
[INFO] [stdout]                                at /opt/rustwide/workdir/src/main.rs:53:5
[INFO] [stdout]   43:     0x6315ad6a9347 - water::test_state_retrieve::{{closure}}::h2d6b5ef9328c884b
[INFO] [stdout]                                at /opt/rustwide/workdir/src/main.rs:44:31
[INFO] [stdout]   44:     0x6315ad6aca76 - core::ops::function::FnOnce::call_once::ha92e8853788f20f5
[INFO] [stdout]                                at /rustc/202008a1b8de96d2e5b6bc02d379db03a877d34d/library/core/src/ops/function.rs:250:5
[INFO] [stdout]   45:     0x6315ad6f1b2b - core::ops::function::FnOnce::call_once::h871bf86719ec9aa4
[INFO] [stdout]                                at /rustc/202008a1b8de96d2e5b6bc02d379db03a877d34d/library/core/src/ops/function.rs:250:5
[INFO] [stdout]   46:     0x6315ad6f1b2b - test::__rust_begin_short_backtrace::h2167df1e2b7d76fd
[INFO] [stdout]                                at /rustc/202008a1b8de96d2e5b6bc02d379db03a877d34d/library/test/src/lib.rs:632:18
[INFO] [stdout]   47:     0x6315ad6f1518 - test::run_test_in_process::{{closure}}::h15d92f75a3adfb79
[INFO] [stdout]                                at /rustc/202008a1b8de96d2e5b6bc02d379db03a877d34d/library/test/src/lib.rs:655:60
[INFO] [stdout]   48:     0x6315ad6f1518 - <core::panic::unwind_safe::AssertUnwindSafe<F> as core::ops::function::FnOnce<()>>::call_once::hb6c8955835a8dbbb
[INFO] [stdout]                                at /rustc/202008a1b8de96d2e5b6bc02d379db03a877d34d/library/core/src/panic/unwind_safe.rs:272:9
[INFO] [stdout]   49:     0x6315ad6f1518 - std::panicking::try::do_call::hc79d0fc888a0bd30
[INFO] [stdout]                                at /rustc/202008a1b8de96d2e5b6bc02d379db03a877d34d/library/std/src/panicking.rs:557:40
[INFO] [stdout]   50:     0x6315ad6f1518 - std::panicking::try::hb8a7878e3a8589d6
[INFO] [stdout]                                at /rustc/202008a1b8de96d2e5b6bc02d379db03a877d34d/library/std/src/panicking.rs:520:19
[INFO] [stdout]   51:     0x6315ad6f1518 - std::panic::catch_unwind::hb8e4600ff0ff5cfa
[INFO] [stdout]                                at /rustc/202008a1b8de96d2e5b6bc02d379db03a877d34d/library/std/src/panic.rs:358:14
[INFO] [stdout]   52:     0x6315ad6f1518 - test::run_test_in_process::hc2900b0b18688dd6
[INFO] [stdout]                                at /rustc/202008a1b8de96d2e5b6bc02d379db03a877d34d/library/test/src/lib.rs:655:27
[INFO] [stdout]   53:     0x6315ad6f1518 - test::run_test::{{closure}}::hac2a9cb07be3d48d
[INFO] [stdout]                                at /rustc/202008a1b8de96d2e5b6bc02d379db03a877d34d/library/test/src/lib.rs:576:43
[INFO] [stdout]   54:     0x6315ad6b4fba - test::run_test::{{closure}}::h4a5b729e66a38cd8
[INFO] [stdout]                                at /rustc/202008a1b8de96d2e5b6bc02d379db03a877d34d/library/test/src/lib.rs:606:41
[INFO] [stdout]   55:     0x6315ad6b4fba - std::sys::backtrace::__rust_begin_short_backtrace::h0496fb742492f573
[INFO] [stdout]                                at /rustc/202008a1b8de96d2e5b6bc02d379db03a877d34d/library/std/src/sys/backtrace.rs:154:18
[INFO] [stdout]   56:     0x6315ad6b8934 - std::thread::Builder::spawn_unchecked_::{{closure}}::{{closure}}::hbb6d257c550a54bd
[INFO] [stdout]                                at /rustc/202008a1b8de96d2e5b6bc02d379db03a877d34d/library/std/src/thread/mod.rs:561:17
[INFO] [stdout]   57:     0x6315ad6b8934 - <core::panic::unwind_safe::AssertUnwindSafe<F> as core::ops::function::FnOnce<()>>::call_once::h46696fe4a6832328
[INFO] [stdout]                                at /rustc/202008a1b8de96d2e5b6bc02d379db03a877d34d/library/core/src/panic/unwind_safe.rs:272:9
[INFO] [stdout]   58:     0x6315ad6b8934 - std::panicking::try::do_call::h2625a51b667bfb64
[INFO] [stdout]                                at /rustc/202008a1b8de96d2e5b6bc02d379db03a877d34d/library/std/src/panicking.rs:557:40
[INFO] [stdout]   59:     0x6315ad6b8934 - std::panicking::try::hb956a59a1973aa4c
[INFO] [stdout]                                at /rustc/202008a1b8de96d2e5b6bc02d379db03a877d34d/library/std/src/panicking.rs:520:19
[INFO] [stdout]   60:     0x6315ad6b8934 - std::panic::catch_unwind::h64f3b9d1067ef6a0
[INFO] [stdout]                                at /rustc/202008a1b8de96d2e5b6bc02d379db03a877d34d/library/std/src/panic.rs:358:14
[INFO] [stdout]   61:     0x6315ad6b8934 - std::thread::Builder::spawn_unchecked_::{{closure}}::h42b2841295b6c0b2
[INFO] [stdout]                                at /rustc/202008a1b8de96d2e5b6bc02d379db03a877d34d/library/std/src/thread/mod.rs:559:30
[INFO] [stdout]   62:     0x6315ad6b8934 - core::ops::function::FnOnce::call_once{{vtable.shim}}::h6127de71b8124639
[INFO] [stdout]                                at /rustc/202008a1b8de96d2e5b6bc02d379db03a877d34d/library/core/src/ops/function.rs:250:5
[INFO] [stdout]   63:     0x6315add98eeb - <alloc::boxed::Box<F,A> as core::ops::function::FnOnce<Args>>::call_once::h42f0ba71002a1b2c
[INFO] [stdout]                                at /rustc/202008a1b8de96d2e5b6bc02d379db03a877d34d/library/alloc/src/boxed.rs:1972:9
[INFO] [stdout]   64:     0x6315add98eeb - <alloc::boxed::Box<F,A> as core::ops::function::FnOnce<Args>>::call_once::had9e47d7a3dcecb8
[INFO] [stdout]                                at /rustc/202008a1b8de96d2e5b6bc02d379db03a877d34d/library/alloc/src/boxed.rs:1972:9
[INFO] [stdout]   65:     0x6315add98eeb - std::sys::pal::unix::thread::Thread::new::thread_start::h48cf765408f6f5f2
[INFO] [stdout]                                at /rustc/202008a1b8de96d2e5b6bc02d379db03a877d34d/library/std/src/sys/pal/unix/thread.rs:105:17
[INFO] [stdout]   66:     0x78b64c714ac3 - <unknown>
[INFO] [stdout]   67:     0x78b64c7a5a04 - clone
[INFO] [stdout]   68:                0x0 - <unknown>
[INFO] [stdout] 
[INFO] [stdout] 
[INFO] [stdout] failures:
[INFO] [stdout]     test_state_retrieve
[INFO] [stdout] 
[INFO] [stdout] test result: FAILED. 2 passed; 1 failed; 0 ignored; 0 measured; 0 filtered out; finished in 0.05s
[INFO] [stdout] 
[INFO] [stderr] error: test failed, to rerun pass `--bin water`
[INFO] running `Command { std: "docker" "inspect" "12208d4df26eb524454508dd146f8e65212e009c333cd635618e80841b93e772", kill_on_drop: false }`
[INFO] running `Command { std: "docker" "rm" "-f" "12208d4df26eb524454508dd146f8e65212e009c333cd635618e80841b93e772", kill_on_drop: false }`
[INFO] [stdout] 12208d4df26eb524454508dd146f8e65212e009c333cd635618e80841b93e772
