[INFO] cloning repository https://github.com/wvffle/fuse-zipfs
[INFO] running `Command { std: "git" "-c" "credential.helper=" "-c" "credential.helper=/workspace/cargo-home/bin/git-credential-null" "clone" "--bare" "https://github.com/wvffle/fuse-zipfs" "/workspace/cache/git-repos/https%3A%2F%2Fgithub.com%2Fwvffle%2Ffuse-zipfs", kill_on_drop: false }`
[INFO] [stderr] Cloning into bare repository '/workspace/cache/git-repos/https%3A%2F%2Fgithub.com%2Fwvffle%2Ffuse-zipfs'...
[INFO] running `Command { std: "git" "rev-parse" "HEAD", kill_on_drop: false }`
[INFO] [stdout] 8e1d83dfa71d4db4493739ba6bf0520358f5e88b
[INFO] testing wvffle/fuse-zipfs against 1.83.0 for beta-1.84.0-4-retry
[INFO] running `Command { std: "git" "clone" "/workspace/cache/git-repos/https%3A%2F%2Fgithub.com%2Fwvffle%2Ffuse-zipfs" "/workspace/builds/worker-6-tc1/source", kill_on_drop: false }`
[INFO] [stderr] Cloning into '/workspace/builds/worker-6-tc1/source'...
[INFO] [stderr] done.
[INFO] validating manifest of git repo https://github.com/wvffle/fuse-zipfs on toolchain 1.83.0
[INFO] running `Command { std: CARGO_HOME="/workspace/cargo-home" RUSTUP_HOME="/workspace/rustup-home" "/workspace/cargo-home/bin/cargo" "+1.83.0" "metadata" "--manifest-path" "Cargo.toml" "--no-deps", kill_on_drop: false }`
[INFO] started tweaking git repo https://github.com/wvffle/fuse-zipfs
[INFO] finished tweaking git repo https://github.com/wvffle/fuse-zipfs
[INFO] tweaked toml for git repo https://github.com/wvffle/fuse-zipfs written to /workspace/builds/worker-6-tc1/source/Cargo.toml
[INFO] crate git repo https://github.com/wvffle/fuse-zipfs already has a lockfile, it will not be regenerated
[INFO] running `Command { std: CARGO_HOME="/workspace/cargo-home" RUSTUP_HOME="/workspace/rustup-home" "/workspace/cargo-home/bin/cargo" "+1.83.0" "fetch" "--manifest-path" "Cargo.toml", kill_on_drop: false }`
[INFO] [stderr]  Downloading crates ...
[INFO] [stderr]   Downloaded fuser v0.14.0
[INFO] [stderr]   Downloaded zip v2.1.6
[INFO] running `Command { std: "docker" "create" "-v" "/var/lib/crater-agent-workspace/builds/worker-6-tc1/target:/opt/rustwide/target:rw,Z" "-v" "/var/lib/crater-agent-workspace/builds/worker-6-tc1/source:/opt/rustwide/workdir:ro,Z" "-v" "/var/lib/crater-agent-workspace/cargo-home:/opt/rustwide/cargo-home:ro,Z" "-v" "/var/lib/crater-agent-workspace/rustup-home:/opt/rustwide/rustup-home:ro,Z" "-e" "SOURCE_DIR=/opt/rustwide/workdir" "-e" "CARGO_TARGET_DIR=/opt/rustwide/target" "-e" "CARGO_HOME=/opt/rustwide/cargo-home" "-e" "RUSTUP_HOME=/opt/rustwide/rustup-home" "-w" "/opt/rustwide/workdir" "-m" "1610612736" "--user" "0:0" "--network" "none" "ghcr.io/rust-lang/crates-build-env/linux@sha256:f3a9d4ad9d972b27faf3965f35b62e55ba32bbce8f20bc8fe909558a86702fde" "/opt/rustwide/cargo-home/bin/cargo" "+1.83.0" "metadata" "--no-deps" "--format-version=1", kill_on_drop: false }`
[INFO] [stdout] 395b6645d28f0b81868fca1a1bfeb228b1ad129d76888eb92a869107b05dc9a9
[INFO] running `Command { std: "docker" "start" "-a" "395b6645d28f0b81868fca1a1bfeb228b1ad129d76888eb92a869107b05dc9a9", kill_on_drop: false }`
[INFO] running `Command { std: "docker" "inspect" "395b6645d28f0b81868fca1a1bfeb228b1ad129d76888eb92a869107b05dc9a9", kill_on_drop: false }`
[INFO] running `Command { std: "docker" "rm" "-f" "395b6645d28f0b81868fca1a1bfeb228b1ad129d76888eb92a869107b05dc9a9", kill_on_drop: false }`
[INFO] [stdout] 395b6645d28f0b81868fca1a1bfeb228b1ad129d76888eb92a869107b05dc9a9
[INFO] running `Command { std: "docker" "create" "-v" "/var/lib/crater-agent-workspace/builds/worker-6-tc1/target:/opt/rustwide/target:rw,Z" "-v" "/var/lib/crater-agent-workspace/builds/worker-6-tc1/source:/opt/rustwide/workdir:ro,Z" "-v" "/var/lib/crater-agent-workspace/cargo-home:/opt/rustwide/cargo-home:ro,Z" "-v" "/var/lib/crater-agent-workspace/rustup-home:/opt/rustwide/rustup-home:ro,Z" "-e" "SOURCE_DIR=/opt/rustwide/workdir" "-e" "CARGO_TARGET_DIR=/opt/rustwide/target" "-e" "CARGO_INCREMENTAL=0" "-e" "RUST_BACKTRACE=full" "-e" "RUSTFLAGS=--cap-lints=warn" "-e" "RUSTDOCFLAGS=--cap-lints=warn" "-e" "CARGO_HOME=/opt/rustwide/cargo-home" "-e" "RUSTUP_HOME=/opt/rustwide/rustup-home" "-w" "/opt/rustwide/workdir" "-m" "1610612736" "--user" "0:0" "--network" "none" "ghcr.io/rust-lang/crates-build-env/linux@sha256:f3a9d4ad9d972b27faf3965f35b62e55ba32bbce8f20bc8fe909558a86702fde" "/opt/rustwide/cargo-home/bin/cargo" "+1.83.0" "build" "--frozen" "--message-format=json", kill_on_drop: false }`
[INFO] [stdout] 0196a21a7318e90f2b5a7717045bfb01ff5643623dfd101f1c982ef3a62d0f2b
[INFO] running `Command { std: "docker" "start" "-a" "0196a21a7318e90f2b5a7717045bfb01ff5643623dfd101f1c982ef3a62d0f2b", kill_on_drop: false }`
[INFO] [stderr]    Compiling once_cell v1.19.0
[INFO] [stderr]    Compiling proc-macro2 v1.0.86
[INFO] [stderr]    Compiling unicode-ident v1.0.12
[INFO] [stderr]    Compiling cfg-if v1.0.0
[INFO] [stderr]    Compiling libc v0.2.157
[INFO] [stderr]    Compiling version_check v0.9.4
[INFO] [stderr]    Compiling pkg-config v0.3.30
[INFO] [stderr]    Compiling typenum v1.17.0
[INFO] [stderr]    Compiling byteorder v1.5.0
[INFO] [stderr]    Compiling log v0.4.21
[INFO] [stderr]    Compiling regex-syntax v0.8.4
[INFO] [stderr]    Compiling regex-syntax v0.6.29
[INFO] [stderr]    Compiling overload v0.1.1
[INFO] [stderr]    Compiling smallvec v1.13.2
[INFO] [stderr]    Compiling pin-project-lite v0.2.14
[INFO] [stderr]    Compiling lazy_static v1.5.0
[INFO] [stderr]    Compiling subtle v2.6.1
[INFO] [stderr]    Compiling memchr v2.7.4
[INFO] [stderr]    Compiling adler v1.0.2
[INFO] [stderr]    Compiling sharded-slab v0.1.7
[INFO] [stderr]    Compiling tracing-core v0.1.32
[INFO] [stderr]    Compiling thread_local v1.1.8
[INFO] [stderr]    Compiling miniz_oxide v0.7.4
[INFO] [stderr]    Compiling nu-ansi-term v0.46.0
[INFO] [stderr]    Compiling cfg_aliases v0.2.1
[INFO] [stderr]    Compiling utf8parse v0.2.2
[INFO] [stderr]    Compiling allocator-api2 v0.2.18
[INFO] [stderr]    Compiling generic-array v0.14.7
[INFO] [stderr]    Compiling ahash v0.8.11
[INFO] [stderr]    Compiling zstd-safe v7.1.0
[INFO] [stderr]    Compiling anstyle-parse v0.2.4
[INFO] [stderr]    Compiling nix v0.29.0
[INFO] [stderr]    Compiling tracing-log v0.2.0
[INFO] [stderr]    Compiling jobserver v0.1.31
[INFO] [stderr]    Compiling crc32fast v1.4.2
[INFO] [stderr]    Compiling colorchoice v1.0.1
[INFO] [stderr]    Compiling powerfmt v0.2.0
[INFO] [stderr]    Compiling crc-catalog v2.4.0
[INFO] [stderr]    Compiling eyre v0.6.12
[INFO] [stderr]    Compiling quote v1.0.36
[INFO] [stderr]    Compiling cc v1.0.101
[INFO] [stderr]    Compiling anstyle v1.0.8
[INFO] [stderr]    Compiling is_terminal_polyfill v1.70.0
[INFO] [stderr]    Compiling cpufeatures v0.2.12
[INFO] [stderr]    Compiling gimli v0.28.1
[INFO] [stderr]    Compiling thiserror v1.0.61
[INFO] [stderr]    Compiling anstyle-query v1.1.0
[INFO] [stderr]    Compiling ppv-lite86 v0.2.17
[INFO] [stderr]    Compiling deranged v0.3.11
[INFO] [stderr]    Compiling syn v2.0.68
[INFO] [stderr]    Compiling anstream v0.6.14
[INFO] [stderr]    Compiling crc v3.2.1
[INFO] [stderr]    Compiling fuser v0.14.0
[INFO] [stderr]    Compiling object v0.32.2
[INFO] [stderr]    Compiling bitflags v2.6.0
[INFO] [stderr]    Compiling time-core v0.1.2
[INFO] [stderr]    Compiling rustc-demangle v0.1.24
[INFO] [stderr]    Compiling equivalent v1.0.1
[INFO] [stderr]    Compiling num-conv v0.1.0
[INFO] [stderr]    Compiling bumpalo v3.16.0
[INFO] [stderr]    Compiling strsim v0.11.1
[INFO] [stderr]    Compiling owo-colors v3.5.0
[INFO] [stderr]    Compiling lockfree-object-pool v0.1.6
[INFO] [stderr]    Compiling heck v0.5.0
[INFO] [stderr]    Compiling simd-adler32 v0.3.7
[INFO] [stderr]    Compiling clap_lex v0.7.1
[INFO] [stderr]    Compiling indenter v0.3.3
[INFO] [stderr]    Compiling zip v2.1.6
[INFO] [stderr]    Compiling time v0.3.36
[INFO] [stderr]    Compiling clap_builder v4.5.15
[INFO] [stderr]    Compiling zopfli v0.8.1
[INFO] [stderr]    Compiling lzma-rs v0.3.0
[INFO] [stderr]    Compiling flate2 v1.0.30
[INFO] [stderr]    Compiling regex-automata v0.4.7
[INFO] [stderr]    Compiling getrandom v0.2.15
[INFO] [stderr]    Compiling rand_core v0.6.4
[INFO] [stderr]    Compiling crypto-common v0.1.6
[INFO] [stderr]    Compiling zstd-sys v2.0.11+zstd.1.5.6
[INFO] [stderr]    Compiling block-buffer v0.10.4
[INFO] [stderr]    Compiling bzip2-sys v0.1.11+1.0.8
[INFO] [stderr]    Compiling digest v0.10.7
[INFO] [stderr]    Compiling regex-automata v0.1.10
[INFO] [stderr]    Compiling backtrace v0.3.71
[INFO] [stderr]    Compiling inout v0.1.3
[INFO] [stderr]    Compiling hmac v0.12.1
[INFO] [stderr]    Compiling cipher v0.4.4
[INFO] [stderr]    Compiling rand_chacha v0.3.1
[INFO] [stderr]    Compiling pbkdf2 v0.12.2
[INFO] [stderr]    Compiling sha1 v0.10.6
[INFO] [stderr]    Compiling aes v0.8.4
[INFO] [stderr]    Compiling page_size v0.6.0
[INFO] [stderr]    Compiling rand v0.8.5
[INFO] [stderr]    Compiling deflate64 v0.1.9
[INFO] [stderr]    Compiling addr2line v0.21.0
[INFO] [stderr]    Compiling constant_time_eq v0.3.0
[INFO] [stderr]    Compiling ctrlc v3.4.5
[INFO] [stderr]    Compiling bimap v0.6.3
[INFO] [stderr]    Compiling matchers v0.1.0
[INFO] [stderr]    Compiling bzip2 v0.4.4
[INFO] [stderr]    Compiling regex v1.10.5
[INFO] [stderr]    Compiling zerocopy-derive v0.7.34
[INFO] [stderr]    Compiling tracing-attributes v0.1.27
[INFO] [stderr]    Compiling zeroize_derive v1.4.2
[INFO] [stderr]    Compiling thiserror-impl v1.0.61
[INFO] [stderr]    Compiling clap_derive v4.5.13
[INFO] [stderr]    Compiling displaydoc v0.2.5
[INFO] [stderr]    Compiling zerocopy v0.7.34
[INFO] [stderr]    Compiling zstd v0.13.1
[INFO] [stderr]    Compiling zeroize v1.8.1
[INFO] [stderr]    Compiling tracing v0.1.40
[INFO] [stderr]    Compiling tracing-subscriber v0.3.18
[INFO] [stderr]    Compiling hashbrown v0.14.5
[INFO] [stderr]    Compiling clap v4.5.16
[INFO] [stderr]    Compiling indexmap v2.2.6
[INFO] [stderr]    Compiling lru v0.12.4
[INFO] [stderr]    Compiling tracing-error v0.2.0
[INFO] [stderr]    Compiling color-spantrace v0.2.1
[INFO] [stderr]    Compiling color-eyre v0.6.3
[INFO] [stderr]    Compiling zipfs v0.1.0 (/opt/rustwide/workdir)
[INFO] [stderr]     Finished `dev` profile [unoptimized + debuginfo] target(s) in 52.67s
[INFO] running `Command { std: "docker" "inspect" "0196a21a7318e90f2b5a7717045bfb01ff5643623dfd101f1c982ef3a62d0f2b", kill_on_drop: false }`
[INFO] running `Command { std: "docker" "rm" "-f" "0196a21a7318e90f2b5a7717045bfb01ff5643623dfd101f1c982ef3a62d0f2b", kill_on_drop: false }`
[INFO] [stdout] 0196a21a7318e90f2b5a7717045bfb01ff5643623dfd101f1c982ef3a62d0f2b
[INFO] running `Command { std: "docker" "create" "-v" "/var/lib/crater-agent-workspace/builds/worker-6-tc1/target:/opt/rustwide/target:rw,Z" "-v" "/var/lib/crater-agent-workspace/builds/worker-6-tc1/source:/opt/rustwide/workdir:ro,Z" "-v" "/var/lib/crater-agent-workspace/cargo-home:/opt/rustwide/cargo-home:ro,Z" "-v" "/var/lib/crater-agent-workspace/rustup-home:/opt/rustwide/rustup-home:ro,Z" "-e" "SOURCE_DIR=/opt/rustwide/workdir" "-e" "CARGO_TARGET_DIR=/opt/rustwide/target" "-e" "CARGO_INCREMENTAL=0" "-e" "RUST_BACKTRACE=full" "-e" "RUSTFLAGS=--cap-lints=warn" "-e" "RUSTDOCFLAGS=--cap-lints=warn" "-e" "CARGO_HOME=/opt/rustwide/cargo-home" "-e" "RUSTUP_HOME=/opt/rustwide/rustup-home" "-w" "/opt/rustwide/workdir" "-m" "1610612736" "--user" "0:0" "--network" "none" "ghcr.io/rust-lang/crates-build-env/linux@sha256:f3a9d4ad9d972b27faf3965f35b62e55ba32bbce8f20bc8fe909558a86702fde" "/opt/rustwide/cargo-home/bin/cargo" "+1.83.0" "test" "--frozen" "--no-run" "--message-format=json", kill_on_drop: false }`
[INFO] [stdout] 788d0b302a14c344641b8e96dfea571d7974fa58e8c409b58bb4b86ec16e5058
[INFO] running `Command { std: "docker" "start" "-a" "788d0b302a14c344641b8e96dfea571d7974fa58e8c409b58bb4b86ec16e5058", kill_on_drop: false }`
[INFO] [stderr]    Compiling temp-dir v0.1.13
[INFO] [stderr]    Compiling zipfs v0.1.0 (/opt/rustwide/workdir)
[INFO] [stderr]     Finished `test` profile [unoptimized + debuginfo] target(s) in 3.38s
[INFO] running `Command { std: "docker" "inspect" "788d0b302a14c344641b8e96dfea571d7974fa58e8c409b58bb4b86ec16e5058", kill_on_drop: false }`
[INFO] running `Command { std: "docker" "rm" "-f" "788d0b302a14c344641b8e96dfea571d7974fa58e8c409b58bb4b86ec16e5058", kill_on_drop: false }`
[INFO] [stdout] 788d0b302a14c344641b8e96dfea571d7974fa58e8c409b58bb4b86ec16e5058
[INFO] running `Command { std: "docker" "create" "-v" "/var/lib/crater-agent-workspace/builds/worker-6-tc1/target:/opt/rustwide/target:rw,Z" "-v" "/var/lib/crater-agent-workspace/builds/worker-6-tc1/source:/opt/rustwide/workdir:ro,Z" "-v" "/var/lib/crater-agent-workspace/cargo-home:/opt/rustwide/cargo-home:ro,Z" "-v" "/var/lib/crater-agent-workspace/rustup-home:/opt/rustwide/rustup-home:ro,Z" "-e" "SOURCE_DIR=/opt/rustwide/workdir" "-e" "CARGO_TARGET_DIR=/opt/rustwide/target" "-e" "CARGO_INCREMENTAL=0" "-e" "RUST_BACKTRACE=full" "-e" "RUSTFLAGS=--cap-lints=warn" "-e" "RUSTDOCFLAGS=--cap-lints=warn" "-e" "CARGO_HOME=/opt/rustwide/cargo-home" "-e" "RUSTUP_HOME=/opt/rustwide/rustup-home" "-w" "/opt/rustwide/workdir" "-m" "1610612736" "--user" "0:0" "--network" "none" "ghcr.io/rust-lang/crates-build-env/linux@sha256:f3a9d4ad9d972b27faf3965f35b62e55ba32bbce8f20bc8fe909558a86702fde" "/opt/rustwide/cargo-home/bin/cargo" "+1.83.0" "test" "--frozen", kill_on_drop: false }`
[INFO] [stdout] 0b37d556bc16a59260b12e19c7e9058025106bec8d27683ea8a64f225551abf7
[INFO] running `Command { std: "docker" "start" "-a" "0b37d556bc16a59260b12e19c7e9058025106bec8d27683ea8a64f225551abf7", kill_on_drop: false }`
[INFO] [stderr]     Finished `test` profile [unoptimized + debuginfo] target(s) in 0.17s
[INFO] [stderr]      Running unittests src/lib.rs (/opt/rustwide/target/debug/deps/zipfs-0f58a83d9bb9d78d)
[INFO] [stderr]      Running unittests src/main.rs (/opt/rustwide/target/debug/deps/zipfs-ccc7ce9e56909115)
[INFO] [stdout] 
[INFO] [stdout] running 0 tests
[INFO] [stdout] 
[INFO] [stdout] test result: ok. 0 passed; 0 failed; 0 ignored; 0 measured; 0 filtered out; finished in 0.00s
[INFO] [stdout] 
[INFO] [stdout] 
[INFO] [stdout] running 0 tests
[INFO] [stdout] 
[INFO] [stdout] test result: ok. 0 passed; 0 failed; 0 ignored; 0 measured; 0 filtered out; finished in 0.00s
[INFO] [stdout] 
[INFO] [stderr]      Running tests/filesystem_test.rs (/opt/rustwide/target/debug/deps/filesystem_test-6ebf65bc5a5a0c75)
[INFO] [stdout] 
[INFO] [stdout] running 7 tests
[INFO] [stderr] fuse: device not found, try 'modprobe fuse' first
[INFO] [stderr] fuse: device not found, try 'modprobe fuse' first
[INFO] [stderr] fuse: device not found, try 'modprobe fuse' first
[INFO] [stderr] fuse: device not found, try 'modprobe fuse' first
[INFO] [stderr] fuse: device not found, try 'modprobe fuse' first
[INFO] [stdout] test test_corrupt_zip_mounts_dir ... FAILED
[INFO] [stdout] test test_encrypted_zip_mounts_dirs ... FAILED
[INFO] [stdout] test test_mount ... FAILED
[INFO] [stdout] test test_read_passthrough ... FAILED
[INFO] [stdout] test test_read_zip ... FAILED
[INFO] [stderr] fuse: device not found, try 'modprobe fuse' first
[INFO] [stderr] fuse: device not found, try 'modprobe fuse' first
[INFO] [stdout] test test_readdir_passthrough ... FAILED
[INFO] [stdout] test test_readdir_zip ... FAILED
[INFO] [stdout] 
[INFO] [stdout] failures:
[INFO] [stdout] 
[INFO] [stdout] ---- test_corrupt_zip_mounts_dir stdout ----
[INFO] [stdout] Error: No such file or directory (os error 2)
[INFO] [stdout] 
[INFO] [stdout] Location:
[INFO] [stdout]     tests/filesystem_test.rs:13:17
[INFO] [stdout] 
[INFO] [stdout] ---- test_encrypted_zip_mounts_dirs stdout ----
[INFO] [stdout] Error: No such file or directory (os error 2)
[INFO] [stdout] 
[INFO] [stdout] Location:
[INFO] [stdout]     tests/filesystem_test.rs:13:17
[INFO] [stdout] 
[INFO] [stdout] ---- test_mount stdout ----
[INFO] [stdout] Error: No such file or directory (os error 2)
[INFO] [stdout] 
[INFO] [stdout] Location:
[INFO] [stdout]     tests/filesystem_test.rs:13:17
[INFO] [stdout] 
[INFO] [stdout] ---- test_read_passthrough stdout ----
[INFO] [stdout] Error: No such file or directory (os error 2)
[INFO] [stdout] 
[INFO] [stdout] Location:
[INFO] [stdout]     tests/filesystem_test.rs:13:17
[INFO] [stdout] 
[INFO] [stdout] ---- test_read_zip stdout ----
[INFO] [stdout] Error: No such file or directory (os error 2)
[INFO] [stdout] 
[INFO] [stdout] Location:
[INFO] [stdout]     tests/filesystem_test.rs:13:17
[INFO] [stdout] 
[INFO] [stdout] ---- test_readdir_passthrough stdout ----
[INFO] [stdout] Error: No such file or directory (os error 2)
[INFO] [stdout] 
[INFO] [stdout] Location:
[INFO] [stdout]     tests/filesystem_test.rs:13:17
[INFO] [stdout] 
[INFO] [stdout] ---- test_readdir_zip stdout ----
[INFO] [stdout] Error: No such file or directory (os error 2)
[INFO] [stdout] 
[INFO] [stdout] Location:
[INFO] [stdout]     tests/filesystem_test.rs:13:17
[INFO] [stdout] 
[INFO] [stdout] 
[INFO] [stdout] failures:
[INFO] [stdout]     test_corrupt_zip_mounts_dir
[INFO] [stdout]     test_encrypted_zip_mounts_dirs
[INFO] [stdout]     test_mount
[INFO] [stdout]     test_read_passthrough
[INFO] [stdout]     test_read_zip
[INFO] [stdout]     test_readdir_passthrough
[INFO] [stdout]     test_readdir_zip
[INFO] [stdout] 
[INFO] [stdout] test result: FAILED. 0 passed; 7 failed; 0 ignored; 0 measured; 0 filtered out; finished in 0.02s
[INFO] [stdout] 
[INFO] [stderr] error: test failed, to rerun pass `--test filesystem_test`
[INFO] running `Command { std: "docker" "inspect" "0b37d556bc16a59260b12e19c7e9058025106bec8d27683ea8a64f225551abf7", kill_on_drop: false }`
[INFO] running `Command { std: "docker" "rm" "-f" "0b37d556bc16a59260b12e19c7e9058025106bec8d27683ea8a64f225551abf7", kill_on_drop: false }`
[INFO] [stdout] 0b37d556bc16a59260b12e19c7e9058025106bec8d27683ea8a64f225551abf7
