[INFO] cloning repository https://github.com/wthornton18/advent-of-code-2024
[INFO] running `Command { std: "git" "-c" "credential.helper=" "-c" "credential.helper=/workspace/cargo-home/bin/git-credential-null" "clone" "--bare" "https://github.com/wthornton18/advent-of-code-2024" "/workspace/cache/git-repos/https%3A%2F%2Fgithub.com%2Fwthornton18%2Fadvent-of-code-2024", kill_on_drop: false }`
[INFO] [stderr] Cloning into bare repository '/workspace/cache/git-repos/https%3A%2F%2Fgithub.com%2Fwthornton18%2Fadvent-of-code-2024'...
[INFO] running `Command { std: "git" "rev-parse" "HEAD", kill_on_drop: false }`
[INFO] [stdout] 84282c7efb66c1cb029ad0003a33837fc7d41c66
[INFO] testing wthornton18/advent-of-code-2024 against beta-2024-12-08 for beta-1.84.0-4-retry
[INFO] running `Command { std: "git" "clone" "/workspace/cache/git-repos/https%3A%2F%2Fgithub.com%2Fwthornton18%2Fadvent-of-code-2024" "/workspace/builds/worker-1-tc2/source", kill_on_drop: false }`
[INFO] [stderr] Cloning into '/workspace/builds/worker-1-tc2/source'...
[INFO] [stderr] done.
[INFO] validating manifest of git repo https://github.com/wthornton18/advent-of-code-2024 on toolchain beta-2024-12-08
[INFO] running `Command { std: CARGO_HOME="/workspace/cargo-home" RUSTUP_HOME="/workspace/rustup-home" "/workspace/cargo-home/bin/cargo" "+beta-2024-12-08" "metadata" "--manifest-path" "Cargo.toml" "--no-deps", kill_on_drop: false }`
[INFO] started tweaking git repo https://github.com/wthornton18/advent-of-code-2024
[INFO] finished tweaking git repo https://github.com/wthornton18/advent-of-code-2024
[INFO] tweaked toml for git repo https://github.com/wthornton18/advent-of-code-2024 written to /workspace/builds/worker-1-tc2/source/Cargo.toml
[INFO] crate git repo https://github.com/wthornton18/advent-of-code-2024 already has a lockfile, it will not be regenerated
[INFO] running `Command { std: CARGO_HOME="/workspace/cargo-home" RUSTUP_HOME="/workspace/rustup-home" "/workspace/cargo-home/bin/cargo" "+beta-2024-12-08" "fetch" "--manifest-path" "Cargo.toml", kill_on_drop: false }`
[INFO] running `Command { std: "docker" "create" "-v" "/var/lib/crater-agent-workspace/builds/worker-1-tc2/target:/opt/rustwide/target:rw,Z" "-v" "/var/lib/crater-agent-workspace/builds/worker-1-tc2/source:/opt/rustwide/workdir:ro,Z" "-v" "/var/lib/crater-agent-workspace/cargo-home:/opt/rustwide/cargo-home:ro,Z" "-v" "/var/lib/crater-agent-workspace/rustup-home:/opt/rustwide/rustup-home:ro,Z" "-e" "SOURCE_DIR=/opt/rustwide/workdir" "-e" "CARGO_TARGET_DIR=/opt/rustwide/target" "-e" "CARGO_HOME=/opt/rustwide/cargo-home" "-e" "RUSTUP_HOME=/opt/rustwide/rustup-home" "-w" "/opt/rustwide/workdir" "-m" "1610612736" "--user" "0:0" "--network" "none" "ghcr.io/rust-lang/crates-build-env/linux@sha256:f3a9d4ad9d972b27faf3965f35b62e55ba32bbce8f20bc8fe909558a86702fde" "/opt/rustwide/cargo-home/bin/cargo" "+beta-2024-12-08" "metadata" "--no-deps" "--format-version=1", kill_on_drop: false }`
[INFO] [stdout] b252b12f28c849ba69cf0b1e6375ea9353ab1f266b23a987267318beebd39c9e
[INFO] running `Command { std: "docker" "start" "-a" "b252b12f28c849ba69cf0b1e6375ea9353ab1f266b23a987267318beebd39c9e", kill_on_drop: false }`
[INFO] running `Command { std: "docker" "inspect" "b252b12f28c849ba69cf0b1e6375ea9353ab1f266b23a987267318beebd39c9e", kill_on_drop: false }`
[INFO] running `Command { std: "docker" "rm" "-f" "b252b12f28c849ba69cf0b1e6375ea9353ab1f266b23a987267318beebd39c9e", kill_on_drop: false }`
[INFO] [stdout] b252b12f28c849ba69cf0b1e6375ea9353ab1f266b23a987267318beebd39c9e
[INFO] running `Command { std: "docker" "create" "-v" "/var/lib/crater-agent-workspace/builds/worker-1-tc2/target:/opt/rustwide/target:rw,Z" "-v" "/var/lib/crater-agent-workspace/builds/worker-1-tc2/source:/opt/rustwide/workdir:ro,Z" "-v" "/var/lib/crater-agent-workspace/cargo-home:/opt/rustwide/cargo-home:ro,Z" "-v" "/var/lib/crater-agent-workspace/rustup-home:/opt/rustwide/rustup-home:ro,Z" "-e" "SOURCE_DIR=/opt/rustwide/workdir" "-e" "CARGO_TARGET_DIR=/opt/rustwide/target" "-e" "CARGO_INCREMENTAL=0" "-e" "RUST_BACKTRACE=full" "-e" "RUSTFLAGS=--cap-lints=warn" "-e" "RUSTDOCFLAGS=--cap-lints=warn" "-e" "CARGO_HOME=/opt/rustwide/cargo-home" "-e" "RUSTUP_HOME=/opt/rustwide/rustup-home" "-w" "/opt/rustwide/workdir" "-m" "1610612736" "--user" "0:0" "--network" "none" "ghcr.io/rust-lang/crates-build-env/linux@sha256:f3a9d4ad9d972b27faf3965f35b62e55ba32bbce8f20bc8fe909558a86702fde" "/opt/rustwide/cargo-home/bin/cargo" "+beta-2024-12-08" "build" "--frozen" "--message-format=json", kill_on_drop: false }`
[INFO] [stdout] 3954e1f0fc4de51f0f50eb7a4e4762edf6932f4749a3dba5ec4bfa6892261876
[INFO] running `Command { std: "docker" "start" "-a" "3954e1f0fc4de51f0f50eb7a4e4762edf6932f4749a3dba5ec4bfa6892261876", kill_on_drop: false }`
[INFO] [stderr]    Compiling crossbeam-utils v0.8.20
[INFO] [stderr]    Compiling libc v0.2.167
[INFO] [stderr]    Compiling version_check v0.9.5
[INFO] [stderr]    Compiling rayon-core v1.12.1
[INFO] [stderr]    Compiling cfg-if v1.0.0
[INFO] [stderr]    Compiling either v1.13.0
[INFO] [stderr]    Compiling zerocopy v0.7.35
[INFO] [stderr]    Compiling foldhash v0.1.3
[INFO] [stderr]    Compiling once_cell v1.20.2
[INFO] [stderr]    Compiling allocator-api2 v0.2.20
[INFO] [stderr]    Compiling equivalent v1.0.1
[INFO] [stderr]    Compiling itertools v0.13.0
[INFO] [stderr]    Compiling ahash v0.8.11
[INFO] [stderr]    Compiling hashbrown v0.15.2
[INFO] [stderr]    Compiling crossbeam-epoch v0.9.18
[INFO] [stderr]    Compiling crossbeam-deque v0.8.5
[INFO] [stderr]    Compiling getrandom v0.2.15
[INFO] [stderr]    Compiling num_cpus v1.16.0
[INFO] [stderr]    Compiling rayon v1.10.0
[INFO] [stderr]    Compiling aoc-2024 v0.1.0 (/opt/rustwide/workdir)
[INFO] [stdout] warning: unused imports: `likely` and `unlikely`
[INFO] [stdout]  --> src/q10/mod.rs:1:27
[INFO] [stdout]   |
[INFO] [stdout] 1 | use crate::branch_magic::{likely, unlikely};
[INFO] [stdout]   |                           ^^^^^^  ^^^^^^^^
[INFO] [stdout]   |
[INFO] [stdout]   = note: `#[warn(unused_imports)]` on by default
[INFO] [stdout] 
[INFO] [stdout] 
[INFO] [stdout] warning: unused import: `std::array`
[INFO] [stdout]  --> src/q4/mod.rs:1:5
[INFO] [stdout]   |
[INFO] [stdout] 1 | use std::array;
[INFO] [stdout]   |     ^^^^^^^^^^
[INFO] [stdout] 
[INFO] [stdout] 
[INFO] [stdout] warning: unused import: `cmp::Ordering`
[INFO] [stdout]  --> src/q5/constraint.rs:1:11
[INFO] [stdout]   |
[INFO] [stdout] 1 | use std::{cmp::Ordering, str::FromStr};
[INFO] [stdout]   |           ^^^^^^^^^^^^^
[INFO] [stdout] 
[INFO] [stdout] 
[INFO] [stdout] warning: unused import: `itertools::Itertools`
[INFO] [stdout]  --> src/q8/mod.rs:3:5
[INFO] [stdout]   |
[INFO] [stdout] 3 | use itertools::Itertools;
[INFO] [stdout]   |     ^^^^^^^^^^^^^^^^^^^^
[INFO] [stdout] 
[INFO] [stdout] 
[INFO] [stdout] warning: unused import: `std::ops::RangeInclusive`
[INFO] [stdout]  --> src/q9/mod.rs:1:5
[INFO] [stdout]   |
[INFO] [stdout] 1 | use std::ops::RangeInclusive;
[INFO] [stdout]   |     ^^^^^^^^^^^^^^^^^^^^^^^^
[INFO] [stdout] 
[INFO] [stdout] 
[INFO] [stdout] warning: unused imports: `Itertools` and `repeat_n`
[INFO] [stdout]  --> src/q9/mod.rs:4:17
[INFO] [stdout]   |
[INFO] [stdout] 4 | use itertools::{repeat_n, Itertools};
[INFO] [stdout]   |                 ^^^^^^^^  ^^^^^^^^^
[INFO] [stdout] 
[INFO] [stdout] 
[INFO] [stdout] warning: unused variable: `k`
[INFO] [stdout]   --> src/q2/mod.rs:32:10
[INFO] [stdout]    |
[INFO] [stdout] 32 |     for (k, report) in reports.iter().enumerate().filter(|(i, _)| !safeties[*i]) {
[INFO] [stdout]    |          ^ help: if this is intentional, prefix it with an underscore: `_k`
[INFO] [stdout]    |
[INFO] [stdout]    = note: `#[warn(unused_variables)]` on by default
[INFO] [stdout] 
[INFO] [stdout] 
[INFO] [stdout] warning: value assigned to `total_number_of_cycles` is never read
[INFO] [stdout]    --> src/q6/mod.rs:103:13
[INFO] [stdout]     |
[INFO] [stdout] 103 |     let mut total_number_of_cycles = 0;
[INFO] [stdout]     |             ^^^^^^^^^^^^^^^^^^^^^^
[INFO] [stdout]     |
[INFO] [stdout]     = help: maybe it is overwritten before being read?
[INFO] [stdout]     = note: `#[warn(unused_assignments)]` on by default
[INFO] [stdout] 
[INFO] [stdout] 
[INFO] [stdout] warning: value assigned to `total_number_of_cycles` is never read
[INFO] [stdout]    --> src/q6/mod.rs:128:13
[INFO] [stdout]     |
[INFO] [stdout] 128 |     let mut total_number_of_cycles = 0;
[INFO] [stdout]     |             ^^^^^^^^^^^^^^^^^^^^^^
[INFO] [stdout]     |
[INFO] [stdout]     = help: maybe it is overwritten before being read?
[INFO] [stdout] 
[INFO] [stdout] 
[INFO] [stdout] warning: function `cold` is never used
[INFO] [stdout]  --> src/branch_magic.rs:3:4
[INFO] [stdout]   |
[INFO] [stdout] 3 | fn cold() {}
[INFO] [stdout]   |    ^^^^
[INFO] [stdout]   |
[INFO] [stdout]   = note: `#[warn(dead_code)]` on by default
[INFO] [stdout] 
[INFO] [stdout] 
[INFO] [stdout] warning: function `likely` is never used
[INFO] [stdout]  --> src/branch_magic.rs:6:8
[INFO] [stdout]   |
[INFO] [stdout] 6 | pub fn likely(b: bool) -> bool {
[INFO] [stdout]   |        ^^^^^^
[INFO] [stdout] 
[INFO] [stdout] 
[INFO] [stdout] warning: function `unlikely` is never used
[INFO] [stdout]   --> src/branch_magic.rs:14:8
[INFO] [stdout]    |
[INFO] [stdout] 14 | pub fn unlikely(b: bool) -> bool {
[INFO] [stdout]    |        ^^^^^^^^
[INFO] [stdout] 
[INFO] [stdout] 
[INFO] [stdout] warning: function `display_signal_grid` is never used
[INFO] [stdout]   --> src/q8/mod.rs:28:4
[INFO] [stdout]    |
[INFO] [stdout] 28 | fn display_signal_grid(signal_grid: &Grid<u8>) {
[INFO] [stdout]    |    ^^^^^^^^^^^^^^^^^^^
[INFO] [stdout] 
[INFO] [stdout] 
[INFO] [stdout] warning: function `pretty_print_disk` is never used
[INFO] [stdout]  --> src/q9/mod.rs:7:4
[INFO] [stdout]   |
[INFO] [stdout] 7 | fn pretty_print_disk(input: &[Option<usize>]) {
[INFO] [stdout]   |    ^^^^^^^^^^^^^^^^^
[INFO] [stdout] 
[INFO] [stdout] 
[INFO] [stdout] warning: method `maybe_peek` is never used
[INFO] [stdout]   --> src/tokenizer.rs:28:8
[INFO] [stdout]    |
[INFO] [stdout] 1  | pub trait Tokenizer: Iterator {
[INFO] [stdout]    |           --------- method in this trait
[INFO] [stdout] ...
[INFO] [stdout] 28 |     fn maybe_peek(&self) -> Option<Self::K> {
[INFO] [stdout]    |        ^^^^^^^^^^
[INFO] [stdout] 
[INFO] [stdout] 
[INFO] [stderr]     Finished `dev` profile [unoptimized + debuginfo] target(s) in 24.82s
[INFO] running `Command { std: "docker" "inspect" "3954e1f0fc4de51f0f50eb7a4e4762edf6932f4749a3dba5ec4bfa6892261876", kill_on_drop: false }`
[INFO] running `Command { std: "docker" "rm" "-f" "3954e1f0fc4de51f0f50eb7a4e4762edf6932f4749a3dba5ec4bfa6892261876", kill_on_drop: false }`
[INFO] [stdout] 3954e1f0fc4de51f0f50eb7a4e4762edf6932f4749a3dba5ec4bfa6892261876
[INFO] running `Command { std: "docker" "create" "-v" "/var/lib/crater-agent-workspace/builds/worker-1-tc2/target:/opt/rustwide/target:rw,Z" "-v" "/var/lib/crater-agent-workspace/builds/worker-1-tc2/source:/opt/rustwide/workdir:ro,Z" "-v" "/var/lib/crater-agent-workspace/cargo-home:/opt/rustwide/cargo-home:ro,Z" "-v" "/var/lib/crater-agent-workspace/rustup-home:/opt/rustwide/rustup-home:ro,Z" "-e" "SOURCE_DIR=/opt/rustwide/workdir" "-e" "CARGO_TARGET_DIR=/opt/rustwide/target" "-e" "CARGO_INCREMENTAL=0" "-e" "RUST_BACKTRACE=full" "-e" "RUSTFLAGS=--cap-lints=warn" "-e" "RUSTDOCFLAGS=--cap-lints=warn" "-e" "CARGO_HOME=/opt/rustwide/cargo-home" "-e" "RUSTUP_HOME=/opt/rustwide/rustup-home" "-w" "/opt/rustwide/workdir" "-m" "1610612736" "--user" "0:0" "--network" "none" "ghcr.io/rust-lang/crates-build-env/linux@sha256:f3a9d4ad9d972b27faf3965f35b62e55ba32bbce8f20bc8fe909558a86702fde" "/opt/rustwide/cargo-home/bin/cargo" "+beta-2024-12-08" "test" "--frozen" "--no-run" "--message-format=json", kill_on_drop: false }`
[INFO] [stdout] aa1bb8883f2a39cf83342c873cbc5db42ef4df3dcfce69a30f2913f448518ba5
[INFO] running `Command { std: "docker" "start" "-a" "aa1bb8883f2a39cf83342c873cbc5db42ef4df3dcfce69a30f2913f448518ba5", kill_on_drop: false }`
[INFO] [stderr]    Compiling proc-macro2 v1.0.92
[INFO] [stderr]    Compiling unicode-ident v1.0.14
[INFO] [stderr]    Compiling semver v1.0.23
[INFO] [stderr]    Compiling autocfg v1.4.0
[INFO] [stderr]    Compiling futures-core v0.3.31
[INFO] [stderr]    Compiling memchr v2.7.4
[INFO] [stderr]    Compiling hashbrown v0.15.2
[INFO] [stderr]    Compiling futures-sink v0.3.31
[INFO] [stderr]    Compiling futures-io v0.3.31
[INFO] [stderr]    Compiling futures-channel v0.3.31
[INFO] [stderr]    Compiling regex-syntax v0.8.5
[INFO] [stderr]    Compiling pin-utils v0.1.0
[INFO] [stderr]    Compiling pin-project-lite v0.2.15
[INFO] [stderr]    Compiling winnow v0.6.20
[INFO] [stderr]    Compiling futures-task v0.3.31
[INFO] [stderr]    Compiling slab v0.4.9
[INFO] [stderr]    Compiling aho-corasick v1.1.3
[INFO] [stderr]    Compiling rustc_version v0.4.1
[INFO] [stderr]    Compiling indexmap v2.7.0
[INFO] [stderr]    Compiling quote v1.0.37
[INFO] [stderr]    Compiling toml_datetime v0.6.8
[INFO] [stderr]    Compiling rstest_macros v0.23.0
[INFO] [stderr]    Compiling glob v0.3.1
[INFO] [stderr]    Compiling syn v2.0.90
[INFO] [stderr]    Compiling relative-path v1.9.3
[INFO] [stderr]    Compiling futures-timer v3.0.3
[INFO] [stderr]    Compiling regex-automata v0.4.9
[INFO] [stdout] warning: unused imports: `likely` and `unlikely`
[INFO] [stdout]  --> src/q10/mod.rs:1:27
[INFO] [stdout]   |
[INFO] [stdout] 1 | use crate::branch_magic::{likely, unlikely};
[INFO] [stdout]   |                           ^^^^^^  ^^^^^^^^
[INFO] [stdout]   |
[INFO] [stdout]   = note: `#[warn(unused_imports)]` on by default
[INFO] [stdout] 
[INFO] [stdout] 
[INFO] [stdout] warning: unused import: `std::array`
[INFO] [stdout]  --> src/q4/mod.rs:1:5
[INFO] [stdout]   |
[INFO] [stdout] 1 | use std::array;
[INFO] [stdout]   |     ^^^^^^^^^^
[INFO] [stdout] 
[INFO] [stdout] 
[INFO] [stdout] warning: unused import: `cmp::Ordering`
[INFO] [stdout]  --> src/q5/constraint.rs:1:11
[INFO] [stdout]   |
[INFO] [stdout] 1 | use std::{cmp::Ordering, str::FromStr};
[INFO] [stdout]   |           ^^^^^^^^^^^^^
[INFO] [stdout] 
[INFO] [stdout] 
[INFO] [stdout] warning: unused import: `itertools::Itertools`
[INFO] [stdout]  --> src/q8/mod.rs:3:5
[INFO] [stdout]   |
[INFO] [stdout] 3 | use itertools::Itertools;
[INFO] [stdout]   |     ^^^^^^^^^^^^^^^^^^^^
[INFO] [stdout] 
[INFO] [stdout] 
[INFO] [stdout] warning: unused import: `std::ops::RangeInclusive`
[INFO] [stdout]  --> src/q9/mod.rs:1:5
[INFO] [stdout]   |
[INFO] [stdout] 1 | use std::ops::RangeInclusive;
[INFO] [stdout]   |     ^^^^^^^^^^^^^^^^^^^^^^^^
[INFO] [stdout] 
[INFO] [stdout] 
[INFO] [stdout] warning: unused imports: `Itertools` and `repeat_n`
[INFO] [stdout]  --> src/q9/mod.rs:4:17
[INFO] [stdout]   |
[INFO] [stdout] 4 | use itertools::{repeat_n, Itertools};
[INFO] [stdout]   |                 ^^^^^^^^  ^^^^^^^^^
[INFO] [stdout] 
[INFO] [stdout] 
[INFO] [stdout] warning: unused variable: `k`
[INFO] [stdout]   --> src/q2/mod.rs:32:10
[INFO] [stdout]    |
[INFO] [stdout] 32 |     for (k, report) in reports.iter().enumerate().filter(|(i, _)| !safeties[*i]) {
[INFO] [stdout]    |          ^ help: if this is intentional, prefix it with an underscore: `_k`
[INFO] [stdout]    |
[INFO] [stdout]    = note: `#[warn(unused_variables)]` on by default
[INFO] [stdout] 
[INFO] [stdout] 
[INFO] [stdout] warning: value assigned to `total_number_of_cycles` is never read
[INFO] [stdout]    --> src/q6/mod.rs:103:13
[INFO] [stdout]     |
[INFO] [stdout] 103 |     let mut total_number_of_cycles = 0;
[INFO] [stdout]     |             ^^^^^^^^^^^^^^^^^^^^^^
[INFO] [stdout]     |
[INFO] [stdout]     = help: maybe it is overwritten before being read?
[INFO] [stdout]     = note: `#[warn(unused_assignments)]` on by default
[INFO] [stdout] 
[INFO] [stdout] 
[INFO] [stdout] warning: value assigned to `total_number_of_cycles` is never read
[INFO] [stdout]    --> src/q6/mod.rs:128:13
[INFO] [stdout]     |
[INFO] [stdout] 128 |     let mut total_number_of_cycles = 0;
[INFO] [stdout]     |             ^^^^^^^^^^^^^^^^^^^^^^
[INFO] [stdout]     |
[INFO] [stdout]     = help: maybe it is overwritten before being read?
[INFO] [stdout] 
[INFO] [stdout] 
[INFO] [stdout] warning: function `cold` is never used
[INFO] [stdout]  --> src/branch_magic.rs:3:4
[INFO] [stdout]   |
[INFO] [stdout] 3 | fn cold() {}
[INFO] [stdout]   |    ^^^^
[INFO] [stdout]   |
[INFO] [stdout]   = note: `#[warn(dead_code)]` on by default
[INFO] [stdout] 
[INFO] [stdout] 
[INFO] [stdout] warning: function `likely` is never used
[INFO] [stdout]  --> src/branch_magic.rs:6:8
[INFO] [stdout]   |
[INFO] [stdout] 6 | pub fn likely(b: bool) -> bool {
[INFO] [stdout]   |        ^^^^^^
[INFO] [stdout] 
[INFO] [stdout] 
[INFO] [stdout] warning: function `unlikely` is never used
[INFO] [stdout]   --> src/branch_magic.rs:14:8
[INFO] [stdout]    |
[INFO] [stdout] 14 | pub fn unlikely(b: bool) -> bool {
[INFO] [stdout]    |        ^^^^^^^^
[INFO] [stdout] 
[INFO] [stdout] 
[INFO] [stdout] warning: function `display_signal_grid` is never used
[INFO] [stdout]   --> src/q8/mod.rs:28:4
[INFO] [stdout]    |
[INFO] [stdout] 28 | fn display_signal_grid(signal_grid: &Grid<u8>) {
[INFO] [stdout]    |    ^^^^^^^^^^^^^^^^^^^
[INFO] [stdout] 
[INFO] [stdout] 
[INFO] [stdout] warning: function `pretty_print_disk` is never used
[INFO] [stdout]  --> src/q9/mod.rs:7:4
[INFO] [stdout]   |
[INFO] [stdout] 7 | fn pretty_print_disk(input: &[Option<usize>]) {
[INFO] [stdout]   |    ^^^^^^^^^^^^^^^^^
[INFO] [stdout] 
[INFO] [stdout] 
[INFO] [stdout] warning: method `maybe_peek` is never used
[INFO] [stdout]   --> src/tokenizer.rs:28:8
[INFO] [stdout]    |
[INFO] [stdout] 1  | pub trait Tokenizer: Iterator {
[INFO] [stdout]    |           --------- method in this trait
[INFO] [stdout] ...
[INFO] [stdout] 28 |     fn maybe_peek(&self) -> Option<Self::K> {
[INFO] [stdout]    |        ^^^^^^^^^^
[INFO] [stdout] 
[INFO] [stdout] 
[INFO] [stderr]    Compiling toml_edit v0.22.22
[INFO] [stderr]    Compiling proc-macro-crate v3.2.0
[INFO] [stderr]    Compiling regex v1.11.1
[INFO] [stderr]    Compiling futures-macro v0.3.31
[INFO] [stderr]    Compiling futures-util v0.3.31
[INFO] [stderr]    Compiling futures-executor v0.3.31
[INFO] [stderr]    Compiling futures v0.3.31
[INFO] [stderr]    Compiling rstest v0.23.0
[INFO] [stderr]    Compiling aoc-2024 v0.1.0 (/opt/rustwide/workdir)
[INFO] [stdout] warning: unused imports: `likely` and `unlikely`
[INFO] [stdout]  --> src/q10/mod.rs:1:27
[INFO] [stdout]   |
[INFO] [stdout] 1 | use crate::branch_magic::{likely, unlikely};
[INFO] [stdout]   |                           ^^^^^^  ^^^^^^^^
[INFO] [stdout]   |
[INFO] [stdout]   = note: `#[warn(unused_imports)]` on by default
[INFO] [stdout] 
[INFO] [stdout] 
[INFO] [stdout] warning: unused import: `std::array`
[INFO] [stdout]  --> src/q4/mod.rs:1:5
[INFO] [stdout]   |
[INFO] [stdout] 1 | use std::array;
[INFO] [stdout]   |     ^^^^^^^^^^
[INFO] [stdout] 
[INFO] [stdout] 
[INFO] [stdout] warning: unused import: `cmp::Ordering`
[INFO] [stdout]  --> src/q5/constraint.rs:1:11
[INFO] [stdout]   |
[INFO] [stdout] 1 | use std::{cmp::Ordering, str::FromStr};
[INFO] [stdout]   |           ^^^^^^^^^^^^^
[INFO] [stdout] 
[INFO] [stdout] 
[INFO] [stdout] warning: unused import: `itertools::Itertools`
[INFO] [stdout]  --> src/q8/mod.rs:3:5
[INFO] [stdout]   |
[INFO] [stdout] 3 | use itertools::Itertools;
[INFO] [stdout]   |     ^^^^^^^^^^^^^^^^^^^^
[INFO] [stdout] 
[INFO] [stdout] 
[INFO] [stdout] warning: unused import: `std::ops::RangeInclusive`
[INFO] [stdout]  --> src/q9/mod.rs:1:5
[INFO] [stdout]   |
[INFO] [stdout] 1 | use std::ops::RangeInclusive;
[INFO] [stdout]   |     ^^^^^^^^^^^^^^^^^^^^^^^^
[INFO] [stdout] 
[INFO] [stdout] 
[INFO] [stdout] warning: unused imports: `Itertools` and `repeat_n`
[INFO] [stdout]  --> src/q9/mod.rs:4:17
[INFO] [stdout]   |
[INFO] [stdout] 4 | use itertools::{repeat_n, Itertools};
[INFO] [stdout]   |                 ^^^^^^^^  ^^^^^^^^^
[INFO] [stdout] 
[INFO] [stdout] 
[INFO] [stdout] warning: unused variable: `k`
[INFO] [stdout]   --> src/q2/mod.rs:32:10
[INFO] [stdout]    |
[INFO] [stdout] 32 |     for (k, report) in reports.iter().enumerate().filter(|(i, _)| !safeties[*i]) {
[INFO] [stdout]    |          ^ help: if this is intentional, prefix it with an underscore: `_k`
[INFO] [stdout]    |
[INFO] [stdout]    = note: `#[warn(unused_variables)]` on by default
[INFO] [stdout] 
[INFO] [stdout] 
[INFO] [stdout] warning: value assigned to `total_number_of_cycles` is never read
[INFO] [stdout]    --> src/q6/mod.rs:103:13
[INFO] [stdout]     |
[INFO] [stdout] 103 |     let mut total_number_of_cycles = 0;
[INFO] [stdout]     |             ^^^^^^^^^^^^^^^^^^^^^^
[INFO] [stdout]     |
[INFO] [stdout]     = help: maybe it is overwritten before being read?
[INFO] [stdout]     = note: `#[warn(unused_assignments)]` on by default
[INFO] [stdout] 
[INFO] [stdout] 
[INFO] [stdout] warning: value assigned to `total_number_of_cycles` is never read
[INFO] [stdout]    --> src/q6/mod.rs:128:13
[INFO] [stdout]     |
[INFO] [stdout] 128 |     let mut total_number_of_cycles = 0;
[INFO] [stdout]     |             ^^^^^^^^^^^^^^^^^^^^^^
[INFO] [stdout]     |
[INFO] [stdout]     = help: maybe it is overwritten before being read?
[INFO] [stdout] 
[INFO] [stdout] 
[INFO] [stdout] warning: function `cold` is never used
[INFO] [stdout]  --> src/branch_magic.rs:3:4
[INFO] [stdout]   |
[INFO] [stdout] 3 | fn cold() {}
[INFO] [stdout]   |    ^^^^
[INFO] [stdout]   |
[INFO] [stdout]   = note: `#[warn(dead_code)]` on by default
[INFO] [stdout] 
[INFO] [stdout] 
[INFO] [stdout] warning: function `likely` is never used
[INFO] [stdout]  --> src/branch_magic.rs:6:8
[INFO] [stdout]   |
[INFO] [stdout] 6 | pub fn likely(b: bool) -> bool {
[INFO] [stdout]   |        ^^^^^^
[INFO] [stdout] 
[INFO] [stdout] 
[INFO] [stdout] warning: function `unlikely` is never used
[INFO] [stdout]   --> src/branch_magic.rs:14:8
[INFO] [stdout]    |
[INFO] [stdout] 14 | pub fn unlikely(b: bool) -> bool {
[INFO] [stdout]    |        ^^^^^^^^
[INFO] [stdout] 
[INFO] [stdout] 
[INFO] [stdout] warning: function `display_signal_grid` is never used
[INFO] [stdout]   --> src/q8/mod.rs:28:4
[INFO] [stdout]    |
[INFO] [stdout] 28 | fn display_signal_grid(signal_grid: &Grid<u8>) {
[INFO] [stdout]    |    ^^^^^^^^^^^^^^^^^^^
[INFO] [stdout] 
[INFO] [stdout] 
[INFO] [stdout] warning: function `pretty_print_disk` is never used
[INFO] [stdout]  --> src/q9/mod.rs:7:4
[INFO] [stdout]   |
[INFO] [stdout] 7 | fn pretty_print_disk(input: &[Option<usize>]) {
[INFO] [stdout]   |    ^^^^^^^^^^^^^^^^^
[INFO] [stdout] 
[INFO] [stdout] 
[INFO] [stdout] warning: method `maybe_peek` is never used
[INFO] [stdout]   --> src/tokenizer.rs:28:8
[INFO] [stdout]    |
[INFO] [stdout] 1  | pub trait Tokenizer: Iterator {
[INFO] [stdout]    |           --------- method in this trait
[INFO] [stdout] ...
[INFO] [stdout] 28 |     fn maybe_peek(&self) -> Option<Self::K> {
[INFO] [stdout]    |        ^^^^^^^^^^
[INFO] [stdout] 
[INFO] [stdout] 
[INFO] [stderr]     Finished `test` profile [unoptimized + debuginfo] target(s) in 54.79s
[INFO] running `Command { std: "docker" "inspect" "aa1bb8883f2a39cf83342c873cbc5db42ef4df3dcfce69a30f2913f448518ba5", kill_on_drop: false }`
[INFO] running `Command { std: "docker" "rm" "-f" "aa1bb8883f2a39cf83342c873cbc5db42ef4df3dcfce69a30f2913f448518ba5", kill_on_drop: false }`
[INFO] [stdout] aa1bb8883f2a39cf83342c873cbc5db42ef4df3dcfce69a30f2913f448518ba5
[INFO] running `Command { std: "docker" "create" "-v" "/var/lib/crater-agent-workspace/builds/worker-1-tc2/target:/opt/rustwide/target:rw,Z" "-v" "/var/lib/crater-agent-workspace/builds/worker-1-tc2/source:/opt/rustwide/workdir:ro,Z" "-v" "/var/lib/crater-agent-workspace/cargo-home:/opt/rustwide/cargo-home:ro,Z" "-v" "/var/lib/crater-agent-workspace/rustup-home:/opt/rustwide/rustup-home:ro,Z" "-e" "SOURCE_DIR=/opt/rustwide/workdir" "-e" "CARGO_TARGET_DIR=/opt/rustwide/target" "-e" "CARGO_INCREMENTAL=0" "-e" "RUST_BACKTRACE=full" "-e" "RUSTFLAGS=--cap-lints=warn" "-e" "RUSTDOCFLAGS=--cap-lints=warn" "-e" "CARGO_HOME=/opt/rustwide/cargo-home" "-e" "RUSTUP_HOME=/opt/rustwide/rustup-home" "-w" "/opt/rustwide/workdir" "-m" "1610612736" "--user" "0:0" "--network" "none" "ghcr.io/rust-lang/crates-build-env/linux@sha256:f3a9d4ad9d972b27faf3965f35b62e55ba32bbce8f20bc8fe909558a86702fde" "/opt/rustwide/cargo-home/bin/cargo" "+beta-2024-12-08" "test" "--frozen", kill_on_drop: false }`
[INFO] [stdout] 8e03f761f7daa68f19392128b6d66df13f9dbb292d1580e3007f6da6219a9cfa
[INFO] running `Command { std: "docker" "start" "-a" "8e03f761f7daa68f19392128b6d66df13f9dbb292d1580e3007f6da6219a9cfa", kill_on_drop: false }`
[INFO] [stderr] warning: unused imports: `likely` and `unlikely`
[INFO] [stderr]  --> src/q10/mod.rs:1:27
[INFO] [stderr]   |
[INFO] [stderr] 1 | use crate::branch_magic::{likely, unlikely};
[INFO] [stderr]   |                           ^^^^^^  ^^^^^^^^
[INFO] [stderr]   |
[INFO] [stderr]   = note: `#[warn(unused_imports)]` on by default
[INFO] [stderr] 
[INFO] [stderr] warning: unused import: `std::array`
[INFO] [stderr]  --> src/q4/mod.rs:1:5
[INFO] [stderr]   |
[INFO] [stderr] 1 | use std::array;
[INFO] [stderr]   |     ^^^^^^^^^^
[INFO] [stderr] 
[INFO] [stderr] warning: unused import: `cmp::Ordering`
[INFO] [stderr]  --> src/q5/constraint.rs:1:11
[INFO] [stderr]   |
[INFO] [stderr] 1 | use std::{cmp::Ordering, str::FromStr};
[INFO] [stderr]   |           ^^^^^^^^^^^^^
[INFO] [stderr] 
[INFO] [stderr] warning: unused import: `itertools::Itertools`
[INFO] [stderr]  --> src/q8/mod.rs:3:5
[INFO] [stderr]   |
[INFO] [stderr] 3 | use itertools::Itertools;
[INFO] [stderr]   |     ^^^^^^^^^^^^^^^^^^^^
[INFO] [stderr] 
[INFO] [stderr] warning: unused import: `std::ops::RangeInclusive`
[INFO] [stderr]  --> src/q9/mod.rs:1:5
[INFO] [stderr]   |
[INFO] [stderr] 1 | use std::ops::RangeInclusive;
[INFO] [stderr]   |     ^^^^^^^^^^^^^^^^^^^^^^^^
[INFO] [stderr] 
[INFO] [stderr] warning: unused imports: `Itertools` and `repeat_n`
[INFO] [stderr]  --> src/q9/mod.rs:4:17
[INFO] [stderr]   |
[INFO] [stderr] 4 | use itertools::{repeat_n, Itertools};
[INFO] [stderr]   |                 ^^^^^^^^  ^^^^^^^^^
[INFO] [stderr] 
[INFO] [stderr] warning: unused variable: `k`
[INFO] [stderr]   --> src/q2/mod.rs:32:10
[INFO] [stderr]    |
[INFO] [stderr] 32 |     for (k, report) in reports.iter().enumerate().filter(|(i, _)| !safeties[*i]) {
[INFO] [stderr]    |          ^ help: if this is intentional, prefix it with an underscore: `_k`
[INFO] [stderr]    |
[INFO] [stderr]    = note: `#[warn(unused_variables)]` on by default
[INFO] [stderr] 
[INFO] [stderr] warning: value assigned to `total_number_of_cycles` is never read
[INFO] [stderr]    --> src/q6/mod.rs:103:13
[INFO] [stderr]     |
[INFO] [stderr] 103 |     let mut total_number_of_cycles = 0;
[INFO] [stderr]     |             ^^^^^^^^^^^^^^^^^^^^^^
[INFO] [stderr]     |
[INFO] [stderr]     = help: maybe it is overwritten before being read?
[INFO] [stderr]     = note: `#[warn(unused_assignments)]` on by default
[INFO] [stderr] 
[INFO] [stderr] warning: value assigned to `total_number_of_cycles` is never read
[INFO] [stderr]    --> src/q6/mod.rs:128:13
[INFO] [stderr]     |
[INFO] [stderr] 128 |     let mut total_number_of_cycles = 0;
[INFO] [stderr]     |             ^^^^^^^^^^^^^^^^^^^^^^
[INFO] [stderr]     |
[INFO] [stderr]     = help: maybe it is overwritten before being read?
[INFO] [stderr] 
[INFO] [stderr] warning: function `cold` is never used
[INFO] [stderr]  --> src/branch_magic.rs:3:4
[INFO] [stderr]   |
[INFO] [stderr] 3 | fn cold() {}
[INFO] [stderr]   |    ^^^^
[INFO] [stderr]   |
[INFO] [stderr]   = note: `#[warn(dead_code)]` on by default
[INFO] [stderr] 
[INFO] [stderr] warning: function `likely` is never used
[INFO] [stderr]  --> src/branch_magic.rs:6:8
[INFO] [stderr]   |
[INFO] [stderr] 6 | pub fn likely(b: bool) -> bool {
[INFO] [stderr]   |        ^^^^^^
[INFO] [stderr] 
[INFO] [stderr] warning: function `unlikely` is never used
[INFO] [stderr]   --> src/branch_magic.rs:14:8
[INFO] [stderr]    |
[INFO] [stderr] 14 | pub fn unlikely(b: bool) -> bool {
[INFO] [stderr]    |        ^^^^^^^^
[INFO] [stderr] 
[INFO] [stderr] warning: function `display_signal_grid` is never used
[INFO] [stderr]   --> src/q8/mod.rs:28:4
[INFO] [stderr]    |
[INFO] [stderr] 28 | fn display_signal_grid(signal_grid: &Grid<u8>) {
[INFO] [stderr]    |    ^^^^^^^^^^^^^^^^^^^
[INFO] [stderr] 
[INFO] [stderr] warning: function `pretty_print_disk` is never used
[INFO] [stderr]  --> src/q9/mod.rs:7:4
[INFO] [stderr]   |
[INFO] [stderr] 7 | fn pretty_print_disk(input: &[Option<usize>]) {
[INFO] [stderr]   |    ^^^^^^^^^^^^^^^^^
[INFO] [stderr] 
[INFO] [stderr] warning: method `maybe_peek` is never used
[INFO] [stderr]   --> src/tokenizer.rs:28:8
[INFO] [stderr]    |
[INFO] [stderr] 1  | pub trait Tokenizer: Iterator {
[INFO] [stderr]    |           --------- method in this trait
[INFO] [stderr] ...
[INFO] [stderr] 28 |     fn maybe_peek(&self) -> Option<Self::K> {
[INFO] [stderr]    |        ^^^^^^^^^^
[INFO] [stderr] 
[INFO] [stderr] warning: `aoc-2024` (lib) generated 15 warnings (run `cargo fix --lib -p aoc-2024` to apply 6 suggestions)
[INFO] [stderr] warning: `aoc-2024` (lib test) generated 15 warnings (15 duplicates)
[INFO] [stderr]     Finished `test` profile [unoptimized + debuginfo] target(s) in 0.14s
[INFO] [stderr]      Running unittests src/lib.rs (/opt/rustwide/target/debug/deps/aoc_2024-240b56c6fd95ac30)
[INFO] [stdout] 
[INFO] [stdout] running 33 tests
[INFO] [stdout] test q10::tests::test_get_total_trailhead_rating::case_1 ... ok
[INFO] [stdout] test q10::tests::test_get_total_trailhead_rating::case_3 ... ok
[INFO] [stdout] test q10::tests::test_get_total_trailhead_rating::case_2 ... ok
[INFO] [stdout] test q10::tests::test_get_total_trailhead_rating::case_4 ... ok
[INFO] [stdout] test q10::tests::test_get_total_trailhead_score ... ok
[INFO] [stdout] test q11::tests::test_count_total_stones_low_blink ... ok
[INFO] [stdout] test q1::tests::test_compute_distances ... ok
[INFO] [stdout] test q1::tests::test_compute_total_distance ... ok
[INFO] [stdout] test q2::tests::test_is_report_safe::case_2 ... ok
[INFO] [stdout] test q1::tests::test_compute_total_similarity_score ... ok
[INFO] [stdout] test q3::compiler::tests::test_next_expr ... ok
[INFO] [stdout] test q3::tokenizer::tests::test_tokenize_input ... ok
[INFO] [stdout] test q3::tests::test_compute_multiplication ... ok
[INFO] [stdout] test q4::tests::test_count_x_mas ... ok
[INFO] [stdout] test q1::tests::test_compute_similarity_scores ... ok
[INFO] [stdout] test q5::tests::test_get_total_invalid_middle_page_numbers ... ok
[INFO] [stdout] test q4::tests::test_count_xmas ... ok
[INFO] [stdout] test q5::tests::test_get_total_valid_middle_page_numbers ... ok
[INFO] [stdout] test q6::tests::test_get_guard_path_length ... ok
[INFO] [stdout] test q6::tests::test_guard_path_has_cycle ... ok
[INFO] [stdout] test q6::tests::test_get_total_number_of_cycles ... ok
[INFO] [stdout] test q11::tests::test_count_total_stones ... ok
[INFO] [stdout] test q6::tests::test_guard_path_has_no_cycle ... ok
[INFO] [stdout] test q8::tests::test_count_unique_antinodes_iterating ... ok
[INFO] [stdout] test q3::compiler::tests::test_parse_mul ... ok
[INFO] [stdout] test q2::tests::test_is_report_safe::case_1 ... ok
[INFO] [stdout] test q7::tests::test_get_satisfiable_equation_target_all ... ok
[INFO] [stdout] test q9::test::test_get_maximally_compact_checksum::case_2 ... ok
[INFO] [stdout] test q9::test::test_get_maximally_compact_checksum::case_1 ... ok
[INFO] [stdout] test q7::tests::test_get_satisfiable_equation_target_sum_add_mul ... ok
[INFO] [stdout] test q9::test::test_get_compact_no_frag_checksum::case_1 ... ok
[INFO] [stdout] test q3::tests::test_compute_multiplication_sum_op_aware ... ok
[INFO] [stdout] test q8::tests::test_count_unique_antinodes ... ok
[INFO] [stdout] 
[INFO] [stdout] test result: ok. 33 passed; 0 failed; 0 ignored; 0 measured; 0 filtered out; finished in 0.06s
[INFO] [stdout] 
[INFO] [stderr]      Running unittests src/bin/q10_part_1.rs (/opt/rustwide/target/debug/deps/q10_part_1-d6856cd2886dbad9)
[INFO] [stdout] 
[INFO] [stdout] running 1 test
[INFO] [stdout] test tests::test_get_total_trailhead_score ... ok
[INFO] [stderr]      Running unittests src/bin/q10_part_1_parallel.rs (/opt/rustwide/target/debug/deps/q10_part_1_parallel-11d31646e2c3d187)
[INFO] [stdout] 
[INFO] [stdout] test result: ok. 1 passed; 0 failed; 0 ignored; 0 measured; 0 filtered out; finished in 0.02s
[INFO] [stdout] 
[INFO] [stdout] 
[INFO] [stdout] running 1 test
[INFO] [stdout] test tests::test_get_total_trailhead_score_parallel ... ok
[INFO] [stdout] 
[INFO] [stdout] test result: ok. 1 passed; 0 failed; 0 ignored; 0 measured; 0 filtered out; finished in 0.02s
[INFO] [stdout] 
[INFO] [stderr]      Running unittests src/bin/q10_part_2.rs (/opt/rustwide/target/debug/deps/q10_part_2-e78d4070ec5293e9)
[INFO] [stdout] 
[INFO] [stdout] running 1 test
[INFO] [stdout] test tests::test_get_total_trailhead_rating ... ok
[INFO] [stdout] 
[INFO] [stdout] test result: ok. 1 passed; 0 failed; 0 ignored; 0 measured; 0 filtered out; finished in 0.01s
[INFO] [stdout] 
[INFO] [stderr]      Running unittests src/bin/q10_part_2_parallel.rs (/opt/rustwide/target/debug/deps/q10_part_2_parallel-6559cfb266bc0c5f)
[INFO] [stdout] 
[INFO] [stdout] running 1 test
[INFO] [stdout] test tests::test_get_total_trailhead_rating_parallel ... ok
[INFO] [stdout] 
[INFO] [stdout] test result: ok. 1 passed; 0 failed; 0 ignored; 0 measured; 0 filtered out; finished in 0.05s
[INFO] [stdout] 
[INFO] [stdout] 
[INFO] [stderr]      Running unittests src/bin/q11_part_1.rs (/opt/rustwide/target/debug/deps/q11_part_1-13b4ca852a9105ec)
[INFO] [stdout] running 1 test
[INFO] [stdout] test tests::test_count_total_stones ... ok
[INFO] [stderr]      Running unittests src/bin/q11_part_2.rs (/opt/rustwide/target/debug/deps/q11_part_2-da76b36e2853de60)
[INFO] [stdout] 
[INFO] [stdout] test result: ok. 1 passed; 0 failed; 0 ignored; 0 measured; 0 filtered out; finished in 0.03s
[INFO] [stdout] 
[INFO] [stdout] 
[INFO] [stdout] running 1 test
[INFO] [stdout] test tests::test_count_total_stones ... ok
[INFO] [stdout] 
[INFO] [stdout] test result: ok. 1 passed; 0 failed; 0 ignored; 0 measured; 0 filtered out; finished in 0.38s
[INFO] [stdout] 
[INFO] [stderr]      Running unittests src/bin/q1_part_1.rs (/opt/rustwide/target/debug/deps/q1_part_1-90365fee26d7fc03)
[INFO] [stdout] 
[INFO] [stdout] running 1 test
[INFO] [stdout] test tests::test_compute_total_distance ... ok
[INFO] [stdout] 
[INFO] [stdout] test result: ok. 1 passed; 0 failed; 0 ignored; 0 measured; 0 filtered out; finished in 0.01s
[INFO] [stdout] 
[INFO] [stderr]      Running unittests src/bin/q1_part_2.rs (/opt/rustwide/target/debug/deps/q1_part_2-8314cbcc5cd0ae8b)
[INFO] [stdout] 
[INFO] [stdout] running 1 test
[INFO] [stdout] test tests::test_compute_total_similarity_score ... ok
[INFO] [stdout] 
[INFO] [stdout] test result: ok. 1 passed; 0 failed; 0 ignored; 0 measured; 0 filtered out; finished in 0.01s
[INFO] [stdout] 
[INFO] [stderr]      Running unittests src/bin/q2_part_1.rs (/opt/rustwide/target/debug/deps/q2_part_1-363eb6250eb42519)
[INFO] [stdout] 
[INFO] [stdout] running 1 test
[INFO] [stdout] test tests::test_count_safe_reports ... ok
[INFO] [stdout] 
[INFO] [stdout] test result: ok. 1 passed; 0 failed; 0 ignored; 0 measured; 0 filtered out; finished in 0.01s
[INFO] [stdout] 
[INFO] [stderr]      Running unittests src/bin/q2_part_2.rs (/opt/rustwide/target/debug/deps/q2_part_2-e4ee8350df9bafbc)
[INFO] [stdout] 
[INFO] [stdout] running 1 test
[INFO] [stdout] test tests::test_count_safe_reports_with_removal ... ok
[INFO] [stdout] 
[INFO] [stdout] test result: ok. 1 passed; 0 failed; 0 ignored; 0 measured; 0 filtered out; finished in 0.02s
[INFO] [stdout] 
[INFO] [stderr]      Running unittests src/bin/q3_part_1.rs (/opt/rustwide/target/debug/deps/q3_part_1-e375df04fce85003)
[INFO] [stdout] 
[INFO] [stdout] running 1 test
[INFO] [stdout] test tests::test_compute_multiplication_sum ... ok
[INFO] [stdout] 
[INFO] [stdout] test result: ok. 1 passed; 0 failed; 0 ignored; 0 measured; 0 filtered out; finished in 0.02s
[INFO] [stdout] 
[INFO] [stderr]      Running unittests src/bin/q3_part_2.rs (/opt/rustwide/target/debug/deps/q3_part_2-bcd92639ce267ae9)
[INFO] [stdout] 
[INFO] [stdout] running 1 test
[INFO] [stdout] test tests::test_compute_multiplication_sum_op_aware ... ok
[INFO] [stdout] 
[INFO] [stdout] test result: ok. 1 passed; 0 failed; 0 ignored; 0 measured; 0 filtered out; finished in 0.02s
[INFO] [stdout] 
[INFO] [stderr]      Running unittests src/bin/q4_part_1.rs (/opt/rustwide/target/debug/deps/q4_part_1-247d1c7ea1e0b1e9)
[INFO] [stdout] 
[INFO] [stdout] running 1 test
[INFO] [stdout] test tests::test_count_total_xmas ... ok
[INFO] [stdout] 
[INFO] [stdout] test result: ok. 1 passed; 0 failed; 0 ignored; 0 measured; 0 filtered out; finished in 0.00s
[INFO] [stdout] 
[INFO] [stderr]      Running unittests src/bin/q4_part_2.rs (/opt/rustwide/target/debug/deps/q4_part_2-66d445589e4296fc)
[INFO] [stdout] 
[INFO] [stdout] running 1 test
[INFO] [stdout] test tests::test_count_total_x_mas ... ok
[INFO] [stdout] 
[INFO] [stdout] test result: ok. 1 passed; 0 failed; 0 ignored; 0 measured; 0 filtered out; finished in 0.01s
[INFO] [stdout] 
[INFO] [stderr]      Running unittests src/bin/q5_part_1.rs (/opt/rustwide/target/debug/deps/q5_part_1-d04ea557303763bf)
[INFO] [stdout] 
[INFO] [stdout] running 1 test
[INFO] [stdout] test tests::test_get_total_valid_middle_page_numbers ... ok
[INFO] [stdout] 
[INFO] [stderr]      Running unittests src/bin/q5_part_2.rs (/opt/rustwide/target/debug/deps/q5_part_2-5efe87278eca7207)
[INFO] [stdout] test result: ok. 1 passed; 0 failed; 0 ignored; 0 measured; 0 filtered out; finished in 0.08s
[INFO] [stdout] 
[INFO] [stdout] 
[INFO] [stdout] running 1 test
[INFO] [stdout] test tests::test_get_total_invalid_middle_page_numbers ... ok
[INFO] [stdout] 
[INFO] [stdout] test result: ok. 1 passed; 0 failed; 0 ignored; 0 measured; 0 filtered out; finished in 0.20s
[INFO] [stdout] 
[INFO] [stderr]      Running unittests src/bin/q6_part_1.rs (/opt/rustwide/target/debug/deps/q6_part_1-c05d796e36cf3b2b)
[INFO] [stdout] 
[INFO] [stdout] running 1 test
[INFO] [stdout] test tests::test_get_guard_path_length ... ok
[INFO] [stdout] 
[INFO] [stdout] test result: ok. 1 passed; 0 failed; 0 ignored; 0 measured; 0 filtered out; finished in 0.00s
[INFO] [stdout] 
[INFO] [stdout] 
[INFO] [stderr]      Running unittests src/bin/q6_part_2.rs (/opt/rustwide/target/debug/deps/q6_part_2-6211ddcbc82663d8)
[INFO] [stdout] running 1 test
[INFO] [stdout] test tests::test_get_total_number_of_cycles ... ok
[INFO] [stdout] 
[INFO] [stdout] test result: ok. 1 passed; 0 failed; 0 ignored; 0 measured; 0 filtered out; finished in 14.20s
[INFO] [stdout] 
[INFO] [stderr]      Running unittests src/bin/q6_part_2_parallel.rs (/opt/rustwide/target/debug/deps/q6_part_2_parallel-3d850062b41fcc01)
[INFO] [stdout] 
[INFO] [stdout] running 1 test
[INFO] [stdout] test tests::test_get_total_number_of_cycles ... ok
[INFO] [stdout] 
[INFO] [stdout] test result: ok. 1 passed; 0 failed; 0 ignored; 0 measured; 0 filtered out; finished in 12.39s
[INFO] [stdout] 
[INFO] [stderr]      Running unittests src/bin/q6_part_2_parallel_chunked.rs (/opt/rustwide/target/debug/deps/q6_part_2_parallel_chunked-372d5d786d7d926b)
[INFO] [stdout] 
[INFO] [stdout] running 1 test
[INFO] [stdout] test tests::test_get_total_number_of_cycles ... ok
[INFO] [stdout] 
[INFO] [stdout] test result: ok. 1 passed; 0 failed; 0 ignored; 0 measured; 0 filtered out; finished in 12.59s
[INFO] [stdout] 
[INFO] [stderr]      Running unittests src/bin/q7_part_1.rs (/opt/rustwide/target/debug/deps/q7_part_1-69ede260b9728ad6)
[INFO] [stdout] 
[INFO] [stdout] running 1 test
[INFO] [stdout] test tests::test_get_satisfiable_equation_target_sum_add_mul ... ok
[INFO] [stdout] 
[INFO] [stdout] test result: ok. 1 passed; 0 failed; 0 ignored; 0 measured; 0 filtered out; finished in 0.33s
[INFO] [stdout] 
[INFO] [stderr]      Running unittests src/bin/q7_part_2.rs (/opt/rustwide/target/debug/deps/q7_part_2-ce281bd1b7707b5c)
[INFO] [stdout] 
[INFO] [stdout] running 1 test
[INFO] [stdout] test tests::test_get_satisfiable_equation_target_all ... FAILED
[INFO] [stdout] 
[INFO] [stdout] failures:
[INFO] [stdout] 
[INFO] [stdout] ---- tests::test_get_satisfiable_equation_target_all stdout ----
[INFO] [stdout] thread 'tests::test_get_satisfiable_equation_target_all' panicked at src/bin/q7_part_2.rs:18:9:
[INFO] [stdout] assertion `left == right` failed
[INFO] [stdout]   left: 92612386119138
[INFO] [stdout]  right: 177531
[INFO] [stdout] stack backtrace:
[INFO] [stdout]    0:     0x57e8a6a8232a - std::backtrace_rs::backtrace::libunwind::trace::h8810477743020387
[INFO] [stdout]                                at /rustc/202008a1b8de96d2e5b6bc02d379db03a877d34d/library/std/src/../../backtrace/src/backtrace/libunwind.rs:116:5
[INFO] [stdout]    1:     0x57e8a6a8232a - std::backtrace_rs::backtrace::trace_unsynchronized::h3aa55355dd6c54a6
[INFO] [stdout]                                at /rustc/202008a1b8de96d2e5b6bc02d379db03a877d34d/library/std/src/../../backtrace/src/backtrace/mod.rs:66:5
[INFO] [stdout]    2:     0x57e8a6a8232a - std::sys::backtrace::_print_fmt::h8588b0f62410823f
[INFO] [stdout]                                at /rustc/202008a1b8de96d2e5b6bc02d379db03a877d34d/library/std/src/sys/backtrace.rs:66:9
[INFO] [stdout]    3:     0x57e8a6a8232a - <std::sys::backtrace::BacktraceLock::print::DisplayBacktrace as core::fmt::Display>::fmt::h98c26ac25ffe89bb
[INFO] [stdout]                                at /rustc/202008a1b8de96d2e5b6bc02d379db03a877d34d/library/std/src/sys/backtrace.rs:39:26
[INFO] [stdout]    4:     0x57e8a6aa7dc3 - core::fmt::rt::Argument::fmt::hf95377f4aebd453b
[INFO] [stdout]                                at /rustc/202008a1b8de96d2e5b6bc02d379db03a877d34d/library/core/src/fmt/rt.rs:177:76
[INFO] [stdout]    5:     0x57e8a6aa7dc3 - core::fmt::write::h0dd5f6e2238c7982
[INFO] [stdout]                                at /rustc/202008a1b8de96d2e5b6bc02d379db03a877d34d/library/core/src/fmt/mod.rs:1189:21
[INFO] [stdout]    6:     0x57e8a6a7f4c3 - std::io::Write::write_fmt::h03bb0ca26e6faf8c
[INFO] [stdout]                                at /rustc/202008a1b8de96d2e5b6bc02d379db03a877d34d/library/std/src/io/mod.rs:1884:15
[INFO] [stdout]    7:     0x57e8a6a82172 - std::sys::backtrace::BacktraceLock::print::h5c19c1c038ee186d
[INFO] [stdout]                                at /rustc/202008a1b8de96d2e5b6bc02d379db03a877d34d/library/std/src/sys/backtrace.rs:42:9
[INFO] [stdout]    8:     0x57e8a6a837ad - std::panicking::default_hook::{{closure}}::h77172f079a1fcb13
[INFO] [stdout]                                at /rustc/202008a1b8de96d2e5b6bc02d379db03a877d34d/library/std/src/panicking.rs:268:22
[INFO] [stdout]    9:     0x57e8a6a835b7 - std::panicking::default_hook::he5f8e3b203ccddba
[INFO] [stdout]                                at /rustc/202008a1b8de96d2e5b6bc02d379db03a877d34d/library/std/src/panicking.rs:292:9
[INFO] [stdout]   10:     0x57e8a6a3a5f7 - <alloc::boxed::Box<F,A> as core::ops::function::Fn<Args>>::call::h7a3c7b4a1ae77f2f
[INFO] [stdout]                                at /rustc/202008a1b8de96d2e5b6bc02d379db03a877d34d/library/alloc/src/boxed.rs:1986:9
[INFO] [stdout]   11:     0x57e8a6a3a5f7 - test::test_main::{{closure}}::hf0d3b69ae9b353d1
[INFO] [stdout]                                at /rustc/202008a1b8de96d2e5b6bc02d379db03a877d34d/library/test/src/lib.rs:134:21
[INFO] [stdout]   12:     0x57e8a6a83e58 - <alloc::boxed::Box<F,A> as core::ops::function::Fn<Args>>::call::h6332e82e7b189abd
[INFO] [stdout]                                at /rustc/202008a1b8de96d2e5b6bc02d379db03a877d34d/library/alloc/src/boxed.rs:1986:9
[INFO] [stdout]   13:     0x57e8a6a83e58 - std::panicking::rust_panic_with_hook::h53863d4e9018df39
[INFO] [stdout]                                at /rustc/202008a1b8de96d2e5b6bc02d379db03a877d34d/library/std/src/panicking.rs:809:13
[INFO] [stdout]   14:     0x57e8a6a83c1a - std::panicking::begin_panic_handler::{{closure}}::h67280e6fa0757873
[INFO] [stdout]                                at /rustc/202008a1b8de96d2e5b6bc02d379db03a877d34d/library/std/src/panicking.rs:674:13
[INFO] [stdout]   15:     0x57e8a6a82809 - std::sys::backtrace::__rust_end_short_backtrace::h1dac3f54d6fbbeb2
[INFO] [stdout]                                at /rustc/202008a1b8de96d2e5b6bc02d379db03a877d34d/library/std/src/sys/backtrace.rs:170:18
[INFO] [stdout]   16:     0x57e8a6a838ac - rust_begin_unwind
[INFO] [stdout]                                at /rustc/202008a1b8de96d2e5b6bc02d379db03a877d34d/library/std/src/panicking.rs:665:5
[INFO] [stdout]   17:     0x57e8a69ffab0 - core::panicking::panic_fmt::h6792bd1b2bf01041
[INFO] [stdout]                                at /rustc/202008a1b8de96d2e5b6bc02d379db03a877d34d/library/core/src/panicking.rs:76:14
[INFO] [stdout]   18:     0x57e8a69ffddb - core::panicking::assert_failed_inner::hf2c17e6d30928787
[INFO] [stdout]   19:     0x57e8a6a57532 - core::panicking::assert_failed::h86c6a82d96e7fe19
[INFO] [stdout]                                at /rustc/202008a1b8de96d2e5b6bc02d379db03a877d34d/library/core/src/panicking.rs:373:5
[INFO] [stdout]   20:     0x57e8a6a00d18 - q7_part_2::tests::test_get_satisfiable_equation_target_all::h02636eeb674df305
[INFO] [stdout]                                at /opt/rustwide/workdir/src/bin/q7_part_2.rs:18:9
[INFO] [stdout]   21:     0x57e8a6a00bf7 - q7_part_2::tests::test_get_satisfiable_equation_target_all::{{closure}}::hbca4577eb617c58e
[INFO] [stdout]                                at /opt/rustwide/workdir/src/bin/q7_part_2.rs:15:50
[INFO] [stdout]   22:     0x57e8a6a003d6 - core::ops::function::FnOnce::call_once::hd90c326e50366e26
[INFO] [stdout]                                at /rustc/202008a1b8de96d2e5b6bc02d379db03a877d34d/library/core/src/ops/function.rs:250:5
[INFO] [stdout]   23:     0x57e8a6a3f11b - core::ops::function::FnOnce::call_once::h871bf86719ec9aa4
[INFO] [stdout]                                at /rustc/202008a1b8de96d2e5b6bc02d379db03a877d34d/library/core/src/ops/function.rs:250:5
[INFO] [stdout]   24:     0x57e8a6a3f11b - test::__rust_begin_short_backtrace::h2167df1e2b7d76fd
[INFO] [stdout]                                at /rustc/202008a1b8de96d2e5b6bc02d379db03a877d34d/library/test/src/lib.rs:632:18
[INFO] [stdout]   25:     0x57e8a6a3eb08 - test::run_test_in_process::{{closure}}::h15d92f75a3adfb79
[INFO] [stdout]                                at /rustc/202008a1b8de96d2e5b6bc02d379db03a877d34d/library/test/src/lib.rs:655:60
[INFO] [stdout]   26:     0x57e8a6a3eb08 - <core::panic::unwind_safe::AssertUnwindSafe<F> as core::ops::function::FnOnce<()>>::call_once::hb6c8955835a8dbbb
[INFO] [stdout]                                at /rustc/202008a1b8de96d2e5b6bc02d379db03a877d34d/library/core/src/panic/unwind_safe.rs:272:9
[INFO] [stdout]   27:     0x57e8a6a3eb08 - std::panicking::try::do_call::hc79d0fc888a0bd30
[INFO] [stdout]                                at /rustc/202008a1b8de96d2e5b6bc02d379db03a877d34d/library/std/src/panicking.rs:557:40
[INFO] [stdout]   28:     0x57e8a6a3eb08 - std::panicking::try::hb8a7878e3a8589d6
[INFO] [stdout]                                at /rustc/202008a1b8de96d2e5b6bc02d379db03a877d34d/library/std/src/panicking.rs:520:19
[INFO] [stdout]   29:     0x57e8a6a3eb08 - std::panic::catch_unwind::hb8e4600ff0ff5cfa
[INFO] [stdout]                                at /rustc/202008a1b8de96d2e5b6bc02d379db03a877d34d/library/std/src/panic.rs:358:14
[INFO] [stdout]   30:     0x57e8a6a3eb08 - test::run_test_in_process::hc2900b0b18688dd6
[INFO] [stdout]                                at /rustc/202008a1b8de96d2e5b6bc02d379db03a877d34d/library/test/src/lib.rs:655:27
[INFO] [stdout]   31:     0x57e8a6a3eb08 - test::run_test::{{closure}}::hac2a9cb07be3d48d
[INFO] [stdout]                                at /rustc/202008a1b8de96d2e5b6bc02d379db03a877d34d/library/test/src/lib.rs:576:43
[INFO] [stdout]   32:     0x57e8a6a025aa - test::run_test::{{closure}}::h4a5b729e66a38cd8
[INFO] [stdout]                                at /rustc/202008a1b8de96d2e5b6bc02d379db03a877d34d/library/test/src/lib.rs:606:41
[INFO] [stdout]   33:     0x57e8a6a025aa - std::sys::backtrace::__rust_begin_short_backtrace::h0496fb742492f573
[INFO] [stdout]                                at /rustc/202008a1b8de96d2e5b6bc02d379db03a877d34d/library/std/src/sys/backtrace.rs:154:18
[INFO] [stdout]   34:     0x57e8a6a05f24 - std::thread::Builder::spawn_unchecked_::{{closure}}::{{closure}}::hbb6d257c550a54bd
[INFO] [stdout]                                at /rustc/202008a1b8de96d2e5b6bc02d379db03a877d34d/library/std/src/thread/mod.rs:561:17
[INFO] [stdout]   35:     0x57e8a6a05f24 - <core::panic::unwind_safe::AssertUnwindSafe<F> as core::ops::function::FnOnce<()>>::call_once::h46696fe4a6832328
[INFO] [stdout]                                at /rustc/202008a1b8de96d2e5b6bc02d379db03a877d34d/library/core/src/panic/unwind_safe.rs:272:9
[INFO] [stdout]   36:     0x57e8a6a05f24 - std::panicking::try::do_call::h2625a51b667bfb64
[INFO] [stdout]                                at /rustc/202008a1b8de96d2e5b6bc02d379db03a877d34d/library/std/src/panicking.rs:557:40
[INFO] [stdout]   37:     0x57e8a6a05f24 - std::panicking::try::hb956a59a1973aa4c
[INFO] [stdout]                                at /rustc/202008a1b8de96d2e5b6bc02d379db03a877d34d/library/std/src/panicking.rs:520:19
[INFO] [stdout]   38:     0x57e8a6a05f24 - std::panic::catch_unwind::h64f3b9d1067ef6a0
[INFO] [stdout]                                at /rustc/202008a1b8de96d2e5b6bc02d379db03a877d34d/library/std/src/panic.rs:358:14
[INFO] [stdout]   39:     0x57e8a6a05f24 - std::thread::Builder::spawn_unchecked_::{{closure}}::h42b2841295b6c0b2
[INFO] [stdout]                                at /rustc/202008a1b8de96d2e5b6bc02d379db03a877d34d/library/std/src/thread/mod.rs:559:30
[INFO] [stdout]   40:     0x57e8a6a05f24 - core::ops::function::FnOnce::call_once{{vtable.shim}}::h6127de71b8124639
[INFO] [stdout]                                at /rustc/202008a1b8de96d2e5b6bc02d379db03a877d34d/library/core/src/ops/function.rs:250:5
[INFO] [stdout]   41:     0x57e8a6a87dab - <alloc::boxed::Box<F,A> as core::ops::function::FnOnce<Args>>::call_once::h42f0ba71002a1b2c
[INFO] [stdout]                                at /rustc/202008a1b8de96d2e5b6bc02d379db03a877d34d/library/alloc/src/boxed.rs:1972:9
[INFO] [stdout]   42:     0x57e8a6a87dab - <alloc::boxed::Box<F,A> as core::ops::function::FnOnce<Args>>::call_once::had9e47d7a3dcecb8
[INFO] [stdout]                                at /rustc/202008a1b8de96d2e5b6bc02d379db03a877d34d/library/alloc/src/boxed.rs:1972:9
[INFO] [stdout]   43:     0x57e8a6a87dab - std::sys::pal::unix::thread::Thread::new::thread_start::h48cf765408f6f5f2
[INFO] [stdout]                                at /rustc/202008a1b8de96d2e5b6bc02d379db03a877d34d/library/std/src/sys/pal/unix/thread.rs:105:17
[INFO] [stdout]   44:     0x7e1e73ec4ac3 - <unknown>
[INFO] [stdout]   45:     0x7e1e73f55a04 - clone
[INFO] [stdout]   46:                0x0 - <unknown>
[INFO] [stdout] 
[INFO] [stdout] 
[INFO] [stdout] failures:
[INFO] [stdout]     tests::test_get_satisfiable_equation_target_all
[INFO] [stdout] 
[INFO] [stdout] test result: FAILED. 0 passed; 1 failed; 0 ignored; 0 measured; 0 filtered out; finished in 36.09s
[INFO] [stdout] 
[INFO] [stderr] error: test failed, to rerun pass `--bin q7_part_2`
[INFO] running `Command { std: "docker" "inspect" "8e03f761f7daa68f19392128b6d66df13f9dbb292d1580e3007f6da6219a9cfa", kill_on_drop: false }`
[INFO] running `Command { std: "docker" "rm" "-f" "8e03f761f7daa68f19392128b6d66df13f9dbb292d1580e3007f6da6219a9cfa", kill_on_drop: false }`
[INFO] [stdout] 8e03f761f7daa68f19392128b6d66df13f9dbb292d1580e3007f6da6219a9cfa
