[INFO] cloning repository https://github.com/wserr/adventofcode-2022
[INFO] running `Command { std: "git" "-c" "credential.helper=" "-c" "credential.helper=/workspace/cargo-home/bin/git-credential-null" "clone" "--bare" "https://github.com/wserr/adventofcode-2022" "/workspace/cache/git-repos/https%3A%2F%2Fgithub.com%2Fwserr%2Fadventofcode-2022", kill_on_drop: false }`
[INFO] [stderr] Cloning into bare repository '/workspace/cache/git-repos/https%3A%2F%2Fgithub.com%2Fwserr%2Fadventofcode-2022'...
[INFO] running `Command { std: "git" "rev-parse" "HEAD", kill_on_drop: false }`
[INFO] [stdout] 76434dbd440f5e15b6de88126d582e93122e85a0
[INFO] testing wserr/adventofcode-2022 against 1.83.0 for beta-1.84.0-4-retry
[INFO] running `Command { std: "git" "clone" "/workspace/cache/git-repos/https%3A%2F%2Fgithub.com%2Fwserr%2Fadventofcode-2022" "/workspace/builds/worker-6-tc1/source", kill_on_drop: false }`
[INFO] [stderr] Cloning into '/workspace/builds/worker-6-tc1/source'...
[INFO] [stderr] done.
[INFO] validating manifest of git repo https://github.com/wserr/adventofcode-2022 on toolchain 1.83.0
[INFO] running `Command { std: CARGO_HOME="/workspace/cargo-home" RUSTUP_HOME="/workspace/rustup-home" "/workspace/cargo-home/bin/cargo" "+1.83.0" "metadata" "--manifest-path" "Cargo.toml" "--no-deps", kill_on_drop: false }`
[INFO] started tweaking git repo https://github.com/wserr/adventofcode-2022
[INFO] finished tweaking git repo https://github.com/wserr/adventofcode-2022
[INFO] tweaked toml for git repo https://github.com/wserr/adventofcode-2022 written to /workspace/builds/worker-6-tc1/source/Cargo.toml
[INFO] crate git repo https://github.com/wserr/adventofcode-2022 already has a lockfile, it will not be regenerated
[INFO] running `Command { std: CARGO_HOME="/workspace/cargo-home" RUSTUP_HOME="/workspace/rustup-home" "/workspace/cargo-home/bin/cargo" "+1.83.0" "fetch" "--manifest-path" "Cargo.toml", kill_on_drop: false }`
[INFO] running `Command { std: "docker" "create" "-v" "/var/lib/crater-agent-workspace/builds/worker-6-tc1/target:/opt/rustwide/target:rw,Z" "-v" "/var/lib/crater-agent-workspace/builds/worker-6-tc1/source:/opt/rustwide/workdir:ro,Z" "-v" "/var/lib/crater-agent-workspace/cargo-home:/opt/rustwide/cargo-home:ro,Z" "-v" "/var/lib/crater-agent-workspace/rustup-home:/opt/rustwide/rustup-home:ro,Z" "-e" "SOURCE_DIR=/opt/rustwide/workdir" "-e" "CARGO_TARGET_DIR=/opt/rustwide/target" "-e" "CARGO_HOME=/opt/rustwide/cargo-home" "-e" "RUSTUP_HOME=/opt/rustwide/rustup-home" "-w" "/opt/rustwide/workdir" "-m" "1610612736" "--user" "0:0" "--network" "none" "ghcr.io/rust-lang/crates-build-env/linux@sha256:f3a9d4ad9d972b27faf3965f35b62e55ba32bbce8f20bc8fe909558a86702fde" "/opt/rustwide/cargo-home/bin/cargo" "+1.83.0" "metadata" "--no-deps" "--format-version=1", kill_on_drop: false }`
[INFO] [stdout] 902e0b5d15ec9702e72c8eb7e9537a87a75d8c98f0dc64de5df1897e75f491d4
[INFO] running `Command { std: "docker" "start" "-a" "902e0b5d15ec9702e72c8eb7e9537a87a75d8c98f0dc64de5df1897e75f491d4", kill_on_drop: false }`
[INFO] running `Command { std: "docker" "inspect" "902e0b5d15ec9702e72c8eb7e9537a87a75d8c98f0dc64de5df1897e75f491d4", kill_on_drop: false }`
[INFO] running `Command { std: "docker" "rm" "-f" "902e0b5d15ec9702e72c8eb7e9537a87a75d8c98f0dc64de5df1897e75f491d4", kill_on_drop: false }`
[INFO] [stdout] 902e0b5d15ec9702e72c8eb7e9537a87a75d8c98f0dc64de5df1897e75f491d4
[INFO] running `Command { std: "docker" "create" "-v" "/var/lib/crater-agent-workspace/builds/worker-6-tc1/target:/opt/rustwide/target:rw,Z" "-v" "/var/lib/crater-agent-workspace/builds/worker-6-tc1/source:/opt/rustwide/workdir:ro,Z" "-v" "/var/lib/crater-agent-workspace/cargo-home:/opt/rustwide/cargo-home:ro,Z" "-v" "/var/lib/crater-agent-workspace/rustup-home:/opt/rustwide/rustup-home:ro,Z" "-e" "SOURCE_DIR=/opt/rustwide/workdir" "-e" "CARGO_TARGET_DIR=/opt/rustwide/target" "-e" "CARGO_INCREMENTAL=0" "-e" "RUST_BACKTRACE=full" "-e" "RUSTFLAGS=--cap-lints=warn" "-e" "RUSTDOCFLAGS=--cap-lints=warn" "-e" "CARGO_HOME=/opt/rustwide/cargo-home" "-e" "RUSTUP_HOME=/opt/rustwide/rustup-home" "-w" "/opt/rustwide/workdir" "-m" "1610612736" "--user" "0:0" "--network" "none" "ghcr.io/rust-lang/crates-build-env/linux@sha256:f3a9d4ad9d972b27faf3965f35b62e55ba32bbce8f20bc8fe909558a86702fde" "/opt/rustwide/cargo-home/bin/cargo" "+1.83.0" "build" "--frozen" "--message-format=json", kill_on_drop: false }`
[INFO] [stdout] 50356865c2e7bcf75bc677fc93ade7f6916035d4c34632f863772ba9da6bc24a
[INFO] running `Command { std: "docker" "start" "-a" "50356865c2e7bcf75bc677fc93ade7f6916035d4c34632f863772ba9da6bc24a", kill_on_drop: false }`
[INFO] [stderr]    Compiling memchr v2.5.0
[INFO] [stderr]    Compiling regex-syntax v0.6.28
[INFO] [stderr]    Compiling aho-corasick v0.7.20
[INFO] [stderr]    Compiling regex v1.7.1
[INFO] [stderr]    Compiling adventofcode v0.1.0 (/opt/rustwide/workdir)
[INFO] [stdout] warning: unused import: `TreeValue`
[INFO] [stdout]  --> src/day_07/commands.rs:1:40
[INFO] [stdout]   |
[INFO] [stdout] 1 | use super::tree::{Tree, TreeCommander, TreeValue};
[INFO] [stdout]   |                                        ^^^^^^^^^
[INFO] [stdout]   |
[INFO] [stdout]   = note: `#[warn(unused_imports)]` on by default
[INFO] [stdout] 
[INFO] [stdout] 
[INFO] [stdout] warning: unused import: `crate::day_07::tree::TreeQuerier`
[INFO] [stdout]  --> src/day_07/commands.rs:2:5
[INFO] [stdout]   |
[INFO] [stdout] 2 | use crate::day_07::tree::TreeQuerier;
[INFO] [stdout]   |     ^^^^^^^^^^^^^^^^^^^^^^^^^^^^^^^^
[INFO] [stdout] 
[INFO] [stdout] 
[INFO] [stdout] warning: unused import: `std::collections::BTreeMap`
[INFO] [stdout]  --> src/day_07/commands.rs:3:5
[INFO] [stdout]   |
[INFO] [stdout] 3 | use std::collections::BTreeMap;
[INFO] [stdout]   |     ^^^^^^^^^^^^^^^^^^^^^^^^^^
[INFO] [stdout] 
[INFO] [stdout] 
[INFO] [stdout] warning: unused variable: `y`
[INFO] [stdout]   --> src/day_08/trees.rs:57:23
[INFO] [stdout]    |
[INFO] [stdout] 57 |                 .map(|y| {
[INFO] [stdout]    |                       ^ help: if this is intentional, prefix it with an underscore: `_y`
[INFO] [stdout]    |
[INFO] [stdout]    = note: `#[warn(unused_variables)]` on by default
[INFO] [stdout] 
[INFO] [stdout] 
[INFO] [stdout] warning: function `str` is never used
[INFO] [stdout]    --> src/day_05/crates.rs:154:4
[INFO] [stdout]     |
[INFO] [stdout] 154 | fn str(input: &'static str) -> String {
[INFO] [stdout]     |    ^^^
[INFO] [stdout]     |
[INFO] [stdout]     = note: `#[warn(dead_code)]` on by default
[INFO] [stdout] 
[INFO] [stdout] 
[INFO] [stdout] warning: constant `LS_COMMAND` is never used
[INFO] [stdout]  --> src/day_07/fetch.rs:5:7
[INFO] [stdout]   |
[INFO] [stdout] 5 | const LS_COMMAND: &'static str = "$ ls ";
[INFO] [stdout]   |       ^^^^^^^^^^
[INFO] [stdout] 
[INFO] [stdout] 
[INFO] [stderr]     Finished `dev` profile [unoptimized + debuginfo] target(s) in 3.80s
[INFO] running `Command { std: "docker" "inspect" "50356865c2e7bcf75bc677fc93ade7f6916035d4c34632f863772ba9da6bc24a", kill_on_drop: false }`
[INFO] running `Command { std: "docker" "rm" "-f" "50356865c2e7bcf75bc677fc93ade7f6916035d4c34632f863772ba9da6bc24a", kill_on_drop: false }`
[INFO] [stdout] 50356865c2e7bcf75bc677fc93ade7f6916035d4c34632f863772ba9da6bc24a
[INFO] running `Command { std: "docker" "create" "-v" "/var/lib/crater-agent-workspace/builds/worker-6-tc1/target:/opt/rustwide/target:rw,Z" "-v" "/var/lib/crater-agent-workspace/builds/worker-6-tc1/source:/opt/rustwide/workdir:ro,Z" "-v" "/var/lib/crater-agent-workspace/cargo-home:/opt/rustwide/cargo-home:ro,Z" "-v" "/var/lib/crater-agent-workspace/rustup-home:/opt/rustwide/rustup-home:ro,Z" "-e" "SOURCE_DIR=/opt/rustwide/workdir" "-e" "CARGO_TARGET_DIR=/opt/rustwide/target" "-e" "CARGO_INCREMENTAL=0" "-e" "RUST_BACKTRACE=full" "-e" "RUSTFLAGS=--cap-lints=warn" "-e" "RUSTDOCFLAGS=--cap-lints=warn" "-e" "CARGO_HOME=/opt/rustwide/cargo-home" "-e" "RUSTUP_HOME=/opt/rustwide/rustup-home" "-w" "/opt/rustwide/workdir" "-m" "1610612736" "--user" "0:0" "--network" "none" "ghcr.io/rust-lang/crates-build-env/linux@sha256:f3a9d4ad9d972b27faf3965f35b62e55ba32bbce8f20bc8fe909558a86702fde" "/opt/rustwide/cargo-home/bin/cargo" "+1.83.0" "test" "--frozen" "--no-run" "--message-format=json", kill_on_drop: false }`
[INFO] [stdout] 4edf51ae72a82321309387ccfda17ef906b6c398720ae976ad26b4e9186ec048
[INFO] running `Command { std: "docker" "start" "-a" "4edf51ae72a82321309387ccfda17ef906b6c398720ae976ad26b4e9186ec048", kill_on_drop: false }`
[INFO] [stdout] warning: unused import: `TreeValue`
[INFO] [stdout]  --> src/day_07/commands.rs:1:40
[INFO] [stdout]   |
[INFO] [stdout] 1 | use super::tree::{Tree, TreeCommander, TreeValue};
[INFO] [stdout]   |                                        ^^^^^^^^^
[INFO] [stdout]   |
[INFO] [stdout]   = note: `#[warn(unused_imports)]` on by default
[INFO] [stdout] 
[INFO] [stdout] 
[INFO] [stdout] warning: unused import: `crate::day_07::tree::TreeQuerier`
[INFO] [stdout]  --> src/day_07/commands.rs:2:5
[INFO] [stdout]   |
[INFO] [stdout] 2 | use crate::day_07::tree::TreeQuerier;
[INFO] [stdout]   |     ^^^^^^^^^^^^^^^^^^^^^^^^^^^^^^^^
[INFO] [stdout] 
[INFO] [stdout] 
[INFO] [stdout] warning: unused import: `std::collections::BTreeMap`
[INFO] [stdout]  --> src/day_07/commands.rs:3:5
[INFO] [stdout]   |
[INFO] [stdout] 3 | use std::collections::BTreeMap;
[INFO] [stdout]   |     ^^^^^^^^^^^^^^^^^^^^^^^^^^
[INFO] [stdout] 
[INFO] [stdout] 
[INFO] [stdout] warning: unused variable: `y`
[INFO] [stdout]   --> src/day_08/trees.rs:57:23
[INFO] [stdout]    |
[INFO] [stdout] 57 |                 .map(|y| {
[INFO] [stdout]    |                       ^ help: if this is intentional, prefix it with an underscore: `_y`
[INFO] [stdout]    |
[INFO] [stdout]    = note: `#[warn(unused_variables)]` on by default
[INFO] [stdout] 
[INFO] [stdout] 
[INFO] [stdout] warning: function `str` is never used
[INFO] [stdout]    --> src/day_05/crates.rs:154:4
[INFO] [stdout]     |
[INFO] [stdout] 154 | fn str(input: &'static str) -> String {
[INFO] [stdout]     |    ^^^
[INFO] [stdout]     |
[INFO] [stdout]     = note: `#[warn(dead_code)]` on by default
[INFO] [stdout] 
[INFO] [stdout] 
[INFO] [stdout] warning: constant `LS_COMMAND` is never used
[INFO] [stdout]  --> src/day_07/fetch.rs:5:7
[INFO] [stdout]   |
[INFO] [stdout] 5 | const LS_COMMAND: &'static str = "$ ls ";
[INFO] [stdout]   |       ^^^^^^^^^^
[INFO] [stdout] 
[INFO] [stdout] 
[INFO] [stderr]    Compiling adventofcode v0.1.0 (/opt/rustwide/workdir)
[INFO] [stdout] warning: unused variable: `y`
[INFO] [stdout]   --> src/day_08/trees.rs:57:23
[INFO] [stdout]    |
[INFO] [stdout] 57 |                 .map(|y| {
[INFO] [stdout]    |                       ^ help: if this is intentional, prefix it with an underscore: `_y`
[INFO] [stdout]    |
[INFO] [stdout]    = note: `#[warn(unused_variables)]` on by default
[INFO] [stdout] 
[INFO] [stdout] 
[INFO] [stdout] warning: constant `LS_COMMAND` is never used
[INFO] [stdout]  --> src/day_07/fetch.rs:5:7
[INFO] [stdout]   |
[INFO] [stdout] 5 | const LS_COMMAND: &'static str = "$ ls ";
[INFO] [stdout]   |       ^^^^^^^^^^
[INFO] [stdout]   |
[INFO] [stdout]   = note: `#[warn(dead_code)]` on by default
[INFO] [stdout] 
[INFO] [stdout] 
[INFO] [stderr]     Finished `test` profile [unoptimized + debuginfo] target(s) in 1.38s
[INFO] running `Command { std: "docker" "inspect" "4edf51ae72a82321309387ccfda17ef906b6c398720ae976ad26b4e9186ec048", kill_on_drop: false }`
[INFO] running `Command { std: "docker" "rm" "-f" "4edf51ae72a82321309387ccfda17ef906b6c398720ae976ad26b4e9186ec048", kill_on_drop: false }`
[INFO] [stdout] 4edf51ae72a82321309387ccfda17ef906b6c398720ae976ad26b4e9186ec048
[INFO] running `Command { std: "docker" "create" "-v" "/var/lib/crater-agent-workspace/builds/worker-6-tc1/target:/opt/rustwide/target:rw,Z" "-v" "/var/lib/crater-agent-workspace/builds/worker-6-tc1/source:/opt/rustwide/workdir:ro,Z" "-v" "/var/lib/crater-agent-workspace/cargo-home:/opt/rustwide/cargo-home:ro,Z" "-v" "/var/lib/crater-agent-workspace/rustup-home:/opt/rustwide/rustup-home:ro,Z" "-e" "SOURCE_DIR=/opt/rustwide/workdir" "-e" "CARGO_TARGET_DIR=/opt/rustwide/target" "-e" "CARGO_INCREMENTAL=0" "-e" "RUST_BACKTRACE=full" "-e" "RUSTFLAGS=--cap-lints=warn" "-e" "RUSTDOCFLAGS=--cap-lints=warn" "-e" "CARGO_HOME=/opt/rustwide/cargo-home" "-e" "RUSTUP_HOME=/opt/rustwide/rustup-home" "-w" "/opt/rustwide/workdir" "-m" "1610612736" "--user" "0:0" "--network" "none" "ghcr.io/rust-lang/crates-build-env/linux@sha256:f3a9d4ad9d972b27faf3965f35b62e55ba32bbce8f20bc8fe909558a86702fde" "/opt/rustwide/cargo-home/bin/cargo" "+1.83.0" "test" "--frozen", kill_on_drop: false }`
[INFO] [stdout] 3defaa5226128c50c212af8e65efe459fc981e4107ffad0e420483f69ef7a7dd
[INFO] running `Command { std: "docker" "start" "-a" "3defaa5226128c50c212af8e65efe459fc981e4107ffad0e420483f69ef7a7dd", kill_on_drop: false }`
[INFO] [stderr] warning: unused import: `TreeValue`
[INFO] [stderr]  --> src/day_07/commands.rs:1:40
[INFO] [stderr]   |
[INFO] [stderr] 1 | use super::tree::{Tree, TreeCommander, TreeValue};
[INFO] [stderr]   |                                        ^^^^^^^^^
[INFO] [stderr]   |
[INFO] [stderr]   = note: `#[warn(unused_imports)]` on by default
[INFO] [stderr] 
[INFO] [stderr] warning: unused import: `crate::day_07::tree::TreeQuerier`
[INFO] [stderr]  --> src/day_07/commands.rs:2:5
[INFO] [stderr]   |
[INFO] [stderr] 2 | use crate::day_07::tree::TreeQuerier;
[INFO] [stderr]   |     ^^^^^^^^^^^^^^^^^^^^^^^^^^^^^^^^
[INFO] [stderr] 
[INFO] [stderr] warning: unused import: `std::collections::BTreeMap`
[INFO] [stderr]  --> src/day_07/commands.rs:3:5
[INFO] [stderr]   |
[INFO] [stderr] 3 | use std::collections::BTreeMap;
[INFO] [stderr]   |     ^^^^^^^^^^^^^^^^^^^^^^^^^^
[INFO] [stderr] 
[INFO] [stderr] warning: unused variable: `y`
[INFO] [stderr]   --> src/day_08/trees.rs:57:23
[INFO] [stderr]    |
[INFO] [stderr] 57 |                 .map(|y| {
[INFO] [stderr]    |                       ^ help: if this is intentional, prefix it with an underscore: `_y`
[INFO] [stderr]    |
[INFO] [stderr]    = note: `#[warn(unused_variables)]` on by default
[INFO] [stderr] 
[INFO] [stderr] warning: function `str` is never used
[INFO] [stderr]    --> src/day_05/crates.rs:154:4
[INFO] [stderr]     |
[INFO] [stderr] 154 | fn str(input: &'static str) -> String {
[INFO] [stderr]     |    ^^^
[INFO] [stderr]     |
[INFO] [stderr]     = note: `#[warn(dead_code)]` on by default
[INFO] [stderr] 
[INFO] [stderr] warning: constant `LS_COMMAND` is never used
[INFO] [stderr]  --> src/day_07/fetch.rs:5:7
[INFO] [stderr]   |
[INFO] [stderr] 5 | const LS_COMMAND: &'static str = "$ ls ";
[INFO] [stderr]   |       ^^^^^^^^^^
[INFO] [stderr] 
[INFO] [stderr] warning: constant `LS_COMMAND` is never used
[INFO] [stderr]  --> src/day_07/fetch.rs:5:7
[INFO] [stderr]   |
[INFO] [stderr] 5 | const LS_COMMAND: &'static str = "$ ls ";
[INFO] [stderr]   |       ^^^^^^^^^^
[INFO] [stderr]   |
[INFO] [stderr]   = note: `#[warn(dead_code)]` on by default
[INFO] [stderr] 
[INFO] [stderr] warning: `adventofcode` (lib) generated 6 warnings (run `cargo fix --lib -p adventofcode` to apply 3 suggestions)
[INFO] [stderr] warning: `adventofcode` (lib test) generated 2 warnings (1 duplicate)
[INFO] [stderr]     Finished `test` profile [unoptimized + debuginfo] target(s) in 0.01s
[INFO] [stderr]      Running unittests src/lib.rs (/opt/rustwide/target/debug/deps/adventofcode-ecfd9c24b276fe8c)
[INFO] [stdout] 
[INFO] [stdout] running 64 tests
[INFO] [stdout] test day_01::elf::should_calculate_total_calorie_count_no_calories ... ok
[INFO] [stdout] test day_01::elf::should_calculate_total_calorie_count ... ok
[INFO] [stdout] test day_01::elves::calculate_most_wanted_elf_should_return_none ... ok
[INFO] [stdout] test day_01::elves::calculate_most_wanted_elf_should_return_some ... ok
[INFO] [stdout] test day_01::elves::calculate_most_wanted_elf_should_return_some_2 ... ok
[INFO] [stdout] test day_01::elves::calculate_most_wanted_elf_should_return_some_3 ... ok
[INFO] [stdout] test day_02::game::calculate_move_for_desired_outcome_should_return_rock ... ok
[INFO] [stdout] test day_02::game::calculate_move_for_desired_outcome_should_return_scissors ... ok
[INFO] [stdout] test day_02::game::test_game_no_one_should_win ... ok
[INFO] [stdout] test day_02::game::test_game_player_2_should_win ... ok
[INFO] [stdout] test day_02::game::test_game_player_1_should_win ... ok
[INFO] [stdout] test day_02::game::transform_game_should_transform_game ... ok
[INFO] [stdout] test day_01::fetch::test_day_1 ... ok
[INFO] [stdout] test day_03::rucksack::calculate_priority_should_calculate_for_lowercase ... ok
[INFO] [stdout] test day_03::fetch::fetch_day_3_should_fetch_300_items ... ok
[INFO] [stdout] test day_03::rucksack::calculate_priority_should_calculate_for_uppercase ... ok
[INFO] [stdout] test day_03::rucksack::find_common_items_between_2_strings_should_find_a ... ok
[INFO] [stdout] test day_03::fetch::fetch_day_3_2_should_fetch_100_items ... ok
[INFO] [stdout] test day_03::rucksack::find_common_items_should_find_char_a ... ok
[INFO] [stdout] test day_04::pairs::full_overlap_calculator_should_return_no_overlap ... ok
[INFO] [stdout] test day_04::pairs::full_overlap_calculator_should_return_overlap ... ok
[INFO] [stdout] test day_04::pairs::full_overlap_calculator_should_return_overlap_2 ... ok
[INFO] [stdout] test day_04::pairs::partial_overlap_calculator_should_return_no_overlap ... ok
[INFO] [stdout] test day_04::pairs::partial_overlap_calculator_should_return_overlap ... ok
[INFO] [stdout] test day_04::pairs::partial_overlap_calculator_should_return_overlap_2 ... ok
[INFO] [stdout] test day_05::crates::test_move_crates_multiple ... ok
[INFO] [stdout] test day_05::crates::test_move_crates_success ... ok
[INFO] [stdout] test day_05::crates::test_move_crates_multiple_at_once ... ok
[INFO] [stdout] test day_05::fetch::test_find_whitespace_index_should_return_correct_index ... ok
[INFO] [stdout] test day_06::marker::calculate_marker_should_return_10 ... ok
[INFO] [stdout] test day_06::marker::calculate_marker_should_return_11 ... ok
[INFO] [stdout] test day_06::marker::calculate_marker_should_return_19 ... ok
[INFO] [stdout] test day_06::marker::calculate_marker_should_return_23 ... ok
[INFO] [stdout] test day_06::marker::calculate_marker_should_return_26 ... ok
[INFO] [stdout] test day_06::marker::calculate_marker_should_return_29 ... ok
[INFO] [stdout] test day_06::marker::calculate_marker_should_return_5 ... ok
[INFO] [stdout] test day_06::marker::calculate_marker_should_return_6 ... ok
[INFO] [stdout] test day_06::marker::all_elements_different_should_return_false ... ok
[INFO] [stdout] test day_05::fetch::test_fetch_amount_of_groups_from_first_row ... ok
[INFO] [stdout] test day_08::trees::should_be_visible_in_any_direction ... ok
[INFO] [stdout] test day_07::commands::should_create_files_in_subfolder ... ok
[INFO] [stdout] test day_08::trees::should_create_and_traverse_field ... ok
[INFO] [stdout] test day_08::trees::should_be_visible_in_horizontal_direction ... ok
[INFO] [stdout] test day_06::marker::calculate_marker_should_return_7 ... ok
[INFO] [stdout] test day_07::tree::should_create_new_file ... ok
[INFO] [stdout] test day_07::tree::should_find_item_in_tree ... ok
[INFO] [stdout] test day_08::trees::calculate_visible_trees_should_eq_2 ... ok
[INFO] [stdout] test day_08::trees::should_not_be_visible_in_any_direction ... ok
[INFO] [stdout] test day_08::trees::should_not_be_visible_in_horizontal_direction ... ok
[INFO] [stdout] test day_08::trees::should_not_be_visible_in_vertical_direction ... ok
[INFO] [stdout] test day_09::bridge::are_adjacent_should_be_false ... ok
[INFO] [stdout] test day_09::bridge::are_adjacent_should_be_true ... ok
[INFO] [stdout] test day_09::bridge::calculate_head_movement_should_calc ... ok
[INFO] [stdout] test day_09::bridge::calculate_head_movement_should_calc_hor ... ok
[INFO] [stdout] test day_09::bridge::calculate_head_movement_should_calc_vert ... ok
[INFO] [stdout] test day_06::marker::all_elements_different_should_return_true ... ok
[INFO] [stdout] test day_04::fetch::test_calculate_pair_from_string ... ok
[INFO] [stdout] test day_08::trees::should_be_visible_in_vertical_direction ... ok
[INFO] [stdout] test day_07::commands::should_create_directory ... ok
[INFO] [stdout] test day_09::bridge::calculate_tail_movement_should_calc_vert ... ok
[INFO] [stdout] test day_07::fetch::should_fetch_test_commands ... ok
[INFO] [stdout] test day_02::fetch::should_fetch_day_2 ... ok
[INFO] [stdout] test day_11::monkey::test_calculate_monkey_move ... FAILED
[INFO] [stdout] test day_04::fetch::should_fetch_all_pairs ... ok
[INFO] [stdout] 
[INFO] [stdout] failures:
[INFO] [stdout] 
[INFO] [stdout] ---- day_11::monkey::test_calculate_monkey_move stdout ----
[INFO] [stdout] thread 'day_11::monkey::test_calculate_monkey_move' panicked at src/day_11/monkey.rs:119:5:
[INFO] [stdout] assertion `left == right` failed
[INFO] [stdout]   left: 3
[INFO] [stdout]  right: 2
[INFO] [stdout] stack backtrace:
[INFO] [stdout]    0:     0x5f2602b8eb8a - std::backtrace_rs::backtrace::libunwind::trace::h5a5b8284f2d0c266
[INFO] [stdout]                                at /rustc/90b35a6239c3d8bdabc530a6a0816f7ff89a0aaf/library/std/src/../../backtrace/src/backtrace/libunwind.rs:116:5
[INFO] [stdout]    1:     0x5f2602b8eb8a - std::backtrace_rs::backtrace::trace_unsynchronized::h76d4f1c9b0b875e3
[INFO] [stdout]                                at /rustc/90b35a6239c3d8bdabc530a6a0816f7ff89a0aaf/library/std/src/../../backtrace/src/backtrace/mod.rs:66:5
[INFO] [stdout]    2:     0x5f2602b8eb8a - std::sys::backtrace::_print_fmt::hc4546b8364a537c6
[INFO] [stdout]                                at /rustc/90b35a6239c3d8bdabc530a6a0816f7ff89a0aaf/library/std/src/sys/backtrace.rs:66:9
[INFO] [stdout]    3:     0x5f2602b8eb8a - <std::sys::backtrace::BacktraceLock::print::DisplayBacktrace as core::fmt::Display>::fmt::h5b6bd5631a6d1f6b
[INFO] [stdout]                                at /rustc/90b35a6239c3d8bdabc530a6a0816f7ff89a0aaf/library/std/src/sys/backtrace.rs:39:26
[INFO] [stdout]    4:     0x5f2602bb4053 - core::fmt::rt::Argument::fmt::h270f6602a2b96f62
[INFO] [stdout]                                at /rustc/90b35a6239c3d8bdabc530a6a0816f7ff89a0aaf/library/core/src/fmt/rt.rs:177:76
[INFO] [stdout]    5:     0x5f2602bb4053 - core::fmt::write::h7550c97b06c86515
[INFO] [stdout]                                at /rustc/90b35a6239c3d8bdabc530a6a0816f7ff89a0aaf/library/core/src/fmt/mod.rs:1186:21
[INFO] [stdout]    6:     0x5f2602b8bd53 - std::io::Write::write_fmt::h509ff860e5956e5e
[INFO] [stdout]                                at /rustc/90b35a6239c3d8bdabc530a6a0816f7ff89a0aaf/library/std/src/io/mod.rs:1839:15
[INFO] [stdout]    7:     0x5f2602b8e9d2 - std::sys::backtrace::BacktraceLock::print::h2395ccd2c84ba3aa
[INFO] [stdout]                                at /rustc/90b35a6239c3d8bdabc530a6a0816f7ff89a0aaf/library/std/src/sys/backtrace.rs:42:9
[INFO] [stdout]    8:     0x5f2602b8ffea - std::panicking::default_hook::{{closure}}::he19d4c7230e07961
[INFO] [stdout]                                at /rustc/90b35a6239c3d8bdabc530a6a0816f7ff89a0aaf/library/std/src/panicking.rs:268:22
[INFO] [stdout]    9:     0x5f2602b8fdf4 - std::panicking::default_hook::hf614597d3c67bbdb
[INFO] [stdout]                                at /rustc/90b35a6239c3d8bdabc530a6a0816f7ff89a0aaf/library/std/src/panicking.rs:292:9
[INFO] [stdout]   10:     0x5f2602a015e9 - <alloc::boxed::Box<F,A> as core::ops::function::Fn<Args>>::call::h39b51ce4599c23d1
[INFO] [stdout]                                at /rustc/90b35a6239c3d8bdabc530a6a0816f7ff89a0aaf/library/alloc/src/boxed.rs:2468:9
[INFO] [stdout]   11:     0x5f2602a015e9 - test::test_main::{{closure}}::he977ae839a582784
[INFO] [stdout]                                at /rustc/90b35a6239c3d8bdabc530a6a0816f7ff89a0aaf/library/test/src/lib.rs:133:21
[INFO] [stdout]   12:     0x5f2602b90688 - <alloc::boxed::Box<F,A> as core::ops::function::Fn<Args>>::call::h9455091b6b06f9fb
[INFO] [stdout]                                at /rustc/90b35a6239c3d8bdabc530a6a0816f7ff89a0aaf/library/alloc/src/boxed.rs:2468:9
[INFO] [stdout]   13:     0x5f2602b90688 - std::panicking::rust_panic_with_hook::h8942133a8b252070
[INFO] [stdout]                                at /rustc/90b35a6239c3d8bdabc530a6a0816f7ff89a0aaf/library/std/src/panicking.rs:809:13
[INFO] [stdout]   14:     0x5f2602b9044a - std::panicking::begin_panic_handler::{{closure}}::hb5f5963570096b29
[INFO] [stdout]                                at /rustc/90b35a6239c3d8bdabc530a6a0816f7ff89a0aaf/library/std/src/panicking.rs:674:13
[INFO] [stdout]   15:     0x5f2602b8f069 - std::sys::backtrace::__rust_end_short_backtrace::h6208cedc1922feda
[INFO] [stdout]                                at /rustc/90b35a6239c3d8bdabc530a6a0816f7ff89a0aaf/library/std/src/sys/backtrace.rs:170:18
[INFO] [stdout]   16:     0x5f2602b900dc - rust_begin_unwind
[INFO] [stdout]                                at /rustc/90b35a6239c3d8bdabc530a6a0816f7ff89a0aaf/library/std/src/panicking.rs:665:5
[INFO] [stdout]   17:     0x5f26029790d0 - core::panicking::panic_fmt::h0c3082644d1bf418
[INFO] [stdout]                                at /rustc/90b35a6239c3d8bdabc530a6a0816f7ff89a0aaf/library/core/src/panicking.rs:74:14
[INFO] [stdout]   18:     0x5f26029794d4 - core::panicking::assert_failed_inner::h2ddf1fcc067fa858
[INFO] [stdout]   19:     0x5f2602b5aa4a - core::panicking::assert_failed::h9ffc4ab33beb1a9e
[INFO] [stdout]                                at /rustc/90b35a6239c3d8bdabc530a6a0816f7ff89a0aaf/library/core/src/panicking.rs:367:5
[INFO] [stdout]   20:     0x5f26029a44d7 - adventofcode::day_11::monkey::test_calculate_monkey_move::h142f1b084b3e03a6
[INFO] [stdout]                                at /opt/rustwide/workdir/src/day_11/monkey.rs:119:5
[INFO] [stdout]   21:     0x5f26029a42b7 - adventofcode::day_11::monkey::test_calculate_monkey_move::{{closure}}::he65c18d4dee143da
[INFO] [stdout]                                at /opt/rustwide/workdir/src/day_11/monkey.rs:105:32
[INFO] [stdout]   22:     0x5f26029a5136 - core::ops::function::FnOnce::call_once::h860564bcdc6534e5
[INFO] [stdout]                                at /rustc/90b35a6239c3d8bdabc530a6a0816f7ff89a0aaf/library/core/src/ops/function.rs:250:5
[INFO] [stdout]   23:     0x5f2602a05fab - core::ops::function::FnOnce::call_once::h109cf8051a59b34e
[INFO] [stdout]                                at /rustc/90b35a6239c3d8bdabc530a6a0816f7ff89a0aaf/library/core/src/ops/function.rs:250:5
[INFO] [stdout]   24:     0x5f2602a05fab - test::__rust_begin_short_backtrace::hf4fff89d377446ba
[INFO] [stdout]                                at /rustc/90b35a6239c3d8bdabc530a6a0816f7ff89a0aaf/library/test/src/lib.rs:621:18
[INFO] [stdout]   25:     0x5f2602a057e7 - test::run_test_in_process::{{closure}}::h0e39181dd7ee5a43
[INFO] [stdout]                                at /rustc/90b35a6239c3d8bdabc530a6a0816f7ff89a0aaf/library/test/src/lib.rs:644:60
[INFO] [stdout]   26:     0x5f2602a057e7 - <core::panic::unwind_safe::AssertUnwindSafe<F> as core::ops::function::FnOnce<()>>::call_once::hc5a66a30f0bdfd1f
[INFO] [stdout]                                at /rustc/90b35a6239c3d8bdabc530a6a0816f7ff89a0aaf/library/core/src/panic/unwind_safe.rs:272:9
[INFO] [stdout]   27:     0x5f2602a057e7 - std::panicking::try::do_call::h873b7cf639554a5e
[INFO] [stdout]                                at /rustc/90b35a6239c3d8bdabc530a6a0816f7ff89a0aaf/library/std/src/panicking.rs:557:40
[INFO] [stdout]   28:     0x5f2602a057e7 - std::panicking::try::hdb19862fad9c8bd1
[INFO] [stdout]                                at /rustc/90b35a6239c3d8bdabc530a6a0816f7ff89a0aaf/library/std/src/panicking.rs:520:19
[INFO] [stdout]   29:     0x5f2602a057e7 - std::panic::catch_unwind::h281fe732d236d260
[INFO] [stdout]                                at /rustc/90b35a6239c3d8bdabc530a6a0816f7ff89a0aaf/library/std/src/panic.rs:358:14
[INFO] [stdout]   30:     0x5f2602a057e7 - test::run_test_in_process::h949b6df8457ed338
[INFO] [stdout]                                at /rustc/90b35a6239c3d8bdabc530a6a0816f7ff89a0aaf/library/test/src/lib.rs:644:27
[INFO] [stdout]   31:     0x5f2602a057e7 - test::run_test::{{closure}}::h52c556a6d4740e10
[INFO] [stdout]                                at /rustc/90b35a6239c3d8bdabc530a6a0816f7ff89a0aaf/library/test/src/lib.rs:565:43
[INFO] [stdout]   32:     0x5f26029caac4 - test::run_test::{{closure}}::h4237f6381c45ccb9
[INFO] [stdout]                                at /rustc/90b35a6239c3d8bdabc530a6a0816f7ff89a0aaf/library/test/src/lib.rs:595:41
[INFO] [stdout]   33:     0x5f26029caac4 - std::sys::backtrace::__rust_begin_short_backtrace::h505c97a579eca628
[INFO] [stdout]                                at /rustc/90b35a6239c3d8bdabc530a6a0816f7ff89a0aaf/library/std/src/sys/backtrace.rs:154:18
[INFO] [stdout]   34:     0x5f26029ce18e - std::thread::Builder::spawn_unchecked_::{{closure}}::{{closure}}::h9e86b2e2bc107ea3
[INFO] [stdout]                                at /rustc/90b35a6239c3d8bdabc530a6a0816f7ff89a0aaf/library/std/src/thread/mod.rs:538:17
[INFO] [stdout]   35:     0x5f26029ce18e - <core::panic::unwind_safe::AssertUnwindSafe<F> as core::ops::function::FnOnce<()>>::call_once::h8b06ddb275ff4a25
[INFO] [stdout]                                at /rustc/90b35a6239c3d8bdabc530a6a0816f7ff89a0aaf/library/core/src/panic/unwind_safe.rs:272:9
[INFO] [stdout]   36:     0x5f26029ce18e - std::panicking::try::do_call::hb26ecd7cd9a9355d
[INFO] [stdout]                                at /rustc/90b35a6239c3d8bdabc530a6a0816f7ff89a0aaf/library/std/src/panicking.rs:557:40
[INFO] [stdout]   37:     0x5f26029ce18e - std::panicking::try::h8ddeca9d705f9069
[INFO] [stdout]                                at /rustc/90b35a6239c3d8bdabc530a6a0816f7ff89a0aaf/library/std/src/panicking.rs:520:19
[INFO] [stdout]   38:     0x5f26029ce18e - std::panic::catch_unwind::h49e1c33078844c46
[INFO] [stdout]                                at /rustc/90b35a6239c3d8bdabc530a6a0816f7ff89a0aaf/library/std/src/panic.rs:358:14
[INFO] [stdout]   39:     0x5f26029ce18e - std::thread::Builder::spawn_unchecked_::{{closure}}::h6073db6ff56ad35d
[INFO] [stdout]                                at /rustc/90b35a6239c3d8bdabc530a6a0816f7ff89a0aaf/library/std/src/thread/mod.rs:537:30
[INFO] [stdout]   40:     0x5f26029ce18e - core::ops::function::FnOnce::call_once{{vtable.shim}}::h2c5a5f3779c774f1
[INFO] [stdout]                                at /rustc/90b35a6239c3d8bdabc530a6a0816f7ff89a0aaf/library/core/src/ops/function.rs:250:5
[INFO] [stdout]   41:     0x5f2602b943db - <alloc::boxed::Box<F,A> as core::ops::function::FnOnce<Args>>::call_once::hf75717d9f28faebf
[INFO] [stdout]                                at /rustc/90b35a6239c3d8bdabc530a6a0816f7ff89a0aaf/library/alloc/src/boxed.rs:2454:9
[INFO] [stdout]   42:     0x5f2602b943db - <alloc::boxed::Box<F,A> as core::ops::function::FnOnce<Args>>::call_once::h7bd883a5f3c5f3c1
[INFO] [stdout]                                at /rustc/90b35a6239c3d8bdabc530a6a0816f7ff89a0aaf/library/alloc/src/boxed.rs:2454:9
[INFO] [stdout]   43:     0x5f2602b943db - std::sys::pal::unix::thread::Thread::new::thread_start::hcc78f3943333fa94
[INFO] [stdout]                                at /rustc/90b35a6239c3d8bdabc530a6a0816f7ff89a0aaf/library/std/src/sys/pal/unix/thread.rs:105:17
[INFO] [stdout]   44:     0x774c73b2eac3 - <unknown>
[INFO] [stdout]   45:     0x774c73bbfa04 - clone
[INFO] [stdout]   46:                0x0 - <unknown>
[INFO] [stdout] 
[INFO] [stdout] 
[INFO] [stdout] failures:
[INFO] [stdout]     day_11::monkey::test_calculate_monkey_move
[INFO] [stdout] 
[INFO] [stdout] test result: FAILED. 63 passed; 1 failed; 0 ignored; 0 measured; 0 filtered out; finished in 1.90s
[INFO] [stdout] 
[INFO] [stderr] error: test failed, to rerun pass `--lib`
[INFO] running `Command { std: "docker" "inspect" "3defaa5226128c50c212af8e65efe459fc981e4107ffad0e420483f69ef7a7dd", kill_on_drop: false }`
[INFO] running `Command { std: "docker" "rm" "-f" "3defaa5226128c50c212af8e65efe459fc981e4107ffad0e420483f69ef7a7dd", kill_on_drop: false }`
[INFO] [stdout] 3defaa5226128c50c212af8e65efe459fc981e4107ffad0e420483f69ef7a7dd
