[INFO] cloning repository https://github.com/wolfspider/limbo-freebsd
[INFO] running `Command { std: "git" "-c" "credential.helper=" "-c" "credential.helper=/workspace/cargo-home/bin/git-credential-null" "clone" "--bare" "https://github.com/wolfspider/limbo-freebsd" "/workspace/cache/git-repos/https%3A%2F%2Fgithub.com%2Fwolfspider%2Flimbo-freebsd", kill_on_drop: false }`
[INFO] [stderr] Cloning into bare repository '/workspace/cache/git-repos/https%3A%2F%2Fgithub.com%2Fwolfspider%2Flimbo-freebsd'...
[INFO] running `Command { std: "git" "rev-parse" "HEAD", kill_on_drop: false }`
[INFO] [stdout] 114c60ebd89f660bca08d527be19532513a40046
[INFO] testing wolfspider/limbo-freebsd against 1.83.0 for beta-1.84.0-4-retry
[INFO] running `Command { std: "git" "clone" "/workspace/cache/git-repos/https%3A%2F%2Fgithub.com%2Fwolfspider%2Flimbo-freebsd" "/workspace/builds/worker-1-tc1/source", kill_on_drop: false }`
[INFO] [stderr] Cloning into '/workspace/builds/worker-1-tc1/source'...
[INFO] [stderr] done.
[INFO] validating manifest of git repo https://github.com/wolfspider/limbo-freebsd on toolchain 1.83.0
[INFO] running `Command { std: CARGO_HOME="/workspace/cargo-home" RUSTUP_HOME="/workspace/rustup-home" "/workspace/cargo-home/bin/cargo" "+1.83.0" "metadata" "--manifest-path" "Cargo.toml" "--no-deps", kill_on_drop: false }`
[INFO] started tweaking git repo https://github.com/wolfspider/limbo-freebsd
[INFO] finished tweaking git repo https://github.com/wolfspider/limbo-freebsd
[INFO] tweaked toml for git repo https://github.com/wolfspider/limbo-freebsd written to /workspace/builds/worker-1-tc1/source/Cargo.toml
[INFO] crate git repo https://github.com/wolfspider/limbo-freebsd already has a lockfile, it will not be regenerated
[INFO] running `Command { std: CARGO_HOME="/workspace/cargo-home" RUSTUP_HOME="/workspace/rustup-home" "/workspace/cargo-home/bin/cargo" "+1.83.0" "fetch" "--manifest-path" "Cargo.toml", kill_on_drop: false }`
[INFO] [stderr]     Updating crates.io index
[INFO] [stderr]  Downloading crates ...
[INFO] [stderr]   Downloaded julian_day_converter v0.3.2
[INFO] [stderr]   Downloaded sieve-cache v0.1.4
[INFO] [stderr]   Downloaded pyo3-macros v0.22.2
[INFO] [stderr]   Downloaded symbolic-common v12.9.2
[INFO] [stderr]   Downloaded cfg_block v0.1.1
[INFO] [stderr]   Downloaded cli-table-derive v0.4.6
[INFO] [stderr]   Downloaded pyo3-build-config v0.22.2
[INFO] [stderr]   Downloaded rgb v0.8.40
[INFO] [stderr]   Downloaded pyo3-macros-backend v0.22.2
[INFO] [stderr]   Downloaded pyo3-ffi v0.22.2
[INFO] [stderr]   Downloaded inferno v0.11.19
[INFO] [stderr]   Downloaded sqlite3-parser v0.13.0
[INFO] [stderr]   Downloaded symbolic-demangle v12.9.2
[INFO] [stderr]   Downloaded io-uring v0.6.4
[INFO] [stderr]   Downloaded cbindgen v0.27.0
[INFO] [stderr]   Downloaded cli-table v0.4.9
[INFO] [stderr]   Downloaded mio-aio v0.9.0
[INFO] [stderr]   Downloaded pyo3 v0.22.2
[INFO] [stderr]   Downloaded jsonb v0.4.1
[INFO] running `Command { std: "docker" "create" "-v" "/var/lib/crater-agent-workspace/builds/worker-1-tc1/target:/opt/rustwide/target:rw,Z" "-v" "/var/lib/crater-agent-workspace/builds/worker-1-tc1/source:/opt/rustwide/workdir:ro,Z" "-v" "/var/lib/crater-agent-workspace/cargo-home:/opt/rustwide/cargo-home:ro,Z" "-v" "/var/lib/crater-agent-workspace/rustup-home:/opt/rustwide/rustup-home:ro,Z" "-e" "SOURCE_DIR=/opt/rustwide/workdir" "-e" "CARGO_TARGET_DIR=/opt/rustwide/target" "-e" "CARGO_HOME=/opt/rustwide/cargo-home" "-e" "RUSTUP_HOME=/opt/rustwide/rustup-home" "-w" "/opt/rustwide/workdir" "-m" "1610612736" "--user" "0:0" "--network" "none" "ghcr.io/rust-lang/crates-build-env/linux@sha256:f3a9d4ad9d972b27faf3965f35b62e55ba32bbce8f20bc8fe909558a86702fde" "/opt/rustwide/cargo-home/bin/cargo" "+1.83.0" "metadata" "--no-deps" "--format-version=1", kill_on_drop: false }`
[INFO] [stdout] 01443dd7c62f22d8e6641ebfed798aa91e4b7b6610b5ffbaf689ad95a6870a1e
[INFO] running `Command { std: "docker" "start" "-a" "01443dd7c62f22d8e6641ebfed798aa91e4b7b6610b5ffbaf689ad95a6870a1e", kill_on_drop: false }`
[INFO] running `Command { std: "docker" "inspect" "01443dd7c62f22d8e6641ebfed798aa91e4b7b6610b5ffbaf689ad95a6870a1e", kill_on_drop: false }`
[INFO] running `Command { std: "docker" "rm" "-f" "01443dd7c62f22d8e6641ebfed798aa91e4b7b6610b5ffbaf689ad95a6870a1e", kill_on_drop: false }`
[INFO] [stdout] 01443dd7c62f22d8e6641ebfed798aa91e4b7b6610b5ffbaf689ad95a6870a1e
[INFO] running `Command { std: "docker" "create" "-v" "/var/lib/crater-agent-workspace/builds/worker-1-tc1/target:/opt/rustwide/target:rw,Z" "-v" "/var/lib/crater-agent-workspace/builds/worker-1-tc1/source:/opt/rustwide/workdir:ro,Z" "-v" "/var/lib/crater-agent-workspace/cargo-home:/opt/rustwide/cargo-home:ro,Z" "-v" "/var/lib/crater-agent-workspace/rustup-home:/opt/rustwide/rustup-home:ro,Z" "-e" "SOURCE_DIR=/opt/rustwide/workdir" "-e" "CARGO_TARGET_DIR=/opt/rustwide/target" "-e" "CARGO_INCREMENTAL=0" "-e" "RUST_BACKTRACE=full" "-e" "RUSTFLAGS=--cap-lints=warn" "-e" "RUSTDOCFLAGS=--cap-lints=warn" "-e" "CARGO_HOME=/opt/rustwide/cargo-home" "-e" "RUSTUP_HOME=/opt/rustwide/rustup-home" "-w" "/opt/rustwide/workdir" "-m" "1610612736" "--user" "0:0" "--network" "none" "ghcr.io/rust-lang/crates-build-env/linux@sha256:f3a9d4ad9d972b27faf3965f35b62e55ba32bbce8f20bc8fe909558a86702fde" "/opt/rustwide/cargo-home/bin/cargo" "+1.83.0" "build" "--frozen" "--message-format=json", kill_on_drop: false }`
[INFO] [stdout] 6e88d70dcf4c9babedb999e53ee1e7cd96a3e67ce5721e8b5f8d2ea4ae39db95
[INFO] running `Command { std: "docker" "start" "-a" "6e88d70dcf4c9babedb999e53ee1e7cd96a3e67ce5721e8b5f8d2ea4ae39db95", kill_on_drop: false }`
[INFO] [stderr]    Compiling proc-macro2 v1.0.86
[INFO] [stderr]    Compiling unicode-ident v1.0.12
[INFO] [stderr]    Compiling once_cell v1.19.0
[INFO] [stderr]    Compiling cfg-if v1.0.0
[INFO] [stderr]    Compiling version_check v0.9.5
[INFO] [stderr]    Compiling libc v0.2.155
[INFO] [stderr]    Compiling memchr v2.7.4
[INFO] [stderr]    Compiling serde v1.0.204
[INFO] [stderr]    Compiling bitflags v2.6.0
[INFO] [stderr]    Compiling target-lexicon v0.12.16
[INFO] [stderr]    Compiling autocfg v1.3.0
[INFO] [stderr]    Compiling cc v1.0.104
[INFO] [stderr]    Compiling anstyle v1.0.7
[INFO] [stderr]    Compiling equivalent v1.0.1
[INFO] [stderr]    Compiling itoa v1.0.11
[INFO] [stderr]    Compiling ryu v1.0.18
[INFO] [stderr]    Compiling siphasher v0.3.11
[INFO] [stderr]    Compiling zerocopy v0.7.35
[INFO] [stderr]    Compiling allocator-api2 v0.2.18
[INFO] [stderr]    Compiling utf8parse v0.2.2
[INFO] [stderr]    Compiling rand_core v0.6.4
[INFO] [stderr]    Compiling thiserror v1.0.61
[INFO] [stderr]    Compiling log v0.4.22
[INFO] [stderr]    Compiling regex-syntax v0.8.4
[INFO] [stderr]    Compiling is_terminal_polyfill v1.70.0
[INFO] [stderr]    Compiling rand v0.8.5
[INFO] [stderr]    Compiling anstyle-parse v0.2.4
[INFO] [stderr]    Compiling anstyle-query v1.1.0
[INFO] [stderr]    Compiling ucd-trie v0.1.6
[INFO] [stderr]    Compiling num-traits v0.2.19
[INFO] [stderr]    Compiling rustix v0.38.34
[INFO] [stderr]    Compiling uncased v0.9.10
[INFO] [stderr]    Compiling ahash v0.8.11
[INFO] [stderr]    Compiling colorchoice v1.0.1
[INFO] [stderr]    Compiling aho-corasick v1.1.3
[INFO] [stderr]    Compiling anstream v0.6.14
[INFO] [stderr]    Compiling bitflags v1.3.2
[INFO] [stderr]    Compiling serde_json v1.0.120
[INFO] [stderr]    Compiling linux-raw-sys v0.4.14
[INFO] [stderr]    Compiling pyo3-build-config v0.22.2
[INFO] [stderr]    Compiling ppv-lite86 v0.2.17
[INFO] [stderr]    Compiling quote v1.0.36
[INFO] [stderr]    Compiling phf_shared v0.11.2
[INFO] [stderr]    Compiling mockall_derive v0.13.0
[INFO] [stderr]    Compiling cfg_aliases v0.2.1
[INFO] [stderr]    Compiling hashbrown v0.14.5
[INFO] [stderr]    Compiling predicates-core v1.0.8
[INFO] [stderr]    Compiling phf_generator v0.11.2
[INFO] [stderr]    Compiling nix v0.29.0
[INFO] [stderr]    Compiling syn v2.0.69
[INFO] [stderr]    Compiling phf_codegen v0.11.2
[INFO] [stderr]    Compiling minimal-lexical v0.2.1
[INFO] [stderr]    Compiling io-uring v0.6.4
[INFO] [stderr]    Compiling iana-time-zone v0.1.60
[INFO] [stderr]    Compiling strsim v0.11.1
[INFO] [stderr]    Compiling clap_lex v0.7.1
[INFO] [stderr]    Compiling termtree v0.4.1
[INFO] [stderr]    Compiling predicates-tree v1.0.11
[INFO] [stderr]    Compiling phf v0.11.2
[INFO] [stderr]    Compiling clap_builder v4.5.8
[INFO] [stderr]    Compiling nom v7.1.3
[INFO] [stderr]    Compiling predicates v3.1.2
[INFO] [stderr]    Compiling downcast v0.11.0
[INFO] [stderr]    Compiling fragile v2.0.0
[INFO] [stderr]    Compiling chrono v0.4.38
[INFO] [stderr]    Compiling ordered-float v4.2.1
[INFO] [stderr]    Compiling fallible-iterator v0.3.0
[INFO] [stderr]    Compiling byteorder v1.5.0
[INFO] [stderr]    Compiling fast-float v0.2.0
[INFO] [stderr]    Compiling wasm-bindgen-shared v0.2.92
[INFO] [stderr]    Compiling heck v0.5.0
[INFO] [stderr]    Compiling libmimalloc-sys v0.1.39
[INFO] [stderr]    Compiling sqlite3-parser v0.13.0
[INFO] [stderr]    Compiling sieve-cache v0.1.4
[INFO] [stderr]    Compiling getrandom v0.2.15
[INFO] [stderr]    Compiling hex v0.4.3
[INFO] [stderr]    Compiling cfg_block v0.1.1
[INFO] [stderr]    Compiling rand_chacha v0.3.1
[INFO] [stderr]    Compiling bumpalo v3.16.0
[INFO] [stderr]    Compiling smallvec v1.13.2
[INFO] [stderr]    Compiling regex-automata v0.4.7
[INFO] [stderr]    Compiling winnow v0.6.18
[INFO] [stderr]    Compiling indexmap v2.2.6
[INFO] [stderr]    Compiling fastrand v2.1.0
[INFO] [stderr]    Compiling julian_day_converter v0.3.2
[INFO] [stderr]    Compiling anyhow v1.0.86
[INFO] [stderr]    Compiling tempfile v3.10.1
[INFO] [stderr]    Compiling mimalloc v0.1.43
[INFO] [stderr]    Compiling pyo3-macros-backend v0.22.2
[INFO] [stderr]    Compiling pyo3-ffi v0.22.2
[INFO] [stderr]    Compiling syn v1.0.109
[INFO] [stderr]    Compiling vcpkg v0.2.15
[INFO] [stderr]    Compiling cbindgen v0.27.0
[INFO] [stderr]    Compiling humantime v2.1.0
[INFO] [stderr]    Compiling pkg-config v0.3.30
[INFO] [stderr]    Compiling cfg_aliases v0.1.1
[INFO] [stderr]    Compiling nix v0.28.0
[INFO] [stderr]    Compiling nibble_vec v0.1.0
[INFO] [stderr]    Compiling memoffset v0.9.1
[INFO] [stderr]    Compiling wasm-bindgen v0.2.92
[INFO] [stderr]    Compiling unicode-width v0.1.13
[INFO] [stderr]    Compiling endian-type v0.1.2
[INFO] [stderr]    Compiling heck v0.4.1
[INFO] [stderr]    Compiling termcolor v1.4.1
[INFO] [stderr]    Compiling option-ext v0.2.0
[INFO] [stderr]    Compiling dirs-sys v0.4.1
[INFO] [stderr]    Compiling radix_trie v0.2.1
[INFO] [stderr]    Compiling fd-lock v3.0.13
[INFO] [stderr]    Compiling pyo3 v0.22.2
[INFO] [stderr]    Compiling is-terminal v0.4.12
[INFO] [stderr]    Compiling nix v0.26.4
[INFO] [stderr]    Compiling csv-core v0.1.11
[INFO] [stderr]    Compiling home v0.5.9
[INFO] [stderr]    Compiling unicode-segmentation v1.11.0
[INFO] [stderr]    Compiling dirs v5.0.1
[INFO] [stderr]    Compiling py-limbo v0.0.4 (/opt/rustwide/workdir/bindings/python)
[INFO] [stderr]    Compiling libsqlite3-sys v0.26.0
[INFO] [stderr]    Compiling clap v4.5.8
[INFO] [stderr]    Compiling hashlink v0.8.4
[INFO] [stderr]    Compiling fallible-streaming-iterator v0.1.9
[INFO] [stderr]    Compiling unindent v0.2.3
[INFO] [stderr]    Compiling indoc v2.0.5
[INFO] [stderr]    Compiling fallible-iterator v0.2.0
[INFO] [stderr]    Compiling rustyline v12.0.0
[INFO] [stderr]    Compiling regex v1.10.5
[INFO] [stderr]    Compiling wasm-bindgen-backend v0.2.92
[INFO] [stderr]    Compiling ctrlc v3.4.4
[INFO] [stderr]    Compiling env_filter v0.1.0
[INFO] [stderr]    Compiling env_logger v0.10.2
[INFO] [stderr]    Compiling env_logger v0.11.3
[INFO] [stderr]    Compiling serde_derive v1.0.204
[INFO] [stderr]    Compiling thiserror-impl v1.0.61
[INFO] [stderr]    Compiling clap_derive v4.5.8
[INFO] [stderr]    Compiling cli-table-derive v0.4.6
[INFO] [stderr]    Compiling wasm-bindgen-macro-support v0.2.92
[INFO] [stderr]    Compiling wasm-bindgen-macro v0.2.92
[INFO] [stderr]    Compiling pest v2.7.11
[INFO] [stderr]    Compiling pest_meta v2.7.11
[INFO] [stderr]    Compiling pyo3-macros v0.22.2
[INFO] [stderr]    Compiling mockall v0.13.0
[INFO] [stderr]    Compiling console_error_panic_hook v0.1.7
[INFO] [stderr]    Compiling pest_generator v2.7.11
[INFO] [stderr]    Compiling pest_derive v2.7.11
[INFO] [stderr]    Compiling toml_datetime v0.6.8
[INFO] [stderr]    Compiling serde_spanned v0.6.7
[INFO] [stderr]    Compiling csv v1.3.0
[INFO] [stderr]    Compiling toml_edit v0.22.20
[INFO] [stderr]    Compiling cli-table v0.4.9
[INFO] [stderr]    Compiling rusqlite v0.29.0
[INFO] [stderr]    Compiling jsonb v0.4.1
[INFO] [stderr]    Compiling toml v0.8.19
[INFO] [stderr]    Compiling limbo_core v0.0.4 (/opt/rustwide/workdir/core)
[INFO] [stderr]    Compiling core_tester v0.0.4 (/opt/rustwide/workdir/test)
[INFO] [stderr]    Compiling limbo_sqlite3 v0.0.4 (/opt/rustwide/workdir/sqlite3)
[INFO] [stderr]    Compiling limbo-wasm v0.0.4 (/opt/rustwide/workdir/bindings/wasm)
[INFO] [stderr]    Compiling limbo v0.0.4 (/opt/rustwide/workdir/cli)
[INFO] [stderr]    Compiling limbo_sim v0.0.4 (/opt/rustwide/workdir/simulator)
[INFO] [stderr]     Finished `dev` profile [unoptimized + debuginfo] target(s) in 1m 02s
[INFO] running `Command { std: "docker" "inspect" "6e88d70dcf4c9babedb999e53ee1e7cd96a3e67ce5721e8b5f8d2ea4ae39db95", kill_on_drop: false }`
[INFO] running `Command { std: "docker" "rm" "-f" "6e88d70dcf4c9babedb999e53ee1e7cd96a3e67ce5721e8b5f8d2ea4ae39db95", kill_on_drop: false }`
[INFO] [stdout] 6e88d70dcf4c9babedb999e53ee1e7cd96a3e67ce5721e8b5f8d2ea4ae39db95
[INFO] running `Command { std: "docker" "create" "-v" "/var/lib/crater-agent-workspace/builds/worker-1-tc1/target:/opt/rustwide/target:rw,Z" "-v" "/var/lib/crater-agent-workspace/builds/worker-1-tc1/source:/opt/rustwide/workdir:ro,Z" "-v" "/var/lib/crater-agent-workspace/cargo-home:/opt/rustwide/cargo-home:ro,Z" "-v" "/var/lib/crater-agent-workspace/rustup-home:/opt/rustwide/rustup-home:ro,Z" "-e" "SOURCE_DIR=/opt/rustwide/workdir" "-e" "CARGO_TARGET_DIR=/opt/rustwide/target" "-e" "CARGO_INCREMENTAL=0" "-e" "RUST_BACKTRACE=full" "-e" "RUSTFLAGS=--cap-lints=warn" "-e" "RUSTDOCFLAGS=--cap-lints=warn" "-e" "CARGO_HOME=/opt/rustwide/cargo-home" "-e" "RUSTUP_HOME=/opt/rustwide/rustup-home" "-w" "/opt/rustwide/workdir" "-m" "1610612736" "--user" "0:0" "--network" "none" "ghcr.io/rust-lang/crates-build-env/linux@sha256:f3a9d4ad9d972b27faf3965f35b62e55ba32bbce8f20bc8fe909558a86702fde" "/opt/rustwide/cargo-home/bin/cargo" "+1.83.0" "test" "--frozen" "--no-run" "--message-format=json", kill_on_drop: false }`
[INFO] [stdout] 2e17360cc24ac61aa122a9ce7fe8a6a7cf28e26a75fa3e8b606bbc01e8e5c8da
[INFO] running `Command { std: "docker" "start" "-a" "2e17360cc24ac61aa122a9ce7fe8a6a7cf28e26a75fa3e8b606bbc01e8e5c8da", kill_on_drop: false }`
[INFO] [stderr]    Compiling serde v1.0.204
[INFO] [stderr]    Compiling ahash v0.8.11
[INFO] [stderr]    Compiling num-traits v0.2.19
[INFO] [stderr]    Compiling serde_json v1.0.120
[INFO] [stderr]    Compiling syn v2.0.69
[INFO] [stderr]    Compiling slab v0.4.9
[INFO] [stderr]    Compiling semver v1.0.23
[INFO] [stderr]    Compiling futures-sink v0.3.30
[INFO] [stderr]    Compiling futures-core v0.3.30
[INFO] [stderr]    Compiling futures-task v0.3.30
[INFO] [stderr]    Compiling pin-utils v0.1.0
[INFO] [stderr]    Compiling pin-project-lite v0.2.14
[INFO] [stderr]    Compiling futures-io v0.3.30
[INFO] [stderr]    Compiling crossbeam-utils v0.8.20
[INFO] [stderr]    Compiling either v1.13.0
[INFO] [stderr]    Compiling rayon-core v1.12.1
[INFO] [stderr]    Compiling futures-channel v0.3.30
[INFO] [stderr]    Compiling lock_api v0.4.12
[INFO] [stderr]    Compiling half v2.4.1
[INFO] [stderr]    Compiling plotters-backend v0.3.6
[INFO] [stderr]    Compiling cpp_demangle v0.4.3
[INFO] [stderr]    Compiling ciborium-io v0.2.2
[INFO] [stderr]    Compiling parking_lot_core v0.9.10
[INFO] [stderr]    Compiling uuid v1.9.1
[INFO] [stderr]    Compiling relative-path v1.9.3
[INFO] [stderr]    Compiling glob v0.3.1
[INFO] [stderr]    Compiling plotters-svg v0.3.6
[INFO] [stderr]    Compiling itertools v0.10.5
[INFO] [stderr]    Compiling memmap2 v0.9.4
[INFO] [stderr]    Compiling backtrace v0.3.73
[INFO] [stderr]    Compiling findshlibs v0.10.2
[INFO] [stderr]    Compiling hashbrown v0.14.5
[INFO] [stderr]    Compiling rustc_version v0.4.0
[INFO] [stderr]    Compiling debugid v0.8.0
[INFO] [stderr]    Compiling ciborium-ll v0.2.2
[INFO] [stderr]    Compiling symbolic-demangle v12.9.2
[INFO] [stderr]    Compiling adler v1.0.2
[INFO] [stderr]    Compiling rustc-demangle v0.1.24
[INFO] [stderr]    Compiling arrayvec v0.7.4
[INFO] [stderr]    Compiling bytemuck v1.16.1
[INFO] [stderr]    Compiling futures-timer v3.0.3
[INFO] [stderr]    Compiling cast v0.3.0
[INFO] [stderr]    Compiling gimli v0.29.0
[INFO] [stderr]    Compiling scopeguard v1.2.0
[INFO] [stderr]    Compiling stable_deref_trait v1.2.0
[INFO] [stderr]    Compiling same-file v1.0.6
[INFO] [stderr]    Compiling symbolic-common v12.9.2
[INFO] [stderr]    Compiling miniz_oxide v0.7.4
[INFO] [stderr]    Compiling rstest_macros v0.18.2
[INFO] [stderr]    Compiling walkdir v2.5.0
[INFO] [stderr]    Compiling num-format v0.4.4
[INFO] [stderr]    Compiling rgb v0.8.40
[INFO] [stderr]    Compiling crossbeam-epoch v0.9.18
[INFO] [stderr]    Compiling ordered-float v4.2.1
[INFO] [stderr]    Compiling chrono v0.4.38
[INFO] [stderr]    Compiling plotters v0.3.6
[INFO] [stderr]    Compiling quick-xml v0.26.0
[INFO] [stderr]    Compiling object v0.36.1
[INFO] [stderr]    Compiling hashlink v0.8.4
[INFO] [stderr]    Compiling anes v0.1.6
[INFO] [stderr]    Compiling pprof v0.12.1
[INFO] [stderr]    Compiling crossbeam-deque v0.8.5
[INFO] [stderr]    Compiling str_stack v0.1.0
[INFO] [stderr]    Compiling oorandom v11.1.4
[INFO] [stderr]    Compiling parking_lot v0.12.3
[INFO] [stderr]    Compiling rusqlite v0.29.0
[INFO] [stderr]    Compiling criterion-plot v0.5.0
[INFO] [stderr]    Compiling rayon v1.10.0
[INFO] [stderr]    Compiling julian_day_converter v0.3.2
[INFO] [stderr]    Compiling addr2line v0.22.0
[INFO] [stderr]    Compiling wasm-bindgen-backend v0.2.92
[INFO] [stderr]    Compiling pyo3-macros-backend v0.22.2
[INFO] [stderr]    Compiling serde_derive v1.0.204
[INFO] [stderr]    Compiling thiserror-impl v1.0.61
[INFO] [stderr]    Compiling mockall_derive v0.13.0
[INFO] [stderr]    Compiling futures-macro v0.3.30
[INFO] [stderr]    Compiling clap_derive v4.5.8
[INFO] [stderr]    Compiling wasm-bindgen-macro-support v0.2.92
[INFO] [stderr]    Compiling futures-util v0.3.30
[INFO] [stderr]    Compiling wasm-bindgen-macro v0.2.92
[INFO] [stderr]    Compiling thiserror v1.0.61
[INFO] [stderr]    Compiling pest v2.7.11
[INFO] [stderr]    Compiling wasm-bindgen v0.2.92
[INFO] [stderr]    Compiling clap v4.5.8
[INFO] [stderr]    Compiling console_error_panic_hook v0.1.7
[INFO] [stderr]    Compiling pyo3-macros v0.22.2
[INFO] [stderr]    Compiling pest_meta v2.7.11
[INFO] [stderr]    Compiling mockall v0.13.0
[INFO] [stderr]    Compiling pest_generator v2.7.11
[INFO] [stderr]    Compiling pyo3 v0.22.2
[INFO] [stderr]    Compiling futures-executor v0.3.30
[INFO] [stderr]    Compiling futures v0.3.30
[INFO] [stderr]    Compiling rstest v0.18.2
[INFO] [stderr]    Compiling pest_derive v2.7.11
[INFO] [stderr]    Compiling indexmap v2.2.6
[INFO] [stderr]    Compiling ciborium v0.2.2
[INFO] [stderr]    Compiling csv v1.3.0
[INFO] [stderr]    Compiling toml_datetime v0.6.8
[INFO] [stderr]    Compiling serde_spanned v0.6.7
[INFO] [stderr]    Compiling cli-table v0.4.9
[INFO] [stderr]    Compiling toml_edit v0.22.20
[INFO] [stderr]    Compiling sqlite3-parser v0.13.0
[INFO] [stderr]    Compiling inferno v0.11.19
[INFO] [stderr]    Compiling jsonb v0.4.1
[INFO] [stderr]    Compiling tinytemplate v1.2.1
[INFO] [stderr]    Compiling criterion v0.5.1
[INFO] [stderr]    Compiling toml v0.8.19
[INFO] [stderr]    Compiling limbo_core v0.0.4 (/opt/rustwide/workdir/core)
[INFO] [stderr]    Compiling cbindgen v0.27.0
[INFO] [stderr]    Compiling core_tester v0.0.4 (/opt/rustwide/workdir/test)
[INFO] [stderr]    Compiling limbo_sqlite3 v0.0.4 (/opt/rustwide/workdir/sqlite3)
[INFO] [stderr]    Compiling limbo_sim v0.0.4 (/opt/rustwide/workdir/simulator)
[INFO] [stderr]    Compiling limbo-wasm v0.0.4 (/opt/rustwide/workdir/bindings/wasm)
[INFO] [stderr]    Compiling py-limbo v0.0.4 (/opt/rustwide/workdir/bindings/python)
[INFO] [stderr]    Compiling limbo v0.0.4 (/opt/rustwide/workdir/cli)
[INFO] [stderr]     Finished `test` profile [unoptimized + debuginfo] target(s) in 50.06s
[INFO] running `Command { std: "docker" "inspect" "2e17360cc24ac61aa122a9ce7fe8a6a7cf28e26a75fa3e8b606bbc01e8e5c8da", kill_on_drop: false }`
[INFO] running `Command { std: "docker" "rm" "-f" "2e17360cc24ac61aa122a9ce7fe8a6a7cf28e26a75fa3e8b606bbc01e8e5c8da", kill_on_drop: false }`
[INFO] [stdout] 2e17360cc24ac61aa122a9ce7fe8a6a7cf28e26a75fa3e8b606bbc01e8e5c8da
[INFO] running `Command { std: "docker" "create" "-v" "/var/lib/crater-agent-workspace/builds/worker-1-tc1/target:/opt/rustwide/target:rw,Z" "-v" "/var/lib/crater-agent-workspace/builds/worker-1-tc1/source:/opt/rustwide/workdir:ro,Z" "-v" "/var/lib/crater-agent-workspace/cargo-home:/opt/rustwide/cargo-home:ro,Z" "-v" "/var/lib/crater-agent-workspace/rustup-home:/opt/rustwide/rustup-home:ro,Z" "-e" "SOURCE_DIR=/opt/rustwide/workdir" "-e" "CARGO_TARGET_DIR=/opt/rustwide/target" "-e" "CARGO_INCREMENTAL=0" "-e" "RUST_BACKTRACE=full" "-e" "RUSTFLAGS=--cap-lints=warn" "-e" "RUSTDOCFLAGS=--cap-lints=warn" "-e" "CARGO_HOME=/opt/rustwide/cargo-home" "-e" "RUSTUP_HOME=/opt/rustwide/rustup-home" "-w" "/opt/rustwide/workdir" "-m" "1610612736" "--user" "0:0" "--network" "none" "ghcr.io/rust-lang/crates-build-env/linux@sha256:f3a9d4ad9d972b27faf3965f35b62e55ba32bbce8f20bc8fe909558a86702fde" "/opt/rustwide/cargo-home/bin/cargo" "+1.83.0" "test" "--frozen", kill_on_drop: false }`
[INFO] [stdout] 24cc6f6f50426b4cc7f922a2157db5bc2f71a305074e8fce16734781dab2d7b0
[INFO] running `Command { std: "docker" "start" "-a" "24cc6f6f50426b4cc7f922a2157db5bc2f71a305074e8fce16734781dab2d7b0", kill_on_drop: false }`
[INFO] [stderr]     Finished `test` profile [unoptimized + debuginfo] target(s) in 0.60s
[INFO] [stderr]      Running unittests src/lib.rs (/opt/rustwide/target/debug/deps/test-61687d014ca63934)
[INFO] [stdout] 
[INFO] [stdout] running 3 tests
[INFO] [stdout] test tests::test_sequential_overflow_page ... ignored
[INFO] [stdout] test tests::test_sequential_write ... ignored
[INFO] [stdout] test tests::test_simple_overflow_page ... ignored
[INFO] [stdout] 
[INFO] [stdout] test result: ok. 0 passed; 0 failed; 3 ignored; 0 measured; 0 filtered out; finished in 0.00s
[INFO] [stdout] 
[INFO] [stderr]      Running unittests main.rs (/opt/rustwide/target/debug/deps/limbo-0fec1c17a07928a3)
[INFO] [stdout] 
[INFO] [stdout] running 0 tests
[INFO] [stdout] 
[INFO] [stdout] test result: ok. 0 passed; 0 failed; 0 ignored; 0 measured; 0 filtered out; finished in 0.00s
[INFO] [stdout] 
[INFO] [stderr]      Running unittests lib.rs (/opt/rustwide/target/debug/deps/limbo_wasm-c350351e4327aaa9)
[INFO] [stdout] 
[INFO] [stdout] running 0 tests
[INFO] [stdout] 
[INFO] [stdout] test result: ok. 0 passed; 0 failed; 0 ignored; 0 measured; 0 filtered out; finished in 0.00s
[INFO] [stdout] 
[INFO] [stderr]      Running unittests lib.rs (/opt/rustwide/target/debug/deps/limbo_core-1f4a91b905d86fe8)
[INFO] [stdout] 
[INFO] [stdout] running 136 tests
[INFO] [stdout] test json::tests::test_get_json_blob_valid_jsonb ... ok
[INFO] [stdout] test json::tests::test_get_json_blob_invalid_jsonb ... ok
[INFO] [stdout] test json::tests::test_get_json_non_text ... ok
[INFO] [stdout] test json::tests::test_get_json_invalid_json5 ... ok
[INFO] [stdout] test json::tests::test_get_json_valid_json5 ... ok
[INFO] [stdout] test json::tests::test_get_json_invalid_jsonb ... ok
[INFO] [stdout] test json::tests::test_get_json_valid_json5_double_single_quotes ... ok
[INFO] [stdout] test json::tests::test_get_json_valid_json5_infinity ... ok
[INFO] [stdout] test json::tests::test_get_json_valid_jsonb ... ok
[INFO] [stdout] test json::tests::test_get_json_valid_json5_nan ... ok
[INFO] [stdout] test schema::tests::test_column_is_rowid_alias_single_integer_separate_primary_key_definition ... ok
[INFO] [stdout] test json::tests::test_get_json_valid_json5_negative_infinity ... ok
[INFO] [stdout] test schema::tests::test_primary_key_inline_single ... ok
[INFO] [stdout] test schema::tests::test_primary_key_inline_multiple ... ok
[INFO] [stdout] test schema::tests::test_primary_key_separate_single_doubly_quoted ... ok
[INFO] [stdout] test schema::tests::test_primary_key_separate_multiple ... ok
[INFO] [stdout] test schema::tests::test_column_is_rowid_alias_single_integer ... ok
[INFO] [stdout] test schema::tests::test_column_is_rowid_alias_inline_composite_primary_key ... ok
[INFO] [stdout] test schema::tests::test_column_is_rowid_alias_single_integer_without_rowid ... ok
[INFO] [stdout] test schema::tests::test_column_is_rowid_alias_single_text ... ok
[INFO] [stdout] test schema::tests::test_column_is_rowid_alias_separate_composite_primary_key_definition ... ok
[INFO] [stdout] test schema::tests::test_has_rowid_true ... ok
[INFO] [stdout] test schema::tests::test_primary_key_separate_single ... ok
[INFO] [stdout] test storage::sqlite3_ondisk::tests::read_varint_test::case_3 ... ok
[INFO] [stdout] test schema::tests::test_primary_key_separate_single_quoted ... ok
[INFO] [stdout] test storage::sqlite3_ondisk::tests::read_varint_test::case_5 ... ok
[INFO] [stdout] test storage::sqlite3_ondisk::tests::read_varint_test::case_1 ... ok
[INFO] [stdout] test storage::sqlite3_ondisk::tests::read_varint_test::case_4 ... ok
[INFO] [stdout] test storage::sqlite3_ondisk::tests::read_varint_test::case_6 ... ok
[INFO] [stdout] test storage::sqlite3_ondisk::tests::read_varint_test::case_2 ... ok
[INFO] [stdout] test storage::sqlite3_ondisk::tests::read_varint_test::case_7 ... ok
[INFO] [stdout] test storage::sqlite3_ondisk::tests::test_read_invalid_serial_type ... ok
[INFO] [stdout] test schema::tests::test_column_is_rowid_alias_single_integer_separate_primary_key_definition_without_rowid ... ok
[INFO] [stdout] test schema::tests::test_sqlite_schema ... ok
[INFO] [stdout] test storage::sqlite3_ondisk::tests::read_varint_test::case_9 ... ok
[INFO] [stdout] test storage::sqlite3_ondisk::tests::test_read_invalid_value::case_1 ... ok
[INFO] [stdout] test storage::sqlite3_ondisk::tests::test_read_invalid_value::case_2 ... ok
[INFO] [stdout] test schema::tests::test_has_rowid_false ... ok
[INFO] [stdout] test storage::sqlite3_ondisk::tests::read_varint_test::case_8 ... ok
[INFO] [stdout] test storage::sqlite3_ondisk::tests::test_read_invalid_value::case_4 ... ok
[INFO] [stdout] test storage::sqlite3_ondisk::tests::test_read_invalid_value::case_7 ... ok
[INFO] [stdout] test storage::sqlite3_ondisk::tests::test_read_invalid_value::case_8 ... ok
[INFO] [stdout] test storage::sqlite3_ondisk::tests::test_read_invalid_value::case_9 ... ok
[INFO] [stdout] test storage::sqlite3_ondisk::tests::test_read_serial_type::case_01 ... ok
[INFO] [stdout] test storage::sqlite3_ondisk::tests::test_read_serial_type::case_02 ... ok
[INFO] [stdout] test storage::sqlite3_ondisk::tests::test_read_serial_type::case_03 ... ok
[INFO] [stdout] test storage::sqlite3_ondisk::tests::test_read_serial_type::case_06 ... ok
[INFO] [stdout] test storage::sqlite3_ondisk::tests::test_read_serial_type::case_04 ... ok
[INFO] [stdout] test storage::sqlite3_ondisk::tests::test_read_serial_type::case_07 ... ok
[INFO] [stdout] test storage::sqlite3_ondisk::tests::test_read_serial_type::case_08 ... ok
[INFO] [stdout] test storage::sqlite3_ondisk::tests::test_read_serial_type::case_09 ... ok
[INFO] [stdout] test storage::sqlite3_ondisk::tests::test_read_serial_type::case_10 ... ok
[INFO] [stdout] test storage::sqlite3_ondisk::tests::test_read_serial_type::case_11 ... ok
[INFO] [stdout] test storage::sqlite3_ondisk::tests::test_read_serial_type::case_12 ... ok
[INFO] [stdout] test storage::sqlite3_ondisk::tests::test_read_serial_type::case_13 ... ok
[INFO] [stdout] test storage::sqlite3_ondisk::tests::test_read_value::case_01 ... ok
[INFO] [stdout] test storage::sqlite3_ondisk::tests::test_read_serial_type::case_14 ... ok
[INFO] [stdout] test storage::sqlite3_ondisk::tests::test_read_value::case_02 ... ok
[INFO] [stdout] test storage::sqlite3_ondisk::tests::test_read_value::case_03 ... ok
[INFO] [stdout] test storage::sqlite3_ondisk::tests::test_read_value::case_04 ... ok
[INFO] [stdout] test storage::sqlite3_ondisk::tests::test_read_value::case_06 ... ok
[INFO] [stdout] test storage::sqlite3_ondisk::tests::test_read_value::case_05 ... ok
[INFO] [stdout] test storage::sqlite3_ondisk::tests::test_read_value::case_09 ... ok
[INFO] [stdout] test storage::sqlite3_ondisk::tests::test_read_value::case_10 ... ok
[INFO] [stdout] test storage::sqlite3_ondisk::tests::test_read_value::case_07 ... ok
[INFO] [stdout] test storage::sqlite3_ondisk::tests::test_read_value::case_11 ... ok
[INFO] [stdout] test storage::sqlite3_ondisk::tests::test_write_varint::case_01 ... ok
[INFO] [stdout] test storage::sqlite3_ondisk::tests::test_write_varint::case_02 ... ok
[INFO] [stdout] test storage::sqlite3_ondisk::tests::test_write_varint::case_03 ... ok
[INFO] [stdout] test storage::sqlite3_ondisk::tests::test_write_varint::case_04 ... ok
[INFO] [stdout] test storage::sqlite3_ondisk::tests::test_write_varint::case_05 ... ok
[INFO] [stdout] test storage::sqlite3_ondisk::tests::test_write_varint::case_06 ... ok
[INFO] [stdout] test storage::sqlite3_ondisk::tests::test_write_varint::case_07 ... ok
[INFO] [stdout] test vdbe::datetime::tests::test_apply_modifier_date_time_offset ... ignored
[INFO] [stdout] test storage::sqlite3_ondisk::tests::test_write_varint::case_08 ... ok
[INFO] [stdout] test vdbe::datetime::tests::test_apply_modifier_days ... ok
[INFO] [stdout] test storage::sqlite3_ondisk::tests::test_write_varint::case_10 ... ok
[INFO] [stdout] test vdbe::datetime::tests::test_apply_modifier_hours ... ok
[INFO] [stdout] test storage::sqlite3_ondisk::tests::test_write_varint::case_09 ... ok
[INFO] [stdout] test vdbe::datetime::tests::test_apply_modifier_start_of_year ... ok
[INFO] [stdout] test storage::sqlite3_ondisk::tests::test_read_serial_type::case_05 ... ok
[INFO] [stdout] test vdbe::datetime::tests::test_apply_modifier_start_of_day ... ok
[INFO] [stdout] test vdbe::datetime::tests::test_invalid_get_date_from_time_value ... ok
[INFO] [stdout] test vdbe::datetime::tests::test_apply_modifier_minutes ... ok
[INFO] [stdout] test vdbe::datetime::tests::test_invalid_get_time_from_datetime_value ... ok
[INFO] [stdout] test storage::sqlite3_ondisk::tests::test_read_invalid_value::case_3 ... ok
[INFO] [stdout] test storage::sqlite3_ondisk::tests::test_read_invalid_varint ... ok
[INFO] [stdout] test vdbe::datetime::tests::test_parse_date_offset ... ok
[INFO] [stdout] test storage::sqlite3_ondisk::tests::test_read_invalid_value::case_5 ... ok
[INFO] [stdout] test storage::sqlite3_ondisk::tests::test_read_invalid_value::case_6 ... ok
[INFO] [stdout] test vdbe::datetime::tests::test_parse_days ... ok
[INFO] [stdout] test vdbe::datetime::tests::test_parse_hours ... ok
[INFO] [stdout] test vdbe::datetime::tests::test_apply_modifier_seconds ... ok
[INFO] [stdout] test storage::sqlite3_ondisk::tests::test_read_value::case_08 ... ok
[INFO] [stdout] test storage::sqlite3_ondisk::tests::test_read_value::case_12 ... ok
[INFO] [stdout] test vdbe::datetime::tests::test_parse_date_time_offset ... ok
[INFO] [stdout] test vdbe::datetime::tests::test_apply_modifier_time_offset ... ok
[INFO] [stdout] test vdbe::datetime::tests::test_parse_minutes ... ok
[INFO] [stdout] test vdbe::datetime::tests::test_parse_months ... ok
[INFO] [stdout] test vdbe::datetime::tests::test_parse_weekday ... ok
[INFO] [stdout] test vdbe::datetime::tests::test_parse_years ... ok
[INFO] [stdout] test vdbe::tests::test_exec_instr ... ok
[INFO] [stdout] test vdbe::tests::test_exec_if ... ok
[INFO] [stdout] test vdbe::datetime::tests::test_parse_invalid_modifier ... ok
[INFO] [stdout] test vdbe::datetime::tests::test_parse_other_modifiers ... ok
[INFO] [stdout] test vdbe::datetime::tests::test_parse_seconds ... ok
[INFO] [stdout] test vdbe::tests::test_exec_sign ... ok
[INFO] [stdout] test vdbe::tests::test_exec_randomblob ... ok
[INFO] [stdout] test vdbe::tests::test_exec_zeroblob ... ok
[INFO] [stdout] test vdbe::tests::test_exec_round ... ok
[INFO] [stdout] test vdbe::tests::test_execute_sqlite_version ... ok
[INFO] [stdout] test vdbe::tests::test_hex ... ok
[INFO] [stdout] test vdbe::tests::test_length ... ok
[INFO] [stdout] test vdbe::datetime::tests::test_parse_start_of ... ok
[INFO] [stdout] test vdbe::datetime::tests::test_valid_get_date_from_time_value ... ok
[INFO] [stdout] test vdbe::tests::test_quote ... ok
[INFO] [stdout] test vdbe::datetime::tests::test_valid_get_time_from_datetime_value ... ok
[INFO] [stdout] test vdbe::tests::test_min_max ... ok
[INFO] [stdout] test vdbe::tests::test_lower_case ... ok
[INFO] [stdout] test vdbe::tests::test_random ... ok
[INFO] [stdout] test vdbe::datetime::tests::test_parse_time_offset ... ok
[INFO] [stdout] test vdbe::tests::test_get_new_rowid ... ok
[INFO] [stdout] test vdbe::tests::test_rtrim ... ok
[INFO] [stdout] test io::linux::tests::test_multiple_processes_cannot_open_file ... FAILED
[INFO] [stdout] test vdbe::tests::test_typeof ... ok
[INFO] [stdout] test vdbe::tests::test_substring ... ok
[INFO] [stdout] test vdbe::tests::test_char ... ok
[INFO] [stdout] test vdbe::tests::test_trim ... ok
[INFO] [stdout] test vdbe::tests::test_unhex ... ok
[INFO] [stdout] test vdbe::tests::test_upper_case ... ok
[INFO] [stdout] test vdbe::tests::test_ltrim ... ok
[INFO] [stdout] test vdbe::tests::test_unicode ... ok
[INFO] [stdout] test vdbe::tests::test_abs ... ok
[INFO] [stdout] test vdbe::tests::test_nullif ... ok
[INFO] [stdout] test vdbe::tests::test_like_no_cache ... ok
[INFO] [stdout] test vdbe::tests::test_like_with_cache ... ok
[INFO] [stdout] 
[INFO] [stdout] failures:
[INFO] [stdout] 
[INFO] [stdout] ---- io::linux::tests::test_multiple_processes_cannot_open_file stdout ----
[INFO] [stdout] thread 'io::linux::tests::test_multiple_processes_cannot_open_file' panicked at core/io/common.rs:14:31:
[INFO] [stdout] Failed to create IO: IOError(Os { code: 1, kind: PermissionDenied, message: "Operation not permitted" })
[INFO] [stdout] stack backtrace:
[INFO] [stdout]    0:     0x62a823667b4a - std::backtrace_rs::backtrace::libunwind::trace::h5a5b8284f2d0c266
[INFO] [stdout]                                at /rustc/90b35a6239c3d8bdabc530a6a0816f7ff89a0aaf/library/std/src/../../backtrace/src/backtrace/libunwind.rs:116:5
[INFO] [stdout]    1:     0x62a823667b4a - std::backtrace_rs::backtrace::trace_unsynchronized::h76d4f1c9b0b875e3
[INFO] [stdout]                                at /rustc/90b35a6239c3d8bdabc530a6a0816f7ff89a0aaf/library/std/src/../../backtrace/src/backtrace/mod.rs:66:5
[INFO] [stdout]    2:     0x62a823667b4a - std::sys::backtrace::_print_fmt::hc4546b8364a537c6
[INFO] [stdout]                                at /rustc/90b35a6239c3d8bdabc530a6a0816f7ff89a0aaf/library/std/src/sys/backtrace.rs:66:9
[INFO] [stdout]    3:     0x62a823667b4a - <std::sys::backtrace::BacktraceLock::print::DisplayBacktrace as core::fmt::Display>::fmt::h5b6bd5631a6d1f6b
[INFO] [stdout]                                at /rustc/90b35a6239c3d8bdabc530a6a0816f7ff89a0aaf/library/std/src/sys/backtrace.rs:39:26
[INFO] [stdout]    4:     0x62a823690153 - core::fmt::rt::Argument::fmt::h270f6602a2b96f62
[INFO] [stdout]                                at /rustc/90b35a6239c3d8bdabc530a6a0816f7ff89a0aaf/library/core/src/fmt/rt.rs:177:76
[INFO] [stdout]    5:     0x62a823690153 - core::fmt::write::h7550c97b06c86515
[INFO] [stdout]                                at /rustc/90b35a6239c3d8bdabc530a6a0816f7ff89a0aaf/library/core/src/fmt/mod.rs:1186:21
[INFO] [stdout]    6:     0x62a823664813 - std::io::Write::write_fmt::h509ff860e5956e5e
[INFO] [stdout]                                at /rustc/90b35a6239c3d8bdabc530a6a0816f7ff89a0aaf/library/std/src/io/mod.rs:1839:15
[INFO] [stdout]    7:     0x62a823667992 - std::sys::backtrace::BacktraceLock::print::h2395ccd2c84ba3aa
[INFO] [stdout]                                at /rustc/90b35a6239c3d8bdabc530a6a0816f7ff89a0aaf/library/std/src/sys/backtrace.rs:42:9
[INFO] [stdout]    8:     0x62a823668dfa - std::panicking::default_hook::{{closure}}::he19d4c7230e07961
[INFO] [stdout]                                at /rustc/90b35a6239c3d8bdabc530a6a0816f7ff89a0aaf/library/std/src/panicking.rs:268:22
[INFO] [stdout]    9:     0x62a823668c04 - std::panicking::default_hook::hf614597d3c67bbdb
[INFO] [stdout]                                at /rustc/90b35a6239c3d8bdabc530a6a0816f7ff89a0aaf/library/std/src/panicking.rs:292:9
[INFO] [stdout]   10:     0x62a823294369 - <alloc::boxed::Box<F,A> as core::ops::function::Fn<Args>>::call::h39b51ce4599c23d1
[INFO] [stdout]                                at /rustc/90b35a6239c3d8bdabc530a6a0816f7ff89a0aaf/library/alloc/src/boxed.rs:2468:9
[INFO] [stdout]   11:     0x62a823294369 - test::test_main::{{closure}}::he977ae839a582784
[INFO] [stdout]                                at /rustc/90b35a6239c3d8bdabc530a6a0816f7ff89a0aaf/library/test/src/lib.rs:133:21
[INFO] [stdout]   12:     0x62a823669498 - <alloc::boxed::Box<F,A> as core::ops::function::Fn<Args>>::call::h9455091b6b06f9fb
[INFO] [stdout]                                at /rustc/90b35a6239c3d8bdabc530a6a0816f7ff89a0aaf/library/alloc/src/boxed.rs:2468:9
[INFO] [stdout]   13:     0x62a823669498 - std::panicking::rust_panic_with_hook::h8942133a8b252070
[INFO] [stdout]                                at /rustc/90b35a6239c3d8bdabc530a6a0816f7ff89a0aaf/library/std/src/panicking.rs:809:13
[INFO] [stdout]   14:     0x62a82366925a - std::panicking::begin_panic_handler::{{closure}}::hb5f5963570096b29
[INFO] [stdout]                                at /rustc/90b35a6239c3d8bdabc530a6a0816f7ff89a0aaf/library/std/src/panicking.rs:674:13
[INFO] [stdout]   15:     0x62a823668029 - std::sys::backtrace::__rust_end_short_backtrace::h6208cedc1922feda
[INFO] [stdout]                                at /rustc/90b35a6239c3d8bdabc530a6a0816f7ff89a0aaf/library/std/src/sys/backtrace.rs:170:18
[INFO] [stdout]   16:     0x62a823668eec - rust_begin_unwind
[INFO] [stdout]                                at /rustc/90b35a6239c3d8bdabc530a6a0816f7ff89a0aaf/library/std/src/panicking.rs:665:5
[INFO] [stdout]   17:     0x62a82314a360 - core::panicking::panic_fmt::h0c3082644d1bf418
[INFO] [stdout]                                at /rustc/90b35a6239c3d8bdabc530a6a0816f7ff89a0aaf/library/core/src/panicking.rs:74:14
[INFO] [stdout]   18:     0x62a82314a7e6 - core::result::unwrap_failed::hd20b4aa073bda1e2
[INFO] [stdout]                                at /rustc/90b35a6239c3d8bdabc530a6a0816f7ff89a0aaf/library/core/src/result.rs:1700:5
[INFO] [stdout]   19:     0x62a823174579 - core::result::Result<T,E>::expect::hfad84cf7c97f553b
[INFO] [stdout]                                at /rustc/90b35a6239c3d8bdabc530a6a0816f7ff89a0aaf/library/core/src/result.rs:1061:23
[INFO] [stdout]   20:     0x62a8231bc384 - limbo_core::io::common::tests::run_test_parent_process::h9fb9b838325d1505
[INFO] [stdout]                                at /opt/rustwide/workdir/core/io/common.rs:14:19
[INFO] [stdout]   21:     0x62a8231bcba4 - limbo_core::io::common::tests::test_multiple_processes_cannot_open_file::hcc4e85024408f899
[INFO] [stdout]                                at /opt/rustwide/workdir/core/io/common.rs:51:9
[INFO] [stdout]   22:     0x62a82318750d - limbo_core::io::linux::tests::test_multiple_processes_cannot_open_file::hbe3a0bca0b4e91c9
[INFO] [stdout]                                at /opt/rustwide/workdir/core/io/linux.rs:274:9
[INFO] [stdout]   23:     0x62a8231874e7 - limbo_core::io::linux::tests::test_multiple_processes_cannot_open_file::{{closure}}::hc75889d50ecce5af
[INFO] [stdout]                                at /opt/rustwide/workdir/core/io/linux.rs:273:50
[INFO] [stdout]   24:     0x62a8231a68f6 - core::ops::function::FnOnce::call_once::he33fde5c536dec25
[INFO] [stdout]                                at /rustc/90b35a6239c3d8bdabc530a6a0816f7ff89a0aaf/library/core/src/ops/function.rs:250:5
[INFO] [stdout]   25:     0x62a823298d2b - core::ops::function::FnOnce::call_once::h109cf8051a59b34e
[INFO] [stdout]                                at /rustc/90b35a6239c3d8bdabc530a6a0816f7ff89a0aaf/library/core/src/ops/function.rs:250:5
[INFO] [stdout]   26:     0x62a823298d2b - test::__rust_begin_short_backtrace::hf4fff89d377446ba
[INFO] [stdout]                                at /rustc/90b35a6239c3d8bdabc530a6a0816f7ff89a0aaf/library/test/src/lib.rs:621:18
[INFO] [stdout]   27:     0x62a823298567 - test::run_test_in_process::{{closure}}::h0e39181dd7ee5a43
[INFO] [stdout]                                at /rustc/90b35a6239c3d8bdabc530a6a0816f7ff89a0aaf/library/test/src/lib.rs:644:60
[INFO] [stdout]   28:     0x62a823298567 - <core::panic::unwind_safe::AssertUnwindSafe<F> as core::ops::function::FnOnce<()>>::call_once::hc5a66a30f0bdfd1f
[INFO] [stdout]                                at /rustc/90b35a6239c3d8bdabc530a6a0816f7ff89a0aaf/library/core/src/panic/unwind_safe.rs:272:9
[INFO] [stdout]   29:     0x62a823298567 - std::panicking::try::do_call::h873b7cf639554a5e
[INFO] [stdout]                                at /rustc/90b35a6239c3d8bdabc530a6a0816f7ff89a0aaf/library/std/src/panicking.rs:557:40
[INFO] [stdout]   30:     0x62a823298567 - std::panicking::try::hdb19862fad9c8bd1
[INFO] [stdout]                                at /rustc/90b35a6239c3d8bdabc530a6a0816f7ff89a0aaf/library/std/src/panicking.rs:520:19
[INFO] [stdout]   31:     0x62a823298567 - std::panic::catch_unwind::h281fe732d236d260
[INFO] [stdout]                                at /rustc/90b35a6239c3d8bdabc530a6a0816f7ff89a0aaf/library/std/src/panic.rs:358:14
[INFO] [stdout]   32:     0x62a823298567 - test::run_test_in_process::h949b6df8457ed338
[INFO] [stdout]                                at /rustc/90b35a6239c3d8bdabc530a6a0816f7ff89a0aaf/library/test/src/lib.rs:644:27
[INFO] [stdout]   33:     0x62a823298567 - test::run_test::{{closure}}::h52c556a6d4740e10
[INFO] [stdout]                                at /rustc/90b35a6239c3d8bdabc530a6a0816f7ff89a0aaf/library/test/src/lib.rs:565:43
[INFO] [stdout]   34:     0x62a82325d844 - test::run_test::{{closure}}::h4237f6381c45ccb9
[INFO] [stdout]                                at /rustc/90b35a6239c3d8bdabc530a6a0816f7ff89a0aaf/library/test/src/lib.rs:595:41
[INFO] [stdout]   35:     0x62a82325d844 - std::sys::backtrace::__rust_begin_short_backtrace::h505c97a579eca628
[INFO] [stdout]                                at /rustc/90b35a6239c3d8bdabc530a6a0816f7ff89a0aaf/library/std/src/sys/backtrace.rs:154:18
[INFO] [stdout]   36:     0x62a823260f0e - std::thread::Builder::spawn_unchecked_::{{closure}}::{{closure}}::h9e86b2e2bc107ea3
[INFO] [stdout]                                at /rustc/90b35a6239c3d8bdabc530a6a0816f7ff89a0aaf/library/std/src/thread/mod.rs:538:17
[INFO] [stdout]   37:     0x62a823260f0e - <core::panic::unwind_safe::AssertUnwindSafe<F> as core::ops::function::FnOnce<()>>::call_once::h8b06ddb275ff4a25
[INFO] [stdout]                                at /rustc/90b35a6239c3d8bdabc530a6a0816f7ff89a0aaf/library/core/src/panic/unwind_safe.rs:272:9
[INFO] [stdout]   38:     0x62a823260f0e - std::panicking::try::do_call::hb26ecd7cd9a9355d
[INFO] [stdout]                                at /rustc/90b35a6239c3d8bdabc530a6a0816f7ff89a0aaf/library/std/src/panicking.rs:557:40
[INFO] [stdout]   39:     0x62a823260f0e - std::panicking::try::h8ddeca9d705f9069
[INFO] [stdout]                                at /rustc/90b35a6239c3d8bdabc530a6a0816f7ff89a0aaf/library/std/src/panicking.rs:520:19
[INFO] [stdout]   40:     0x62a823260f0e - std::panic::catch_unwind::h49e1c33078844c46
[INFO] [stdout]                                at /rustc/90b35a6239c3d8bdabc530a6a0816f7ff89a0aaf/library/std/src/panic.rs:358:14
[INFO] [stdout]   41:     0x62a823260f0e - std::thread::Builder::spawn_unchecked_::{{closure}}::h6073db6ff56ad35d
[INFO] [stdout]                                at /rustc/90b35a6239c3d8bdabc530a6a0816f7ff89a0aaf/library/std/src/thread/mod.rs:537:30
[INFO] [stdout]   42:     0x62a823260f0e - core::ops::function::FnOnce::call_once{{vtable.shim}}::h2c5a5f3779c774f1
[INFO] [stdout]                                at /rustc/90b35a6239c3d8bdabc530a6a0816f7ff89a0aaf/library/core/src/ops/function.rs:250:5
[INFO] [stdout]   43:     0x62a82366d5ab - <alloc::boxed::Box<F,A> as core::ops::function::FnOnce<Args>>::call_once::hf75717d9f28faebf
[INFO] [stdout]                                at /rustc/90b35a6239c3d8bdabc530a6a0816f7ff89a0aaf/library/alloc/src/boxed.rs:2454:9
[INFO] [stdout]   44:     0x62a82366d5ab - <alloc::boxed::Box<F,A> as core::ops::function::FnOnce<Args>>::call_once::h7bd883a5f3c5f3c1
[INFO] [stdout]                                at /rustc/90b35a6239c3d8bdabc530a6a0816f7ff89a0aaf/library/alloc/src/boxed.rs:2454:9
[INFO] [stdout]   45:     0x62a82366d5ab - std::sys::pal::unix::thread::Thread::new::thread_start::hcc78f3943333fa94
[INFO] [stdout]                                at /rustc/90b35a6239c3d8bdabc530a6a0816f7ff89a0aaf/library/std/src/sys/pal/unix/thread.rs:105:17
[INFO] [stdout]   46:     0x7e2d3a3d3ac3 - <unknown>
[INFO] [stdout]   47:     0x7e2d3a464a04 - clone
[INFO] [stdout]   48:                0x0 - <unknown>
[INFO] [stdout] 
[INFO] [stdout] 
[INFO] [stdout] failures:
[INFO] [stdout]     io::linux::tests::test_multiple_processes_cannot_open_file
[INFO] [stdout] 
[INFO] [stdout] test result: FAILED. 134 passed; 1 failed; 1 ignored; 0 measured; 0 filtered out; finished in 0.15s
[INFO] [stdout] 
[INFO] [stderr] error: test failed, to rerun pass `-p limbo_core --lib`
[INFO] running `Command { std: "docker" "inspect" "24cc6f6f50426b4cc7f922a2157db5bc2f71a305074e8fce16734781dab2d7b0", kill_on_drop: false }`
[INFO] running `Command { std: "docker" "rm" "-f" "24cc6f6f50426b4cc7f922a2157db5bc2f71a305074e8fce16734781dab2d7b0", kill_on_drop: false }`
[INFO] [stdout] 24cc6f6f50426b4cc7f922a2157db5bc2f71a305074e8fce16734781dab2d7b0
