[INFO] cloning repository https://github.com/wispl/yinfo
[INFO] running `Command { std: "git" "-c" "credential.helper=" "-c" "credential.helper=/workspace/cargo-home/bin/git-credential-null" "clone" "--bare" "https://github.com/wispl/yinfo" "/workspace/cache/git-repos/https%3A%2F%2Fgithub.com%2Fwispl%2Fyinfo", kill_on_drop: false }`
[INFO] [stderr] Cloning into bare repository '/workspace/cache/git-repos/https%3A%2F%2Fgithub.com%2Fwispl%2Fyinfo'...
[INFO] running `Command { std: "git" "rev-parse" "HEAD", kill_on_drop: false }`
[INFO] [stdout] 1376c4f8c4508753edfc82d4c4691a84fe0e3789
[INFO] testing wispl/yinfo against 1.83.0 for beta-1.84.0-4-retry
[INFO] running `Command { std: "git" "clone" "/workspace/cache/git-repos/https%3A%2F%2Fgithub.com%2Fwispl%2Fyinfo" "/workspace/builds/worker-1-tc1/source", kill_on_drop: false }`
[INFO] [stderr] Cloning into '/workspace/builds/worker-1-tc1/source'...
[INFO] [stderr] done.
[INFO] validating manifest of git repo https://github.com/wispl/yinfo on toolchain 1.83.0
[INFO] running `Command { std: CARGO_HOME="/workspace/cargo-home" RUSTUP_HOME="/workspace/rustup-home" "/workspace/cargo-home/bin/cargo" "+1.83.0" "metadata" "--manifest-path" "Cargo.toml" "--no-deps", kill_on_drop: false }`
[INFO] started tweaking git repo https://github.com/wispl/yinfo
[INFO] finished tweaking git repo https://github.com/wispl/yinfo
[INFO] tweaked toml for git repo https://github.com/wispl/yinfo written to /workspace/builds/worker-1-tc1/source/Cargo.toml
[INFO] crate git repo https://github.com/wispl/yinfo already has a lockfile, it will not be regenerated
[INFO] running `Command { std: CARGO_HOME="/workspace/cargo-home" RUSTUP_HOME="/workspace/rustup-home" "/workspace/cargo-home/bin/cargo" "+1.83.0" "fetch" "--manifest-path" "Cargo.toml", kill_on_drop: false }`
[INFO] [stderr]  Downloading crates ...
[INFO] [stderr]   Downloaded rquickjs-core v0.6.2
[INFO] [stderr]   Downloaded rquickjs v0.6.2
[INFO] [stderr]   Downloaded rquickjs-sys v0.6.2
[INFO] running `Command { std: "docker" "create" "-v" "/var/lib/crater-agent-workspace/builds/worker-1-tc1/target:/opt/rustwide/target:rw,Z" "-v" "/var/lib/crater-agent-workspace/builds/worker-1-tc1/source:/opt/rustwide/workdir:ro,Z" "-v" "/var/lib/crater-agent-workspace/cargo-home:/opt/rustwide/cargo-home:ro,Z" "-v" "/var/lib/crater-agent-workspace/rustup-home:/opt/rustwide/rustup-home:ro,Z" "-e" "SOURCE_DIR=/opt/rustwide/workdir" "-e" "CARGO_TARGET_DIR=/opt/rustwide/target" "-e" "CARGO_HOME=/opt/rustwide/cargo-home" "-e" "RUSTUP_HOME=/opt/rustwide/rustup-home" "-w" "/opt/rustwide/workdir" "-m" "1610612736" "--user" "0:0" "--network" "none" "ghcr.io/rust-lang/crates-build-env/linux@sha256:f3a9d4ad9d972b27faf3965f35b62e55ba32bbce8f20bc8fe909558a86702fde" "/opt/rustwide/cargo-home/bin/cargo" "+1.83.0" "metadata" "--no-deps" "--format-version=1", kill_on_drop: false }`
[INFO] [stdout] cc14b43d9134be256d0b5de1be908bc5fb43e4d1609b0aa66fe6cfe0db1b6672
[INFO] running `Command { std: "docker" "start" "-a" "cc14b43d9134be256d0b5de1be908bc5fb43e4d1609b0aa66fe6cfe0db1b6672", kill_on_drop: false }`
[INFO] running `Command { std: "docker" "inspect" "cc14b43d9134be256d0b5de1be908bc5fb43e4d1609b0aa66fe6cfe0db1b6672", kill_on_drop: false }`
[INFO] running `Command { std: "docker" "rm" "-f" "cc14b43d9134be256d0b5de1be908bc5fb43e4d1609b0aa66fe6cfe0db1b6672", kill_on_drop: false }`
[INFO] [stdout] cc14b43d9134be256d0b5de1be908bc5fb43e4d1609b0aa66fe6cfe0db1b6672
[INFO] running `Command { std: "docker" "create" "-v" "/var/lib/crater-agent-workspace/builds/worker-1-tc1/target:/opt/rustwide/target:rw,Z" "-v" "/var/lib/crater-agent-workspace/builds/worker-1-tc1/source:/opt/rustwide/workdir:ro,Z" "-v" "/var/lib/crater-agent-workspace/cargo-home:/opt/rustwide/cargo-home:ro,Z" "-v" "/var/lib/crater-agent-workspace/rustup-home:/opt/rustwide/rustup-home:ro,Z" "-e" "SOURCE_DIR=/opt/rustwide/workdir" "-e" "CARGO_TARGET_DIR=/opt/rustwide/target" "-e" "CARGO_INCREMENTAL=0" "-e" "RUST_BACKTRACE=full" "-e" "RUSTFLAGS=--cap-lints=warn" "-e" "RUSTDOCFLAGS=--cap-lints=warn" "-e" "CARGO_HOME=/opt/rustwide/cargo-home" "-e" "RUSTUP_HOME=/opt/rustwide/rustup-home" "-w" "/opt/rustwide/workdir" "-m" "1610612736" "--user" "0:0" "--network" "none" "ghcr.io/rust-lang/crates-build-env/linux@sha256:f3a9d4ad9d972b27faf3965f35b62e55ba32bbce8f20bc8fe909558a86702fde" "/opt/rustwide/cargo-home/bin/cargo" "+1.83.0" "build" "--frozen" "--message-format=json", kill_on_drop: false }`
[INFO] [stdout] 8b82192577f6df184c5c8f58773abfa99c43f65f87445cf775f8721081972d88
[INFO] running `Command { std: "docker" "start" "-a" "8b82192577f6df184c5c8f58773abfa99c43f65f87445cf775f8721081972d88", kill_on_drop: false }`
[INFO] [stderr]    Compiling proc-macro2 v1.0.86
[INFO] [stderr]    Compiling unicode-ident v1.0.12
[INFO] [stderr]    Compiling libc v0.2.155
[INFO] [stderr]    Compiling pin-project-lite v0.2.14
[INFO] [stderr]    Compiling cc v1.0.103
[INFO] [stderr]    Compiling bytes v1.6.0
[INFO] [stderr]    Compiling autocfg v1.3.0
[INFO] [stderr]    Compiling pkg-config v0.3.30
[INFO] [stderr]    Compiling vcpkg v0.2.15
[INFO] [stderr]    Compiling itoa v1.0.11
[INFO] [stderr]    Compiling crossbeam-utils v0.8.20
[INFO] [stderr]    Compiling hashbrown v0.14.5
[INFO] [stderr]    Compiling futures-task v0.3.30
[INFO] [stderr]    Compiling smallvec v1.13.2
[INFO] [stderr]    Compiling httparse v1.9.4
[INFO] [stderr]    Compiling openssl v0.10.64
[INFO] [stderr]    Compiling futures-util v0.3.30
[INFO] [stderr]    Compiling tracing v0.1.40
[INFO] [stderr]    Compiling bitflags v2.6.0
[INFO] [stderr]    Compiling atomic-waker v1.1.2
[INFO] [stderr]    Compiling native-tls v0.2.12
[INFO] [stderr]    Compiling serde v1.0.203
[INFO] [stderr]    Compiling parking v2.2.0
[INFO] [stderr]    Compiling tinyvec v1.6.1
[INFO] [stderr]    Compiling futures-channel v0.3.30
[INFO] [stderr]    Compiling slab v0.4.9
[INFO] [stderr]    Compiling http v1.1.0
[INFO] [stderr]    Compiling log v0.4.22
[INFO] [stderr]    Compiling openssl-probe v0.1.5
[INFO] [stderr]    Compiling tower-layer v0.3.2
[INFO] [stderr]    Compiling lock_api v0.4.12
[INFO] [stderr]    Compiling memchr v2.7.4
[INFO] [stderr]    Compiling ryu v1.0.18
[INFO] [stderr]    Compiling serde_json v1.0.119
[INFO] [stderr]    Compiling unicode-bidi v0.3.15
[INFO] [stderr]    Compiling parking_lot_core v0.9.10
[INFO] [stderr]    Compiling regex-syntax v0.8.4
[INFO] [stderr]    Compiling thiserror v1.0.61
[INFO] [stderr]    Compiling indexmap v2.2.6
[INFO] [stderr]    Compiling scopeguard v1.2.0
[INFO] [stderr]    Compiling quote v1.0.36
[INFO] [stderr]    Compiling socket2 v0.5.7
[INFO] [stderr]    Compiling mio v0.8.11
[INFO] [stderr]    Compiling concurrent-queue v2.5.0
[INFO] [stderr]    Compiling base64 v0.22.1
[INFO] [stderr]    Compiling syn v2.0.68
[INFO] [stderr]    Compiling http-body v1.0.0
[INFO] [stderr]    Compiling event-listener v5.3.1
[INFO] [stderr]    Compiling unicode-normalization v0.1.23
[INFO] [stderr]    Compiling aho-corasick v1.1.3
[INFO] [stderr]    Compiling event-listener-strategy v0.5.2
[INFO] [stderr]    Compiling rustls-pki-types v1.7.0
[INFO] [stderr]    Compiling tokio v1.38.0
[INFO] [stderr]    Compiling async-lock v3.4.0
[INFO] [stderr]    Compiling encoding_rs v0.8.34
[INFO] [stderr]    Compiling sync_wrapper v1.0.1
[INFO] [stderr]    Compiling dashmap v6.0.1
[INFO] [stderr]    Compiling rustls-pemfile v2.1.2
[INFO] [stderr]    Compiling http-body-util v0.1.2
[INFO] [stderr]    Compiling idna v0.5.0
[INFO] [stderr]    Compiling openssl-sys v0.9.102
[INFO] [stderr]    Compiling rquickjs-sys v0.6.2
[INFO] [stderr]    Compiling url v2.5.2
[INFO] [stderr]    Compiling regex-automata v0.4.7
[INFO] [stderr]    Compiling openssl-macros v0.1.1
[INFO] [stderr]    Compiling pin-project-internal v1.1.5
[INFO] [stderr]    Compiling serde_derive v1.0.203
[INFO] [stderr]    Compiling thiserror-impl v1.0.61
[INFO] [stderr]    Compiling regex v1.10.5
[INFO] [stderr]    Compiling pin-project v1.1.5
[INFO] [stderr]    Compiling tokio-util v0.7.11
[INFO] [stderr]    Compiling tower v0.4.13
[INFO] [stderr]    Compiling h2 v0.4.5
[INFO] [stderr]    Compiling tokio-native-tls v0.3.1
[INFO] [stderr]    Compiling hyper v1.3.1
[INFO] [stderr]    Compiling serde_urlencoded v0.7.1
[INFO] [stderr]    Compiling hyper-util v0.1.5
[INFO] [stderr]    Compiling rquickjs-core v0.6.2
[INFO] [stderr]    Compiling hyper-tls v0.6.0
[INFO] [stderr]    Compiling reqwest v0.12.5
[INFO] [stderr]    Compiling rquickjs v0.6.2
[INFO] [stderr]    Compiling yinfo v0.3.2 (/opt/rustwide/workdir)
[INFO] [stderr]     Finished `dev` profile [unoptimized + debuginfo] target(s) in 34.40s
[INFO] running `Command { std: "docker" "inspect" "8b82192577f6df184c5c8f58773abfa99c43f65f87445cf775f8721081972d88", kill_on_drop: false }`
[INFO] running `Command { std: "docker" "rm" "-f" "8b82192577f6df184c5c8f58773abfa99c43f65f87445cf775f8721081972d88", kill_on_drop: false }`
[INFO] [stdout] 8b82192577f6df184c5c8f58773abfa99c43f65f87445cf775f8721081972d88
[INFO] running `Command { std: "docker" "create" "-v" "/var/lib/crater-agent-workspace/builds/worker-1-tc1/target:/opt/rustwide/target:rw,Z" "-v" "/var/lib/crater-agent-workspace/builds/worker-1-tc1/source:/opt/rustwide/workdir:ro,Z" "-v" "/var/lib/crater-agent-workspace/cargo-home:/opt/rustwide/cargo-home:ro,Z" "-v" "/var/lib/crater-agent-workspace/rustup-home:/opt/rustwide/rustup-home:ro,Z" "-e" "SOURCE_DIR=/opt/rustwide/workdir" "-e" "CARGO_TARGET_DIR=/opt/rustwide/target" "-e" "CARGO_INCREMENTAL=0" "-e" "RUST_BACKTRACE=full" "-e" "RUSTFLAGS=--cap-lints=warn" "-e" "RUSTDOCFLAGS=--cap-lints=warn" "-e" "CARGO_HOME=/opt/rustwide/cargo-home" "-e" "RUSTUP_HOME=/opt/rustwide/rustup-home" "-w" "/opt/rustwide/workdir" "-m" "1610612736" "--user" "0:0" "--network" "none" "ghcr.io/rust-lang/crates-build-env/linux@sha256:f3a9d4ad9d972b27faf3965f35b62e55ba32bbce8f20bc8fe909558a86702fde" "/opt/rustwide/cargo-home/bin/cargo" "+1.83.0" "test" "--frozen" "--no-run" "--message-format=json", kill_on_drop: false }`
[INFO] [stdout] 35dfcaf1ed3ec406f9ae1d375840c66031d3807e4f452f09fff48a22e22c51e9
[INFO] running `Command { std: "docker" "start" "-a" "35dfcaf1ed3ec406f9ae1d375840c66031d3807e4f452f09fff48a22e22c51e9", kill_on_drop: false }`
[INFO] [stderr]    Compiling tokio-macros v2.3.0
[INFO] [stderr]    Compiling num_cpus v1.16.0
[INFO] [stderr]    Compiling tokio v1.38.0
[INFO] [stderr]    Compiling tokio-util v0.7.11
[INFO] [stderr]    Compiling tower v0.4.13
[INFO] [stderr]    Compiling tokio-native-tls v0.3.1
[INFO] [stderr]    Compiling h2 v0.4.5
[INFO] [stderr]    Compiling hyper v1.3.1
[INFO] [stderr]    Compiling hyper-util v0.1.5
[INFO] [stderr]    Compiling hyper-tls v0.6.0
[INFO] [stderr]    Compiling reqwest v0.12.5
[INFO] [stderr]    Compiling yinfo v0.3.2 (/opt/rustwide/workdir)
[INFO] [stderr]     Finished `test` profile [unoptimized + debuginfo] target(s) in 21.04s
[INFO] running `Command { std: "docker" "inspect" "35dfcaf1ed3ec406f9ae1d375840c66031d3807e4f452f09fff48a22e22c51e9", kill_on_drop: false }`
[INFO] running `Command { std: "docker" "rm" "-f" "35dfcaf1ed3ec406f9ae1d375840c66031d3807e4f452f09fff48a22e22c51e9", kill_on_drop: false }`
[INFO] [stdout] 35dfcaf1ed3ec406f9ae1d375840c66031d3807e4f452f09fff48a22e22c51e9
[INFO] running `Command { std: "docker" "create" "-v" "/var/lib/crater-agent-workspace/builds/worker-1-tc1/target:/opt/rustwide/target:rw,Z" "-v" "/var/lib/crater-agent-workspace/builds/worker-1-tc1/source:/opt/rustwide/workdir:ro,Z" "-v" "/var/lib/crater-agent-workspace/cargo-home:/opt/rustwide/cargo-home:ro,Z" "-v" "/var/lib/crater-agent-workspace/rustup-home:/opt/rustwide/rustup-home:ro,Z" "-e" "SOURCE_DIR=/opt/rustwide/workdir" "-e" "CARGO_TARGET_DIR=/opt/rustwide/target" "-e" "CARGO_INCREMENTAL=0" "-e" "RUST_BACKTRACE=full" "-e" "RUSTFLAGS=--cap-lints=warn" "-e" "RUSTDOCFLAGS=--cap-lints=warn" "-e" "CARGO_HOME=/opt/rustwide/cargo-home" "-e" "RUSTUP_HOME=/opt/rustwide/rustup-home" "-w" "/opt/rustwide/workdir" "-m" "1610612736" "--user" "0:0" "--network" "none" "ghcr.io/rust-lang/crates-build-env/linux@sha256:f3a9d4ad9d972b27faf3965f35b62e55ba32bbce8f20bc8fe909558a86702fde" "/opt/rustwide/cargo-home/bin/cargo" "+1.83.0" "test" "--frozen", kill_on_drop: false }`
[INFO] [stdout] cd92e65f5ba44f238db7e06802f1c748a147490fb11312a5d606bc22574f8366
[INFO] running `Command { std: "docker" "start" "-a" "cd92e65f5ba44f238db7e06802f1c748a147490fb11312a5d606bc22574f8366", kill_on_drop: false }`
[INFO] [stderr]     Finished `test` profile [unoptimized + debuginfo] target(s) in 0.20s
[INFO] [stderr]      Running unittests src/lib.rs (/opt/rustwide/target/debug/deps/yinfo-0178a55eb390d47b)
[INFO] [stdout] 
[INFO] [stdout] running 3 tests
[INFO] [stdout] test innertube::tests::test_get_video_id ... ok
[INFO] [stdout] test innertube::tests::test_get_video_id_id_only ... ok
[INFO] [stdout] test innertube::tests::test_get_video_id_bad ... ok
[INFO] [stdout] 
[INFO] [stdout] test result: ok. 3 passed; 0 failed; 0 ignored; 0 measured; 0 filtered out; finished in 0.01s
[INFO] [stdout] 
[INFO] [stderr]    Doc-tests yinfo
[INFO] [stdout] 
[INFO] [stdout] running 4 tests
[INFO] [stdout] test src/lib.rs - (line 27) - compile ... ok
[INFO] [stdout] test src/lib.rs - (line 61) - compile ... ok
[INFO] [stdout] test src/lib.rs - (line 16) - compile ... FAILED
[INFO] [stdout] test src/lib.rs - (line 45) - compile ... FAILED
[INFO] [stdout] 
[INFO] [stdout] failures:
[INFO] [stdout] 
[INFO] [stdout] ---- src/lib.rs - (line 16) stdout ----
[INFO] [stdout] error[E0412]: cannot find type `Error` in this scope
[INFO] [stdout]  --> src/lib.rs:19:30
[INFO] [stdout]   |
[INFO] [stdout] 6 | async fn run() -> Result<(), Error> {
[INFO] [stdout]   |                              ^^^^^ not found in this scope
[INFO] [stdout]   |
[INFO] [stdout] help: consider importing one of these items
[INFO] [stdout]   |
[INFO] [stdout] 2 + use std::error::Error;
[INFO] [stdout]   |
[INFO] [stdout] 2 + use std::fmt::Error;
[INFO] [stdout]   |
[INFO] [stdout] 2 + use std::io::Error;
[INFO] [stdout]   |
[INFO] [stdout] 2 + use core::error::Error;
[INFO] [stdout]   |
[INFO] [stdout]     and 11 other candidates
[INFO] [stdout] 
[INFO] [stdout] error: aborting due to 1 previous error
[INFO] [stdout] 
[INFO] [stdout] For more information about this error, try `rustc --explain E0412`.
[INFO] [stdout] Couldn't compile the test.
[INFO] [stdout] ---- src/lib.rs - (line 45) stdout ----
[INFO] [stdout] error[E0412]: cannot find type `Error` in this scope
[INFO] [stdout]  --> src/lib.rs:48:30
[INFO] [stdout]   |
[INFO] [stdout] 6 | async fn run() -> Result<(), Error> {
[INFO] [stdout]   |                              ^^^^^ not found in this scope
[INFO] [stdout]   |
[INFO] [stdout] help: consider importing one of these items
[INFO] [stdout]   |
[INFO] [stdout] 2 + use std::error::Error;
[INFO] [stdout]   |
[INFO] [stdout] 2 + use std::fmt::Error;
[INFO] [stdout]   |
[INFO] [stdout] 2 + use std::io::Error;
[INFO] [stdout]   |
[INFO] [stdout] 2 + use core::error::Error;
[INFO] [stdout]   |
[INFO] [stdout]     and 11 other candidates
[INFO] [stdout] 
[INFO] [stdout] error[E0277]: the `?` operator can only be applied to values that implement `Try`
[INFO] [stdout]   --> src/lib.rs:52:11
[INFO] [stdout]    |
[INFO] [stdout] 10 | let url = innertube.decipher_format(&format)?;
[INFO] [stdout]    |           ^^^^^^^^^^^^^^^^^^^^^^^^^^^^^^^^^^^ the `?` operator cannot be applied to type `impl Future<Output = Result<String, yinfo::Error>>`
[INFO] [stdout]    |
[INFO] [stdout]    = help: the trait `Try` is not implemented for `impl Future<Output = Result<String, yinfo::Error>>`
[INFO] [stdout] help: consider `await`ing on the `Future`
[INFO] [stdout]    |
[INFO] [stdout] 10 | let url = innertube.decipher_format(&format).await?;
[INFO] [stdout]    |                                             ++++++
[INFO] [stdout] 
[INFO] [stdout] error: aborting due to 2 previous errors
[INFO] [stdout] 
[INFO] [stdout] Some errors have detailed explanations: E0277, E0412.
[INFO] [stdout] For more information about an error, try `rustc --explain E0277`.
[INFO] [stdout] Couldn't compile the test.
[INFO] [stdout] 
[INFO] [stdout] failures:
[INFO] [stdout]     src/lib.rs - (line 16)
[INFO] [stdout]     src/lib.rs - (line 45)
[INFO] [stdout] 
[INFO] [stdout] test result: FAILED. 2 passed; 2 failed; 0 ignored; 0 measured; 0 filtered out; finished in 0.20s
[INFO] [stdout] 
[INFO] [stderr] error: doctest failed, to rerun pass `--doc`
[INFO] running `Command { std: "docker" "inspect" "cd92e65f5ba44f238db7e06802f1c748a147490fb11312a5d606bc22574f8366", kill_on_drop: false }`
[INFO] running `Command { std: "docker" "rm" "-f" "cd92e65f5ba44f238db7e06802f1c748a147490fb11312a5d606bc22574f8366", kill_on_drop: false }`
[INFO] [stdout] cd92e65f5ba44f238db7e06802f1c748a147490fb11312a5d606bc22574f8366
