[INFO] cloning repository https://github.com/winston-wen/mpc_eddsa-frost
[INFO] running `Command { std: "git" "-c" "credential.helper=" "-c" "credential.helper=/workspace/cargo-home/bin/git-credential-null" "clone" "--bare" "https://github.com/winston-wen/mpc_eddsa-frost" "/workspace/cache/git-repos/https%3A%2F%2Fgithub.com%2Fwinston-wen%2Fmpc_eddsa-frost", kill_on_drop: false }`
[INFO] [stderr] Cloning into bare repository '/workspace/cache/git-repos/https%3A%2F%2Fgithub.com%2Fwinston-wen%2Fmpc_eddsa-frost'...
[INFO] running `Command { std: "git" "rev-parse" "HEAD", kill_on_drop: false }`
[INFO] [stdout] f4b2cb66263abe1c2a79ed8ff1d073c12babc89c
[INFO] testing winston-wen/mpc_eddsa-frost against 1.83.0 for beta-1.84.0-4-retry
[INFO] running `Command { std: "git" "clone" "/workspace/cache/git-repos/https%3A%2F%2Fgithub.com%2Fwinston-wen%2Fmpc_eddsa-frost" "/workspace/builds/worker-3-tc1/source", kill_on_drop: false }`
[INFO] [stderr] Cloning into '/workspace/builds/worker-3-tc1/source'...
[INFO] [stderr] done.
[INFO] validating manifest of git repo https://github.com/winston-wen/mpc_eddsa-frost on toolchain 1.83.0
[INFO] running `Command { std: CARGO_HOME="/workspace/cargo-home" RUSTUP_HOME="/workspace/rustup-home" "/workspace/cargo-home/bin/cargo" "+1.83.0" "metadata" "--manifest-path" "Cargo.toml" "--no-deps", kill_on_drop: false }`
[INFO] started tweaking git repo https://github.com/winston-wen/mpc_eddsa-frost
[INFO] finished tweaking git repo https://github.com/winston-wen/mpc_eddsa-frost
[INFO] tweaked toml for git repo https://github.com/winston-wen/mpc_eddsa-frost written to /workspace/builds/worker-3-tc1/source/Cargo.toml
[INFO] running `Command { std: CARGO_HOME="/workspace/cargo-home" RUSTUP_HOME="/workspace/rustup-home" "/workspace/cargo-home/bin/cargo" "+1.83.0" "generate-lockfile" "--manifest-path" "Cargo.toml", kill_on_drop: false }`
[INFO] [stderr]     Updating crates.io index
[INFO] [stderr]      Locking 291 packages to latest compatible versions
[INFO] [stderr]       Adding aes-gcm v0.9.4 (available: v0.10.3)
[INFO] [stderr]       Adding curve25519-dalek v3.2.0 (available: v3.2.1)
[INFO] [stderr]       Adding dashmap v5.5.3 (available: v6.1.0)
[INFO] [stderr]       Adding ed25519-dalek v1.0.1 (available: v2.1.1)
[INFO] [stderr]       Adding hmac v0.11.0 (available: v0.12.1)
[INFO] [stderr]       Adding itertools v0.12.1 (available: v0.13.0)
[INFO] [stderr]       Adding miniz_oxide v0.7.4 (available: v0.8.0)
[INFO] [stderr]       Adding prost v0.12.6 (available: v0.13.4)
[INFO] [stderr]       Adding prost-types v0.12.6 (available: v0.13.4)
[INFO] [stderr]       Adding rand v0.7.3 (available: v0.8.5)
[INFO] [stderr]       Adding sha2 v0.9.9 (available: v0.10.8)
[INFO] [stderr]       Adding sqlx v0.7.4 (available: v0.8.2)
[INFO] [stderr]       Adding subtle v2.4.1 (available: v2.6.1)
[INFO] [stderr]       Adding tonic v0.11.0 (available: v0.12.3)
[INFO] running `Command { std: CARGO_HOME="/workspace/cargo-home" RUSTUP_HOME="/workspace/rustup-home" "/workspace/cargo-home/bin/cargo" "+1.83.0" "fetch" "--manifest-path" "Cargo.toml", kill_on_drop: false }`
[INFO] [stderr]  Downloading crates ...
[INFO] [stderr]   Downloaded iter-read v1.1.0
[INFO] [stderr]   Downloaded serde-pickle v1.2.0
[INFO] running `Command { std: "docker" "create" "-v" "/var/lib/crater-agent-workspace/builds/worker-3-tc1/target:/opt/rustwide/target:rw,Z" "-v" "/var/lib/crater-agent-workspace/builds/worker-3-tc1/source:/opt/rustwide/workdir:ro,Z" "-v" "/var/lib/crater-agent-workspace/cargo-home:/opt/rustwide/cargo-home:ro,Z" "-v" "/var/lib/crater-agent-workspace/rustup-home:/opt/rustwide/rustup-home:ro,Z" "-e" "SOURCE_DIR=/opt/rustwide/workdir" "-e" "CARGO_TARGET_DIR=/opt/rustwide/target" "-e" "CARGO_HOME=/opt/rustwide/cargo-home" "-e" "RUSTUP_HOME=/opt/rustwide/rustup-home" "-w" "/opt/rustwide/workdir" "-m" "1610612736" "--user" "0:0" "--network" "none" "ghcr.io/rust-lang/crates-build-env/linux@sha256:f3a9d4ad9d972b27faf3965f35b62e55ba32bbce8f20bc8fe909558a86702fde" "/opt/rustwide/cargo-home/bin/cargo" "+1.83.0" "metadata" "--no-deps" "--format-version=1", kill_on_drop: false }`
[INFO] [stdout] 259b484afb793923adda5826e7ee3b61659e8e8de98512777fc9a4429b67b8a0
[INFO] running `Command { std: "docker" "start" "-a" "259b484afb793923adda5826e7ee3b61659e8e8de98512777fc9a4429b67b8a0", kill_on_drop: false }`
[INFO] running `Command { std: "docker" "inspect" "259b484afb793923adda5826e7ee3b61659e8e8de98512777fc9a4429b67b8a0", kill_on_drop: false }`
[INFO] running `Command { std: "docker" "rm" "-f" "259b484afb793923adda5826e7ee3b61659e8e8de98512777fc9a4429b67b8a0", kill_on_drop: false }`
[INFO] [stdout] 259b484afb793923adda5826e7ee3b61659e8e8de98512777fc9a4429b67b8a0
[INFO] running `Command { std: "docker" "create" "-v" "/var/lib/crater-agent-workspace/builds/worker-3-tc1/target:/opt/rustwide/target:rw,Z" "-v" "/var/lib/crater-agent-workspace/builds/worker-3-tc1/source:/opt/rustwide/workdir:ro,Z" "-v" "/var/lib/crater-agent-workspace/cargo-home:/opt/rustwide/cargo-home:ro,Z" "-v" "/var/lib/crater-agent-workspace/rustup-home:/opt/rustwide/rustup-home:ro,Z" "-e" "SOURCE_DIR=/opt/rustwide/workdir" "-e" "CARGO_TARGET_DIR=/opt/rustwide/target" "-e" "CARGO_INCREMENTAL=0" "-e" "RUST_BACKTRACE=full" "-e" "RUSTFLAGS=--cap-lints=warn" "-e" "RUSTDOCFLAGS=--cap-lints=warn" "-e" "CARGO_HOME=/opt/rustwide/cargo-home" "-e" "RUSTUP_HOME=/opt/rustwide/rustup-home" "-w" "/opt/rustwide/workdir" "-m" "1610612736" "--user" "0:0" "--network" "none" "ghcr.io/rust-lang/crates-build-env/linux@sha256:f3a9d4ad9d972b27faf3965f35b62e55ba32bbce8f20bc8fe909558a86702fde" "/opt/rustwide/cargo-home/bin/cargo" "+1.83.0" "build" "--frozen" "--message-format=json", kill_on_drop: false }`
[INFO] [stdout] 4a26b63fe13ea2644f08277706a0230f121431d041750479d2644c419a540f10
[INFO] running `Command { std: "docker" "start" "-a" "4a26b63fe13ea2644f08277706a0230f121431d041750479d2644c419a540f10", kill_on_drop: false }`
[INFO] [stderr]    Compiling proc-macro2 v1.0.92
[INFO] [stderr]    Compiling unicode-ident v1.0.14
[INFO] [stderr]    Compiling cfg-if v1.0.0
[INFO] [stderr]    Compiling libc v0.2.168
[INFO] [stderr]    Compiling autocfg v1.4.0
[INFO] [stderr]    Compiling version_check v0.9.5
[INFO] [stderr]    Compiling typenum v1.17.0
[INFO] [stderr]    Compiling once_cell v1.20.2
[INFO] [stderr]    Compiling pin-project-lite v0.2.15
[INFO] [stderr]    Compiling futures-core v0.3.31
[INFO] [stderr]    Compiling smallvec v1.13.2
[INFO] [stderr]    Compiling scopeguard v1.2.0
[INFO] [stderr]    Compiling bytes v1.9.0
[INFO] [stderr]    Compiling serde v1.0.216
[INFO] [stderr]    Compiling parking_lot_core v0.9.10
[INFO] [stderr]    Compiling generic-array v0.14.7
[INFO] [stderr]    Compiling memchr v2.7.4
[INFO] [stderr]    Compiling lock_api v0.4.12
[INFO] [stderr]    Compiling byteorder v1.5.0
[INFO] [stderr]    Compiling quote v1.0.37
[INFO] [stderr]    Compiling slab v0.4.9
[INFO] [stderr]    Compiling syn v2.0.90
[INFO] [stderr]    Compiling shlex v1.3.0
[INFO] [stderr]    Compiling stable_deref_trait v1.2.0
[INFO] [stderr]    Compiling cc v1.2.4
[INFO] [stderr]    Compiling vcpkg v0.2.15
[INFO] [stderr]    Compiling subtle v2.4.1
[INFO] [stderr]    Compiling pkg-config v0.3.31
[INFO] [stderr]    Compiling futures-io v0.3.31
[INFO] [stderr]    Compiling pin-utils v0.1.0
[INFO] [stderr]    Compiling mio v1.0.3
[INFO] [stderr]    Compiling socket2 v0.5.8
[INFO] [stderr]    Compiling parking_lot v0.12.3
[INFO] [stderr]    Compiling cpufeatures v0.2.16
[INFO] [stderr]    Compiling futures-task v0.3.31
[INFO] [stderr]    Compiling getrandom v0.2.15
[INFO] [stderr]    Compiling log v0.4.22
[INFO] [stderr]    Compiling itoa v1.0.14
[INFO] [stderr]    Compiling ahash v0.8.11
[INFO] [stderr]    Compiling futures-sink v0.3.31
[INFO] [stderr]    Compiling litemap v0.7.4
[INFO] [stderr]    Compiling writeable v0.5.5
[INFO] [stderr]    Compiling signal-hook-registry v1.4.2
[INFO] [stderr]    Compiling tracing-core v0.1.33
[INFO] [stderr]    Compiling equivalent v1.0.1
[INFO] [stderr]    Compiling block-buffer v0.10.4
[INFO] [stderr]    Compiling hashbrown v0.15.2
[INFO] [stderr]    Compiling icu_locid_transform_data v1.5.0
[INFO] [stderr]    Compiling allocator-api2 v0.2.21
[INFO] [stderr]    Compiling icu_properties_data v1.5.0
[INFO] [stderr]    Compiling foreign-types-shared v0.1.1
[INFO] [stderr]    Compiling openssl v0.10.68
[INFO] [stderr]    Compiling foreign-types v0.3.2
[INFO] [stderr]    Compiling crypto-common v0.1.6
[INFO] [stderr]    Compiling openssl-sys v0.9.104
[INFO] [stderr]    Compiling futures-util v0.3.31
[INFO] [stderr]    Compiling write16 v1.0.0
[INFO] [stderr]    Compiling utf8_iter v1.0.4
[INFO] [stderr]    Compiling icu_normalizer_data v1.5.0
[INFO] [stderr]    Compiling percent-encoding v2.3.1
[INFO] [stderr]    Compiling utf16_iter v1.0.5
[INFO] [stderr]    Compiling digest v0.10.7
[INFO] [stderr]    Compiling indexmap v2.7.0
[INFO] [stderr]    Compiling native-tls v0.2.12
[INFO] [stderr]    Compiling crossbeam-utils v0.8.20
[INFO] [stderr]    Compiling rand_core v0.6.4
[INFO] [stderr]    Compiling num-traits v0.2.19
[INFO] [stderr]    Compiling rustversion v1.0.18
[INFO] [stderr]    Compiling bitflags v2.6.0
[INFO] [stderr]    Compiling thiserror v1.0.69
[INFO] [stderr]    Compiling paste v1.0.15
[INFO] [stderr]    Compiling getrandom v0.1.16
[INFO] [stderr]    Compiling serde_json v1.0.133
[INFO] [stderr]    Compiling openssl-probe v0.1.5
[INFO] [stderr]    Compiling minimal-lexical v0.2.1
[INFO] [stderr]    Compiling form_urlencoded v1.2.1
[INFO] [stderr]    Compiling zerocopy v0.7.35
[INFO] [stderr]    Compiling hex v0.4.3
[INFO] [stderr]    Compiling nom v7.1.3
[INFO] [stderr]    Compiling crc-catalog v2.4.0
[INFO] [stderr]    Compiling fnv v1.0.7
[INFO] [stderr]    Compiling ryu v1.0.18
[INFO] [stderr]    Compiling unicode_categories v0.1.1
[INFO] [stderr]    Compiling crossbeam-queue v0.3.11
[INFO] [stderr]    Compiling crc v3.2.1
[INFO] [stderr]    Compiling http v0.2.12
[INFO] [stderr]    Compiling libsqlite3-sys v0.27.0
[INFO] [stderr]    Compiling futures-channel v0.3.31
[INFO] [stderr]    Compiling futures-intrusive v0.5.0
[INFO] [stderr]    Compiling synstructure v0.13.1
[INFO] [stderr]    Compiling spin v0.9.8
[INFO] [stderr]    Compiling opaque-debug v0.3.1
[INFO] [stderr]    Compiling event-listener v2.5.3
[INFO] [stderr]    Compiling sqlformat v0.2.6
[INFO] [stderr]    Compiling rand_core v0.5.1
[INFO] [stderr]    Compiling hashbrown v0.14.5
[INFO] [stderr]    Compiling sha2 v0.10.8
[INFO] [stderr]    Compiling digest v0.9.0
[INFO] [stderr]    Compiling tokio v1.42.0
[INFO] [stderr]    Compiling rustix v0.38.42
[INFO] [stderr]    Compiling tower-service v0.3.3
[INFO] [stderr]    Compiling anyhow v1.0.94
[INFO] [stderr]    Compiling httparse v1.9.5
[INFO] [stderr]    Compiling atoi v2.0.0
[INFO] [stderr]    Compiling hashlink v0.8.4
[INFO] [stderr]    Compiling http-body v0.4.6
[INFO] [stderr]    Compiling indexmap v1.9.3
[INFO] [stderr]    Compiling syn v1.0.109
[INFO] [stderr]    Compiling linux-raw-sys v0.4.14
[INFO] [stderr]    Compiling urlencoding v2.1.3
[INFO] [stderr]    Compiling try-lock v0.2.5
[INFO] [stderr]    Compiling serde_derive v1.0.216
[INFO] [stderr]    Compiling zerofrom-derive v0.1.5
[INFO] [stderr]    Compiling yoke-derive v0.7.5
[INFO] [stderr]    Compiling zerovec-derive v0.10.3
[INFO] [stderr]    Compiling zerocopy-derive v0.7.35
[INFO] [stderr]    Compiling displaydoc v0.2.5
[INFO] [stderr]    Compiling icu_provider_macros v1.5.0
[INFO] [stderr]    Compiling zerofrom v0.1.5
[INFO] [stderr]    Compiling yoke v0.7.5
[INFO] [stderr]    Compiling zerovec v0.10.4
[INFO] [stderr]    Compiling tracing-attributes v0.1.28
[INFO] [stderr]    Compiling tokio-macros v2.4.0
[INFO] [stderr]    Compiling tinystr v0.7.6
[INFO] [stderr]    Compiling icu_locid v1.5.0
[INFO] [stderr]    Compiling icu_collections v1.5.0
[INFO] [stderr]    Compiling openssl-macros v0.1.1
[INFO] [stderr]    Compiling icu_provider v1.5.0
[INFO] [stderr]    Compiling ppv-lite86 v0.2.20
[INFO] [stderr]    Compiling icu_locid_transform v1.5.0
[INFO] [stderr]    Compiling tracing v0.1.41
[INFO] [stderr]    Compiling thiserror-impl v1.0.69
[INFO] [stderr]    Compiling zeroize_derive v1.4.2
[INFO] [stderr]    Compiling icu_properties v1.5.1
[INFO] [stderr]    Compiling zeroize v1.8.1
[INFO] [stderr]    Compiling tokio-stream v0.1.17
[INFO] [stderr]    Compiling async-trait v0.1.83
[INFO] [stderr]    Compiling rand_chacha v0.3.1
[INFO] [stderr]    Compiling futures-executor v0.3.31
[INFO] [stderr]    Compiling want v0.3.1
[INFO] [stderr]    Compiling pin-project-internal v1.1.7
[INFO] [stderr]    Compiling either v1.13.0
[INFO] [stderr]    Compiling itertools v0.12.1
[INFO] [stderr]    Compiling icu_normalizer v1.5.0
[INFO] [stderr]    Compiling idna_adapter v1.2.0
[INFO] [stderr]    Compiling idna v1.0.3
[INFO] [stderr]    Compiling tokio-util v0.7.13
[INFO] [stderr]    Compiling url v2.5.4
[INFO] [stderr]    Compiling h2 v0.3.26
[INFO] [stderr]    Compiling sqlx-core v0.7.4
[INFO] [stderr]    Compiling flume v0.11.1
[INFO] [stderr]    Compiling axum-core v0.3.4
[INFO] [stderr]    Compiling cipher v0.3.0
[INFO] [stderr]    Compiling universal-hash v0.4.1
[INFO] [stderr]    Compiling unicode-segmentation v1.12.0
[INFO] [stderr]    Compiling fastrand v2.3.0
[INFO] [stderr]    Compiling tower-layer v0.3.3
[INFO] [stderr]    Compiling hashbrown v0.12.3
[INFO] [stderr]    Compiling httpdate v1.0.3
[INFO] [stderr]    Compiling utf8parse v0.2.2
[INFO] [stderr]    Compiling anstyle-parse v0.2.6
[INFO] [stderr]    Compiling tempfile v3.14.0
[INFO] [stderr]    Compiling heck v0.4.1
[INFO] [stderr]    Compiling polyval v0.5.3
[INFO] [stderr]    Compiling prost-derive v0.12.6
[INFO] [stderr]    Compiling pin-project v1.1.7
[INFO] [stderr]    Compiling curve25519-dalek v3.2.0
[INFO] [stderr]    Compiling rand v0.8.5
[INFO] [stderr]    Compiling sqlx-sqlite v0.7.4
[INFO] [stderr]    Compiling rand_chacha v0.2.2
[INFO] [stderr]    Compiling axum v0.6.20
[INFO] [stderr]    Compiling hmac v0.12.1
[INFO] [stderr]    Compiling block-buffer v0.9.0
[INFO] [stderr]    Compiling anstyle-query v1.1.2
[INFO] [stderr]    Compiling signature v1.6.4
[INFO] [stderr]    Compiling mime v0.3.17
[INFO] [stderr]    Compiling colorchoice v1.0.3
[INFO] [stderr]    Compiling anstyle v1.0.10
[INFO] [stderr]    Compiling is_terminal_polyfill v1.70.1
[INFO] [stderr]    Compiling dotenvy v0.15.7
[INFO] [stderr]    Compiling anstream v0.6.18
[INFO] [stderr]    Compiling ed25519 v1.5.3
[INFO] [stderr]    Compiling sha2 v0.9.9
[INFO] [stderr]    Compiling pbkdf2 v0.12.2
[INFO] [stderr]    Compiling prost v0.12.6
[INFO] [stderr]    Compiling rand v0.7.3
[INFO] [stderr]    Compiling tower v0.4.13
[INFO] [stderr]    Compiling ghash v0.4.4
[INFO] [stderr]    Compiling aes v0.7.5
[INFO] [stderr]    Compiling sqlx-macros-core v0.7.4
[INFO] [stderr]    Compiling hyper v0.14.31
[INFO] [stderr]    Compiling ctr v0.8.0
[INFO] [stderr]    Compiling tokio-io-timeout v1.2.0
[INFO] [stderr]    Compiling async-stream-impl v0.3.6
[INFO] [stderr]    Compiling bs58 v0.5.1
[INFO] [stderr]    Compiling num-integer v0.1.46
[INFO] [stderr]    Compiling aead v0.4.3
[INFO] [stderr]    Compiling ripemd v0.1.3
[INFO] [stderr]    Compiling crypto-mac v0.11.1
[INFO] [stderr]    Compiling bitflags v1.3.2
[INFO] [stderr]    Compiling clap_lex v0.7.4
[INFO] [stderr]    Compiling heck v0.5.0
[INFO] [stderr]    Compiling matchit v0.7.3
[INFO] [stderr]    Compiling libexception v0.1.0 (/opt/rustwide/workdir/deps/libexception)
[INFO] [stderr]    Compiling sync_wrapper v0.1.2
[INFO] [stderr]    Compiling strsim v0.11.1
[INFO] [stderr]    Compiling clap_derive v4.5.18
[INFO] [stderr]    Compiling mpc_spec v0.1.0 (/opt/rustwide/workdir/deps/mpc_spec)
[INFO] [stderr]    Compiling async-stream v0.3.6
[INFO] [stderr]    Compiling clap_builder v4.5.23
[INFO] [stderr]    Compiling hmac v0.11.0
[INFO] [stderr]    Compiling sqlx-macros v0.7.4
[INFO] [stderr]    Compiling num-bigint v0.4.6
[INFO] [stderr]    Compiling bip32 v0.5.1 (/opt/rustwide/workdir/deps/bip32)
[INFO] [stderr]    Compiling aes-gcm v0.9.4
[INFO] [stderr]    Compiling ed25519-dalek v1.0.1
[INFO] [stderr]    Compiling adler v1.0.2
[INFO] [stderr]    Compiling iter-read v1.1.0
[INFO] [stderr]    Compiling base64 v0.21.7
[INFO] [stderr]    Compiling serde-pickle v1.2.0
[INFO] [stderr]    Compiling miniz_oxide v0.7.4
[INFO] [stderr]    Compiling clap v4.5.23
[INFO] [stderr]    Compiling prost-types v0.12.6
[INFO] [stderr]    Compiling hyper-timeout v0.4.1
[INFO] [stderr]    Compiling mpc_algo v0.1.0 (/opt/rustwide/workdir/mpc_algo)
[INFO] [stderr]    Compiling sqlx v0.7.4
[INFO] [stderr]    Compiling dashmap v5.5.3
[INFO] [stderr]    Compiling tonic v0.11.0
[INFO] [stderr]    Compiling mpc_eddsa_showcase v0.1.0 (/opt/rustwide/workdir/showcase)
[INFO] [stderr]     Finished `dev` profile [unoptimized + debuginfo] target(s) in 3m 38s
[INFO] running `Command { std: "docker" "inspect" "4a26b63fe13ea2644f08277706a0230f121431d041750479d2644c419a540f10", kill_on_drop: false }`
[INFO] running `Command { std: "docker" "rm" "-f" "4a26b63fe13ea2644f08277706a0230f121431d041750479d2644c419a540f10", kill_on_drop: false }`
[INFO] [stdout] 4a26b63fe13ea2644f08277706a0230f121431d041750479d2644c419a540f10
[INFO] running `Command { std: "docker" "create" "-v" "/var/lib/crater-agent-workspace/builds/worker-3-tc1/target:/opt/rustwide/target:rw,Z" "-v" "/var/lib/crater-agent-workspace/builds/worker-3-tc1/source:/opt/rustwide/workdir:ro,Z" "-v" "/var/lib/crater-agent-workspace/cargo-home:/opt/rustwide/cargo-home:ro,Z" "-v" "/var/lib/crater-agent-workspace/rustup-home:/opt/rustwide/rustup-home:ro,Z" "-e" "SOURCE_DIR=/opt/rustwide/workdir" "-e" "CARGO_TARGET_DIR=/opt/rustwide/target" "-e" "CARGO_INCREMENTAL=0" "-e" "RUST_BACKTRACE=full" "-e" "RUSTFLAGS=--cap-lints=warn" "-e" "RUSTDOCFLAGS=--cap-lints=warn" "-e" "CARGO_HOME=/opt/rustwide/cargo-home" "-e" "RUSTUP_HOME=/opt/rustwide/rustup-home" "-w" "/opt/rustwide/workdir" "-m" "1610612736" "--user" "0:0" "--network" "none" "ghcr.io/rust-lang/crates-build-env/linux@sha256:f3a9d4ad9d972b27faf3965f35b62e55ba32bbce8f20bc8fe909558a86702fde" "/opt/rustwide/cargo-home/bin/cargo" "+1.83.0" "test" "--frozen" "--no-run" "--message-format=json", kill_on_drop: false }`
[INFO] [stdout] b2d82732117e5dc907aac65b39c12125cb62583f1d6e69c9440ffeecf46896bc
[INFO] running `Command { std: "docker" "start" "-a" "b2d82732117e5dc907aac65b39c12125cb62583f1d6e69c9440ffeecf46896bc", kill_on_drop: false }`
[INFO] [stderr]    Compiling hex-literal v0.4.1
[INFO] [stderr]    Compiling mpc_algo v0.1.0 (/opt/rustwide/workdir/mpc_algo)
[INFO] [stderr]    Compiling mpc_eddsa_showcase v0.1.0 (/opt/rustwide/workdir/showcase)
[INFO] [stderr]    Compiling mpc_spec v0.1.0 (/opt/rustwide/workdir/deps/mpc_spec)
[INFO] [stderr]    Compiling libexception v0.1.0 (/opt/rustwide/workdir/deps/libexception)
[INFO] [stderr]    Compiling bip32 v0.5.1 (/opt/rustwide/workdir/deps/bip32)
[INFO] [stdout] warning: unexpected `cfg` condition value: `secp256k1`
[INFO] [stdout]  --> deps/bip32/tests/bip32_vectors.rs:9:31
[INFO] [stdout]   |
[INFO] [stdout] 9 | #![cfg(all(feature = "alloc", feature = "secp256k1"))]
[INFO] [stdout]   |                               ^^^^^^^^^^^^^^^^^^^^^
[INFO] [stdout]   |
[INFO] [stdout]   = note: expected values for `feature` are: `alloc`, `bip39`, `curve25519-dalek`, `default`, `ed25519`, `mnemonic`, `once_cell`, `pbkdf2`, and `std`
[INFO] [stdout]   = help: consider adding `secp256k1` as a feature in `Cargo.toml`
[INFO] [stdout]   = note: see <https://doc.rust-lang.org/nightly/rustc/check-cfg/cargo-specifics.html> for more information about checking conditional configuration
[INFO] [stdout]   = note: `#[warn(unexpected_cfgs)]` on by default
[INFO] [stdout] 
[INFO] [stdout] 
[INFO] [stderr]     Finished `test` profile [unoptimized + debuginfo] target(s) in 6.28s
[INFO] running `Command { std: "docker" "inspect" "b2d82732117e5dc907aac65b39c12125cb62583f1d6e69c9440ffeecf46896bc", kill_on_drop: false }`
[INFO] running `Command { std: "docker" "rm" "-f" "b2d82732117e5dc907aac65b39c12125cb62583f1d6e69c9440ffeecf46896bc", kill_on_drop: false }`
[INFO] [stdout] b2d82732117e5dc907aac65b39c12125cb62583f1d6e69c9440ffeecf46896bc
[INFO] running `Command { std: "docker" "create" "-v" "/var/lib/crater-agent-workspace/builds/worker-3-tc1/target:/opt/rustwide/target:rw,Z" "-v" "/var/lib/crater-agent-workspace/builds/worker-3-tc1/source:/opt/rustwide/workdir:ro,Z" "-v" "/var/lib/crater-agent-workspace/cargo-home:/opt/rustwide/cargo-home:ro,Z" "-v" "/var/lib/crater-agent-workspace/rustup-home:/opt/rustwide/rustup-home:ro,Z" "-e" "SOURCE_DIR=/opt/rustwide/workdir" "-e" "CARGO_TARGET_DIR=/opt/rustwide/target" "-e" "CARGO_INCREMENTAL=0" "-e" "RUST_BACKTRACE=full" "-e" "RUSTFLAGS=--cap-lints=warn" "-e" "RUSTDOCFLAGS=--cap-lints=warn" "-e" "CARGO_HOME=/opt/rustwide/cargo-home" "-e" "RUSTUP_HOME=/opt/rustwide/rustup-home" "-w" "/opt/rustwide/workdir" "-m" "1610612736" "--user" "0:0" "--network" "none" "ghcr.io/rust-lang/crates-build-env/linux@sha256:f3a9d4ad9d972b27faf3965f35b62e55ba32bbce8f20bc8fe909558a86702fde" "/opt/rustwide/cargo-home/bin/cargo" "+1.83.0" "test" "--frozen", kill_on_drop: false }`
[INFO] [stdout] 4177c5a6d1e33a82cec37756d798284f4757d428d56d9d9a789ff55112358b75
[INFO] running `Command { std: "docker" "start" "-a" "4177c5a6d1e33a82cec37756d798284f4757d428d56d9d9a789ff55112358b75", kill_on_drop: false }`
[INFO] [stderr] warning: unexpected `cfg` condition value: `secp256k1`
[INFO] [stderr]  --> deps/bip32/tests/bip32_vectors.rs:9:31
[INFO] [stderr]   |
[INFO] [stderr] 9 | #![cfg(all(feature = "alloc", feature = "secp256k1"))]
[INFO] [stderr]   |                               ^^^^^^^^^^^^^^^^^^^^^
[INFO] [stderr]   |
[INFO] [stderr]   = note: expected values for `feature` are: `alloc`, `bip39`, `curve25519-dalek`, `default`, `ed25519`, `mnemonic`, `once_cell`, `pbkdf2`, and `std`
[INFO] [stderr]   = help: consider adding `secp256k1` as a feature in `Cargo.toml`
[INFO] [stderr]   = note: see <https://doc.rust-lang.org/nightly/rustc/check-cfg/cargo-specifics.html> for more information about checking conditional configuration
[INFO] [stderr]   = note: `#[warn(unexpected_cfgs)]` on by default
[INFO] [stderr] 
[INFO] [stderr] warning: `bip32` (test "bip32_vectors") generated 1 warning
[INFO] [stderr]     Finished `test` profile [unoptimized + debuginfo] target(s) in 0.28s
[INFO] [stderr]      Running unittests src/lib.rs (/opt/rustwide/target/debug/deps/bip32-bf9770120d5c76b8)
[INFO] [stdout] 
[INFO] [stdout] running 8 tests
[INFO] [stdout] test child_number::tests::parse_hardened_h ... ok
[INFO] [stdout] test child_number::tests::parse_hardened ... ok
[INFO] [stdout] test child_number::tests::parse_non_hardened ... ok
[INFO] [stdout] test child_number::tests::parse_rejects_invalid ... ok
[INFO] [stdout] test derivation_path::tests::parent ... ok
[INFO] [stdout] test child_number::tests::index_overflow ... ok
[INFO] [stdout] test derivation_path::tests::round_trip ... ok
[INFO] [stdout] test prefix::tests::constants ... FAILED
[INFO] [stdout] 
[INFO] [stdout] failures:
[INFO] [stdout] 
[INFO] [stdout] ---- prefix::tests::constants stdout ----
[INFO] [stdout] thread 'prefix::tests::constants' panicked at deps/bip32/src/prefix.rs:207:63:
[INFO] [stdout] called `Result::unwrap()` on an `Err` value: Decode
[INFO] [stdout] stack backtrace:
[INFO] [stdout]    0:     0x6223cd51d8da - std::backtrace_rs::backtrace::libunwind::trace::h5a5b8284f2d0c266
[INFO] [stdout]                                at /rustc/90b35a6239c3d8bdabc530a6a0816f7ff89a0aaf/library/std/src/../../backtrace/src/backtrace/libunwind.rs:116:5
[INFO] [stdout]    1:     0x6223cd51d8da - std::backtrace_rs::backtrace::trace_unsynchronized::h76d4f1c9b0b875e3
[INFO] [stdout]                                at /rustc/90b35a6239c3d8bdabc530a6a0816f7ff89a0aaf/library/std/src/../../backtrace/src/backtrace/mod.rs:66:5
[INFO] [stdout]    2:     0x6223cd51d8da - std::sys::backtrace::_print_fmt::hc4546b8364a537c6
[INFO] [stdout]                                at /rustc/90b35a6239c3d8bdabc530a6a0816f7ff89a0aaf/library/std/src/sys/backtrace.rs:66:9
[INFO] [stdout]    3:     0x6223cd51d8da - <std::sys::backtrace::BacktraceLock::print::DisplayBacktrace as core::fmt::Display>::fmt::h5b6bd5631a6d1f6b
[INFO] [stdout]                                at /rustc/90b35a6239c3d8bdabc530a6a0816f7ff89a0aaf/library/std/src/sys/backtrace.rs:39:26
[INFO] [stdout]    4:     0x6223cd542d13 - core::fmt::rt::Argument::fmt::h270f6602a2b96f62
[INFO] [stdout]                                at /rustc/90b35a6239c3d8bdabc530a6a0816f7ff89a0aaf/library/core/src/fmt/rt.rs:177:76
[INFO] [stdout]    5:     0x6223cd542d13 - core::fmt::write::h7550c97b06c86515
[INFO] [stdout]                                at /rustc/90b35a6239c3d8bdabc530a6a0816f7ff89a0aaf/library/core/src/fmt/mod.rs:1186:21
[INFO] [stdout]    6:     0x6223cd51aaa3 - std::io::Write::write_fmt::h509ff860e5956e5e
[INFO] [stdout]                                at /rustc/90b35a6239c3d8bdabc530a6a0816f7ff89a0aaf/library/std/src/io/mod.rs:1839:15
[INFO] [stdout]    7:     0x6223cd51d722 - std::sys::backtrace::BacktraceLock::print::h2395ccd2c84ba3aa
[INFO] [stdout]                                at /rustc/90b35a6239c3d8bdabc530a6a0816f7ff89a0aaf/library/std/src/sys/backtrace.rs:42:9
[INFO] [stdout]    8:     0x6223cd51ed3a - std::panicking::default_hook::{{closure}}::he19d4c7230e07961
[INFO] [stdout]                                at /rustc/90b35a6239c3d8bdabc530a6a0816f7ff89a0aaf/library/std/src/panicking.rs:268:22
[INFO] [stdout]    9:     0x6223cd51eb44 - std::panicking::default_hook::hf614597d3c67bbdb
[INFO] [stdout]                                at /rustc/90b35a6239c3d8bdabc530a6a0816f7ff89a0aaf/library/std/src/panicking.rs:292:9
[INFO] [stdout]   10:     0x6223cd4e0cd9 - <alloc::boxed::Box<F,A> as core::ops::function::Fn<Args>>::call::h39b51ce4599c23d1
[INFO] [stdout]                                at /rustc/90b35a6239c3d8bdabc530a6a0816f7ff89a0aaf/library/alloc/src/boxed.rs:2468:9
[INFO] [stdout]   11:     0x6223cd4e0cd9 - test::test_main::{{closure}}::he977ae839a582784
[INFO] [stdout]                                at /rustc/90b35a6239c3d8bdabc530a6a0816f7ff89a0aaf/library/test/src/lib.rs:133:21
[INFO] [stdout]   12:     0x6223cd51f3d8 - <alloc::boxed::Box<F,A> as core::ops::function::Fn<Args>>::call::h9455091b6b06f9fb
[INFO] [stdout]                                at /rustc/90b35a6239c3d8bdabc530a6a0816f7ff89a0aaf/library/alloc/src/boxed.rs:2468:9
[INFO] [stdout]   13:     0x6223cd51f3d8 - std::panicking::rust_panic_with_hook::h8942133a8b252070
[INFO] [stdout]                                at /rustc/90b35a6239c3d8bdabc530a6a0816f7ff89a0aaf/library/std/src/panicking.rs:809:13
[INFO] [stdout]   14:     0x6223cd51f19a - std::panicking::begin_panic_handler::{{closure}}::hb5f5963570096b29
[INFO] [stdout]                                at /rustc/90b35a6239c3d8bdabc530a6a0816f7ff89a0aaf/library/std/src/panicking.rs:674:13
[INFO] [stdout]   15:     0x6223cd51ddb9 - std::sys::backtrace::__rust_end_short_backtrace::h6208cedc1922feda
[INFO] [stdout]                                at /rustc/90b35a6239c3d8bdabc530a6a0816f7ff89a0aaf/library/std/src/sys/backtrace.rs:170:18
[INFO] [stdout]   16:     0x6223cd51ee2c - rust_begin_unwind
[INFO] [stdout]                                at /rustc/90b35a6239c3d8bdabc530a6a0816f7ff89a0aaf/library/std/src/panicking.rs:665:5
[INFO] [stdout]   17:     0x6223cd497a60 - core::panicking::panic_fmt::h0c3082644d1bf418
[INFO] [stdout]                                at /rustc/90b35a6239c3d8bdabc530a6a0816f7ff89a0aaf/library/core/src/panicking.rs:74:14
[INFO] [stdout]   18:     0x6223cd497e06 - core::result::unwrap_failed::hd20b4aa073bda1e2
[INFO] [stdout]                                at /rustc/90b35a6239c3d8bdabc530a6a0816f7ff89a0aaf/library/core/src/result.rs:1700:5
[INFO] [stdout]   19:     0x6223cd49b7ab - core::result::Result<T,E>::unwrap::h9431ea7894a51863
[INFO] [stdout]                                at /rustc/90b35a6239c3d8bdabc530a6a0816f7ff89a0aaf/library/core/src/result.rs:1104:23
[INFO] [stdout]   20:     0x6223cd49b7ab - bip32::prefix::tests::constants::h3adffbf1e23e1d37
[INFO] [stdout]                                at /opt/rustwide/workdir/deps/bip32/src/prefix.rs:207:34
[INFO] [stdout]   21:     0x6223cd49b737 - bip32::prefix::tests::constants::{{closure}}::ha73c7adb6c94d20c
[INFO] [stdout]                                at /opt/rustwide/workdir/deps/bip32/src/prefix.rs:206:19
[INFO] [stdout]   22:     0x6223cd49a696 - core::ops::function::FnOnce::call_once::h662396a6a627f3a9
[INFO] [stdout]                                at /rustc/90b35a6239c3d8bdabc530a6a0816f7ff89a0aaf/library/core/src/ops/function.rs:250:5
[INFO] [stdout]   23:     0x6223cd4e569b - core::ops::function::FnOnce::call_once::h109cf8051a59b34e
[INFO] [stdout]                                at /rustc/90b35a6239c3d8bdabc530a6a0816f7ff89a0aaf/library/core/src/ops/function.rs:250:5
[INFO] [stdout]   24:     0x6223cd4e569b - test::__rust_begin_short_backtrace::hf4fff89d377446ba
[INFO] [stdout]                                at /rustc/90b35a6239c3d8bdabc530a6a0816f7ff89a0aaf/library/test/src/lib.rs:621:18
[INFO] [stdout]   25:     0x6223cd4e4ed7 - test::run_test_in_process::{{closure}}::h0e39181dd7ee5a43
[INFO] [stdout]                                at /rustc/90b35a6239c3d8bdabc530a6a0816f7ff89a0aaf/library/test/src/lib.rs:644:60
[INFO] [stdout]   26:     0x6223cd4e4ed7 - <core::panic::unwind_safe::AssertUnwindSafe<F> as core::ops::function::FnOnce<()>>::call_once::hc5a66a30f0bdfd1f
[INFO] [stdout]                                at /rustc/90b35a6239c3d8bdabc530a6a0816f7ff89a0aaf/library/core/src/panic/unwind_safe.rs:272:9
[INFO] [stdout]   27:     0x6223cd4e4ed7 - std::panicking::try::do_call::h873b7cf639554a5e
[INFO] [stdout]                                at /rustc/90b35a6239c3d8bdabc530a6a0816f7ff89a0aaf/library/std/src/panicking.rs:557:40
[INFO] [stdout]   28:     0x6223cd4e4ed7 - std::panicking::try::hdb19862fad9c8bd1
[INFO] [stdout]                                at /rustc/90b35a6239c3d8bdabc530a6a0816f7ff89a0aaf/library/std/src/panicking.rs:520:19
[INFO] [stdout]   29:     0x6223cd4e4ed7 - std::panic::catch_unwind::h281fe732d236d260
[INFO] [stdout]                                at /rustc/90b35a6239c3d8bdabc530a6a0816f7ff89a0aaf/library/std/src/panic.rs:358:14
[INFO] [stdout]   30:     0x6223cd4e4ed7 - test::run_test_in_process::h949b6df8457ed338
[INFO] [stdout]                                at /rustc/90b35a6239c3d8bdabc530a6a0816f7ff89a0aaf/library/test/src/lib.rs:644:27
[INFO] [stdout]   31:     0x6223cd4e4ed7 - test::run_test::{{closure}}::h52c556a6d4740e10
[INFO] [stdout]                                at /rustc/90b35a6239c3d8bdabc530a6a0816f7ff89a0aaf/library/test/src/lib.rs:565:43
[INFO] [stdout]   32:     0x6223cd4aa1b4 - test::run_test::{{closure}}::h4237f6381c45ccb9
[INFO] [stdout]                                at /rustc/90b35a6239c3d8bdabc530a6a0816f7ff89a0aaf/library/test/src/lib.rs:595:41
[INFO] [stdout]   33:     0x6223cd4aa1b4 - std::sys::backtrace::__rust_begin_short_backtrace::h505c97a579eca628
[INFO] [stdout]                                at /rustc/90b35a6239c3d8bdabc530a6a0816f7ff89a0aaf/library/std/src/sys/backtrace.rs:154:18
[INFO] [stdout]   34:     0x6223cd4ad87e - std::thread::Builder::spawn_unchecked_::{{closure}}::{{closure}}::h9e86b2e2bc107ea3
[INFO] [stdout]                                at /rustc/90b35a6239c3d8bdabc530a6a0816f7ff89a0aaf/library/std/src/thread/mod.rs:538:17
[INFO] [stdout]   35:     0x6223cd4ad87e - <core::panic::unwind_safe::AssertUnwindSafe<F> as core::ops::function::FnOnce<()>>::call_once::h8b06ddb275ff4a25
[INFO] [stdout]                                at /rustc/90b35a6239c3d8bdabc530a6a0816f7ff89a0aaf/library/core/src/panic/unwind_safe.rs:272:9
[INFO] [stdout]   36:     0x6223cd4ad87e - std::panicking::try::do_call::hb26ecd7cd9a9355d
[INFO] [stdout]                                at /rustc/90b35a6239c3d8bdabc530a6a0816f7ff89a0aaf/library/std/src/panicking.rs:557:40
[INFO] [stdout]   37:     0x6223cd4ad87e - std::panicking::try::h8ddeca9d705f9069
[INFO] [stdout]                                at /rustc/90b35a6239c3d8bdabc530a6a0816f7ff89a0aaf/library/std/src/panicking.rs:520:19
[INFO] [stdout]   38:     0x6223cd4ad87e - std::panic::catch_unwind::h49e1c33078844c46
[INFO] [stdout]                                at /rustc/90b35a6239c3d8bdabc530a6a0816f7ff89a0aaf/library/std/src/panic.rs:358:14
[INFO] [stdout]   39:     0x6223cd4ad87e - std::thread::Builder::spawn_unchecked_::{{closure}}::h6073db6ff56ad35d
[INFO] [stdout]                                at /rustc/90b35a6239c3d8bdabc530a6a0816f7ff89a0aaf/library/std/src/thread/mod.rs:537:30
[INFO] [stdout]   40:     0x6223cd4ad87e - core::ops::function::FnOnce::call_once{{vtable.shim}}::h2c5a5f3779c774f1
[INFO] [stdout]                                at /rustc/90b35a6239c3d8bdabc530a6a0816f7ff89a0aaf/library/core/src/ops/function.rs:250:5
[INFO] [stdout]   41:     0x6223cd52312b - <alloc::boxed::Box<F,A> as core::ops::function::FnOnce<Args>>::call_once::hf75717d9f28faebf
[INFO] [stdout]                                at /rustc/90b35a6239c3d8bdabc530a6a0816f7ff89a0aaf/library/alloc/src/boxed.rs:2454:9
[INFO] [stdout]   42:     0x6223cd52312b - <alloc::boxed::Box<F,A> as core::ops::function::FnOnce<Args>>::call_once::h7bd883a5f3c5f3c1
[INFO] [stdout]                                at /rustc/90b35a6239c3d8bdabc530a6a0816f7ff89a0aaf/library/alloc/src/boxed.rs:2454:9
[INFO] [stdout]   43:     0x6223cd52312b - std::sys::pal::unix::thread::Thread::new::thread_start::hcc78f3943333fa94
[INFO] [stdout]                                at /rustc/90b35a6239c3d8bdabc530a6a0816f7ff89a0aaf/library/std/src/sys/pal/unix/thread.rs:105:17
[INFO] [stdout]   44:     0x78fe4cd4bac3 - <unknown>
[INFO] [stdout]   45:     0x78fe4cddca04 - clone
[INFO] [stdout]   46:                0x0 - <unknown>
[INFO] [stdout] 
[INFO] [stdout] 
[INFO] [stdout] failures:
[INFO] [stdout]     prefix::tests::constants
[INFO] [stdout] 
[INFO] [stdout] test result: FAILED. 7 passed; 1 failed; 0 ignored; 0 measured; 0 filtered out; finished in 0.05s
[INFO] [stdout] 
[INFO] [stderr] error: test failed, to rerun pass `-p bip32 --lib`
[INFO] running `Command { std: "docker" "inspect" "4177c5a6d1e33a82cec37756d798284f4757d428d56d9d9a789ff55112358b75", kill_on_drop: false }`
[INFO] running `Command { std: "docker" "rm" "-f" "4177c5a6d1e33a82cec37756d798284f4757d428d56d9d9a789ff55112358b75", kill_on_drop: false }`
[INFO] [stdout] 4177c5a6d1e33a82cec37756d798284f4757d428d56d9d9a789ff55112358b75
