[INFO] cloning repository https://github.com/whyster/Advent-of-Code-2023
[INFO] running `Command { std: "git" "-c" "credential.helper=" "-c" "credential.helper=/workspace/cargo-home/bin/git-credential-null" "clone" "--bare" "https://github.com/whyster/Advent-of-Code-2023" "/workspace/cache/git-repos/https%3A%2F%2Fgithub.com%2Fwhyster%2FAdvent-of-Code-2023", kill_on_drop: false }`
[INFO] [stderr] Cloning into bare repository '/workspace/cache/git-repos/https%3A%2F%2Fgithub.com%2Fwhyster%2FAdvent-of-Code-2023'...
[INFO] running `Command { std: "git" "rev-parse" "HEAD", kill_on_drop: false }`
[INFO] [stdout] d72575bf0ad2197581f72a6a6fd1f1fd4a9b14bd
[INFO] testing whyster/Advent-of-Code-2023 against beta-2024-12-08 for beta-1.84.0-4-retry
[INFO] running `Command { std: "git" "clone" "/workspace/cache/git-repos/https%3A%2F%2Fgithub.com%2Fwhyster%2FAdvent-of-Code-2023" "/workspace/builds/worker-1-tc2/source", kill_on_drop: false }`
[INFO] [stderr] Cloning into '/workspace/builds/worker-1-tc2/source'...
[INFO] [stderr] done.
[INFO] validating manifest of git repo https://github.com/whyster/Advent-of-Code-2023 on toolchain beta-2024-12-08
[INFO] running `Command { std: CARGO_HOME="/workspace/cargo-home" RUSTUP_HOME="/workspace/rustup-home" "/workspace/cargo-home/bin/cargo" "+beta-2024-12-08" "metadata" "--manifest-path" "Cargo.toml" "--no-deps", kill_on_drop: false }`
[INFO] started tweaking git repo https://github.com/whyster/Advent-of-Code-2023
[INFO] finished tweaking git repo https://github.com/whyster/Advent-of-Code-2023
[INFO] tweaked toml for git repo https://github.com/whyster/Advent-of-Code-2023 written to /workspace/builds/worker-1-tc2/source/Cargo.toml
[INFO] crate git repo https://github.com/whyster/Advent-of-Code-2023 already has a lockfile, it will not be regenerated
[INFO] running `Command { std: CARGO_HOME="/workspace/cargo-home" RUSTUP_HOME="/workspace/rustup-home" "/workspace/cargo-home/bin/cargo" "+beta-2024-12-08" "fetch" "--manifest-path" "Cargo.toml", kill_on_drop: false }`
[INFO] running `Command { std: "docker" "create" "-v" "/var/lib/crater-agent-workspace/builds/worker-1-tc2/target:/opt/rustwide/target:rw,Z" "-v" "/var/lib/crater-agent-workspace/builds/worker-1-tc2/source:/opt/rustwide/workdir:ro,Z" "-v" "/var/lib/crater-agent-workspace/cargo-home:/opt/rustwide/cargo-home:ro,Z" "-v" "/var/lib/crater-agent-workspace/rustup-home:/opt/rustwide/rustup-home:ro,Z" "-e" "SOURCE_DIR=/opt/rustwide/workdir" "-e" "CARGO_TARGET_DIR=/opt/rustwide/target" "-e" "CARGO_HOME=/opt/rustwide/cargo-home" "-e" "RUSTUP_HOME=/opt/rustwide/rustup-home" "-w" "/opt/rustwide/workdir" "-m" "1610612736" "--user" "0:0" "--network" "none" "ghcr.io/rust-lang/crates-build-env/linux@sha256:f3a9d4ad9d972b27faf3965f35b62e55ba32bbce8f20bc8fe909558a86702fde" "/opt/rustwide/cargo-home/bin/cargo" "+beta-2024-12-08" "metadata" "--no-deps" "--format-version=1", kill_on_drop: false }`
[INFO] [stdout] f6d1f2522c290ec24c5f35bf59d61816d039b2bceaa921c1295645d320c1cedf
[INFO] running `Command { std: "docker" "start" "-a" "f6d1f2522c290ec24c5f35bf59d61816d039b2bceaa921c1295645d320c1cedf", kill_on_drop: false }`
[INFO] running `Command { std: "docker" "inspect" "f6d1f2522c290ec24c5f35bf59d61816d039b2bceaa921c1295645d320c1cedf", kill_on_drop: false }`
[INFO] running `Command { std: "docker" "rm" "-f" "f6d1f2522c290ec24c5f35bf59d61816d039b2bceaa921c1295645d320c1cedf", kill_on_drop: false }`
[INFO] [stdout] f6d1f2522c290ec24c5f35bf59d61816d039b2bceaa921c1295645d320c1cedf
[INFO] running `Command { std: "docker" "create" "-v" "/var/lib/crater-agent-workspace/builds/worker-1-tc2/target:/opt/rustwide/target:rw,Z" "-v" "/var/lib/crater-agent-workspace/builds/worker-1-tc2/source:/opt/rustwide/workdir:ro,Z" "-v" "/var/lib/crater-agent-workspace/cargo-home:/opt/rustwide/cargo-home:ro,Z" "-v" "/var/lib/crater-agent-workspace/rustup-home:/opt/rustwide/rustup-home:ro,Z" "-e" "SOURCE_DIR=/opt/rustwide/workdir" "-e" "CARGO_TARGET_DIR=/opt/rustwide/target" "-e" "CARGO_INCREMENTAL=0" "-e" "RUST_BACKTRACE=full" "-e" "RUSTFLAGS=--cap-lints=warn" "-e" "RUSTDOCFLAGS=--cap-lints=warn" "-e" "CARGO_HOME=/opt/rustwide/cargo-home" "-e" "RUSTUP_HOME=/opt/rustwide/rustup-home" "-w" "/opt/rustwide/workdir" "-m" "1610612736" "--user" "0:0" "--network" "none" "ghcr.io/rust-lang/crates-build-env/linux@sha256:f3a9d4ad9d972b27faf3965f35b62e55ba32bbce8f20bc8fe909558a86702fde" "/opt/rustwide/cargo-home/bin/cargo" "+beta-2024-12-08" "build" "--frozen" "--message-format=json", kill_on_drop: false }`
[INFO] [stdout] b846e29bacac3d46e85d838c9d160dcfc20ff919766dab7c840e5fef173ec2c4
[INFO] running `Command { std: "docker" "start" "-a" "b846e29bacac3d46e85d838c9d160dcfc20ff919766dab7c840e5fef173ec2c4", kill_on_drop: false }`
[INFO] [stderr] warning: output filename collision.
[INFO] [stderr] The bin target `part1` in package `day-02 v0.1.0 (/opt/rustwide/workdir/day-02)` has the same output filename as the bin target `part1` in package `day-01 v0.1.0 (/opt/rustwide/workdir/day-01)`.
[INFO] [stderr] Colliding filename is: /opt/rustwide/target/debug/part1
[INFO] [stderr] The targets should have unique names.
[INFO] [stderr] Consider changing their names to be unique or compiling them separately.
[INFO] [stderr] This may become a hard error in the future; see <https://github.com/rust-lang/cargo/issues/6313>.
[INFO] [stderr] warning: output filename collision.
[INFO] [stderr] The bin target `part1` in package `day-02 v0.1.0 (/opt/rustwide/workdir/day-02)` has the same output filename as the bin target `part1` in package `day-01 v0.1.0 (/opt/rustwide/workdir/day-01)`.
[INFO] [stderr] Colliding filename is: /opt/rustwide/target/debug/part1.dwp
[INFO] [stderr] The targets should have unique names.
[INFO] [stderr] Consider changing their names to be unique or compiling them separately.
[INFO] [stderr] This may become a hard error in the future; see <https://github.com/rust-lang/cargo/issues/6313>.
[INFO] [stderr] warning: output filename collision.
[INFO] [stderr] The bin target `part2` in package `day-02 v0.1.0 (/opt/rustwide/workdir/day-02)` has the same output filename as the bin target `part2` in package `day-01 v0.1.0 (/opt/rustwide/workdir/day-01)`.
[INFO] [stderr] Colliding filename is: /opt/rustwide/target/debug/part2
[INFO] [stderr] The targets should have unique names.
[INFO] [stderr] Consider changing their names to be unique or compiling them separately.
[INFO] [stderr] This may become a hard error in the future; see <https://github.com/rust-lang/cargo/issues/6313>.
[INFO] [stderr] warning: output filename collision.
[INFO] [stderr] The bin target `part2` in package `day-02 v0.1.0 (/opt/rustwide/workdir/day-02)` has the same output filename as the bin target `part2` in package `day-01 v0.1.0 (/opt/rustwide/workdir/day-01)`.
[INFO] [stderr] Colliding filename is: /opt/rustwide/target/debug/part2.dwp
[INFO] [stderr] The targets should have unique names.
[INFO] [stderr] Consider changing their names to be unique or compiling them separately.
[INFO] [stderr] This may become a hard error in the future; see <https://github.com/rust-lang/cargo/issues/6313>.
[INFO] [stderr] warning: output filename collision.
[INFO] [stderr] The bin target `part1` in package `day-03 v0.1.0 (/opt/rustwide/workdir/day-03)` has the same output filename as the bin target `part1` in package `day-02 v0.1.0 (/opt/rustwide/workdir/day-02)`.
[INFO] [stderr] Colliding filename is: /opt/rustwide/target/debug/part1
[INFO] [stderr] The targets should have unique names.
[INFO] [stderr] Consider changing their names to be unique or compiling them separately.
[INFO] [stderr] This may become a hard error in the future; see <https://github.com/rust-lang/cargo/issues/6313>.
[INFO] [stderr] warning: output filename collision.
[INFO] [stderr] The bin target `part1` in package `day-03 v0.1.0 (/opt/rustwide/workdir/day-03)` has the same output filename as the bin target `part1` in package `day-02 v0.1.0 (/opt/rustwide/workdir/day-02)`.
[INFO] [stderr] Colliding filename is: /opt/rustwide/target/debug/part1.dwp
[INFO] [stderr] The targets should have unique names.
[INFO] [stderr] Consider changing their names to be unique or compiling them separately.
[INFO] [stderr] This may become a hard error in the future; see <https://github.com/rust-lang/cargo/issues/6313>.
[INFO] [stderr] warning: output filename collision.
[INFO] [stderr] The bin target `part2` in package `day-03 v0.1.0 (/opt/rustwide/workdir/day-03)` has the same output filename as the bin target `part2` in package `day-02 v0.1.0 (/opt/rustwide/workdir/day-02)`.
[INFO] [stderr] Colliding filename is: /opt/rustwide/target/debug/part2
[INFO] [stderr] The targets should have unique names.
[INFO] [stderr] Consider changing their names to be unique or compiling them separately.
[INFO] [stderr] This may become a hard error in the future; see <https://github.com/rust-lang/cargo/issues/6313>.
[INFO] [stderr] warning: output filename collision.
[INFO] [stderr] The bin target `part2` in package `day-03 v0.1.0 (/opt/rustwide/workdir/day-03)` has the same output filename as the bin target `part2` in package `day-02 v0.1.0 (/opt/rustwide/workdir/day-02)`.
[INFO] [stderr] Colliding filename is: /opt/rustwide/target/debug/part2.dwp
[INFO] [stderr] The targets should have unique names.
[INFO] [stderr] Consider changing their names to be unique or compiling them separately.
[INFO] [stderr] This may become a hard error in the future; see <https://github.com/rust-lang/cargo/issues/6313>.
[INFO] [stderr]    Compiling proc-macro2 v1.0.70
[INFO] [stderr]    Compiling unicode-ident v1.0.12
[INFO] [stderr]    Compiling once_cell v1.18.0
[INFO] [stderr]    Compiling overload v0.1.1
[INFO] [stderr]    Compiling anyhow v1.0.75
[INFO] [stderr]    Compiling log v0.4.20
[INFO] [stderr]    Compiling cfg-if v1.0.0
[INFO] [stderr]    Compiling lazy_static v1.4.0
[INFO] [stderr]    Compiling either v1.9.0
[INFO] [stderr]    Compiling memchr v2.6.4
[INFO] [stderr]    Compiling minimal-lexical v0.2.1
[INFO] [stderr]    Compiling pin-project-lite v0.2.13
[INFO] [stderr]    Compiling smallvec v1.11.2
[INFO] [stderr]    Compiling sharded-slab v0.1.7
[INFO] [stderr]    Compiling nu-ansi-term v0.46.0
[INFO] [stderr]    Compiling tracing-core v0.1.32
[INFO] [stderr]    Compiling thread_local v1.1.7
[INFO] [stderr]    Compiling itertools v0.12.0
[INFO] [stderr]    Compiling tracing-log v0.2.0
[INFO] [stderr]    Compiling nom v7.1.3
[INFO] [stderr]    Compiling quote v1.0.33
[INFO] [stderr]    Compiling tracing-subscriber v0.3.18
[INFO] [stderr]    Compiling syn v2.0.39
[INFO] [stderr]    Compiling tracing-attributes v0.1.27
[INFO] [stderr]    Compiling tracing v0.1.40
[INFO] [stderr]    Compiling day-01 v0.1.0 (/opt/rustwide/workdir/day-01)
[INFO] [stderr]    Compiling day-03 v0.1.0 (/opt/rustwide/workdir/day-03)
[INFO] [stderr]    Compiling day-02 v0.1.0 (/opt/rustwide/workdir/day-02)
[INFO] [stdout] warning: unused imports: `multispace1` and `newline`
[INFO] [stdout]  --> day-02/src/part1.rs:3:61
[INFO] [stdout]   |
[INFO] [stdout] 3 | use nom::character::complete::{alpha1, digit1, line_ending, multispace1, newline};
[INFO] [stdout]   |                                                             ^^^^^^^^^^^  ^^^^^^^
[INFO] [stdout]   |
[INFO] [stdout]   = note: `#[warn(unused_imports)]` on by default
[INFO] [stdout] 
[INFO] [stdout] 
[INFO] [stdout] warning: unused import: `many0`
[INFO] [stdout]  --> day-02/src/part1.rs:5:18
[INFO] [stdout]   |
[INFO] [stdout] 5 | use nom::multi::{many0, separated_list0, separated_list1};
[INFO] [stdout]   |                  ^^^^^
[INFO] [stdout] 
[INFO] [stdout] 
[INFO] [stdout] warning: unused import: `nom::branch::alt`
[INFO] [stdout]  --> day-01/src/part1.rs:2:5
[INFO] [stdout]   |
[INFO] [stdout] 2 | use nom::branch::alt;
[INFO] [stdout]   |     ^^^^^^^^^^^^^^^^
[INFO] [stdout]   |
[INFO] [stdout]   = note: `#[warn(unused_imports)]` on by default
[INFO] [stdout] 
[INFO] [stdout] 
[INFO] [stdout] warning: unused imports: `tag` and `take_while_m_n`
[INFO] [stdout]  --> day-01/src/part1.rs:3:28
[INFO] [stdout]   |
[INFO] [stdout] 3 | use nom::bytes::complete::{tag, take_while_m_n};
[INFO] [stdout]   |                            ^^^  ^^^^^^^^^^^^^^
[INFO] [stdout] 
[INFO] [stdout] 
[INFO] [stdout] warning: unused imports: `alpha0`, `alpha1`, `digit0`, and `digit1`
[INFO] [stdout]  --> day-01/src/part1.rs:4:32
[INFO] [stdout]   |
[INFO] [stdout] 4 | use nom::character::complete::{alpha0, alpha1, digit0, digit1};
[INFO] [stdout]   |                                ^^^^^^  ^^^^^^  ^^^^^^  ^^^^^^
[INFO] [stdout] 
[INFO] [stdout] 
[INFO] [stdout] warning: unused imports: `is_alphabetic` and `is_alphanumeric`
[INFO] [stdout]  --> day-01/src/part1.rs:5:22
[INFO] [stdout]   |
[INFO] [stdout] 5 | use nom::character::{is_alphabetic, is_alphanumeric};
[INFO] [stdout]   |                      ^^^^^^^^^^^^^  ^^^^^^^^^^^^^^^
[INFO] [stdout] 
[INFO] [stdout] 
[INFO] [stdout] warning: unused imports: `any`, `ascii::AsciiExt`, and `ops::Index`
[INFO] [stdout]  --> day-03/src/part1.rs:1:11
[INFO] [stdout]   |
[INFO] [stdout] 1 | use std::{any, ascii::AsciiExt, ops::Index};
[INFO] [stdout]   |           ^^^  ^^^^^^^^^^^^^^^  ^^^^^^^^^^
[INFO] [stdout]   |
[INFO] [stdout]   = note: `#[warn(unused_imports)]` on by default
[INFO] [stdout] 
[INFO] [stdout] 
[INFO] [stdout] warning: unused import: `nom::Slice`
[INFO] [stdout]  --> day-03/src/part1.rs:5:5
[INFO] [stdout]   |
[INFO] [stdout] 5 | use nom::Slice;
[INFO] [stdout]   |     ^^^^^^^^^^
[INFO] [stdout] 
[INFO] [stdout] 
[INFO] [stdout] warning: unnecessary parentheses around `if` condition
[INFO] [stdout]   --> day-03/src/part1.rs:26:20
[INFO] [stdout]    |
[INFO] [stdout] 26 |                 if (y == self.y && x >= self.x && x < bottom_right_x) {
[INFO] [stdout]    |                    ^                                                ^
[INFO] [stdout]    |
[INFO] [stdout]    = note: `#[warn(unused_parens)]` on by default
[INFO] [stdout] help: remove these parentheses
[INFO] [stdout]    |
[INFO] [stdout] 26 -                 if (y == self.y && x >= self.x && x < bottom_right_x) {
[INFO] [stdout] 26 +                 if y == self.y && x >= self.x && x < bottom_right_x {
[INFO] [stdout]    |
[INFO] [stdout] 
[INFO] [stdout] 
[INFO] [stdout] warning: unused imports: `many0` and `many1`
[INFO] [stdout]  --> day-01/src/part1.rs:6:18
[INFO] [stdout]   |
[INFO] [stdout] 6 | use nom::multi::{many0, many1};
[INFO] [stdout]   |                  ^^^^^  ^^^^^
[INFO] [stdout] 
[INFO] [stdout] 
[INFO] [stdout] warning: unused import: `nom::IResult`
[INFO] [stdout]  --> day-01/src/part1.rs:7:5
[INFO] [stdout]   |
[INFO] [stdout] 7 | use nom::IResult;
[INFO] [stdout]   |     ^^^^^^^^^^^^
[INFO] [stdout] 
[INFO] [stdout] 
[INFO] [stdout] warning: unused import: `std::mem::take`
[INFO] [stdout]  --> day-01/src/part1.rs:8:5
[INFO] [stdout]   |
[INFO] [stdout] 8 | use std::mem::take;
[INFO] [stdout]   |     ^^^^^^^^^^^^^^
[INFO] [stdout] 
[INFO] [stdout] 
[INFO] [stdout] warning: unused import: `tracing::field::debug`
[INFO] [stdout]  --> day-01/src/part1.rs:9:5
[INFO] [stdout]   |
[INFO] [stdout] 9 | use tracing::field::debug;
[INFO] [stdout]   |     ^^^^^^^^^^^^^^^^^^^^^
[INFO] [stdout] 
[INFO] [stdout] 
[INFO] [stdout] warning: unused imports: `Level`, `debug`, `event`, `info`, and `trace`
[INFO] [stdout]   --> day-01/src/part1.rs:10:15
[INFO] [stdout]    |
[INFO] [stdout] 10 | use tracing::{debug, event, info, instrument, trace, Level};
[INFO] [stdout]    |               ^^^^^  ^^^^^  ^^^^              ^^^^^  ^^^^^
[INFO] [stdout] 
[INFO] [stdout] 
[INFO] [stdout] warning: unused import: `std::io::Lines`
[INFO] [stdout]  --> day-01/src/part2.rs:1:5
[INFO] [stdout]   |
[INFO] [stdout] 1 | use std::io::Lines;
[INFO] [stdout]   |     ^^^^^^^^^^^^^^
[INFO] [stdout] 
[INFO] [stdout] 
[INFO] [stdout] warning: variable does not need to be mutable
[INFO] [stdout]   --> day-02/src/part1.rs:67:21
[INFO] [stdout]    |
[INFO] [stdout] 67 |                 let mut cube_count = *played_cubes.get(&played_cube.1).unwrap_or(&0);
[INFO] [stdout]    |                     ----^^^^^^^^^^
[INFO] [stdout]    |                     |
[INFO] [stdout]    |                     help: remove this `mut`
[INFO] [stdout]    |
[INFO] [stdout]    = note: `#[warn(unused_mut)]` on by default
[INFO] [stdout] 
[INFO] [stdout] 
[INFO] [stdout] warning: unused variable: `dbg_round`
[INFO] [stdout]    --> day-02/src/part1.rs:106:17
[INFO] [stdout]     |
[INFO] [stdout] 106 |             let dbg_round = round.clone();
[INFO] [stdout]     |                 ^^^^^^^^^ help: if this is intentional, prefix it with an underscore: `_dbg_round`
[INFO] [stdout]     |
[INFO] [stdout]     = note: `#[warn(unused_variables)]` on by default
[INFO] [stdout] 
[INFO] [stdout] 
[INFO] [stdout] warning: use of deprecated trait `std::ascii::AsciiExt`: use inherent methods instead
[INFO] [stdout]  --> day-03/src/part1.rs:1:23
[INFO] [stdout]   |
[INFO] [stdout] 1 | use std::{any, ascii::AsciiExt, ops::Index};
[INFO] [stdout]   |                       ^^^^^^^^
[INFO] [stdout]   |
[INFO] [stdout]   = note: `#[warn(deprecated)]` on by default
[INFO] [stdout] 
[INFO] [stdout] 
[INFO] [stdout] warning: value assigned to `matching_number` is never read
[INFO] [stdout]   --> day-03/src/part1.rs:80:17
[INFO] [stdout]    |
[INFO] [stdout] 80 |                 matching_number = false;
[INFO] [stdout]    |                 ^^^^^^^^^^^^^^^
[INFO] [stdout]    |
[INFO] [stdout]    = help: maybe it is overwritten before being read?
[INFO] [stdout]    = note: `#[warn(unused_assignments)]` on by default
[INFO] [stdout] 
[INFO] [stdout] 
[INFO] [stdout] warning: value assigned to `start_x` is never read
[INFO] [stdout]   --> day-03/src/part1.rs:87:17
[INFO] [stdout]    |
[INFO] [stdout] 87 |                 start_x = 0;
[INFO] [stdout]    |                 ^^^^^^^
[INFO] [stdout]    |
[INFO] [stdout]    = help: maybe it is overwritten before being read?
[INFO] [stdout] 
[INFO] [stdout] 
[INFO] [stdout] warning: value assigned to `num_length` is never read
[INFO] [stdout]   --> day-03/src/part1.rs:88:17
[INFO] [stdout]    |
[INFO] [stdout] 88 |                 num_length = 0;
[INFO] [stdout]    |                 ^^^^^^^^^^
[INFO] [stdout]    |
[INFO] [stdout]    = help: maybe it is overwritten before being read?
[INFO] [stdout] 
[INFO] [stdout] 
[INFO] [stdout] warning: unused variable: `input`
[INFO] [stdout]  --> day-03/src/part2.rs:3:16
[INFO] [stdout]   |
[INFO] [stdout] 3 | pub fn process(input: &str) -> Result<i32> {
[INFO] [stdout]   |                ^^^^^ help: if this is intentional, prefix it with an underscore: `_input`
[INFO] [stdout]   |
[INFO] [stdout]   = note: `#[warn(unused_variables)]` on by default
[INFO] [stdout] 
[INFO] [stdout] 
[INFO] [stderr]     Finished `dev` profile [unoptimized + debuginfo] target(s) in 11.91s
[INFO] running `Command { std: "docker" "inspect" "b846e29bacac3d46e85d838c9d160dcfc20ff919766dab7c840e5fef173ec2c4", kill_on_drop: false }`
[INFO] running `Command { std: "docker" "rm" "-f" "b846e29bacac3d46e85d838c9d160dcfc20ff919766dab7c840e5fef173ec2c4", kill_on_drop: false }`
[INFO] [stdout] b846e29bacac3d46e85d838c9d160dcfc20ff919766dab7c840e5fef173ec2c4
[INFO] running `Command { std: "docker" "create" "-v" "/var/lib/crater-agent-workspace/builds/worker-1-tc2/target:/opt/rustwide/target:rw,Z" "-v" "/var/lib/crater-agent-workspace/builds/worker-1-tc2/source:/opt/rustwide/workdir:ro,Z" "-v" "/var/lib/crater-agent-workspace/cargo-home:/opt/rustwide/cargo-home:ro,Z" "-v" "/var/lib/crater-agent-workspace/rustup-home:/opt/rustwide/rustup-home:ro,Z" "-e" "SOURCE_DIR=/opt/rustwide/workdir" "-e" "CARGO_TARGET_DIR=/opt/rustwide/target" "-e" "CARGO_INCREMENTAL=0" "-e" "RUST_BACKTRACE=full" "-e" "RUSTFLAGS=--cap-lints=warn" "-e" "RUSTDOCFLAGS=--cap-lints=warn" "-e" "CARGO_HOME=/opt/rustwide/cargo-home" "-e" "RUSTUP_HOME=/opt/rustwide/rustup-home" "-w" "/opt/rustwide/workdir" "-m" "1610612736" "--user" "0:0" "--network" "none" "ghcr.io/rust-lang/crates-build-env/linux@sha256:f3a9d4ad9d972b27faf3965f35b62e55ba32bbce8f20bc8fe909558a86702fde" "/opt/rustwide/cargo-home/bin/cargo" "+beta-2024-12-08" "test" "--frozen" "--no-run" "--message-format=json", kill_on_drop: false }`
[INFO] [stdout] 73ce18fcf23a97d95e75146d5d83efa852006ccb6ed42562e305b7dbe7ebc143
[INFO] running `Command { std: "docker" "start" "-a" "73ce18fcf23a97d95e75146d5d83efa852006ccb6ed42562e305b7dbe7ebc143", kill_on_drop: false }`
[INFO] [stderr]    Compiling day-03 v0.1.0 (/opt/rustwide/workdir/day-03)
[INFO] [stderr]    Compiling day-01 v0.1.0 (/opt/rustwide/workdir/day-01)
[INFO] [stderr]    Compiling day-02 v0.1.0 (/opt/rustwide/workdir/day-02)
[INFO] [stdout] warning: unused imports: `any`, `ascii::AsciiExt`, and `ops::Index`
[INFO] [stdout]  --> day-03/src/part1.rs:1:11
[INFO] [stdout]   |
[INFO] [stdout] 1 | use std::{any, ascii::AsciiExt, ops::Index};
[INFO] [stdout]   |           ^^^  ^^^^^^^^^^^^^^^  ^^^^^^^^^^
[INFO] [stdout]   |
[INFO] [stdout]   = note: `#[warn(unused_imports)]` on by default
[INFO] [stdout] 
[INFO] [stdout] 
[INFO] [stdout] warning: unused import: `nom::Slice`
[INFO] [stdout]  --> day-03/src/part1.rs:5:5
[INFO] [stdout]   |
[INFO] [stdout] 5 | use nom::Slice;
[INFO] [stdout]   |     ^^^^^^^^^^
[INFO] [stdout] 
[INFO] [stdout] 
[INFO] [stdout] warning: unnecessary parentheses around `if` condition
[INFO] [stdout]   --> day-03/src/part1.rs:26:20
[INFO] [stdout]    |
[INFO] [stdout] 26 |                 if (y == self.y && x >= self.x && x < bottom_right_x) {
[INFO] [stdout]    |                    ^                                                ^
[INFO] [stdout]    |
[INFO] [stdout]    = note: `#[warn(unused_parens)]` on by default
[INFO] [stdout] help: remove these parentheses
[INFO] [stdout]    |
[INFO] [stdout] 26 -                 if (y == self.y && x >= self.x && x < bottom_right_x) {
[INFO] [stdout] 26 +                 if y == self.y && x >= self.x && x < bottom_right_x {
[INFO] [stdout]    |
[INFO] [stdout] 
[INFO] [stdout] 
[INFO] [stdout] warning: use of deprecated trait `std::ascii::AsciiExt`: use inherent methods instead
[INFO] [stdout]  --> day-03/src/part1.rs:1:23
[INFO] [stdout]   |
[INFO] [stdout] 1 | use std::{any, ascii::AsciiExt, ops::Index};
[INFO] [stdout]   |                       ^^^^^^^^
[INFO] [stdout]   |
[INFO] [stdout]   = note: `#[warn(deprecated)]` on by default
[INFO] [stdout] 
[INFO] [stdout] 
[INFO] [stdout] warning: value assigned to `matching_number` is never read
[INFO] [stdout]   --> day-03/src/part1.rs:80:17
[INFO] [stdout]    |
[INFO] [stdout] 80 |                 matching_number = false;
[INFO] [stdout]    |                 ^^^^^^^^^^^^^^^
[INFO] [stdout]    |
[INFO] [stdout]    = help: maybe it is overwritten before being read?
[INFO] [stdout]    = note: `#[warn(unused_assignments)]` on by default
[INFO] [stdout] 
[INFO] [stdout] 
[INFO] [stdout] warning: value assigned to `start_x` is never read
[INFO] [stdout]   --> day-03/src/part1.rs:87:17
[INFO] [stdout]    |
[INFO] [stdout] 87 |                 start_x = 0;
[INFO] [stdout]    |                 ^^^^^^^
[INFO] [stdout]    |
[INFO] [stdout]    = help: maybe it is overwritten before being read?
[INFO] [stdout] 
[INFO] [stdout] 
[INFO] [stdout] warning: value assigned to `num_length` is never read
[INFO] [stdout]   --> day-03/src/part1.rs:88:17
[INFO] [stdout]    |
[INFO] [stdout] 88 |                 num_length = 0;
[INFO] [stdout]    |                 ^^^^^^^^^^
[INFO] [stdout]    |
[INFO] [stdout]    = help: maybe it is overwritten before being read?
[INFO] [stdout] 
[INFO] [stdout] 
[INFO] [stdout] warning: unused variable: `input`
[INFO] [stdout]  --> day-03/src/part2.rs:3:16
[INFO] [stdout]   |
[INFO] [stdout] 3 | pub fn process(input: &str) -> Result<i32> {
[INFO] [stdout]   |                ^^^^^ help: if this is intentional, prefix it with an underscore: `_input`
[INFO] [stdout]   |
[INFO] [stdout]   = note: `#[warn(unused_variables)]` on by default
[INFO] [stdout] 
[INFO] [stdout] 
[INFO] [stdout] warning: unused imports: `multispace1` and `newline`
[INFO] [stdout]  --> day-02/src/part1.rs:3:61
[INFO] [stdout]   |
[INFO] [stdout] 3 | use nom::character::complete::{alpha1, digit1, line_ending, multispace1, newline};
[INFO] [stdout]   |                                                             ^^^^^^^^^^^  ^^^^^^^
[INFO] [stdout]   |
[INFO] [stdout]   = note: `#[warn(unused_imports)]` on by default
[INFO] [stdout] 
[INFO] [stdout] 
[INFO] [stdout] warning: unused import: `many0`
[INFO] [stdout]  --> day-02/src/part1.rs:5:18
[INFO] [stdout]   |
[INFO] [stdout] 5 | use nom::multi::{many0, separated_list0, separated_list1};
[INFO] [stdout]   |                  ^^^^^
[INFO] [stdout] 
[INFO] [stdout] 
[INFO] [stdout] warning: variable does not need to be mutable
[INFO] [stdout]   --> day-02/src/part1.rs:67:21
[INFO] [stdout]    |
[INFO] [stdout] 67 |                 let mut cube_count = *played_cubes.get(&played_cube.1).unwrap_or(&0);
[INFO] [stdout]    |                     ----^^^^^^^^^^
[INFO] [stdout]    |                     |
[INFO] [stdout]    |                     help: remove this `mut`
[INFO] [stdout]    |
[INFO] [stdout]    = note: `#[warn(unused_mut)]` on by default
[INFO] [stdout] 
[INFO] [stdout] 
[INFO] [stdout] warning: unused variable: `dbg_round`
[INFO] [stdout]    --> day-02/src/part1.rs:106:17
[INFO] [stdout]     |
[INFO] [stdout] 106 |             let dbg_round = round.clone();
[INFO] [stdout]     |                 ^^^^^^^^^ help: if this is intentional, prefix it with an underscore: `_dbg_round`
[INFO] [stdout]     |
[INFO] [stdout]     = note: `#[warn(unused_variables)]` on by default
[INFO] [stdout] 
[INFO] [stdout] 
[INFO] [stdout] warning: unused import: `nom::branch::alt`
[INFO] [stdout]  --> day-01/src/part1.rs:2:5
[INFO] [stdout]   |
[INFO] [stdout] 2 | use nom::branch::alt;
[INFO] [stdout]   |     ^^^^^^^^^^^^^^^^
[INFO] [stdout]   |
[INFO] [stdout]   = note: `#[warn(unused_imports)]` on by default
[INFO] [stdout] 
[INFO] [stdout] 
[INFO] [stdout] warning: unused imports: `tag` and `take_while_m_n`
[INFO] [stdout]  --> day-01/src/part1.rs:3:28
[INFO] [stdout]   |
[INFO] [stdout] 3 | use nom::bytes::complete::{tag, take_while_m_n};
[INFO] [stdout]   |                            ^^^  ^^^^^^^^^^^^^^
[INFO] [stdout] 
[INFO] [stdout] 
[INFO] [stdout] warning: unused imports: `alpha0`, `alpha1`, `digit0`, and `digit1`
[INFO] [stdout]  --> day-01/src/part1.rs:4:32
[INFO] [stdout]   |
[INFO] [stdout] 4 | use nom::character::complete::{alpha0, alpha1, digit0, digit1};
[INFO] [stdout]   |                                ^^^^^^  ^^^^^^  ^^^^^^  ^^^^^^
[INFO] [stdout] 
[INFO] [stdout] 
[INFO] [stdout] warning: unused imports: `is_alphabetic` and `is_alphanumeric`
[INFO] [stdout]  --> day-01/src/part1.rs:5:22
[INFO] [stdout]   |
[INFO] [stdout] 5 | use nom::character::{is_alphabetic, is_alphanumeric};
[INFO] [stdout]   |                      ^^^^^^^^^^^^^  ^^^^^^^^^^^^^^^
[INFO] [stdout] 
[INFO] [stdout] 
[INFO] [stdout] warning: unused imports: `many0` and `many1`
[INFO] [stdout]  --> day-01/src/part1.rs:6:18
[INFO] [stdout]   |
[INFO] [stdout] 6 | use nom::multi::{many0, many1};
[INFO] [stdout]   |                  ^^^^^  ^^^^^
[INFO] [stdout] 
[INFO] [stdout] 
[INFO] [stdout] warning: unused import: `nom::IResult`
[INFO] [stdout]  --> day-01/src/part1.rs:7:5
[INFO] [stdout]   |
[INFO] [stdout] 7 | use nom::IResult;
[INFO] [stdout]   |     ^^^^^^^^^^^^
[INFO] [stdout] 
[INFO] [stdout] 
[INFO] [stdout] warning: unused import: `std::mem::take`
[INFO] [stdout]  --> day-01/src/part1.rs:8:5
[INFO] [stdout]   |
[INFO] [stdout] 8 | use std::mem::take;
[INFO] [stdout]   |     ^^^^^^^^^^^^^^
[INFO] [stdout] 
[INFO] [stdout] 
[INFO] [stdout] warning: unused import: `tracing::field::debug`
[INFO] [stdout]  --> day-01/src/part1.rs:9:5
[INFO] [stdout]   |
[INFO] [stdout] 9 | use tracing::field::debug;
[INFO] [stdout]   |     ^^^^^^^^^^^^^^^^^^^^^
[INFO] [stdout] 
[INFO] [stdout] 
[INFO] [stdout] warning: unused imports: `Level`, `debug`, `event`, `info`, and `trace`
[INFO] [stdout]   --> day-01/src/part1.rs:10:15
[INFO] [stdout]    |
[INFO] [stdout] 10 | use tracing::{debug, event, info, instrument, trace, Level};
[INFO] [stdout]    |               ^^^^^  ^^^^^  ^^^^              ^^^^^  ^^^^^
[INFO] [stdout] 
[INFO] [stdout] 
[INFO] [stdout] warning: unused import: `std::io::Lines`
[INFO] [stdout]  --> day-01/src/part2.rs:1:5
[INFO] [stdout]   |
[INFO] [stdout] 1 | use std::io::Lines;
[INFO] [stdout]   |     ^^^^^^^^^^^^^^
[INFO] [stdout] 
[INFO] [stdout] 
[INFO] [stdout] warning: unused import: `nom::branch::alt`
[INFO] [stdout]  --> day-01/src/part1.rs:2:5
[INFO] [stdout]   |
[INFO] [stdout] 2 | use nom::branch::alt;
[INFO] [stdout]   |     ^^^^^^^^^^^^^^^^
[INFO] [stdout]   |
[INFO] [stdout]   = note: `#[warn(unused_imports)]` on by default
[INFO] [stdout] 
[INFO] [stdout] 
[INFO] [stdout] warning: unused imports: `multispace1` and `newline`
[INFO] [stdout]  --> day-02/src/part1.rs:3:61
[INFO] [stdout]   |
[INFO] [stdout] 3 | use nom::character::complete::{alpha1, digit1, line_ending, multispace1, newline};
[INFO] [stdout]   |                                                             ^^^^^^^^^^^  ^^^^^^^
[INFO] [stdout]   |
[INFO] [stdout]   = note: `#[warn(unused_imports)]` on by default
[INFO] [stdout] 
[INFO] [stdout] 
[INFO] [stdout] warning: unused imports: `tag` and `take_while_m_n`
[INFO] [stdout]  --> day-01/src/part1.rs:3:28
[INFO] [stdout]   |
[INFO] [stdout] 3 | use nom::bytes::complete::{tag, take_while_m_n};
[INFO] [stdout]   |                            ^^^  ^^^^^^^^^^^^^^
[INFO] [stdout] 
[INFO] [stdout] 
[INFO] [stdout] warning: unused import: `many0`
[INFO] [stdout]  --> day-02/src/part1.rs:5:18
[INFO] [stdout]   |
[INFO] [stdout] 5 | use nom::multi::{many0, separated_list0, separated_list1};
[INFO] [stdout]   |                  ^^^^^
[INFO] [stdout] 
[INFO] [stdout] 
[INFO] [stdout] warning: unused imports: `alpha0`, `alpha1`, `digit0`, and `digit1`
[INFO] [stdout]  --> day-01/src/part1.rs:4:32
[INFO] [stdout]   |
[INFO] [stdout] 4 | use nom::character::complete::{alpha0, alpha1, digit0, digit1};
[INFO] [stdout]   |                                ^^^^^^  ^^^^^^  ^^^^^^  ^^^^^^
[INFO] [stdout] 
[INFO] [stdout] 
[INFO] [stdout] warning: unused imports: `is_alphabetic` and `is_alphanumeric`
[INFO] [stdout]  --> day-01/src/part1.rs:5:22
[INFO] [stdout]   |
[INFO] [stdout] 5 | use nom::character::{is_alphabetic, is_alphanumeric};
[INFO] [stdout]   |                      ^^^^^^^^^^^^^  ^^^^^^^^^^^^^^^
[INFO] [stdout] 
[INFO] [stdout] 
[INFO] [stdout] warning: unused imports: `many0` and `many1`
[INFO] [stdout]  --> day-01/src/part1.rs:6:18
[INFO] [stdout]   |
[INFO] [stdout] 6 | use nom::multi::{many0, many1};
[INFO] [stdout]   |                  ^^^^^  ^^^^^
[INFO] [stdout] 
[INFO] [stdout] 
[INFO] [stdout] warning: unused import: `nom::IResult`
[INFO] [stdout]  --> day-01/src/part1.rs:7:5
[INFO] [stdout]   |
[INFO] [stdout] 7 | use nom::IResult;
[INFO] [stdout]   |     ^^^^^^^^^^^^
[INFO] [stdout] 
[INFO] [stdout] 
[INFO] [stdout] warning: unused import: `std::mem::take`
[INFO] [stdout]  --> day-01/src/part1.rs:8:5
[INFO] [stdout]   |
[INFO] [stdout] 8 | use std::mem::take;
[INFO] [stdout]   |     ^^^^^^^^^^^^^^
[INFO] [stdout] 
[INFO] [stdout] 
[INFO] [stdout] warning: unused import: `tracing::field::debug`
[INFO] [stdout]  --> day-01/src/part1.rs:9:5
[INFO] [stdout]   |
[INFO] [stdout] 9 | use tracing::field::debug;
[INFO] [stdout]   |     ^^^^^^^^^^^^^^^^^^^^^
[INFO] [stdout] 
[INFO] [stdout] 
[INFO] [stdout] warning: unused imports: `Level`, `debug`, `event`, `info`, and `trace`
[INFO] [stdout]   --> day-01/src/part1.rs:10:15
[INFO] [stdout]    |
[INFO] [stdout] 10 | use tracing::{debug, event, info, instrument, trace, Level};
[INFO] [stdout]    |               ^^^^^  ^^^^^  ^^^^              ^^^^^  ^^^^^
[INFO] [stdout] 
[INFO] [stdout] 
[INFO] [stdout] warning: unused import: `std::io::Lines`
[INFO] [stdout]  --> day-01/src/part2.rs:1:5
[INFO] [stdout]   |
[INFO] [stdout] 1 | use std::io::Lines;
[INFO] [stdout]   |     ^^^^^^^^^^^^^^
[INFO] [stdout] 
[INFO] [stdout] 
[INFO] [stdout] warning: unused imports: `any`, `ascii::AsciiExt`, and `ops::Index`
[INFO] [stdout]  --> day-03/src/part1.rs:1:11
[INFO] [stdout]   |
[INFO] [stdout] 1 | use std::{any, ascii::AsciiExt, ops::Index};
[INFO] [stdout]   |           ^^^  ^^^^^^^^^^^^^^^  ^^^^^^^^^^
[INFO] [stdout]   |
[INFO] [stdout]   = note: `#[warn(unused_imports)]` on by default
[INFO] [stdout] 
[INFO] [stdout] 
[INFO] [stdout] warning: unused import: `nom::Slice`
[INFO] [stdout]  --> day-03/src/part1.rs:5:5
[INFO] [stdout]   |
[INFO] [stdout] 5 | use nom::Slice;
[INFO] [stdout]   |     ^^^^^^^^^^
[INFO] [stdout] 
[INFO] [stdout] 
[INFO] [stdout] warning: unnecessary parentheses around `if` condition
[INFO] [stdout]   --> day-03/src/part1.rs:26:20
[INFO] [stdout]    |
[INFO] [stdout] 26 |                 if (y == self.y && x >= self.x && x < bottom_right_x) {
[INFO] [stdout]    |                    ^                                                ^
[INFO] [stdout]    |
[INFO] [stdout]    = note: `#[warn(unused_parens)]` on by default
[INFO] [stdout] help: remove these parentheses
[INFO] [stdout]    |
[INFO] [stdout] 26 -                 if (y == self.y && x >= self.x && x < bottom_right_x) {
[INFO] [stdout] 26 +                 if y == self.y && x >= self.x && x < bottom_right_x {
[INFO] [stdout]    |
[INFO] [stdout] 
[INFO] [stdout] 
[INFO] [stdout] warning: use of deprecated trait `std::ascii::AsciiExt`: use inherent methods instead
[INFO] [stdout]  --> day-03/src/part1.rs:1:23
[INFO] [stdout]   |
[INFO] [stdout] 1 | use std::{any, ascii::AsciiExt, ops::Index};
[INFO] [stdout]   |                       ^^^^^^^^
[INFO] [stdout]   |
[INFO] [stdout]   = note: `#[warn(deprecated)]` on by default
[INFO] [stdout] 
[INFO] [stdout] 
[INFO] [stdout] warning: unreachable statement
[INFO] [stdout]   --> day-03/src/part2.rs:14:9
[INFO] [stdout]    |
[INFO] [stdout] 13 |         todo!("haven't built test yet");
[INFO] [stdout]    |         ------------------------------- any code following this expression is unreachable
[INFO] [stdout] 14 |         let input = include_str!("../input2.txt");
[INFO] [stdout]    |         ^^^^^^^^^^^^^^^^^^^^^^^^^^^^^^^^^^^^^^^^^^ unreachable statement
[INFO] [stdout]    |
[INFO] [stdout]    = note: `#[warn(unreachable_code)]` on by default
[INFO] [stdout] 
[INFO] [stdout] 
[INFO] [stdout] warning: value assigned to `matching_number` is never read
[INFO] [stdout]   --> day-03/src/part1.rs:80:17
[INFO] [stdout]    |
[INFO] [stdout] 80 |                 matching_number = false;
[INFO] [stdout]    |                 ^^^^^^^^^^^^^^^
[INFO] [stdout]    |
[INFO] [stdout]    = help: maybe it is overwritten before being read?
[INFO] [stdout]    = note: `#[warn(unused_assignments)]` on by default
[INFO] [stdout] 
[INFO] [stdout] 
[INFO] [stdout] warning: value assigned to `start_x` is never read
[INFO] [stdout]   --> day-03/src/part1.rs:87:17
[INFO] [stdout]    |
[INFO] [stdout] 87 |                 start_x = 0;
[INFO] [stdout]    |                 ^^^^^^^
[INFO] [stdout]    |
[INFO] [stdout]    = help: maybe it is overwritten before being read?
[INFO] [stdout] 
[INFO] [stdout] 
[INFO] [stdout] warning: value assigned to `num_length` is never read
[INFO] [stdout]   --> day-03/src/part1.rs:88:17
[INFO] [stdout]    |
[INFO] [stdout] 88 |                 num_length = 0;
[INFO] [stdout]    |                 ^^^^^^^^^^
[INFO] [stdout]    |
[INFO] [stdout]    = help: maybe it is overwritten before being read?
[INFO] [stdout] 
[INFO] [stdout] 
[INFO] [stdout] warning: variable does not need to be mutable
[INFO] [stdout]   --> day-02/src/part1.rs:67:21
[INFO] [stdout]    |
[INFO] [stdout] 67 |                 let mut cube_count = *played_cubes.get(&played_cube.1).unwrap_or(&0);
[INFO] [stdout]    |                     ----^^^^^^^^^^
[INFO] [stdout]    |                     |
[INFO] [stdout]    |                     help: remove this `mut`
[INFO] [stdout]    |
[INFO] [stdout]    = note: `#[warn(unused_mut)]` on by default
[INFO] [stdout] 
[INFO] [stdout] 
[INFO] [stdout] warning: unused variable: `dbg_round`
[INFO] [stdout]    --> day-02/src/part1.rs:106:17
[INFO] [stdout]     |
[INFO] [stdout] 106 |             let dbg_round = round.clone();
[INFO] [stdout]     |                 ^^^^^^^^^ help: if this is intentional, prefix it with an underscore: `_dbg_round`
[INFO] [stdout]     |
[INFO] [stdout]     = note: `#[warn(unused_variables)]` on by default
[INFO] [stdout] 
[INFO] [stdout] 
[INFO] [stdout] warning: unused variable: `input`
[INFO] [stdout]  --> day-03/src/part2.rs:3:16
[INFO] [stdout]   |
[INFO] [stdout] 3 | pub fn process(input: &str) -> Result<i32> {
[INFO] [stdout]   |                ^^^^^ help: if this is intentional, prefix it with an underscore: `_input`
[INFO] [stdout]   |
[INFO] [stdout]   = note: `#[warn(unused_variables)]` on by default
[INFO] [stdout] 
[INFO] [stdout] 
[INFO] [stdout] warning: unused variable: `rest`
[INFO] [stdout]   --> day-01/src/part2.rs:98:14
[INFO] [stdout]    |
[INFO] [stdout] 98 |         let (rest, dig) = parse_digit("one")?;
[INFO] [stdout]    |              ^^^^ help: if this is intentional, prefix it with an underscore: `_rest`
[INFO] [stdout]    |
[INFO] [stdout]    = note: `#[warn(unused_variables)]` on by default
[INFO] [stdout] 
[INFO] [stdout] 
[INFO] [stdout] warning: unused variable: `rest`
[INFO] [stdout]    --> day-01/src/part2.rs:100:14
[INFO] [stdout]     |
[INFO] [stdout] 100 |         let (rest, dig) = parse_digit("two")?;
[INFO] [stdout]     |              ^^^^ help: if this is intentional, prefix it with an underscore: `_rest`
[INFO] [stdout] 
[INFO] [stdout] 
[INFO] [stdout] warning: unused variable: `rest`
[INFO] [stdout]    --> day-01/src/part2.rs:102:14
[INFO] [stdout]     |
[INFO] [stdout] 102 |         let (rest, dig) = parse_digit("ztwo")?;
[INFO] [stdout]     |              ^^^^ help: if this is intentional, prefix it with an underscore: `_rest`
[INFO] [stdout] 
[INFO] [stdout] 
[INFO] [stdout] warning: unused variable: `rest`
[INFO] [stdout]    --> day-01/src/part2.rs:104:14
[INFO] [stdout]     |
[INFO] [stdout] 104 |         let (rest, dig) = parse_digit("ztwo3")?;
[INFO] [stdout]     |              ^^^^ help: if this is intentional, prefix it with an underscore: `_rest`
[INFO] [stdout] 
[INFO] [stdout] 
[INFO] [stdout] warning: unused variable: `rest`
[INFO] [stdout]    --> day-01/src/part2.rs:108:14
[INFO] [stdout]     |
[INFO] [stdout] 108 |         let (rest, dig) = parse_digit(rest)?;
[INFO] [stdout]     |              ^^^^ help: if this is intentional, prefix it with an underscore: `_rest`
[INFO] [stdout] 
[INFO] [stdout] 
[INFO] [stderr]     Finished `test` profile [unoptimized + debuginfo] target(s) in 2.01s
[INFO] running `Command { std: "docker" "inspect" "73ce18fcf23a97d95e75146d5d83efa852006ccb6ed42562e305b7dbe7ebc143", kill_on_drop: false }`
[INFO] running `Command { std: "docker" "rm" "-f" "73ce18fcf23a97d95e75146d5d83efa852006ccb6ed42562e305b7dbe7ebc143", kill_on_drop: false }`
[INFO] [stdout] 73ce18fcf23a97d95e75146d5d83efa852006ccb6ed42562e305b7dbe7ebc143
[INFO] running `Command { std: "docker" "create" "-v" "/var/lib/crater-agent-workspace/builds/worker-1-tc2/target:/opt/rustwide/target:rw,Z" "-v" "/var/lib/crater-agent-workspace/builds/worker-1-tc2/source:/opt/rustwide/workdir:ro,Z" "-v" "/var/lib/crater-agent-workspace/cargo-home:/opt/rustwide/cargo-home:ro,Z" "-v" "/var/lib/crater-agent-workspace/rustup-home:/opt/rustwide/rustup-home:ro,Z" "-e" "SOURCE_DIR=/opt/rustwide/workdir" "-e" "CARGO_TARGET_DIR=/opt/rustwide/target" "-e" "CARGO_INCREMENTAL=0" "-e" "RUST_BACKTRACE=full" "-e" "RUSTFLAGS=--cap-lints=warn" "-e" "RUSTDOCFLAGS=--cap-lints=warn" "-e" "CARGO_HOME=/opt/rustwide/cargo-home" "-e" "RUSTUP_HOME=/opt/rustwide/rustup-home" "-w" "/opt/rustwide/workdir" "-m" "1610612736" "--user" "0:0" "--network" "none" "ghcr.io/rust-lang/crates-build-env/linux@sha256:f3a9d4ad9d972b27faf3965f35b62e55ba32bbce8f20bc8fe909558a86702fde" "/opt/rustwide/cargo-home/bin/cargo" "+beta-2024-12-08" "test" "--frozen", kill_on_drop: false }`
[INFO] [stdout] e47d812ea23c32a1bca8f4f18741c53775bce75a00b0af7ea4c8bd7b86b47c25
[INFO] running `Command { std: "docker" "start" "-a" "e47d812ea23c32a1bca8f4f18741c53775bce75a00b0af7ea4c8bd7b86b47c25", kill_on_drop: false }`
[INFO] [stderr] warning: unused imports: `any`, `ascii::AsciiExt`, and `ops::Index`
[INFO] [stderr]  --> day-03/src/part1.rs:1:11
[INFO] [stderr]   |
[INFO] [stderr] 1 | use std::{any, ascii::AsciiExt, ops::Index};
[INFO] [stderr]   |           ^^^  ^^^^^^^^^^^^^^^  ^^^^^^^^^^
[INFO] [stderr]   |
[INFO] [stderr]   = note: `#[warn(unused_imports)]` on by default
[INFO] [stderr] 
[INFO] [stderr] warning: unused import: `nom::Slice`
[INFO] [stderr]  --> day-03/src/part1.rs:5:5
[INFO] [stderr]   |
[INFO] [stderr] 5 | use nom::Slice;
[INFO] [stderr]   |     ^^^^^^^^^^
[INFO] [stderr] 
[INFO] [stderr] warning: unnecessary parentheses around `if` condition
[INFO] [stderr]   --> day-03/src/part1.rs:26:20
[INFO] [stderr]    |
[INFO] [stderr] 26 |                 if (y == self.y && x >= self.x && x < bottom_right_x) {
[INFO] [stderr]    |                    ^                                                ^
[INFO] [stderr]    |
[INFO] [stderr]    = note: `#[warn(unused_parens)]` on by default
[INFO] [stderr] help: remove these parentheses
[INFO] [stderr]    |
[INFO] [stderr] 26 -                 if (y == self.y && x >= self.x && x < bottom_right_x) {
[INFO] [stderr] 26 +                 if y == self.y && x >= self.x && x < bottom_right_x {
[INFO] [stderr]    |
[INFO] [stderr] 
[INFO] [stderr] warning: use of deprecated trait `std::ascii::AsciiExt`: use inherent methods instead
[INFO] [stderr]  --> day-03/src/part1.rs:1:23
[INFO] [stderr]   |
[INFO] [stderr] 1 | use std::{any, ascii::AsciiExt, ops::Index};
[INFO] [stderr]   |                       ^^^^^^^^
[INFO] [stderr]   |
[INFO] [stderr]   = note: `#[warn(deprecated)]` on by default
[INFO] [stderr] 
[INFO] [stderr] warning: value assigned to `matching_number` is never read
[INFO] [stderr]   --> day-03/src/part1.rs:80:17
[INFO] [stderr]    |
[INFO] [stderr] 80 |                 matching_number = false;
[INFO] [stderr]    |                 ^^^^^^^^^^^^^^^
[INFO] [stderr]    |
[INFO] [stderr]    = help: maybe it is overwritten before being read?
[INFO] [stderr]    = note: `#[warn(unused_assignments)]` on by default
[INFO] [stderr] 
[INFO] [stderr] warning: value assigned to `start_x` is never read
[INFO] [stderr]   --> day-03/src/part1.rs:87:17
[INFO] [stderr]    |
[INFO] [stderr] 87 |                 start_x = 0;
[INFO] [stderr]    |                 ^^^^^^^
[INFO] [stderr]    |
[INFO] [stderr]    = help: maybe it is overwritten before being read?
[INFO] [stderr] 
[INFO] [stderr] warning: value assigned to `num_length` is never read
[INFO] [stderr]   --> day-03/src/part1.rs:88:17
[INFO] [stderr]    |
[INFO] [stderr] 88 |                 num_length = 0;
[INFO] [stderr]    |                 ^^^^^^^^^^
[INFO] [stderr]    |
[INFO] [stderr]    = help: maybe it is overwritten before being read?
[INFO] [stderr] 
[INFO] [stderr] warning: unused variable: `input`
[INFO] [stderr]  --> day-03/src/part2.rs:3:16
[INFO] [stderr]   |
[INFO] [stderr] 3 | pub fn process(input: &str) -> Result<i32> {
[INFO] [stderr]   |                ^^^^^ help: if this is intentional, prefix it with an underscore: `_input`
[INFO] [stderr]   |
[INFO] [stderr]   = note: `#[warn(unused_variables)]` on by default
[INFO] [stderr] 
[INFO] [stderr] warning: `day-03` (lib) generated 8 warnings (run `cargo fix --lib -p day-03` to apply 3 suggestions)
[INFO] [stderr] warning: unused imports: `multispace1` and `newline`
[INFO] [stderr]  --> day-02/src/part1.rs:3:61
[INFO] [stderr]   |
[INFO] [stderr] 3 | use nom::character::complete::{alpha1, digit1, line_ending, multispace1, newline};
[INFO] [stderr]   |                                                             ^^^^^^^^^^^  ^^^^^^^
[INFO] [stderr]   |
[INFO] [stderr]   = note: `#[warn(unused_imports)]` on by default
[INFO] [stderr] 
[INFO] [stderr] warning: unused import: `many0`
[INFO] [stderr]  --> day-02/src/part1.rs:5:18
[INFO] [stderr]   |
[INFO] [stderr] 5 | use nom::multi::{many0, separated_list0, separated_list1};
[INFO] [stderr]   |                  ^^^^^
[INFO] [stderr] 
[INFO] [stderr] warning: variable does not need to be mutable
[INFO] [stderr]   --> day-02/src/part1.rs:67:21
[INFO] [stderr]    |
[INFO] [stderr] 67 |                 let mut cube_count = *played_cubes.get(&played_cube.1).unwrap_or(&0);
[INFO] [stderr]    |                     ----^^^^^^^^^^
[INFO] [stderr]    |                     |
[INFO] [stderr]    |                     help: remove this `mut`
[INFO] [stderr]    |
[INFO] [stderr]    = note: `#[warn(unused_mut)]` on by default
[INFO] [stderr] 
[INFO] [stderr] warning: unused variable: `dbg_round`
[INFO] [stderr]    --> day-02/src/part1.rs:106:17
[INFO] [stderr]     |
[INFO] [stderr] 106 |             let dbg_round = round.clone();
[INFO] [stderr]     |                 ^^^^^^^^^ help: if this is intentional, prefix it with an underscore: `_dbg_round`
[INFO] [stderr]     |
[INFO] [stderr]     = note: `#[warn(unused_variables)]` on by default
[INFO] [stderr] 
[INFO] [stderr] warning: `day-02` (lib) generated 4 warnings (run `cargo fix --lib -p day-02` to apply 3 suggestions)
[INFO] [stderr] warning: unused import: `nom::branch::alt`
[INFO] [stderr]  --> day-01/src/part1.rs:2:5
[INFO] [stderr]   |
[INFO] [stderr] 2 | use nom::branch::alt;
[INFO] [stderr]   |     ^^^^^^^^^^^^^^^^
[INFO] [stderr]   |
[INFO] [stderr]   = note: `#[warn(unused_imports)]` on by default
[INFO] [stderr] 
[INFO] [stderr] warning: unused imports: `tag` and `take_while_m_n`
[INFO] [stderr]  --> day-01/src/part1.rs:3:28
[INFO] [stderr]   |
[INFO] [stderr] 3 | use nom::bytes::complete::{tag, take_while_m_n};
[INFO] [stderr]   |                            ^^^  ^^^^^^^^^^^^^^
[INFO] [stderr] 
[INFO] [stderr] warning: unused imports: `alpha0`, `alpha1`, `digit0`, and `digit1`
[INFO] [stderr]  --> day-01/src/part1.rs:4:32
[INFO] [stderr]   |
[INFO] [stderr] 4 | use nom::character::complete::{alpha0, alpha1, digit0, digit1};
[INFO] [stderr]   |                                ^^^^^^  ^^^^^^  ^^^^^^  ^^^^^^
[INFO] [stderr] 
[INFO] [stderr] warning: unused imports: `is_alphabetic` and `is_alphanumeric`
[INFO] [stderr]  --> day-01/src/part1.rs:5:22
[INFO] [stderr]   |
[INFO] [stderr] 5 | use nom::character::{is_alphabetic, is_alphanumeric};
[INFO] [stderr]   |                      ^^^^^^^^^^^^^  ^^^^^^^^^^^^^^^
[INFO] [stderr] 
[INFO] [stderr] warning: unused imports: `many0` and `many1`
[INFO] [stderr]  --> day-01/src/part1.rs:6:18
[INFO] [stderr]   |
[INFO] [stderr] 6 | use nom::multi::{many0, many1};
[INFO] [stderr]   |                  ^^^^^  ^^^^^
[INFO] [stderr] 
[INFO] [stderr] warning: unused import: `nom::IResult`
[INFO] [stderr]  --> day-01/src/part1.rs:7:5
[INFO] [stderr]   |
[INFO] [stderr] 7 | use nom::IResult;
[INFO] [stderr]   |     ^^^^^^^^^^^^
[INFO] [stderr] 
[INFO] [stderr] warning: unused import: `std::mem::take`
[INFO] [stderr]  --> day-01/src/part1.rs:8:5
[INFO] [stderr]   |
[INFO] [stderr] 8 | use std::mem::take;
[INFO] [stderr]   |     ^^^^^^^^^^^^^^
[INFO] [stderr] 
[INFO] [stderr] warning: unused import: `tracing::field::debug`
[INFO] [stderr]  --> day-01/src/part1.rs:9:5
[INFO] [stderr]   |
[INFO] [stderr] 9 | use tracing::field::debug;
[INFO] [stderr]   |     ^^^^^^^^^^^^^^^^^^^^^
[INFO] [stderr] 
[INFO] [stderr] warning: unused imports: `Level`, `debug`, `event`, `info`, and `trace`
[INFO] [stderr]   --> day-01/src/part1.rs:10:15
[INFO] [stderr]    |
[INFO] [stderr] 10 | use tracing::{debug, event, info, instrument, trace, Level};
[INFO] [stderr]    |               ^^^^^  ^^^^^  ^^^^              ^^^^^  ^^^^^
[INFO] [stderr] 
[INFO] [stderr] warning: unused import: `std::io::Lines`
[INFO] [stderr]  --> day-01/src/part2.rs:1:5
[INFO] [stderr]   |
[INFO] [stderr] 1 | use std::io::Lines;
[INFO] [stderr]   |     ^^^^^^^^^^^^^^
[INFO] [stderr] 
[INFO] [stderr] warning: `day-01` (lib) generated 10 warnings (run `cargo fix --lib -p day-01` to apply 10 suggestions)
[INFO] [stderr] warning: unused variable: `rest`
[INFO] [stderr]   --> day-01/src/part2.rs:98:14
[INFO] [stderr]    |
[INFO] [stderr] 98 |         let (rest, dig) = parse_digit("one")?;
[INFO] [stderr]    |              ^^^^ help: if this is intentional, prefix it with an underscore: `_rest`
[INFO] [stderr]    |
[INFO] [stderr]    = note: `#[warn(unused_variables)]` on by default
[INFO] [stderr] 
[INFO] [stderr] warning: unused variable: `rest`
[INFO] [stderr]    --> day-01/src/part2.rs:100:14
[INFO] [stderr]     |
[INFO] [stderr] 100 |         let (rest, dig) = parse_digit("two")?;
[INFO] [stderr]     |              ^^^^ help: if this is intentional, prefix it with an underscore: `_rest`
[INFO] [stderr] 
[INFO] [stderr] warning: unused variable: `rest`
[INFO] [stderr]    --> day-01/src/part2.rs:102:14
[INFO] [stderr]     |
[INFO] [stderr] 102 |         let (rest, dig) = parse_digit("ztwo")?;
[INFO] [stderr]     |              ^^^^ help: if this is intentional, prefix it with an underscore: `_rest`
[INFO] [stderr] 
[INFO] [stderr] warning: unused variable: `rest`
[INFO] [stderr]    --> day-01/src/part2.rs:104:14
[INFO] [stderr]     |
[INFO] [stderr] 104 |         let (rest, dig) = parse_digit("ztwo3")?;
[INFO] [stderr]     |              ^^^^ help: if this is intentional, prefix it with an underscore: `_rest`
[INFO] [stderr] 
[INFO] [stderr] warning: unused variable: `rest`
[INFO] [stderr]    --> day-01/src/part2.rs:108:14
[INFO] [stderr]     |
[INFO] [stderr] 108 |         let (rest, dig) = parse_digit(rest)?;
[INFO] [stderr]     |              ^^^^ help: if this is intentional, prefix it with an underscore: `_rest`
[INFO] [stderr] 
[INFO] [stderr] warning: `day-01` (lib test) generated 15 warnings (10 duplicates)
[INFO] [stderr] warning: unreachable statement
[INFO] [stderr]   --> day-03/src/part2.rs:14:9
[INFO] [stderr]    |
[INFO] [stderr] 13 |         todo!("haven't built test yet");
[INFO] [stderr]    |         ------------------------------- any code following this expression is unreachable
[INFO] [stderr] 14 |         let input = include_str!("../input2.txt");
[INFO] [stderr]    |         ^^^^^^^^^^^^^^^^^^^^^^^^^^^^^^^^^^^^^^^^^^ unreachable statement
[INFO] [stderr]    |
[INFO] [stderr]    = note: `#[warn(unreachable_code)]` on by default
[INFO] [stderr] 
[INFO] [stderr] warning: `day-03` (lib test) generated 9 warnings (8 duplicates)
[INFO] [stderr] warning: `day-02` (lib test) generated 4 warnings (4 duplicates)
[INFO] [stderr]     Finished `test` profile [unoptimized + debuginfo] target(s) in 0.05s
[INFO] [stderr]      Running unittests src/lib.rs (/opt/rustwide/target/debug/deps/day_01-c3250f1f0b07c05c)
[INFO] [stdout] 
[INFO] [stdout] running 5 tests
[INFO] [stdout] test part2::tests::test_parse_digits ... ok
[INFO] [stdout] test part2::tests::test_parser ... ok
[INFO] [stdout] test part2::tests::test_process ... ok
[INFO] [stdout] test part1::tests::test_process_input1 ... ok
[INFO] [stdout] test part1::tests::test_process ... ok
[INFO] [stdout] 
[INFO] [stdout] test result: ok. 5 passed; 0 failed; 0 ignored; 0 measured; 0 filtered out; finished in 0.00s
[INFO] [stdout] 
[INFO] [stderr]      Running unittests src/bin/part1.rs (/opt/rustwide/target/debug/deps/part1-ca0cd9a9c1a5a8bb)
[INFO] [stdout] 
[INFO] [stdout] running 0 tests
[INFO] [stdout] 
[INFO] [stdout] test result: ok. 0 passed; 0 failed; 0 ignored; 0 measured; 0 filtered out; finished in 0.00s
[INFO] [stdout] 
[INFO] [stderr]      Running unittests src/bin/part2.rs (/opt/rustwide/target/debug/deps/part2-06f5d981ba37e36c)
[INFO] [stdout] 
[INFO] [stdout] running 0 tests
[INFO] [stdout] 
[INFO] [stdout] test result: ok. 0 passed; 0 failed; 0 ignored; 0 measured; 0 filtered out; finished in 0.00s
[INFO] [stdout] 
[INFO] [stderr]      Running unittests src/lib.rs (/opt/rustwide/target/debug/deps/day_02-d8d27419a1495efc)
[INFO] [stdout] 
[INFO] [stdout] running 3 tests
[INFO] [stdout] test part1::tests::test_process ... ok
[INFO] [stdout] test part2::tests::test_process ... ok
[INFO] [stderr]      Running unittests src/bin/part1.rs (/opt/rustwide/target/debug/deps/part1-16eaeb029d0f8fef)
[INFO] [stdout] test part1::tests::test_process_complete ... ok
[INFO] [stderr]      Running unittests src/bin/part2.rs (/opt/rustwide/target/debug/deps/part2-c22faba5d53baef7)
[INFO] [stdout] 
[INFO] [stdout] test result: ok. 3 passed; 0 failed; 0 ignored; 0 measured; 0 filtered out; finished in 0.02s
[INFO] [stdout] 
[INFO] [stdout] 
[INFO] [stdout] running 0 tests
[INFO] [stdout] 
[INFO] [stdout] test result: ok. 0 passed; 0 failed; 0 ignored; 0 measured; 0 filtered out; finished in 0.00s
[INFO] [stdout] 
[INFO] [stdout] 
[INFO] [stdout] running 0 tests
[INFO] [stdout] 
[INFO] [stdout] test result: ok. 0 passed; 0 failed; 0 ignored; 0 measured; 0 filtered out; finished in 0.00s
[INFO] [stdout] 
[INFO] [stderr]      Running unittests src/lib.rs (/opt/rustwide/target/debug/deps/day_03-a0abc86f2f091df4)
[INFO] [stdout] 
[INFO] [stdout] running 3 tests
[INFO] [stdout] test part1::tests::test_is_part_number ... ok
[INFO] [stdout] test part1::tests::test_process ... ok
[INFO] [stdout] test part2::tests::test_process ... FAILED
[INFO] [stdout] 
[INFO] [stdout] failures:
[INFO] [stdout] 
[INFO] [stdout] ---- part2::tests::test_process stdout ----
[INFO] [stdout] thread 'part2::tests::test_process' panicked at day-03/src/part2.rs:13:9:
[INFO] [stdout] not yet implemented: haven't built test yet
[INFO] [stdout] stack backtrace:
[INFO] [stdout]    0:     0x5efb0f0edd4a - std::backtrace_rs::backtrace::libunwind::trace::h8810477743020387
[INFO] [stdout]                                at /rustc/202008a1b8de96d2e5b6bc02d379db03a877d34d/library/std/src/../../backtrace/src/backtrace/libunwind.rs:116:5
[INFO] [stdout]    1:     0x5efb0f0edd4a - std::backtrace_rs::backtrace::trace_unsynchronized::h3aa55355dd6c54a6
[INFO] [stdout]                                at /rustc/202008a1b8de96d2e5b6bc02d379db03a877d34d/library/std/src/../../backtrace/src/backtrace/mod.rs:66:5
[INFO] [stdout]    2:     0x5efb0f0edd4a - std::sys::backtrace::_print_fmt::h8588b0f62410823f
[INFO] [stdout]                                at /rustc/202008a1b8de96d2e5b6bc02d379db03a877d34d/library/std/src/sys/backtrace.rs:66:9
[INFO] [stdout]    3:     0x5efb0f0edd4a - <std::sys::backtrace::BacktraceLock::print::DisplayBacktrace as core::fmt::Display>::fmt::h98c26ac25ffe89bb
[INFO] [stdout]                                at /rustc/202008a1b8de96d2e5b6bc02d379db03a877d34d/library/std/src/sys/backtrace.rs:39:26
[INFO] [stdout]    4:     0x5efb0f1137d3 - core::fmt::rt::Argument::fmt::hf95377f4aebd453b
[INFO] [stdout]                                at /rustc/202008a1b8de96d2e5b6bc02d379db03a877d34d/library/core/src/fmt/rt.rs:177:76
[INFO] [stdout]    5:     0x5efb0f1137d3 - core::fmt::write::h0dd5f6e2238c7982
[INFO] [stdout]                                at /rustc/202008a1b8de96d2e5b6bc02d379db03a877d34d/library/core/src/fmt/mod.rs:1189:21
[INFO] [stdout]    6:     0x5efb0f0eaee3 - std::io::Write::write_fmt::h03bb0ca26e6faf8c
[INFO] [stdout]                                at /rustc/202008a1b8de96d2e5b6bc02d379db03a877d34d/library/std/src/io/mod.rs:1884:15
[INFO] [stdout]    7:     0x5efb0f0edb92 - std::sys::backtrace::BacktraceLock::print::h5c19c1c038ee186d
[INFO] [stdout]                                at /rustc/202008a1b8de96d2e5b6bc02d379db03a877d34d/library/std/src/sys/backtrace.rs:42:9
[INFO] [stdout]    8:     0x5efb0f0ef1cd - std::panicking::default_hook::{{closure}}::h77172f079a1fcb13
[INFO] [stdout]                                at /rustc/202008a1b8de96d2e5b6bc02d379db03a877d34d/library/std/src/panicking.rs:268:22
[INFO] [stdout]    9:     0x5efb0f0eefd7 - std::panicking::default_hook::he5f8e3b203ccddba
[INFO] [stdout]                                at /rustc/202008a1b8de96d2e5b6bc02d379db03a877d34d/library/std/src/panicking.rs:292:9
[INFO] [stdout]   10:     0x5efb0f0b3e57 - <alloc::boxed::Box<F,A> as core::ops::function::Fn<Args>>::call::h7a3c7b4a1ae77f2f
[INFO] [stdout]                                at /rustc/202008a1b8de96d2e5b6bc02d379db03a877d34d/library/alloc/src/boxed.rs:1986:9
[INFO] [stdout]   11:     0x5efb0f0b3e57 - test::test_main::{{closure}}::hf0d3b69ae9b353d1
[INFO] [stdout]                                at /rustc/202008a1b8de96d2e5b6bc02d379db03a877d34d/library/test/src/lib.rs:134:21
[INFO] [stdout]   12:     0x5efb0f0ef878 - <alloc::boxed::Box<F,A> as core::ops::function::Fn<Args>>::call::h6332e82e7b189abd
[INFO] [stdout]                                at /rustc/202008a1b8de96d2e5b6bc02d379db03a877d34d/library/alloc/src/boxed.rs:1986:9
[INFO] [stdout]   13:     0x5efb0f0ef878 - std::panicking::rust_panic_with_hook::h53863d4e9018df39
[INFO] [stdout]                                at /rustc/202008a1b8de96d2e5b6bc02d379db03a877d34d/library/std/src/panicking.rs:809:13
[INFO] [stdout]   14:     0x5efb0f0ef606 - std::panicking::begin_panic_handler::{{closure}}::h67280e6fa0757873
[INFO] [stdout]                                at /rustc/202008a1b8de96d2e5b6bc02d379db03a877d34d/library/std/src/panicking.rs:667:13
[INFO] [stdout]   15:     0x5efb0f0ee229 - std::sys::backtrace::__rust_end_short_backtrace::h1dac3f54d6fbbeb2
[INFO] [stdout]                                at /rustc/202008a1b8de96d2e5b6bc02d379db03a877d34d/library/std/src/sys/backtrace.rs:170:18
[INFO] [stdout]   16:     0x5efb0f0ef2cc - rust_begin_unwind
[INFO] [stdout]                                at /rustc/202008a1b8de96d2e5b6bc02d379db03a877d34d/library/std/src/panicking.rs:665:5
[INFO] [stdout]   17:     0x5efb0f072ab0 - core::panicking::panic_fmt::h6792bd1b2bf01041
[INFO] [stdout]                                at /rustc/202008a1b8de96d2e5b6bc02d379db03a877d34d/library/core/src/panicking.rs:76:14
[INFO] [stdout]   18:     0x5efb0f077db4 - day_03::part2::tests::test_process::h70f2084a211214f8
[INFO] [stdout]                                at /opt/rustwide/workdir/day-03/src/part2.rs:13:9
[INFO] [stdout]   19:     0x5efb0f077d67 - day_03::part2::tests::test_process::{{closure}}::h4b6621d23e2baad1
[INFO] [stdout]                                at /opt/rustwide/workdir/day-03/src/part2.rs:12:26
[INFO] [stdout]   20:     0x5efb0f0739e6 - core::ops::function::FnOnce::call_once::he9f7e3a82e857bc5
[INFO] [stdout]                                at /rustc/202008a1b8de96d2e5b6bc02d379db03a877d34d/library/core/src/ops/function.rs:250:5
[INFO] [stdout]   21:     0x5efb0f0b897b - core::ops::function::FnOnce::call_once::h871bf86719ec9aa4
[INFO] [stdout]                                at /rustc/202008a1b8de96d2e5b6bc02d379db03a877d34d/library/core/src/ops/function.rs:250:5
[INFO] [stdout]   22:     0x5efb0f0b897b - test::__rust_begin_short_backtrace::h2167df1e2b7d76fd
[INFO] [stdout]                                at /rustc/202008a1b8de96d2e5b6bc02d379db03a877d34d/library/test/src/lib.rs:632:18
[INFO] [stdout]   23:     0x5efb0f0b8368 - test::run_test_in_process::{{closure}}::h15d92f75a3adfb79
[INFO] [stdout]                                at /rustc/202008a1b8de96d2e5b6bc02d379db03a877d34d/library/test/src/lib.rs:655:60
[INFO] [stdout]   24:     0x5efb0f0b8368 - <core::panic::unwind_safe::AssertUnwindSafe<F> as core::ops::function::FnOnce<()>>::call_once::hb6c8955835a8dbbb
[INFO] [stdout]                                at /rustc/202008a1b8de96d2e5b6bc02d379db03a877d34d/library/core/src/panic/unwind_safe.rs:272:9
[INFO] [stdout]   25:     0x5efb0f0b8368 - std::panicking::try::do_call::hc79d0fc888a0bd30
[INFO] [stdout]                                at /rustc/202008a1b8de96d2e5b6bc02d379db03a877d34d/library/std/src/panicking.rs:557:40
[INFO] [stdout]   26:     0x5efb0f0b8368 - std::panicking::try::hb8a7878e3a8589d6
[INFO] [stdout]                                at /rustc/202008a1b8de96d2e5b6bc02d379db03a877d34d/library/std/src/panicking.rs:520:19
[INFO] [stdout]   27:     0x5efb0f0b8368 - std::panic::catch_unwind::hb8e4600ff0ff5cfa
[INFO] [stdout]                                at /rustc/202008a1b8de96d2e5b6bc02d379db03a877d34d/library/std/src/panic.rs:358:14
[INFO] [stdout]   28:     0x5efb0f0b8368 - test::run_test_in_process::hc2900b0b18688dd6
[INFO] [stdout]                                at /rustc/202008a1b8de96d2e5b6bc02d379db03a877d34d/library/test/src/lib.rs:655:27
[INFO] [stdout]   29:     0x5efb0f0b8368 - test::run_test::{{closure}}::hac2a9cb07be3d48d
[INFO] [stdout]                                at /rustc/202008a1b8de96d2e5b6bc02d379db03a877d34d/library/test/src/lib.rs:576:43
[INFO] [stdout]   30:     0x5efb0f07be0a - test::run_test::{{closure}}::h4a5b729e66a38cd8
[INFO] [stdout]                                at /rustc/202008a1b8de96d2e5b6bc02d379db03a877d34d/library/test/src/lib.rs:606:41
[INFO] [stdout]   31:     0x5efb0f07be0a - std::sys::backtrace::__rust_begin_short_backtrace::h0496fb742492f573
[INFO] [stdout]                                at /rustc/202008a1b8de96d2e5b6bc02d379db03a877d34d/library/std/src/sys/backtrace.rs:154:18
[INFO] [stdout]   32:     0x5efb0f07f784 - std::thread::Builder::spawn_unchecked_::{{closure}}::{{closure}}::hbb6d257c550a54bd
[INFO] [stdout]                                at /rustc/202008a1b8de96d2e5b6bc02d379db03a877d34d/library/std/src/thread/mod.rs:561:17
[INFO] [stdout]   33:     0x5efb0f07f784 - <core::panic::unwind_safe::AssertUnwindSafe<F> as core::ops::function::FnOnce<()>>::call_once::h46696fe4a6832328
[INFO] [stdout]                                at /rustc/202008a1b8de96d2e5b6bc02d379db03a877d34d/library/core/src/panic/unwind_safe.rs:272:9
[INFO] [stdout]   34:     0x5efb0f07f784 - std::panicking::try::do_call::h2625a51b667bfb64
[INFO] [stdout]                                at /rustc/202008a1b8de96d2e5b6bc02d379db03a877d34d/library/std/src/panicking.rs:557:40
[INFO] [stdout]   35:     0x5efb0f07f784 - std::panicking::try::hb956a59a1973aa4c
[INFO] [stdout]                                at /rustc/202008a1b8de96d2e5b6bc02d379db03a877d34d/library/std/src/panicking.rs:520:19
[INFO] [stdout]   36:     0x5efb0f07f784 - std::panic::catch_unwind::h64f3b9d1067ef6a0
[INFO] [stdout]                                at /rustc/202008a1b8de96d2e5b6bc02d379db03a877d34d/library/std/src/panic.rs:358:14
[INFO] [stdout]   37:     0x5efb0f07f784 - std::thread::Builder::spawn_unchecked_::{{closure}}::h42b2841295b6c0b2
[INFO] [stdout]                                at /rustc/202008a1b8de96d2e5b6bc02d379db03a877d34d/library/std/src/thread/mod.rs:559:30
[INFO] [stdout]   38:     0x5efb0f07f784 - core::ops::function::FnOnce::call_once{{vtable.shim}}::h6127de71b8124639
[INFO] [stdout]                                at /rustc/202008a1b8de96d2e5b6bc02d379db03a877d34d/library/core/src/ops/function.rs:250:5
[INFO] [stdout]   39:     0x5efb0f0f37bb - <alloc::boxed::Box<F,A> as core::ops::function::FnOnce<Args>>::call_once::h42f0ba71002a1b2c
[INFO] [stdout]                                at /rustc/202008a1b8de96d2e5b6bc02d379db03a877d34d/library/alloc/src/boxed.rs:1972:9
[INFO] [stdout]   40:     0x5efb0f0f37bb - <alloc::boxed::Box<F,A> as core::ops::function::FnOnce<Args>>::call_once::had9e47d7a3dcecb8
[INFO] [stdout]                                at /rustc/202008a1b8de96d2e5b6bc02d379db03a877d34d/library/alloc/src/boxed.rs:1972:9
[INFO] [stdout]   41:     0x5efb0f0f37bb - std::sys::pal::unix::thread::Thread::new::thread_start::h48cf765408f6f5f2
[INFO] [stdout]                                at /rustc/202008a1b8de96d2e5b6bc02d379db03a877d34d/library/std/src/sys/pal/unix/thread.rs:105:17
[INFO] [stdout]   42:     0x7aa81e6b3ac3 - <unknown>
[INFO] [stdout]   43:     0x7aa81e744a04 - clone
[INFO] [stdout]   44:                0x0 - <unknown>
[INFO] [stdout] 
[INFO] [stdout] 
[INFO] [stdout] failures:
[INFO] [stdout]     part2::tests::test_process
[INFO] [stdout] 
[INFO] [stdout] test result: FAILED. 2 passed; 1 failed; 0 ignored; 0 measured; 0 filtered out; finished in 0.04s
[INFO] [stdout] 
[INFO] [stderr] error: test failed, to rerun pass `-p day-03 --lib`
[INFO] running `Command { std: "docker" "inspect" "e47d812ea23c32a1bca8f4f18741c53775bce75a00b0af7ea4c8bd7b86b47c25", kill_on_drop: false }`
[INFO] running `Command { std: "docker" "rm" "-f" "e47d812ea23c32a1bca8f4f18741c53775bce75a00b0af7ea4c8bd7b86b47c25", kill_on_drop: false }`
[INFO] [stdout] e47d812ea23c32a1bca8f4f18741c53775bce75a00b0af7ea4c8bd7b86b47c25
