[INFO] cloning repository https://github.com/welschmorgan/pgrep
[INFO] running `Command { std: "git" "-c" "credential.helper=" "-c" "credential.helper=/workspace/cargo-home/bin/git-credential-null" "clone" "--bare" "https://github.com/welschmorgan/pgrep" "/workspace/cache/git-repos/https%3A%2F%2Fgithub.com%2Fwelschmorgan%2Fpgrep", kill_on_drop: false }`
[INFO] [stderr] Cloning into bare repository '/workspace/cache/git-repos/https%3A%2F%2Fgithub.com%2Fwelschmorgan%2Fpgrep'...
[INFO] running `Command { std: "git" "rev-parse" "HEAD", kill_on_drop: false }`
[INFO] [stdout] d153fd6af6fcffd16b83f9f55004fcfee002b82c
[INFO] testing welschmorgan/pgrep against 1.83.0 for beta-1.84.0-4-retry
[INFO] running `Command { std: "git" "clone" "/workspace/cache/git-repos/https%3A%2F%2Fgithub.com%2Fwelschmorgan%2Fpgrep" "/workspace/builds/worker-3-tc1/source", kill_on_drop: false }`
[INFO] [stderr] Cloning into '/workspace/builds/worker-3-tc1/source'...
[INFO] [stderr] done.
[INFO] validating manifest of git repo https://github.com/welschmorgan/pgrep on toolchain 1.83.0
[INFO] running `Command { std: CARGO_HOME="/workspace/cargo-home" RUSTUP_HOME="/workspace/rustup-home" "/workspace/cargo-home/bin/cargo" "+1.83.0" "metadata" "--manifest-path" "Cargo.toml" "--no-deps", kill_on_drop: false }`
[INFO] started tweaking git repo https://github.com/welschmorgan/pgrep
[INFO] finished tweaking git repo https://github.com/welschmorgan/pgrep
[INFO] tweaked toml for git repo https://github.com/welschmorgan/pgrep written to /workspace/builds/worker-3-tc1/source/Cargo.toml
[INFO] crate git repo https://github.com/welschmorgan/pgrep already has a lockfile, it will not be regenerated
[INFO] running `Command { std: CARGO_HOME="/workspace/cargo-home" RUSTUP_HOME="/workspace/rustup-home" "/workspace/cargo-home/bin/cargo" "+1.83.0" "fetch" "--manifest-path" "Cargo.toml", kill_on_drop: false }`
[INFO] [stderr]  Downloading crates ...
[INFO] [stderr]   Downloaded unicode-truncate v1.0.0
[INFO] running `Command { std: "docker" "create" "-v" "/var/lib/crater-agent-workspace/builds/worker-3-tc1/target:/opt/rustwide/target:rw,Z" "-v" "/var/lib/crater-agent-workspace/builds/worker-3-tc1/source:/opt/rustwide/workdir:ro,Z" "-v" "/var/lib/crater-agent-workspace/cargo-home:/opt/rustwide/cargo-home:ro,Z" "-v" "/var/lib/crater-agent-workspace/rustup-home:/opt/rustwide/rustup-home:ro,Z" "-e" "SOURCE_DIR=/opt/rustwide/workdir" "-e" "CARGO_TARGET_DIR=/opt/rustwide/target" "-e" "CARGO_HOME=/opt/rustwide/cargo-home" "-e" "RUSTUP_HOME=/opt/rustwide/rustup-home" "-w" "/opt/rustwide/workdir" "-m" "1610612736" "--user" "0:0" "--network" "none" "ghcr.io/rust-lang/crates-build-env/linux@sha256:f3a9d4ad9d972b27faf3965f35b62e55ba32bbce8f20bc8fe909558a86702fde" "/opt/rustwide/cargo-home/bin/cargo" "+1.83.0" "metadata" "--no-deps" "--format-version=1", kill_on_drop: false }`
[INFO] [stdout] b9e4e0558c7478a1d1848b3007622b102ebcf1e09281db2b823697b63e4a91bb
[INFO] running `Command { std: "docker" "start" "-a" "b9e4e0558c7478a1d1848b3007622b102ebcf1e09281db2b823697b63e4a91bb", kill_on_drop: false }`
[INFO] running `Command { std: "docker" "inspect" "b9e4e0558c7478a1d1848b3007622b102ebcf1e09281db2b823697b63e4a91bb", kill_on_drop: false }`
[INFO] running `Command { std: "docker" "rm" "-f" "b9e4e0558c7478a1d1848b3007622b102ebcf1e09281db2b823697b63e4a91bb", kill_on_drop: false }`
[INFO] [stdout] b9e4e0558c7478a1d1848b3007622b102ebcf1e09281db2b823697b63e4a91bb
[INFO] running `Command { std: "docker" "create" "-v" "/var/lib/crater-agent-workspace/builds/worker-3-tc1/target:/opt/rustwide/target:rw,Z" "-v" "/var/lib/crater-agent-workspace/builds/worker-3-tc1/source:/opt/rustwide/workdir:ro,Z" "-v" "/var/lib/crater-agent-workspace/cargo-home:/opt/rustwide/cargo-home:ro,Z" "-v" "/var/lib/crater-agent-workspace/rustup-home:/opt/rustwide/rustup-home:ro,Z" "-e" "SOURCE_DIR=/opt/rustwide/workdir" "-e" "CARGO_TARGET_DIR=/opt/rustwide/target" "-e" "CARGO_INCREMENTAL=0" "-e" "RUST_BACKTRACE=full" "-e" "RUSTFLAGS=--cap-lints=warn" "-e" "RUSTDOCFLAGS=--cap-lints=warn" "-e" "CARGO_HOME=/opt/rustwide/cargo-home" "-e" "RUSTUP_HOME=/opt/rustwide/rustup-home" "-w" "/opt/rustwide/workdir" "-m" "1610612736" "--user" "0:0" "--network" "none" "ghcr.io/rust-lang/crates-build-env/linux@sha256:f3a9d4ad9d972b27faf3965f35b62e55ba32bbce8f20bc8fe909558a86702fde" "/opt/rustwide/cargo-home/bin/cargo" "+1.83.0" "build" "--frozen" "--message-format=json", kill_on_drop: false }`
[INFO] [stdout] db1a2bb76e52cf71e7cdca0d47cf1f9e7a8b98c5c670a2b1569ab8b05d392559
[INFO] running `Command { std: "docker" "start" "-a" "db1a2bb76e52cf71e7cdca0d47cf1f9e7a8b98c5c670a2b1569ab8b05d392559", kill_on_drop: false }`
[INFO] [stderr]    Compiling proc-macro2 v1.0.85
[INFO] [stderr]    Compiling libc v0.2.155
[INFO] [stderr]    Compiling autocfg v1.3.0
[INFO] [stderr]    Compiling cfg-if v1.0.0
[INFO] [stderr]    Compiling version_check v0.9.4
[INFO] [stderr]    Compiling serde v1.0.203
[INFO] [stderr]    Compiling rustversion v1.0.17
[INFO] [stderr]    Compiling zerocopy v0.7.34
[INFO] [stderr]    Compiling once_cell v1.19.0
[INFO] [stderr]    Compiling log v0.4.21
[INFO] [stderr]    Compiling allocator-api2 v0.2.18
[INFO] [stderr]    Compiling paste v1.0.15
[INFO] [stderr]    Compiling parking_lot_core v0.9.10
[INFO] [stderr]    Compiling heck v0.5.0
[INFO] [stderr]    Compiling signal-hook v0.3.17
[INFO] [stderr]    Compiling memchr v2.7.2
[INFO] [stderr]    Compiling smallvec v1.13.2
[INFO] [stderr]    Compiling scopeguard v1.2.0
[INFO] [stderr]    Compiling utf8parse v0.2.2
[INFO] [stderr]    Compiling regex-syntax v0.8.3
[INFO] [stderr]    Compiling either v1.12.0
[INFO] [stderr]    Compiling equivalent v1.0.1
[INFO] [stderr]    Compiling anstyle-parse v0.2.4
[INFO] [stderr]    Compiling ryu v1.0.18
[INFO] [stderr]    Compiling anstyle-query v1.1.0
[INFO] [stderr]    Compiling anstyle v1.0.7
[INFO] [stderr]    Compiling is_terminal_polyfill v1.70.0
[INFO] [stderr]    Compiling ahash v0.8.11
[INFO] [stderr]    Compiling colorchoice v1.0.1
[INFO] [stderr]    Compiling itoa v1.0.11
[INFO] [stderr]    Compiling humantime v2.1.0
[INFO] [stderr]    Compiling lock_api v0.4.12
[INFO] [stderr]    Compiling num-traits v0.2.19
[INFO] [stderr]    Compiling itertools v0.12.1
[INFO] [stderr]    Compiling termcolor v1.4.1
[INFO] [stderr]    Compiling unicode-width v0.1.13
[INFO] [stderr]    Compiling serde_json v1.0.117
[INFO] [stderr]    Compiling anstream v0.6.14
[INFO] [stderr]    Compiling aho-corasick v1.1.3
[INFO] [stderr]    Compiling byteorder v1.5.0
[INFO] [stderr]    Compiling clap_lex v0.7.1
[INFO] [stderr]    Compiling winnow v0.6.13
[INFO] [stderr]    Compiling strsim v0.11.1
[INFO] [stderr]    Compiling hashbrown v0.14.5
[INFO] [stderr]    Compiling signal-hook-registry v1.4.2
[INFO] [stderr]    Compiling quote v1.0.36
[INFO] [stderr]    Compiling mio v0.8.11
[INFO] [stderr]    Compiling is-terminal v0.4.12
[INFO] [stderr]    Compiling futures-core v0.3.30
[INFO] [stderr]    Compiling static_assertions v1.1.0
[INFO] [stderr]    Compiling syn v2.0.66
[INFO] [stderr]    Compiling parking_lot v0.12.3
[INFO] [stderr]    Compiling option-ext v0.2.0
[INFO] [stderr]    Compiling bitflags v2.5.0
[INFO] [stderr]    Compiling dirs-sys v0.4.1
[INFO] [stderr]    Compiling clap_builder v4.5.6
[INFO] [stderr]    Compiling castaway v0.2.2
[INFO] [stderr]    Compiling signal-hook-mio v0.2.3
[INFO] [stderr]    Compiling compact_str v0.7.1
[INFO] [stderr]    Compiling crossterm v0.27.0
[INFO] [stderr]    Compiling iana-time-zone v0.1.60
[INFO] [stderr]    Compiling unicode-segmentation v1.11.0
[INFO] [stderr]    Compiling indexmap v2.2.6
[INFO] [stderr]    Compiling lru v0.12.3
[INFO] [stderr]    Compiling rmp v0.8.14
[INFO] [stderr]    Compiling cassowary v0.3.0
[INFO] [stderr]    Compiling directories v5.0.1
[INFO] [stderr]    Compiling lazy_static v1.4.0
[INFO] [stderr]    Compiling whoami v1.5.1
[INFO] [stderr]    Compiling regex-automata v0.4.6
[INFO] [stderr]    Compiling unicode-truncate v1.0.0
[INFO] [stderr]    Compiling regex v1.10.4
[INFO] [stderr]    Compiling env_logger v0.10.2
[INFO] [stderr]    Compiling pretty_env_logger v0.5.0
[INFO] [stderr]    Compiling serde_derive v1.0.203
[INFO] [stderr]    Compiling strum_macros v0.26.4
[INFO] [stderr]    Compiling stability v0.2.0
[INFO] [stderr]    Compiling clap_derive v4.5.5
[INFO] [stderr]    Compiling strum v0.26.2
[INFO] [stderr]    Compiling ratatui v0.26.3
[INFO] [stderr]    Compiling clap v4.5.6
[INFO] [stderr]    Compiling serde_spanned v0.6.6
[INFO] [stderr]    Compiling toml_datetime v0.6.6
[INFO] [stderr]    Compiling chrono v0.4.38
[INFO] [stderr]    Compiling rmp-serde v1.3.0
[INFO] [stderr]    Compiling toml_edit v0.22.14
[INFO] [stderr]    Compiling toml v0.8.14
[INFO] [stderr]    Compiling pgrep v0.1.0 (/opt/rustwide/workdir)
[INFO] [stdout] warning: unused import: `log`
[INFO] [stdout]   --> src/lib/ui/terminal.rs:13:11
[INFO] [stdout]    |
[INFO] [stdout] 13 | use log::{log, Level};
[INFO] [stdout]    |           ^^^
[INFO] [stdout]    |
[INFO] [stdout]    = note: `#[warn(unused_imports)]` on by default
[INFO] [stdout] 
[INFO] [stdout] 
[INFO] [stderr]     Finished `dev` profile [unoptimized + debuginfo] target(s) in 38.62s
[INFO] running `Command { std: "docker" "inspect" "db1a2bb76e52cf71e7cdca0d47cf1f9e7a8b98c5c670a2b1569ab8b05d392559", kill_on_drop: false }`
[INFO] running `Command { std: "docker" "rm" "-f" "db1a2bb76e52cf71e7cdca0d47cf1f9e7a8b98c5c670a2b1569ab8b05d392559", kill_on_drop: false }`
[INFO] [stdout] db1a2bb76e52cf71e7cdca0d47cf1f9e7a8b98c5c670a2b1569ab8b05d392559
[INFO] running `Command { std: "docker" "create" "-v" "/var/lib/crater-agent-workspace/builds/worker-3-tc1/target:/opt/rustwide/target:rw,Z" "-v" "/var/lib/crater-agent-workspace/builds/worker-3-tc1/source:/opt/rustwide/workdir:ro,Z" "-v" "/var/lib/crater-agent-workspace/cargo-home:/opt/rustwide/cargo-home:ro,Z" "-v" "/var/lib/crater-agent-workspace/rustup-home:/opt/rustwide/rustup-home:ro,Z" "-e" "SOURCE_DIR=/opt/rustwide/workdir" "-e" "CARGO_TARGET_DIR=/opt/rustwide/target" "-e" "CARGO_INCREMENTAL=0" "-e" "RUST_BACKTRACE=full" "-e" "RUSTFLAGS=--cap-lints=warn" "-e" "RUSTDOCFLAGS=--cap-lints=warn" "-e" "CARGO_HOME=/opt/rustwide/cargo-home" "-e" "RUSTUP_HOME=/opt/rustwide/rustup-home" "-w" "/opt/rustwide/workdir" "-m" "1610612736" "--user" "0:0" "--network" "none" "ghcr.io/rust-lang/crates-build-env/linux@sha256:f3a9d4ad9d972b27faf3965f35b62e55ba32bbce8f20bc8fe909558a86702fde" "/opt/rustwide/cargo-home/bin/cargo" "+1.83.0" "test" "--frozen" "--no-run" "--message-format=json", kill_on_drop: false }`
[INFO] [stdout] 67a54d088f33264114d8b348c87d3b952d19569211359707fb7b1b3afd24ae39
[INFO] running `Command { std: "docker" "start" "-a" "67a54d088f33264114d8b348c87d3b952d19569211359707fb7b1b3afd24ae39", kill_on_drop: false }`
[INFO] [stdout] warning: unused import: `log`
[INFO] [stdout]   --> src/lib/ui/terminal.rs:13:11
[INFO] [stdout]    |
[INFO] [stdout] 13 | use log::{log, Level};
[INFO] [stdout]    |           ^^^
[INFO] [stdout]    |
[INFO] [stdout]    = note: `#[warn(unused_imports)]` on by default
[INFO] [stdout] 
[INFO] [stdout] 
[INFO] [stderr]    Compiling pgrep v0.1.0 (/opt/rustwide/workdir)
[INFO] [stdout] warning: unused import: `log`
[INFO] [stdout]   --> src/lib/ui/terminal.rs:13:11
[INFO] [stdout]    |
[INFO] [stdout] 13 | use log::{log, Level};
[INFO] [stdout]    |           ^^^
[INFO] [stdout]    |
[INFO] [stdout]    = note: `#[warn(unused_imports)]` on by default
[INFO] [stdout] 
[INFO] [stdout] 
[INFO] [stderr]     Finished `test` profile [unoptimized + debuginfo] target(s) in 2.53s
[INFO] running `Command { std: "docker" "inspect" "67a54d088f33264114d8b348c87d3b952d19569211359707fb7b1b3afd24ae39", kill_on_drop: false }`
[INFO] running `Command { std: "docker" "rm" "-f" "67a54d088f33264114d8b348c87d3b952d19569211359707fb7b1b3afd24ae39", kill_on_drop: false }`
[INFO] [stdout] 67a54d088f33264114d8b348c87d3b952d19569211359707fb7b1b3afd24ae39
[INFO] running `Command { std: "docker" "create" "-v" "/var/lib/crater-agent-workspace/builds/worker-3-tc1/target:/opt/rustwide/target:rw,Z" "-v" "/var/lib/crater-agent-workspace/builds/worker-3-tc1/source:/opt/rustwide/workdir:ro,Z" "-v" "/var/lib/crater-agent-workspace/cargo-home:/opt/rustwide/cargo-home:ro,Z" "-v" "/var/lib/crater-agent-workspace/rustup-home:/opt/rustwide/rustup-home:ro,Z" "-e" "SOURCE_DIR=/opt/rustwide/workdir" "-e" "CARGO_TARGET_DIR=/opt/rustwide/target" "-e" "CARGO_INCREMENTAL=0" "-e" "RUST_BACKTRACE=full" "-e" "RUSTFLAGS=--cap-lints=warn" "-e" "RUSTDOCFLAGS=--cap-lints=warn" "-e" "CARGO_HOME=/opt/rustwide/cargo-home" "-e" "RUSTUP_HOME=/opt/rustwide/rustup-home" "-w" "/opt/rustwide/workdir" "-m" "1610612736" "--user" "0:0" "--network" "none" "ghcr.io/rust-lang/crates-build-env/linux@sha256:f3a9d4ad9d972b27faf3965f35b62e55ba32bbce8f20bc8fe909558a86702fde" "/opt/rustwide/cargo-home/bin/cargo" "+1.83.0" "test" "--frozen", kill_on_drop: false }`
[INFO] [stdout] 3360e004729901514bc8becc449a7975131f5134187c63b22c0e6e1815ec463e
[INFO] running `Command { std: "docker" "start" "-a" "3360e004729901514bc8becc449a7975131f5134187c63b22c0e6e1815ec463e", kill_on_drop: false }`
[INFO] [stderr] warning: unused import: `log`
[INFO] [stderr]   --> src/lib/ui/terminal.rs:13:11
[INFO] [stderr]    |
[INFO] [stderr] 13 | use log::{log, Level};
[INFO] [stderr]    |           ^^^
[INFO] [stderr]    |
[INFO] [stderr]    = note: `#[warn(unused_imports)]` on by default
[INFO] [stderr] 
[INFO] [stderr] warning: `pgrep` (lib) generated 1 warning (run `cargo fix --lib -p pgrep` to apply 1 suggestion)
[INFO] [stderr] warning: `pgrep` (lib test) generated 1 warning (1 duplicate)
[INFO] [stderr]     Finished `test` profile [unoptimized + debuginfo] target(s) in 0.12s
[INFO] [stderr]      Running unittests src/lib/mod.rs (/opt/rustwide/target/debug/deps/pgrep-8df62486bc28ed01)
[INFO] [stdout] 
[INFO] [stdout] running 6 tests
[INFO] [stdout] test config::tests::common_dirs ... ok
[INFO] [stdout] test query::tests::fixed ... ok
[INFO] [stdout] test query::tests::optional_char ... ok
[INFO] [stdout] test query::tests::digit ... ok
[INFO] [stdout] test query::tests::required_char ... ok
[INFO] [stdout] test query::tests::star ... ok
[INFO] [stdout] 
[INFO] [stdout] test result: ok. 6 passed; 0 failed; 0 ignored; 0 measured; 0 filtered out; finished in 0.01s
[INFO] [stdout] 
[INFO] [stderr]      Running unittests src/bin/main.rs (/opt/rustwide/target/debug/deps/pgrep-3d0c1939c5bf9210)
[INFO] [stdout] 
[INFO] [stdout] running 0 tests
[INFO] [stdout] 
[INFO] [stdout] test result: ok. 0 passed; 0 failed; 0 ignored; 0 measured; 0 filtered out; finished in 0.00s
[INFO] [stdout] 
[INFO] [stderr]    Doc-tests pgrep
[INFO] [stdout] 
[INFO] [stdout] running 8 tests
[INFO] [stdout] test src/lib/project.rs - project::FolderScan::new (line 28) ... FAILED
[INFO] [stdout] test src/lib/cache.rs - cache::Cache::load_store (line 290) ... FAILED
[INFO] [stdout] test src/lib/query.rs - query::Query (line 57) ... ok
[INFO] [stdout] test src/lib/cache.rs - cache::Cache::load (line 190) ... ok
[INFO] [stdout] test src/lib/config.rs - config::expand_path (line 30) ... ok
[INFO] [stdout] test src/lib/config.rs - config::expand_path (line 13) ... FAILED
[INFO] [stdout] test src/lib/cache.rs - cache::Cache::store (line 238) ... ok
[INFO] [stdout] test src/lib/cache.rs - cache::Cache::path (line 164) ... ok
[INFO] [stdout] 
[INFO] [stdout] failures:
[INFO] [stdout] 
[INFO] [stdout] ---- src/lib/project.rs - project::FolderScan::new (line 28) stdout ----
[INFO] [stdout] error: linking with `cc` failed: exit status: 1
[INFO] [stdout]   |
[INFO] [stdout]   = note: LC_ALL="C" PATH="/opt/rustwide/rustup-home/toolchains/1.83.0-x86_64-unknown-linux-gnu/lib/rustlib/x86_64-unknown-linux-gnu/bin:/opt/rustwide/cargo-home/bin:/usr/local/sbin:/usr/local/bin:/usr/sbin:/usr/bin:/sbin:/bin" VSLANG="1033" "cc" "-m64" "/tmp/rustcMrzaF6/symbols.o" "/tmp/rustdoctestiMftId/rust_out.rust_out.cb03291d53e4e161-cgu.0.rcgu.o" "/tmp/rustdoctestiMftId/rust_out.1s7umcihpz0t7nkz1uc2ifee9.rcgu.o" "-Wl,--as-needed" "-Wl,-Bstatic" "/opt/rustwide/target/debug/deps/libpgrep-5dd2c6f5f788dd94.rlib" "/opt/rustwide/target/debug/deps/libserde_json-11503c014ad06f8a.rlib" "/opt/rustwide/target/debug/deps/libtoml-bfd9f53f56c18892.rlib" "/opt/rustwide/target/debug/deps/libtoml_edit-e801ad971e0b805b.rlib" "/opt/rustwide/target/debug/deps/libserde_spanned-92a066a8e82b3037.rlib" "/opt/rustwide/target/debug/deps/libindexmap-11dd7325ca63efd9.rlib" "/opt/rustwide/target/debug/deps/libequivalent-4d5cfde55792e26d.rlib" "/opt/rustwide/target/debug/deps/libwinnow-9944080b8f1f1861.rlib" "/opt/rustwide/target/debug/deps/libtoml_datetime-cbe5424eaa4bbce5.rlib" "/opt/rustwide/target/debug/deps/libpretty_env_logger-1844c9e1401f5ef5.rlib" "/opt/rustwide/target/debug/deps/libenv_logger-1242baf4767eb936.rlib" "/opt/rustwide/target/debug/deps/libtermcolor-943bee2709ee6353.rlib" "/opt/rustwide/target/debug/deps/libis_terminal-099451ee3f362d0f.rlib" "/opt/rustwide/target/debug/deps/libhumantime-4077790961ce8912.rlib" "/opt/rustwide/target/debug/deps/libregex-ba907b6064756d6b.rlib" "/opt/rustwide/target/debug/deps/libregex_automata-cb8b3e4a1e263613.rlib" "/opt/rustwide/target/debug/deps/libaho_corasick-eacaee7b0100d2cf.rlib" "/opt/rustwide/target/debug/deps/libmemchr-51a9dfefa10eba43.rlib" "/opt/rustwide/target/debug/deps/libregex_syntax-fc6871e700f16762.rlib" "/opt/rustwide/target/debug/deps/libratatui-b0fea6ae420d322e.rlib" "/opt/rustwide/target/debug/deps/libunicode_truncate-c70c4495920170cc.rlib" "/opt/rustwide/target/debug/deps/liblru-eaa81cc769802a69.rlib" "/opt/rustwide/target/debug/deps/libhashbrown-e57cb369d03377ea.rlib" "/opt/rustwide/target/debug/deps/libahash-28d9239561c5afeb.rlib" "/opt/rustwide/target/debug/deps/libonce_cell-eafb4fa8e07b38a0.rlib" "/opt/rustwide/target/debug/deps/libzerocopy-1c4b1206b6d66388.rlib" "/opt/rustwide/target/debug/deps/liballocator_api2-4a565f1f81f969a3.rlib" "/opt/rustwide/target/debug/deps/libcassowary-5ab49c4ed3f9613a.rlib" "/opt/rustwide/target/debug/deps/libitertools-d2716878754eee8e.rlib" "/opt/rustwide/target/debug/deps/libeither-efb6ccae61ede96f.rlib" "/opt/rustwide/target/debug/deps/libcompact_str-22fa14cd6f31328a.rlib" "/opt/rustwide/target/debug/deps/libryu-bba83beca99dd7c0.rlib" "/opt/rustwide/target/debug/deps/libitoa-cde9c8f28780c780.rlib" "/opt/rustwide/target/debug/deps/libstatic_assertions-3e50e277f96a204d.rlib" "/opt/rustwide/target/debug/deps/libcastaway-1fe45ce77f679aeb.rlib" "/opt/rustwide/target/debug/deps/libunicode_segmentation-bd06ab89b5afa5fd.rlib" "/opt/rustwide/target/debug/deps/libunicode_width-c8e22b4dd8faf545.rlib" "/opt/rustwide/target/debug/deps/libcrossterm-a6ea81ef53b7d53c.rlib" "/opt/rustwide/target/debug/deps/libbitflags-e7aaee72c7192c79.rlib" "/opt/rustwide/target/debug/deps/libparking_lot-1254dcde3d340c0c.rlib" "/opt/rustwide/target/debug/deps/libparking_lot_core-c215d42493376e0a.rlib" "/opt/rustwide/target/debug/deps/libcfg_if-8217498f8667ada9.rlib" "/opt/rustwide/target/debug/deps/libsmallvec-27682ff183e60130.rlib" "/opt/rustwide/target/debug/deps/liblock_api-551bf13f782a2aa5.rlib" "/opt/rustwide/target/debug/deps/libscopeguard-d59b845c07f126eb.rlib" "/opt/rustwide/target/debug/deps/libfutures_core-c469ed022fef3c32.rlib" "/opt/rustwide/target/debug/deps/libsignal_hook_mio-41c1d2862e69cf9a.rlib" "/opt/rustwide/target/debug/deps/libsignal_hook-63c45a165b8d5253.rlib" "/opt/rustwide/target/debug/deps/libsignal_hook_registry-e7d5442d2f8cefaf.rlib" "/opt/rustwide/target/debug/deps/libmio-220f38963dc3a5b1.rlib" "/opt/rustwide/target/debug/deps/libstrum-7cfbfb276345146e.rlib" "/opt/rustwide/target/debug/deps/librmp_serde-2d678177f9d91f91.rlib" "/opt/rustwide/target/debug/deps/librmp-cdfa33d80fd940d5.rlib" "/opt/rustwide/target/debug/deps/libbyteorder-f47bc0e1adee4793.rlib" "/opt/rustwide/target/debug/deps/liblazy_static-8c0bb59ebbb3df6c.rlib" "/opt/rustwide/target/debug/deps/libchrono-2ef8ccca4b8f1b88.rlib" "/opt/rustwide/target/debug/deps/libnum_traits-fe1505ebf83ad05e.rlib" "/opt/rustwide/target/debug/deps/libiana_time_zone-2390d39fb9bbfd36.rlib" "/opt/rustwide/target/debug/deps/libserde-2eb9e39f9ee20171.rlib" "/opt/rustwide/target/debug/deps/liblog-5282f90895004b10.rlib" "/opt/rustwide/target/debug/deps/libdirectories-fb77cc9559c4287e.rlib" "/opt/rustwide/target/debug/deps/libdirs_sys-75b8e07d322a9f94.rlib" "/opt/rustwide/target/debug/deps/liblibc-d396a477bbc82a4b.rlib" "/opt/rustwide/target/debug/deps/liboption_ext-1501816b3106f187.rlib" "/opt/rustwide/target/debug/deps/libclap-5d9d1e7b78d006b3.rlib" "/opt/rustwide/target/debug/deps/libclap_builder-1bac3b164ed54c5a.rlib" "/opt/rustwide/target/debug/deps/libstrsim-f67fc7e181d739b6.rlib" "/opt/rustwide/target/debug/deps/libanstream-a5daf68bd1e455fa.rlib" "/opt/rustwide/target/debug/deps/libanstyle_query-3d08369b3ead7418.rlib" "/opt/rustwide/target/debug/deps/libis_terminal_polyfill-4cded3fc51be8cda.rlib" "/opt/rustwide/target/debug/deps/libcolorchoice-c2187152af296cc7.rlib" "/opt/rustwide/target/debug/deps/libanstyle_parse-6fed88e0e1c66451.rlib" "/opt/rustwide/target/debug/deps/libutf8parse-3dd3c3e36081117c.rlib" "/opt/rustwide/target/debug/deps/libclap_lex-16c7d22581f4c547.rlib" "/opt/rustwide/target/debug/deps/libanstyle-94a1cdbe3ccb898d.rlib" "/opt/rustwide/rustup-home/toolchains/1.83.0-x86_64-unknown-linux-gnu/lib/rustlib/x86_64-unknown-linux-gnu/lib/libstd-ca74a2d9c5166d9f.rlib" "/opt/rustwide/rustup-home/toolchains/1.83.0-x86_64-unknown-linux-gnu/lib/rustlib/x86_64-unknown-linux-gnu/lib/libpanic_unwind-e31ab23316ed5080.rlib" "/opt/rustwide/rustup-home/toolchains/1.83.0-x86_64-unknown-linux-gnu/lib/rustlib/x86_64-unknown-linux-gnu/lib/libobject-27dc4aa955912662.rlib" "/opt/rustwide/rustup-home/toolchains/1.83.0-x86_64-unknown-linux-gnu/lib/rustlib/x86_64-unknown-linux-gnu/lib/libmemchr-bd0d6cccce077b99.rlib" "/opt/rustwide/rustup-home/toolchains/1.83.0-x86_64-unknown-linux-gnu/lib/rustlib/x86_64-unknown-linux-gnu/lib/libaddr2line-8d001680935b5e3c.rlib" "/opt/rustwide/rustup-home/toolchains/1.83.0-x86_64-unknown-linux-gnu/lib/rustlib/x86_64-unknown-linux-gnu/lib/libgimli-ba8ce71964f984f4.rlib" "/opt/rustwide/rustup-home/toolchains/1.83.0-x86_64-unknown-linux-gnu/lib/rustlib/x86_64-unknown-linux-gnu/lib/librustc_demangle-99a73526abcec14b.rlib" "/opt/rustwide/rustup-home/toolchains/1.83.0-x86_64-unknown-linux-gnu/lib/rustlib/x86_64-unknown-linux-gnu/lib/libstd_detect-63ac0d22cff92579.rlib" "/opt/rustwide/rustup-home/toolchains/1.83.0-x86_64-unknown-linux-gnu/lib/rustlib/x86_64-unknown-linux-gnu/lib/libhashbrown-9057355c92c922d5.rlib" "/opt/rustwide/rustup-home/toolchains/1.83.0-x86_64-unknown-linux-gnu/lib/rustlib/x86_64-unknown-linux-gnu/lib/librustc_std_workspace_alloc-358be9bc1f6bab04.rlib" "/opt/rustwide/rustup-home/toolchains/1.83.0-x86_64-unknown-linux-gnu/lib/rustlib/x86_64-unknown-linux-gnu/lib/libminiz_oxide-aca15549d5bff974.rlib" "/opt/rustwide/rustup-home/toolchains/1.83.0-x86_64-unknown-linux-gnu/lib/rustlib/x86_64-unknown-linux-gnu/lib/libadler-8251d2cef7072448.rlib" "/opt/rustwide/rustup-home/toolchains/1.83.0-x86_64-unknown-linux-gnu/lib/rustlib/x86_64-unknown-linux-gnu/lib/libunwind-7d50b86011c66411.rlib" "/opt/rustwide/rustup-home/toolchains/1.83.0-x86_64-unknown-linux-gnu/lib/rustlib/x86_64-unknown-linux-gnu/lib/libcfg_if-51ea098fce5006bf.rlib" "/opt/rustwide/rustup-home/toolchains/1.83.0-x86_64-unknown-linux-gnu/lib/rustlib/x86_64-unknown-linux-gnu/lib/liblibc-5a14e0d0b712e731.rlib" "/opt/rustwide/rustup-home/toolchains/1.83.0-x86_64-unknown-linux-gnu/lib/rustlib/x86_64-unknown-linux-gnu/lib/liballoc-8b83dbf3a7b8f999.rlib" "/opt/rustwide/rustup-home/toolchains/1.83.0-x86_64-unknown-linux-gnu/lib/rustlib/x86_64-unknown-linux-gnu/lib/librustc_std_workspace_core-c6fd227bdc7b39ff.rlib" "/opt/rustwide/rustup-home/toolchains/1.83.0-x86_64-unknown-linux-gnu/lib/rustlib/x86_64-unknown-linux-gnu/lib/libcore-959d3389fa3da8a5.rlib" "/opt/rustwide/rustup-home/toolchains/1.83.0-x86_64-unknown-linux-gnu/lib/rustlib/x86_64-unknown-linux-gnu/lib/libcompiler_builtins-abe05db089cc2c62.rlib" "-Wl,-Bdynamic" "-lgcc_s" "-lutil" "-lrt" "-lpthread" "-lm" "-ldl" "-lc" "-Wl,--eh-frame-hdr" "-Wl,-z,noexecstack" "-L" "/opt/rustwide/rustup-home/toolchains/1.83.0-x86_64-unknown-linux-gnu/lib/rustlib/x86_64-unknown-linux-gnu/lib" "-o" "/tmp/rustdoctestiMftId/rust_out" "-Wl,--gc-sections" "-pie" "-Wl,-z,relro,-z,now" "-nodefaultlibs"
[INFO] [stdout]   = note: collect2: fatal error: ld terminated with signal 9 [Killed]
[INFO] [stdout]           compilation terminated.
[INFO] [stdout]           
[INFO] [stdout] 
[INFO] [stdout] error: aborting due to 1 previous error
[INFO] [stdout] 
[INFO] [stdout] Couldn't compile the test.
[INFO] [stdout] ---- src/lib/cache.rs - cache::Cache::load_store (line 290) stdout ----
[INFO] [stdout] error: linking with `cc` failed: exit status: 1
[INFO] [stdout]   |
[INFO] [stdout]   = note: LC_ALL="C" PATH="/opt/rustwide/rustup-home/toolchains/1.83.0-x86_64-unknown-linux-gnu/lib/rustlib/x86_64-unknown-linux-gnu/bin:/opt/rustwide/cargo-home/bin:/usr/local/sbin:/usr/local/bin:/usr/sbin:/usr/bin:/sbin:/bin" VSLANG="1033" "cc" "-m64" "/tmp/rustcsU2V5P/symbols.o" "/tmp/rustdoctestZ4rg54/rust_out.rust_out.cb03291d53e4e161-cgu.0.rcgu.o" "/tmp/rustdoctestZ4rg54/rust_out.1s7umcihpz0t7nkz1uc2ifee9.rcgu.o" "-Wl,--as-needed" "-Wl,-Bstatic" "/opt/rustwide/target/debug/deps/libpgrep-5dd2c6f5f788dd94.rlib" "/opt/rustwide/target/debug/deps/libserde_json-11503c014ad06f8a.rlib" "/opt/rustwide/target/debug/deps/libtoml-bfd9f53f56c18892.rlib" "/opt/rustwide/target/debug/deps/libtoml_edit-e801ad971e0b805b.rlib" "/opt/rustwide/target/debug/deps/libserde_spanned-92a066a8e82b3037.rlib" "/opt/rustwide/target/debug/deps/libindexmap-11dd7325ca63efd9.rlib" "/opt/rustwide/target/debug/deps/libequivalent-4d5cfde55792e26d.rlib" "/opt/rustwide/target/debug/deps/libwinnow-9944080b8f1f1861.rlib" "/opt/rustwide/target/debug/deps/libtoml_datetime-cbe5424eaa4bbce5.rlib" "/opt/rustwide/target/debug/deps/libpretty_env_logger-1844c9e1401f5ef5.rlib" "/opt/rustwide/target/debug/deps/libenv_logger-1242baf4767eb936.rlib" "/opt/rustwide/target/debug/deps/libtermcolor-943bee2709ee6353.rlib" "/opt/rustwide/target/debug/deps/libis_terminal-099451ee3f362d0f.rlib" "/opt/rustwide/target/debug/deps/libhumantime-4077790961ce8912.rlib" "/opt/rustwide/target/debug/deps/libregex-ba907b6064756d6b.rlib" "/opt/rustwide/target/debug/deps/libregex_automata-cb8b3e4a1e263613.rlib" "/opt/rustwide/target/debug/deps/libaho_corasick-eacaee7b0100d2cf.rlib" "/opt/rustwide/target/debug/deps/libmemchr-51a9dfefa10eba43.rlib" "/opt/rustwide/target/debug/deps/libregex_syntax-fc6871e700f16762.rlib" "/opt/rustwide/target/debug/deps/libratatui-b0fea6ae420d322e.rlib" "/opt/rustwide/target/debug/deps/libunicode_truncate-c70c4495920170cc.rlib" "/opt/rustwide/target/debug/deps/liblru-eaa81cc769802a69.rlib" "/opt/rustwide/target/debug/deps/libhashbrown-e57cb369d03377ea.rlib" "/opt/rustwide/target/debug/deps/libahash-28d9239561c5afeb.rlib" "/opt/rustwide/target/debug/deps/libonce_cell-eafb4fa8e07b38a0.rlib" "/opt/rustwide/target/debug/deps/libzerocopy-1c4b1206b6d66388.rlib" "/opt/rustwide/target/debug/deps/liballocator_api2-4a565f1f81f969a3.rlib" "/opt/rustwide/target/debug/deps/libcassowary-5ab49c4ed3f9613a.rlib" "/opt/rustwide/target/debug/deps/libitertools-d2716878754eee8e.rlib" "/opt/rustwide/target/debug/deps/libeither-efb6ccae61ede96f.rlib" "/opt/rustwide/target/debug/deps/libcompact_str-22fa14cd6f31328a.rlib" "/opt/rustwide/target/debug/deps/libryu-bba83beca99dd7c0.rlib" "/opt/rustwide/target/debug/deps/libitoa-cde9c8f28780c780.rlib" "/opt/rustwide/target/debug/deps/libstatic_assertions-3e50e277f96a204d.rlib" "/opt/rustwide/target/debug/deps/libcastaway-1fe45ce77f679aeb.rlib" "/opt/rustwide/target/debug/deps/libunicode_segmentation-bd06ab89b5afa5fd.rlib" "/opt/rustwide/target/debug/deps/libunicode_width-c8e22b4dd8faf545.rlib" "/opt/rustwide/target/debug/deps/libcrossterm-a6ea81ef53b7d53c.rlib" "/opt/rustwide/target/debug/deps/libbitflags-e7aaee72c7192c79.rlib" "/opt/rustwide/target/debug/deps/libparking_lot-1254dcde3d340c0c.rlib" "/opt/rustwide/target/debug/deps/libparking_lot_core-c215d42493376e0a.rlib" "/opt/rustwide/target/debug/deps/libcfg_if-8217498f8667ada9.rlib" "/opt/rustwide/target/debug/deps/libsmallvec-27682ff183e60130.rlib" "/opt/rustwide/target/debug/deps/liblock_api-551bf13f782a2aa5.rlib" "/opt/rustwide/target/debug/deps/libscopeguard-d59b845c07f126eb.rlib" "/opt/rustwide/target/debug/deps/libfutures_core-c469ed022fef3c32.rlib" "/opt/rustwide/target/debug/deps/libsignal_hook_mio-41c1d2862e69cf9a.rlib" "/opt/rustwide/target/debug/deps/libsignal_hook-63c45a165b8d5253.rlib" "/opt/rustwide/target/debug/deps/libsignal_hook_registry-e7d5442d2f8cefaf.rlib" "/opt/rustwide/target/debug/deps/libmio-220f38963dc3a5b1.rlib" "/opt/rustwide/target/debug/deps/libstrum-7cfbfb276345146e.rlib" "/opt/rustwide/target/debug/deps/librmp_serde-2d678177f9d91f91.rlib" "/opt/rustwide/target/debug/deps/librmp-cdfa33d80fd940d5.rlib" "/opt/rustwide/target/debug/deps/libbyteorder-f47bc0e1adee4793.rlib" "/opt/rustwide/target/debug/deps/liblazy_static-8c0bb59ebbb3df6c.rlib" "/opt/rustwide/target/debug/deps/libchrono-2ef8ccca4b8f1b88.rlib" "/opt/rustwide/target/debug/deps/libnum_traits-fe1505ebf83ad05e.rlib" "/opt/rustwide/target/debug/deps/libiana_time_zone-2390d39fb9bbfd36.rlib" "/opt/rustwide/target/debug/deps/libserde-2eb9e39f9ee20171.rlib" "/opt/rustwide/target/debug/deps/liblog-5282f90895004b10.rlib" "/opt/rustwide/target/debug/deps/libdirectories-fb77cc9559c4287e.rlib" "/opt/rustwide/target/debug/deps/libdirs_sys-75b8e07d322a9f94.rlib" "/opt/rustwide/target/debug/deps/liblibc-d396a477bbc82a4b.rlib" "/opt/rustwide/target/debug/deps/liboption_ext-1501816b3106f187.rlib" "/opt/rustwide/target/debug/deps/libclap-5d9d1e7b78d006b3.rlib" "/opt/rustwide/target/debug/deps/libclap_builder-1bac3b164ed54c5a.rlib" "/opt/rustwide/target/debug/deps/libstrsim-f67fc7e181d739b6.rlib" "/opt/rustwide/target/debug/deps/libanstream-a5daf68bd1e455fa.rlib" "/opt/rustwide/target/debug/deps/libanstyle_query-3d08369b3ead7418.rlib" "/opt/rustwide/target/debug/deps/libis_terminal_polyfill-4cded3fc51be8cda.rlib" "/opt/rustwide/target/debug/deps/libcolorchoice-c2187152af296cc7.rlib" "/opt/rustwide/target/debug/deps/libanstyle_parse-6fed88e0e1c66451.rlib" "/opt/rustwide/target/debug/deps/libutf8parse-3dd3c3e36081117c.rlib" "/opt/rustwide/target/debug/deps/libclap_lex-16c7d22581f4c547.rlib" "/opt/rustwide/target/debug/deps/libanstyle-94a1cdbe3ccb898d.rlib" "/opt/rustwide/rustup-home/toolchains/1.83.0-x86_64-unknown-linux-gnu/lib/rustlib/x86_64-unknown-linux-gnu/lib/libstd-ca74a2d9c5166d9f.rlib" "/opt/rustwide/rustup-home/toolchains/1.83.0-x86_64-unknown-linux-gnu/lib/rustlib/x86_64-unknown-linux-gnu/lib/libpanic_unwind-e31ab23316ed5080.rlib" "/opt/rustwide/rustup-home/toolchains/1.83.0-x86_64-unknown-linux-gnu/lib/rustlib/x86_64-unknown-linux-gnu/lib/libobject-27dc4aa955912662.rlib" "/opt/rustwide/rustup-home/toolchains/1.83.0-x86_64-unknown-linux-gnu/lib/rustlib/x86_64-unknown-linux-gnu/lib/libmemchr-bd0d6cccce077b99.rlib" "/opt/rustwide/rustup-home/toolchains/1.83.0-x86_64-unknown-linux-gnu/lib/rustlib/x86_64-unknown-linux-gnu/lib/libaddr2line-8d001680935b5e3c.rlib" "/opt/rustwide/rustup-home/toolchains/1.83.0-x86_64-unknown-linux-gnu/lib/rustlib/x86_64-unknown-linux-gnu/lib/libgimli-ba8ce71964f984f4.rlib" "/opt/rustwide/rustup-home/toolchains/1.83.0-x86_64-unknown-linux-gnu/lib/rustlib/x86_64-unknown-linux-gnu/lib/librustc_demangle-99a73526abcec14b.rlib" "/opt/rustwide/rustup-home/toolchains/1.83.0-x86_64-unknown-linux-gnu/lib/rustlib/x86_64-unknown-linux-gnu/lib/libstd_detect-63ac0d22cff92579.rlib" "/opt/rustwide/rustup-home/toolchains/1.83.0-x86_64-unknown-linux-gnu/lib/rustlib/x86_64-unknown-linux-gnu/lib/libhashbrown-9057355c92c922d5.rlib" "/opt/rustwide/rustup-home/toolchains/1.83.0-x86_64-unknown-linux-gnu/lib/rustlib/x86_64-unknown-linux-gnu/lib/librustc_std_workspace_alloc-358be9bc1f6bab04.rlib" "/opt/rustwide/rustup-home/toolchains/1.83.0-x86_64-unknown-linux-gnu/lib/rustlib/x86_64-unknown-linux-gnu/lib/libminiz_oxide-aca15549d5bff974.rlib" "/opt/rustwide/rustup-home/toolchains/1.83.0-x86_64-unknown-linux-gnu/lib/rustlib/x86_64-unknown-linux-gnu/lib/libadler-8251d2cef7072448.rlib" "/opt/rustwide/rustup-home/toolchains/1.83.0-x86_64-unknown-linux-gnu/lib/rustlib/x86_64-unknown-linux-gnu/lib/libunwind-7d50b86011c66411.rlib" "/opt/rustwide/rustup-home/toolchains/1.83.0-x86_64-unknown-linux-gnu/lib/rustlib/x86_64-unknown-linux-gnu/lib/libcfg_if-51ea098fce5006bf.rlib" "/opt/rustwide/rustup-home/toolchains/1.83.0-x86_64-unknown-linux-gnu/lib/rustlib/x86_64-unknown-linux-gnu/lib/liblibc-5a14e0d0b712e731.rlib" "/opt/rustwide/rustup-home/toolchains/1.83.0-x86_64-unknown-linux-gnu/lib/rustlib/x86_64-unknown-linux-gnu/lib/liballoc-8b83dbf3a7b8f999.rlib" "/opt/rustwide/rustup-home/toolchains/1.83.0-x86_64-unknown-linux-gnu/lib/rustlib/x86_64-unknown-linux-gnu/lib/librustc_std_workspace_core-c6fd227bdc7b39ff.rlib" "/opt/rustwide/rustup-home/toolchains/1.83.0-x86_64-unknown-linux-gnu/lib/rustlib/x86_64-unknown-linux-gnu/lib/libcore-959d3389fa3da8a5.rlib" "/opt/rustwide/rustup-home/toolchains/1.83.0-x86_64-unknown-linux-gnu/lib/rustlib/x86_64-unknown-linux-gnu/lib/libcompiler_builtins-abe05db089cc2c62.rlib" "-Wl,-Bdynamic" "-lgcc_s" "-lutil" "-lrt" "-lpthread" "-lm" "-ldl" "-lc" "-Wl,--eh-frame-hdr" "-Wl,-z,noexecstack" "-L" "/opt/rustwide/rustup-home/toolchains/1.83.0-x86_64-unknown-linux-gnu/lib/rustlib/x86_64-unknown-linux-gnu/lib" "-o" "/tmp/rustdoctestZ4rg54/rust_out" "-Wl,--gc-sections" "-pie" "-Wl,-z,relro,-z,now" "-nodefaultlibs"
[INFO] [stdout]   = note: collect2: fatal error: ld terminated with signal 9 [Killed]
[INFO] [stdout]           compilation terminated.
[INFO] [stdout]           
[INFO] [stdout] 
[INFO] [stdout] error: aborting due to 1 previous error
[INFO] [stdout] 
[INFO] [stdout] Couldn't compile the test.
[INFO] [stdout] ---- src/lib/config.rs - config::expand_path (line 13) stdout ----
[INFO] [stdout] Test executable failed (exit status: 101).
[INFO] [stdout] 
[INFO] [stdout] stderr:
[INFO] [stdout] thread 'main' panicked at src/lib/config.rs:15:1:
[INFO] [stdout] assertion `left == right` failed
[INFO] [stdout]   left: "/root/my_folder"
[INFO] [stdout]  right: "/home/root/my_folder"
[INFO] [stdout] stack backtrace:
[INFO] [stdout]    0:     0x61731ac3a8fa - std::backtrace_rs::backtrace::libunwind::trace::h5a5b8284f2d0c266
[INFO] [stdout]                                at /rustc/90b35a6239c3d8bdabc530a6a0816f7ff89a0aaf/library/std/src/../../backtrace/src/backtrace/libunwind.rs:116:5
[INFO] [stdout]    1:     0x61731ac3a8fa - std::backtrace_rs::backtrace::trace_unsynchronized::h76d4f1c9b0b875e3
[INFO] [stdout]                                at /rustc/90b35a6239c3d8bdabc530a6a0816f7ff89a0aaf/library/std/src/../../backtrace/src/backtrace/mod.rs:66:5
[INFO] [stdout]    2:     0x61731ac3a8fa - std::sys::backtrace::_print_fmt::hc4546b8364a537c6
[INFO] [stdout]                                at /rustc/90b35a6239c3d8bdabc530a6a0816f7ff89a0aaf/library/std/src/sys/backtrace.rs:66:9
[INFO] [stdout]    3:     0x61731ac3a8fa - <std::sys::backtrace::BacktraceLock::print::DisplayBacktrace as core::fmt::Display>::fmt::h5b6bd5631a6d1f6b
[INFO] [stdout]                                at /rustc/90b35a6239c3d8bdabc530a6a0816f7ff89a0aaf/library/std/src/sys/backtrace.rs:39:26
[INFO] [stdout]    4:     0x61731ac57533 - core::fmt::rt::Argument::fmt::h270f6602a2b96f62
[INFO] [stdout]                                at /rustc/90b35a6239c3d8bdabc530a6a0816f7ff89a0aaf/library/core/src/fmt/rt.rs:177:76
[INFO] [stdout]    5:     0x61731ac57533 - core::fmt::write::h7550c97b06c86515
[INFO] [stdout]                                at /rustc/90b35a6239c3d8bdabc530a6a0816f7ff89a0aaf/library/core/src/fmt/mod.rs:1186:21
[INFO] [stdout]    6:     0x61731ac382e3 - std::io::Write::write_fmt::h7b09c64fe0be9c84
[INFO] [stdout]                                at /rustc/90b35a6239c3d8bdabc530a6a0816f7ff89a0aaf/library/std/src/io/mod.rs:1839:15
[INFO] [stdout]    7:     0x61731ac3a742 - std::sys::backtrace::BacktraceLock::print::h2395ccd2c84ba3aa
[INFO] [stdout]                                at /rustc/90b35a6239c3d8bdabc530a6a0816f7ff89a0aaf/library/std/src/sys/backtrace.rs:42:9
[INFO] [stdout]    8:     0x61731ac3b6ec - std::panicking::default_hook::{{closure}}::he19d4c7230e07961
[INFO] [stdout]                                at /rustc/90b35a6239c3d8bdabc530a6a0816f7ff89a0aaf/library/std/src/panicking.rs:268:22
[INFO] [stdout]    9:     0x61731ac3b532 - std::panicking::default_hook::hf614597d3c67bbdb
[INFO] [stdout]                                at /rustc/90b35a6239c3d8bdabc530a6a0816f7ff89a0aaf/library/std/src/panicking.rs:295:9
[INFO] [stdout]   10:     0x61731ac3bcc7 - std::panicking::rust_panic_with_hook::h8942133a8b252070
[INFO] [stdout]                                at /rustc/90b35a6239c3d8bdabc530a6a0816f7ff89a0aaf/library/std/src/panicking.rs:801:13
[INFO] [stdout]   11:     0x61731ac3bb5a - std::panicking::begin_panic_handler::{{closure}}::hb5f5963570096b29
[INFO] [stdout]                                at /rustc/90b35a6239c3d8bdabc530a6a0816f7ff89a0aaf/library/std/src/panicking.rs:674:13
[INFO] [stdout]   12:     0x61731ac3add9 - std::sys::backtrace::__rust_end_short_backtrace::h6208cedc1922feda
[INFO] [stdout]                                at /rustc/90b35a6239c3d8bdabc530a6a0816f7ff89a0aaf/library/std/src/sys/backtrace.rs:170:18
[INFO] [stdout]   13:     0x61731ac3b7ec - rust_begin_unwind
[INFO] [stdout]                                at /rustc/90b35a6239c3d8bdabc530a6a0816f7ff89a0aaf/library/std/src/panicking.rs:665:5
[INFO] [stdout]   14:     0x61731abff0e0 - core::panicking::panic_fmt::h0c3082644d1bf418
[INFO] [stdout]                                at /rustc/90b35a6239c3d8bdabc530a6a0816f7ff89a0aaf/library/core/src/panicking.rs:74:14
[INFO] [stdout]   15:     0x61731abff3d2 - core::panicking::assert_failed_inner::h2ddf1fcc067fa858
[INFO] [stdout]   16:     0x61731abffd9f - core::panicking::assert_failed::h8c9c3a919207004c
[INFO] [stdout]   17:     0x61731ac01972 - rust_out::main::_doctest_main_src_lib_config_rs_13_0::hca335c4147798d0c
[INFO] [stdout]   18:     0x61731ac017c6 - rust_out::main::h86d391cc11b8a827
[INFO] [stdout]   19:     0x61731abff9f3 - core::ops::function::FnOnce::call_once::hd1e0b33d350e8c2e
[INFO] [stdout]   20:     0x61731abff986 - std::sys::backtrace::__rust_begin_short_backtrace::hb7c4fd168269da08
[INFO] [stdout]   21:     0x61731abff969 - std::rt::lang_start::{{closure}}::h7630186e3858a44d
[INFO] [stdout]   22:     0x61731ac364fe - core::ops::function::impls::<impl core::ops::function::FnOnce<A> for &F>::call_once::hfdb85f4ee94732d3
[INFO] [stdout]                                at /rustc/90b35a6239c3d8bdabc530a6a0816f7ff89a0aaf/library/core/src/ops/function.rs:284:13
[INFO] [stdout]   23:     0x61731ac364fe - std::panicking::try::do_call::h6e577310f330cbef
[INFO] [stdout]                                at /rustc/90b35a6239c3d8bdabc530a6a0816f7ff89a0aaf/library/std/src/panicking.rs:557:40
[INFO] [stdout]   24:     0x61731ac364fe - std::panicking::try::ha588d438267d2645
[INFO] [stdout]                                at /rustc/90b35a6239c3d8bdabc530a6a0816f7ff89a0aaf/library/std/src/panicking.rs:520:19
[INFO] [stdout]   25:     0x61731ac364fe - std::panic::catch_unwind::h429fda1e025f26d9
[INFO] [stdout]                                at /rustc/90b35a6239c3d8bdabc530a6a0816f7ff89a0aaf/library/std/src/panic.rs:358:14
[INFO] [stdout]   26:     0x61731ac364fe - std::rt::lang_start_internal::{{closure}}::h7b731265e841c4bf
[INFO] [stdout]                                at /rustc/90b35a6239c3d8bdabc530a6a0816f7ff89a0aaf/library/std/src/rt.rs:174:48
[INFO] [stdout]   27:     0x61731ac364fe - std::panicking::try::do_call::hc0f6a675b7ae5a36
[INFO] [stdout]                                at /rustc/90b35a6239c3d8bdabc530a6a0816f7ff89a0aaf/library/std/src/panicking.rs:557:40
[INFO] [stdout]   28:     0x61731ac364fe - std::panicking::try::h4c93b7ff0671f1ff
[INFO] [stdout]                                at /rustc/90b35a6239c3d8bdabc530a6a0816f7ff89a0aaf/library/std/src/panicking.rs:520:19
[INFO] [stdout]   29:     0x61731ac364fe - std::panic::catch_unwind::hcc1e154961d16ce6
[INFO] [stdout]                                at /rustc/90b35a6239c3d8bdabc530a6a0816f7ff89a0aaf/library/std/src/panic.rs:358:14
[INFO] [stdout]   30:     0x61731ac364fe - std::rt::lang_start_internal::h1c66660c99c8424c
[INFO] [stdout]                                at /rustc/90b35a6239c3d8bdabc530a6a0816f7ff89a0aaf/library/std/src/rt.rs:174:20
[INFO] [stdout]   31:     0x61731abff947 - std::rt::lang_start::hcdb31f4834f76b8c
[INFO] [stdout]   32:     0x61731ac01af5 - main
[INFO] [stdout]   33:     0x73a4cd98bd90 - <unknown>
[INFO] [stdout]   34:     0x73a4cd98be40 - __libc_start_main
[INFO] [stdout]   35:     0x61731abff815 - _start
[INFO] [stdout]   36:                0x0 - <unknown>
[INFO] [stdout] 
[INFO] [stdout] 
[INFO] [stdout] 
[INFO] [stdout] failures:
[INFO] [stdout]     src/lib/cache.rs - cache::Cache::load_store (line 290)
[INFO] [stdout]     src/lib/config.rs - config::expand_path (line 13)
[INFO] [stdout]     src/lib/project.rs - project::FolderScan::new (line 28)
[INFO] [stdout] 
[INFO] [stdout] test result: FAILED. 5 passed; 3 failed; 0 ignored; 0 measured; 0 filtered out; finished in 6.62s
[INFO] [stdout] 
[INFO] [stderr] error: doctest failed, to rerun pass `--doc`
[INFO] running `Command { std: "docker" "inspect" "3360e004729901514bc8becc449a7975131f5134187c63b22c0e6e1815ec463e", kill_on_drop: false }`
[INFO] running `Command { std: "docker" "rm" "-f" "3360e004729901514bc8becc449a7975131f5134187c63b22c0e6e1815ec463e", kill_on_drop: false }`
[INFO] [stdout] 3360e004729901514bc8becc449a7975131f5134187c63b22c0e6e1815ec463e
