[INFO] cloning repository https://github.com/weizhiao/elf_loader
[INFO] running `Command { std: "git" "-c" "credential.helper=" "-c" "credential.helper=/workspace/cargo-home/bin/git-credential-null" "clone" "--bare" "https://github.com/weizhiao/elf_loader" "/workspace/cache/git-repos/https%3A%2F%2Fgithub.com%2Fweizhiao%2Felf_loader", kill_on_drop: false }`
[INFO] [stderr] Cloning into bare repository '/workspace/cache/git-repos/https%3A%2F%2Fgithub.com%2Fweizhiao%2Felf_loader'...
[INFO] running `Command { std: "git" "rev-parse" "HEAD", kill_on_drop: false }`
[INFO] [stdout] 1ecd75678ec6af34641a343a8c5a1c98f0d53cf5
[INFO] testing weizhiao/elf_loader against 1.83.0 for beta-1.84.0-4-retry
[INFO] running `Command { std: "git" "clone" "/workspace/cache/git-repos/https%3A%2F%2Fgithub.com%2Fweizhiao%2Felf_loader" "/workspace/builds/worker-5-tc1/source", kill_on_drop: false }`
[INFO] [stderr] Cloning into '/workspace/builds/worker-5-tc1/source'...
[INFO] [stderr] done.
[INFO] validating manifest of git repo https://github.com/weizhiao/elf_loader on toolchain 1.83.0
[INFO] running `Command { std: CARGO_HOME="/workspace/cargo-home" RUSTUP_HOME="/workspace/rustup-home" "/workspace/cargo-home/bin/cargo" "+1.83.0" "metadata" "--manifest-path" "Cargo.toml" "--no-deps", kill_on_drop: false }`
[INFO] started tweaking git repo https://github.com/weizhiao/elf_loader
[INFO] finished tweaking git repo https://github.com/weizhiao/elf_loader
[INFO] tweaked toml for git repo https://github.com/weizhiao/elf_loader written to /workspace/builds/worker-5-tc1/source/Cargo.toml
[INFO] crate git repo https://github.com/weizhiao/elf_loader already has a lockfile, it will not be regenerated
[INFO] running `Command { std: CARGO_HOME="/workspace/cargo-home" RUSTUP_HOME="/workspace/rustup-home" "/workspace/cargo-home/bin/cargo" "+1.83.0" "fetch" "--manifest-path" "Cargo.toml", kill_on_drop: false }`
[INFO] [stderr]     Updating crates.io index
[INFO] [stderr]  Downloading crates ...
[INFO] [stderr]   Downloaded syscalls v0.6.18
[INFO] running `Command { std: "docker" "create" "-v" "/var/lib/crater-agent-workspace/builds/worker-5-tc1/target:/opt/rustwide/target:rw,Z" "-v" "/var/lib/crater-agent-workspace/builds/worker-5-tc1/source:/opt/rustwide/workdir:ro,Z" "-v" "/var/lib/crater-agent-workspace/cargo-home:/opt/rustwide/cargo-home:ro,Z" "-v" "/var/lib/crater-agent-workspace/rustup-home:/opt/rustwide/rustup-home:ro,Z" "-e" "SOURCE_DIR=/opt/rustwide/workdir" "-e" "CARGO_TARGET_DIR=/opt/rustwide/target" "-e" "CARGO_HOME=/opt/rustwide/cargo-home" "-e" "RUSTUP_HOME=/opt/rustwide/rustup-home" "-w" "/opt/rustwide/workdir" "-m" "1610612736" "--user" "0:0" "--network" "none" "ghcr.io/rust-lang/crates-build-env/linux@sha256:f3a9d4ad9d972b27faf3965f35b62e55ba32bbce8f20bc8fe909558a86702fde" "/opt/rustwide/cargo-home/bin/cargo" "+1.83.0" "metadata" "--no-deps" "--format-version=1", kill_on_drop: false }`
[INFO] [stdout] c58fc9eb47f3da2d4886cd07a5f5564fdaa338f8aac87574c018836a69585271
[INFO] running `Command { std: "docker" "start" "-a" "c58fc9eb47f3da2d4886cd07a5f5564fdaa338f8aac87574c018836a69585271", kill_on_drop: false }`
[INFO] running `Command { std: "docker" "inspect" "c58fc9eb47f3da2d4886cd07a5f5564fdaa338f8aac87574c018836a69585271", kill_on_drop: false }`
[INFO] running `Command { std: "docker" "rm" "-f" "c58fc9eb47f3da2d4886cd07a5f5564fdaa338f8aac87574c018836a69585271", kill_on_drop: false }`
[INFO] [stdout] c58fc9eb47f3da2d4886cd07a5f5564fdaa338f8aac87574c018836a69585271
[INFO] running `Command { std: "docker" "create" "-v" "/var/lib/crater-agent-workspace/builds/worker-5-tc1/target:/opt/rustwide/target:rw,Z" "-v" "/var/lib/crater-agent-workspace/builds/worker-5-tc1/source:/opt/rustwide/workdir:ro,Z" "-v" "/var/lib/crater-agent-workspace/cargo-home:/opt/rustwide/cargo-home:ro,Z" "-v" "/var/lib/crater-agent-workspace/rustup-home:/opt/rustwide/rustup-home:ro,Z" "-e" "SOURCE_DIR=/opt/rustwide/workdir" "-e" "CARGO_TARGET_DIR=/opt/rustwide/target" "-e" "CARGO_INCREMENTAL=0" "-e" "RUST_BACKTRACE=full" "-e" "RUSTFLAGS=--cap-lints=warn" "-e" "RUSTDOCFLAGS=--cap-lints=warn" "-e" "CARGO_HOME=/opt/rustwide/cargo-home" "-e" "RUSTUP_HOME=/opt/rustwide/rustup-home" "-w" "/opt/rustwide/workdir" "-m" "1610612736" "--user" "0:0" "--network" "none" "ghcr.io/rust-lang/crates-build-env/linux@sha256:f3a9d4ad9d972b27faf3965f35b62e55ba32bbce8f20bc8fe909558a86702fde" "/opt/rustwide/cargo-home/bin/cargo" "+1.83.0" "build" "--frozen" "--message-format=json", kill_on_drop: false }`
[INFO] [stdout] 6876e4ce47b1b73abcb068d57fa1d0a5063a7e282c294f71b25acaf24ff8ee1c
[INFO] running `Command { std: "docker" "start" "-a" "6876e4ce47b1b73abcb068d57fa1d0a5063a7e282c294f71b25acaf24ff8ee1c", kill_on_drop: false }`
[INFO] [stderr]    Compiling bitflags v2.6.0
[INFO] [stderr]    Compiling elf v0.7.4
[INFO] [stderr]    Compiling elf_loader v0.3.0 (/opt/rustwide/workdir)
[INFO] [stderr]     Finished `dev` profile [unoptimized + debuginfo] target(s) in 1.34s
[INFO] running `Command { std: "docker" "inspect" "6876e4ce47b1b73abcb068d57fa1d0a5063a7e282c294f71b25acaf24ff8ee1c", kill_on_drop: false }`
[INFO] running `Command { std: "docker" "rm" "-f" "6876e4ce47b1b73abcb068d57fa1d0a5063a7e282c294f71b25acaf24ff8ee1c", kill_on_drop: false }`
[INFO] [stdout] 6876e4ce47b1b73abcb068d57fa1d0a5063a7e282c294f71b25acaf24ff8ee1c
[INFO] running `Command { std: "docker" "create" "-v" "/var/lib/crater-agent-workspace/builds/worker-5-tc1/target:/opt/rustwide/target:rw,Z" "-v" "/var/lib/crater-agent-workspace/builds/worker-5-tc1/source:/opt/rustwide/workdir:ro,Z" "-v" "/var/lib/crater-agent-workspace/cargo-home:/opt/rustwide/cargo-home:ro,Z" "-v" "/var/lib/crater-agent-workspace/rustup-home:/opt/rustwide/rustup-home:ro,Z" "-e" "SOURCE_DIR=/opt/rustwide/workdir" "-e" "CARGO_TARGET_DIR=/opt/rustwide/target" "-e" "CARGO_INCREMENTAL=0" "-e" "RUST_BACKTRACE=full" "-e" "RUSTFLAGS=--cap-lints=warn" "-e" "RUSTDOCFLAGS=--cap-lints=warn" "-e" "CARGO_HOME=/opt/rustwide/cargo-home" "-e" "RUSTUP_HOME=/opt/rustwide/rustup-home" "-w" "/opt/rustwide/workdir" "-m" "1610612736" "--user" "0:0" "--network" "none" "ghcr.io/rust-lang/crates-build-env/linux@sha256:f3a9d4ad9d972b27faf3965f35b62e55ba32bbce8f20bc8fe909558a86702fde" "/opt/rustwide/cargo-home/bin/cargo" "+1.83.0" "test" "--frozen" "--no-run" "--message-format=json", kill_on_drop: false }`
[INFO] [stdout] d618fa5a81ee75c05e2a4aaa17557ab0268b58352de1477435565ac4becc2a96
[INFO] running `Command { std: "docker" "start" "-a" "d618fa5a81ee75c05e2a4aaa17557ab0268b58352de1477435565ac4becc2a96", kill_on_drop: false }`
[INFO] [stderr]    Compiling elf_loader v0.3.0 (/opt/rustwide/workdir)
[INFO] [stderr]     Finished `test` profile [unoptimized + debuginfo] target(s) in 0.72s
[INFO] running `Command { std: "docker" "inspect" "d618fa5a81ee75c05e2a4aaa17557ab0268b58352de1477435565ac4becc2a96", kill_on_drop: false }`
[INFO] running `Command { std: "docker" "rm" "-f" "d618fa5a81ee75c05e2a4aaa17557ab0268b58352de1477435565ac4becc2a96", kill_on_drop: false }`
[INFO] [stdout] d618fa5a81ee75c05e2a4aaa17557ab0268b58352de1477435565ac4becc2a96
[INFO] running `Command { std: "docker" "create" "-v" "/var/lib/crater-agent-workspace/builds/worker-5-tc1/target:/opt/rustwide/target:rw,Z" "-v" "/var/lib/crater-agent-workspace/builds/worker-5-tc1/source:/opt/rustwide/workdir:ro,Z" "-v" "/var/lib/crater-agent-workspace/cargo-home:/opt/rustwide/cargo-home:ro,Z" "-v" "/var/lib/crater-agent-workspace/rustup-home:/opt/rustwide/rustup-home:ro,Z" "-e" "SOURCE_DIR=/opt/rustwide/workdir" "-e" "CARGO_TARGET_DIR=/opt/rustwide/target" "-e" "CARGO_INCREMENTAL=0" "-e" "RUST_BACKTRACE=full" "-e" "RUSTFLAGS=--cap-lints=warn" "-e" "RUSTDOCFLAGS=--cap-lints=warn" "-e" "CARGO_HOME=/opt/rustwide/cargo-home" "-e" "RUSTUP_HOME=/opt/rustwide/rustup-home" "-w" "/opt/rustwide/workdir" "-m" "1610612736" "--user" "0:0" "--network" "none" "ghcr.io/rust-lang/crates-build-env/linux@sha256:f3a9d4ad9d972b27faf3965f35b62e55ba32bbce8f20bc8fe909558a86702fde" "/opt/rustwide/cargo-home/bin/cargo" "+1.83.0" "test" "--frozen", kill_on_drop: false }`
[INFO] [stdout] 557b36da2fe4818c679d88b5ce290b80e1f79df7cce7f6abb9cbc6ae2af6aada
[INFO] running `Command { std: "docker" "start" "-a" "557b36da2fe4818c679d88b5ce290b80e1f79df7cce7f6abb9cbc6ae2af6aada", kill_on_drop: false }`
[INFO] [stderr]     Finished `test` profile [unoptimized + debuginfo] target(s) in 0.01s
[INFO] [stderr]      Running unittests src/lib.rs (/opt/rustwide/target/debug/deps/elf_loader-9e183029621cdb67)
[INFO] [stdout] 
[INFO] [stdout] running 0 tests
[INFO] [stdout] 
[INFO] [stdout] test result: ok. 0 passed; 0 failed; 0 ignored; 0 measured; 0 filtered out; finished in 0.00s
[INFO] [stdout] 
[INFO] [stderr]    Doc-tests elf_loader
[INFO] [stdout] 
[INFO] [stdout] running 3 tests
[INFO] [stdout] test src/lib.rs - RelocatedDylib::dep_libs (line 352) - compile ... FAILED
[INFO] [stdout] test src/lib.rs - RelocatedDylib::get (line 403) - compile ... FAILED
[INFO] [stdout] test src/lib.rs - RelocatedDylib::get (line 411) - compile ... FAILED
[INFO] [stdout] 
[INFO] [stdout] failures:
[INFO] [stdout] 
[INFO] [stdout] ---- src/lib.rs - RelocatedDylib::dep_libs (line 352) stdout ----
[INFO] [stdout] error[E0425]: cannot find value `library` in this scope
[INFO] [stdout]  --> src/lib.rs:353:29
[INFO] [stdout]   |
[INFO] [stdout] 3 | if let Some(dependencies) = library.dep_libs() {
[INFO] [stdout]   |                             ^^^^^^^ not found in this scope
[INFO] [stdout] 
[INFO] [stdout] error: aborting due to 1 previous error
[INFO] [stdout] 
[INFO] [stdout] For more information about this error, try `rustc --explain E0425`.
[INFO] [stdout] Couldn't compile the test.
[INFO] [stdout] ---- src/lib.rs - RelocatedDylib::get (line 403) stdout ----
[INFO] [stdout] error[E0412]: cannot find type `Symbol` in this scope
[INFO] [stdout]  --> src/lib.rs:405:27
[INFO] [stdout]   |
[INFO] [stdout] 4 |     let awesome_function: Symbol<unsafe extern fn(f64) -> f64> =
[INFO] [stdout]   |                           ^^^^^^ not found in this scope
[INFO] [stdout]   |
[INFO] [stdout] help: consider importing one of these structs
[INFO] [stdout]   |
[INFO] [stdout] 2 + use elf::symbol::Symbol;
[INFO] [stdout]   |
[INFO] [stdout] 2 + use elf_loader::Symbol;
[INFO] [stdout]   |
[INFO] [stdout] 
[INFO] [stdout] error[E0425]: cannot find value `lib` in this scope
[INFO] [stdout]  --> src/lib.rs:406:9
[INFO] [stdout]   |
[INFO] [stdout] 5 |         lib.get("awesome_function").unwrap();
[INFO] [stdout]   |         ^^^ not found in this scope
[INFO] [stdout] 
[INFO] [stdout] error: aborting due to 2 previous errors
[INFO] [stdout] 
[INFO] [stdout] Some errors have detailed explanations: E0412, E0425.
[INFO] [stdout] For more information about an error, try `rustc --explain E0412`.
[INFO] [stdout] Couldn't compile the test.
[INFO] [stdout] ---- src/lib.rs - RelocatedDylib::get (line 411) stdout ----
[INFO] [stdout] error[E0412]: cannot find type `Symbol` in this scope
[INFO] [stdout]  --> src/lib.rs:413:27
[INFO] [stdout]   |
[INFO] [stdout] 4 |     let awesome_variable: Symbol<*mut f64> = lib.get("awesome_variable").unwrap();
[INFO] [stdout]   |                           ^^^^^^ not found in this scope
[INFO] [stdout]   |
[INFO] [stdout] help: consider importing one of these structs
[INFO] [stdout]   |
[INFO] [stdout] 2 + use elf::symbol::Symbol;
[INFO] [stdout]   |
[INFO] [stdout] 2 + use elf_loader::Symbol;
[INFO] [stdout]   |
[INFO] [stdout] 
[INFO] [stdout] error[E0425]: cannot find value `lib` in this scope
[INFO] [stdout]  --> src/lib.rs:413:46
[INFO] [stdout]   |
[INFO] [stdout] 4 |     let awesome_variable: Symbol<*mut f64> = lib.get("awesome_variable").unwrap();
[INFO] [stdout]   |                                              ^^^ not found in this scope
[INFO] [stdout] 
[INFO] [stdout] error: aborting due to 2 previous errors
[INFO] [stdout] 
[INFO] [stdout] Some errors have detailed explanations: E0412, E0425.
[INFO] [stdout] For more information about an error, try `rustc --explain E0412`.
[INFO] [stdout] Couldn't compile the test.
[INFO] [stdout] 
[INFO] [stdout] failures:
[INFO] [stdout]     src/lib.rs - RelocatedDylib::dep_libs (line 352)
[INFO] [stdout]     src/lib.rs - RelocatedDylib::get (line 403)
[INFO] [stdout]     src/lib.rs - RelocatedDylib::get (line 411)
[INFO] [stdout] 
[INFO] [stdout] test result: FAILED. 0 passed; 3 failed; 0 ignored; 0 measured; 0 filtered out; finished in 0.11s
[INFO] [stdout] 
[INFO] [stderr] error: doctest failed, to rerun pass `--doc`
[INFO] running `Command { std: "docker" "inspect" "557b36da2fe4818c679d88b5ce290b80e1f79df7cce7f6abb9cbc6ae2af6aada", kill_on_drop: false }`
[INFO] running `Command { std: "docker" "rm" "-f" "557b36da2fe4818c679d88b5ce290b80e1f79df7cce7f6abb9cbc6ae2af6aada", kill_on_drop: false }`
[INFO] [stdout] 557b36da2fe4818c679d88b5ce290b80e1f79df7cce7f6abb9cbc6ae2af6aada
