[INFO] cloning repository https://github.com/wefcdse/cc_wasm_api
[INFO] running `Command { std: "git" "-c" "credential.helper=" "-c" "credential.helper=/workspace/cargo-home/bin/git-credential-null" "clone" "--bare" "https://github.com/wefcdse/cc_wasm_api" "/workspace/cache/git-repos/https%3A%2F%2Fgithub.com%2Fwefcdse%2Fcc_wasm_api", kill_on_drop: false }`
[INFO] [stderr] Cloning into bare repository '/workspace/cache/git-repos/https%3A%2F%2Fgithub.com%2Fwefcdse%2Fcc_wasm_api'...
[INFO] running `Command { std: "git" "rev-parse" "HEAD", kill_on_drop: false }`
[INFO] [stdout] fcd055204ea57603921b942fc69c5b4b6affced6
[INFO] testing wefcdse/cc_wasm_api against 1.83.0 for beta-1.84.0-4-retry
[INFO] running `Command { std: "git" "clone" "/workspace/cache/git-repos/https%3A%2F%2Fgithub.com%2Fwefcdse%2Fcc_wasm_api" "/workspace/builds/worker-4-tc1/source", kill_on_drop: false }`
[INFO] [stderr] Cloning into '/workspace/builds/worker-4-tc1/source'...
[INFO] [stderr] done.
[INFO] validating manifest of git repo https://github.com/wefcdse/cc_wasm_api on toolchain 1.83.0
[INFO] running `Command { std: CARGO_HOME="/workspace/cargo-home" RUSTUP_HOME="/workspace/rustup-home" "/workspace/cargo-home/bin/cargo" "+1.83.0" "metadata" "--manifest-path" "Cargo.toml" "--no-deps", kill_on_drop: false }`
[INFO] started tweaking git repo https://github.com/wefcdse/cc_wasm_api
[INFO] finished tweaking git repo https://github.com/wefcdse/cc_wasm_api
[INFO] tweaked toml for git repo https://github.com/wefcdse/cc_wasm_api written to /workspace/builds/worker-4-tc1/source/Cargo.toml
[INFO] crate git repo https://github.com/wefcdse/cc_wasm_api already has a lockfile, it will not be regenerated
[INFO] running `Command { std: CARGO_HOME="/workspace/cargo-home" RUSTUP_HOME="/workspace/rustup-home" "/workspace/cargo-home/bin/cargo" "+1.83.0" "fetch" "--manifest-path" "Cargo.toml", kill_on_drop: false }`
[INFO] running `Command { std: "docker" "create" "-v" "/var/lib/crater-agent-workspace/builds/worker-4-tc1/target:/opt/rustwide/target:rw,Z" "-v" "/var/lib/crater-agent-workspace/builds/worker-4-tc1/source:/opt/rustwide/workdir:ro,Z" "-v" "/var/lib/crater-agent-workspace/cargo-home:/opt/rustwide/cargo-home:ro,Z" "-v" "/var/lib/crater-agent-workspace/rustup-home:/opt/rustwide/rustup-home:ro,Z" "-e" "SOURCE_DIR=/opt/rustwide/workdir" "-e" "CARGO_TARGET_DIR=/opt/rustwide/target" "-e" "CARGO_HOME=/opt/rustwide/cargo-home" "-e" "RUSTUP_HOME=/opt/rustwide/rustup-home" "-w" "/opt/rustwide/workdir" "-m" "1610612736" "--user" "0:0" "--network" "none" "ghcr.io/rust-lang/crates-build-env/linux@sha256:f3a9d4ad9d972b27faf3965f35b62e55ba32bbce8f20bc8fe909558a86702fde" "/opt/rustwide/cargo-home/bin/cargo" "+1.83.0" "metadata" "--no-deps" "--format-version=1", kill_on_drop: false }`
[INFO] [stdout] 8b3f9eb0cdae522cfc2b3ebefe02b79f447a72c57001e40377c260df6a87dfe3
[INFO] running `Command { std: "docker" "start" "-a" "8b3f9eb0cdae522cfc2b3ebefe02b79f447a72c57001e40377c260df6a87dfe3", kill_on_drop: false }`
[INFO] running `Command { std: "docker" "inspect" "8b3f9eb0cdae522cfc2b3ebefe02b79f447a72c57001e40377c260df6a87dfe3", kill_on_drop: false }`
[INFO] running `Command { std: "docker" "rm" "-f" "8b3f9eb0cdae522cfc2b3ebefe02b79f447a72c57001e40377c260df6a87dfe3", kill_on_drop: false }`
[INFO] [stdout] 8b3f9eb0cdae522cfc2b3ebefe02b79f447a72c57001e40377c260df6a87dfe3
[INFO] running `Command { std: "docker" "create" "-v" "/var/lib/crater-agent-workspace/builds/worker-4-tc1/target:/opt/rustwide/target:rw,Z" "-v" "/var/lib/crater-agent-workspace/builds/worker-4-tc1/source:/opt/rustwide/workdir:ro,Z" "-v" "/var/lib/crater-agent-workspace/cargo-home:/opt/rustwide/cargo-home:ro,Z" "-v" "/var/lib/crater-agent-workspace/rustup-home:/opt/rustwide/rustup-home:ro,Z" "-e" "SOURCE_DIR=/opt/rustwide/workdir" "-e" "CARGO_TARGET_DIR=/opt/rustwide/target" "-e" "CARGO_INCREMENTAL=0" "-e" "RUST_BACKTRACE=full" "-e" "RUSTFLAGS=--cap-lints=warn" "-e" "RUSTDOCFLAGS=--cap-lints=warn" "-e" "CARGO_HOME=/opt/rustwide/cargo-home" "-e" "RUSTUP_HOME=/opt/rustwide/rustup-home" "-w" "/opt/rustwide/workdir" "-m" "1610612736" "--user" "0:0" "--network" "none" "ghcr.io/rust-lang/crates-build-env/linux@sha256:f3a9d4ad9d972b27faf3965f35b62e55ba32bbce8f20bc8fe909558a86702fde" "/opt/rustwide/cargo-home/bin/cargo" "+1.83.0" "build" "--frozen" "--message-format=json", kill_on_drop: false }`
[INFO] [stdout] 84403ca52e9c080b47c7234c14a6d8dc9b4d1f54575b7dbd60bd371df01c0944
[INFO] running `Command { std: "docker" "start" "-a" "84403ca52e9c080b47c7234c14a6d8dc9b4d1f54575b7dbd60bd371df01c0944", kill_on_drop: false }`
[INFO] [stderr]    Compiling cc_wasm_api v0.4.7 (/opt/rustwide/workdir)
[INFO] [stderr]     Finished `dev` profile [unoptimized + debuginfo] target(s) in 1.75s
[INFO] running `Command { std: "docker" "inspect" "84403ca52e9c080b47c7234c14a6d8dc9b4d1f54575b7dbd60bd371df01c0944", kill_on_drop: false }`
[INFO] running `Command { std: "docker" "rm" "-f" "84403ca52e9c080b47c7234c14a6d8dc9b4d1f54575b7dbd60bd371df01c0944", kill_on_drop: false }`
[INFO] [stdout] 84403ca52e9c080b47c7234c14a6d8dc9b4d1f54575b7dbd60bd371df01c0944
[INFO] running `Command { std: "docker" "create" "-v" "/var/lib/crater-agent-workspace/builds/worker-4-tc1/target:/opt/rustwide/target:rw,Z" "-v" "/var/lib/crater-agent-workspace/builds/worker-4-tc1/source:/opt/rustwide/workdir:ro,Z" "-v" "/var/lib/crater-agent-workspace/cargo-home:/opt/rustwide/cargo-home:ro,Z" "-v" "/var/lib/crater-agent-workspace/rustup-home:/opt/rustwide/rustup-home:ro,Z" "-e" "SOURCE_DIR=/opt/rustwide/workdir" "-e" "CARGO_TARGET_DIR=/opt/rustwide/target" "-e" "CARGO_INCREMENTAL=0" "-e" "RUST_BACKTRACE=full" "-e" "RUSTFLAGS=--cap-lints=warn" "-e" "RUSTDOCFLAGS=--cap-lints=warn" "-e" "CARGO_HOME=/opt/rustwide/cargo-home" "-e" "RUSTUP_HOME=/opt/rustwide/rustup-home" "-w" "/opt/rustwide/workdir" "-m" "1610612736" "--user" "0:0" "--network" "none" "ghcr.io/rust-lang/crates-build-env/linux@sha256:f3a9d4ad9d972b27faf3965f35b62e55ba32bbce8f20bc8fe909558a86702fde" "/opt/rustwide/cargo-home/bin/cargo" "+1.83.0" "test" "--frozen" "--no-run" "--message-format=json", kill_on_drop: false }`
[INFO] [stdout] 5d9ea2e72c6ccc658d18af3af2c9d16a1d3263e6282da25b2aa169262fb3567a
[INFO] running `Command { std: "docker" "start" "-a" "5d9ea2e72c6ccc658d18af3af2c9d16a1d3263e6282da25b2aa169262fb3567a", kill_on_drop: false }`
[INFO] [stderr]    Compiling cc_wasm_api v0.4.7 (/opt/rustwide/workdir)
[INFO] [stderr]     Finished `test` profile [unoptimized + debuginfo] target(s) in 1.31s
[INFO] running `Command { std: "docker" "inspect" "5d9ea2e72c6ccc658d18af3af2c9d16a1d3263e6282da25b2aa169262fb3567a", kill_on_drop: false }`
[INFO] running `Command { std: "docker" "rm" "-f" "5d9ea2e72c6ccc658d18af3af2c9d16a1d3263e6282da25b2aa169262fb3567a", kill_on_drop: false }`
[INFO] [stdout] 5d9ea2e72c6ccc658d18af3af2c9d16a1d3263e6282da25b2aa169262fb3567a
[INFO] running `Command { std: "docker" "create" "-v" "/var/lib/crater-agent-workspace/builds/worker-4-tc1/target:/opt/rustwide/target:rw,Z" "-v" "/var/lib/crater-agent-workspace/builds/worker-4-tc1/source:/opt/rustwide/workdir:ro,Z" "-v" "/var/lib/crater-agent-workspace/cargo-home:/opt/rustwide/cargo-home:ro,Z" "-v" "/var/lib/crater-agent-workspace/rustup-home:/opt/rustwide/rustup-home:ro,Z" "-e" "SOURCE_DIR=/opt/rustwide/workdir" "-e" "CARGO_TARGET_DIR=/opt/rustwide/target" "-e" "CARGO_INCREMENTAL=0" "-e" "RUST_BACKTRACE=full" "-e" "RUSTFLAGS=--cap-lints=warn" "-e" "RUSTDOCFLAGS=--cap-lints=warn" "-e" "CARGO_HOME=/opt/rustwide/cargo-home" "-e" "RUSTUP_HOME=/opt/rustwide/rustup-home" "-w" "/opt/rustwide/workdir" "-m" "1610612736" "--user" "0:0" "--network" "none" "ghcr.io/rust-lang/crates-build-env/linux@sha256:f3a9d4ad9d972b27faf3965f35b62e55ba32bbce8f20bc8fe909558a86702fde" "/opt/rustwide/cargo-home/bin/cargo" "+1.83.0" "test" "--frozen", kill_on_drop: false }`
[INFO] [stdout] d364d2bc715fe9ae5585e397248f497efd6c323997240aa41bd629fa86da11f5
[INFO] running `Command { std: "docker" "start" "-a" "d364d2bc715fe9ae5585e397248f497efd6c323997240aa41bd629fa86da11f5", kill_on_drop: false }`
[INFO] [stderr]     Finished `test` profile [unoptimized + debuginfo] target(s) in 0.02s
[INFO] [stderr]      Running unittests src/lib.rs (/opt/rustwide/target/debug/deps/cc_wasm_api-bfef0e8d91a1dcf9)
[INFO] [stdout] 
[INFO] [stdout] running 0 tests
[INFO] [stdout] 
[INFO] [stdout] test result: ok. 0 passed; 0 failed; 0 ignored; 0 measured; 0 filtered out; finished in 0.00s
[INFO] [stdout] 
[INFO] [stderr]    Doc-tests cc_wasm_api
[INFO] [stdout] 
[INFO] [stdout] running 2 tests
[INFO] [stdout] test src/addon/vec2d.rs - addon::vec2d::Vec2d (line 11) ... FAILED
[INFO] [stdout] test src/coroutine.rs - coroutine::tick_sync::TickSyncer (line 116) - compile ... FAILED
[INFO] [stdout] 
[INFO] [stdout] failures:
[INFO] [stdout] 
[INFO] [stdout] ---- src/addon/vec2d.rs - addon::vec2d::Vec2d (line 11) stdout ----
[INFO] [stdout] error[E0433]: failed to resolve: use of undeclared crate or module `computercraft_websocket_control`
[INFO] [stdout]  --> src/addon/vec2d.rs:12:5
[INFO] [stdout]   |
[INFO] [stdout] 3 | use computercraft_websocket_control::utils::Vec2d;
[INFO] [stdout]   |     ^^^^^^^^^^^^^^^^^^^^^^^^^^^^^^^ use of undeclared crate or module `computercraft_websocket_control`
[INFO] [stdout] 
[INFO] [stdout] error: aborting due to 1 previous error
[INFO] [stdout] 
[INFO] [stdout] For more information about this error, try `rustc --explain E0433`.
[INFO] [stdout] Couldn't compile the test.
[INFO] [stdout] ---- src/coroutine.rs - coroutine::tick_sync::TickSyncer (line 116) stdout ----
[INFO] [stdout] error[E0433]: failed to resolve: use of undeclared type `Duration`
[INFO] [stdout]   --> src/coroutine.rs:133:15
[INFO] [stdout]    |
[INFO] [stdout] 20 |         sleep(Duration::from_sec(5)).await;
[INFO] [stdout]    |               ^^^^^^^^ use of undeclared type `Duration`
[INFO] [stdout]    |
[INFO] [stdout] help: consider importing this struct
[INFO] [stdout]    |
[INFO] [stdout] 2  + use std::time::Duration;
[INFO] [stdout]    |
[INFO] [stdout] 
[INFO] [stdout] error[E0433]: failed to resolve: use of undeclared type `Duration`
[INFO] [stdout]   --> src/coroutine.rs:143:18
[INFO] [stdout]    |
[INFO] [stdout] 30 |         ts.sleep(Duration::from_sec(5)).await;
[INFO] [stdout]    |                  ^^^^^^^^ use of undeclared type `Duration`
[INFO] [stdout]    |
[INFO] [stdout] help: consider importing this struct
[INFO] [stdout]    |
[INFO] [stdout] 2  + use std::time::Duration;
[INFO] [stdout]    |
[INFO] [stdout] 
[INFO] [stdout] error: aborting due to 2 previous errors
[INFO] [stdout] 
[INFO] [stdout] For more information about this error, try `rustc --explain E0433`.
[INFO] [stdout] Couldn't compile the test.
[INFO] [stdout] 
[INFO] [stdout] failures:
[INFO] [stdout]     src/addon/vec2d.rs - addon::vec2d::Vec2d (line 11)
[INFO] [stdout]     src/coroutine.rs - coroutine::tick_sync::TickSyncer (line 116)
[INFO] [stdout] 
[INFO] [stdout] test result: FAILED. 0 passed; 2 failed; 0 ignored; 0 measured; 0 filtered out; finished in 0.17s
[INFO] [stdout] 
[INFO] [stderr] error: doctest failed, to rerun pass `--doc`
[INFO] running `Command { std: "docker" "inspect" "d364d2bc715fe9ae5585e397248f497efd6c323997240aa41bd629fa86da11f5", kill_on_drop: false }`
[INFO] running `Command { std: "docker" "rm" "-f" "d364d2bc715fe9ae5585e397248f497efd6c323997240aa41bd629fa86da11f5", kill_on_drop: false }`
[INFO] [stdout] d364d2bc715fe9ae5585e397248f497efd6c323997240aa41bd629fa86da11f5
