[INFO] cloning repository https://github.com/web112arch/tes
[INFO] running `Command { std: "git" "-c" "credential.helper=" "-c" "credential.helper=/workspace/cargo-home/bin/git-credential-null" "clone" "--bare" "https://github.com/web112arch/tes" "/workspace/cache/git-repos/https%3A%2F%2Fgithub.com%2Fweb112arch%2Ftes", kill_on_drop: false }`
[INFO] [stderr] Cloning into bare repository '/workspace/cache/git-repos/https%3A%2F%2Fgithub.com%2Fweb112arch%2Ftes'...
[INFO] running `Command { std: "git" "rev-parse" "HEAD", kill_on_drop: false }`
[INFO] [stdout] b59f89b2c5fd172dabb117e8887c916e22b08dea
[INFO] testing web112arch/tes against 1.83.0 for beta-1.84.0-4-retry
[INFO] running `Command { std: "git" "clone" "/workspace/cache/git-repos/https%3A%2F%2Fgithub.com%2Fweb112arch%2Ftes" "/workspace/builds/worker-7-tc1/source", kill_on_drop: false }`
[INFO] [stderr] Cloning into '/workspace/builds/worker-7-tc1/source'...
[INFO] [stderr] done.
[INFO] validating manifest of git repo https://github.com/web112arch/tes on toolchain 1.83.0
[INFO] running `Command { std: CARGO_HOME="/workspace/cargo-home" RUSTUP_HOME="/workspace/rustup-home" "/workspace/cargo-home/bin/cargo" "+1.83.0" "metadata" "--manifest-path" "Cargo.toml" "--no-deps", kill_on_drop: false }`
[INFO] removed /workspace/builds/worker-7-tc1/source/.cargo/config
[INFO] removed /workspace/builds/worker-7-tc1/source/rust-toolchain
[INFO] started tweaking git repo https://github.com/web112arch/tes
[INFO] finished tweaking git repo https://github.com/web112arch/tes
[INFO] tweaked toml for git repo https://github.com/web112arch/tes written to /workspace/builds/worker-7-tc1/source/Cargo.toml
[INFO] crate git repo https://github.com/web112arch/tes already has a lockfile, it will not be regenerated
[INFO] running `Command { std: CARGO_HOME="/workspace/cargo-home" RUSTUP_HOME="/workspace/rustup-home" "/workspace/cargo-home/bin/cargo" "+1.83.0" "fetch" "--manifest-path" "Cargo.toml", kill_on_drop: false }`
[INFO] [stderr]     Updating crates.io index
[INFO] [stderr]  Downloading crates ...
[INFO] [stderr]   Downloaded serde-reflection v0.3.6
[INFO] [stderr]   Downloaded dyn-clone v1.0.9
[INFO] [stderr]   Downloaded serde-big-array v0.4.1
[INFO] [stderr]   Downloaded faster-hex v0.6.1
[INFO] [stderr]   Downloaded ed25519-consensus v2.0.1
[INFO] [stderr]   Downloaded clear_on_drop v0.2.5
[INFO] [stderr]   Downloaded auto_ops v0.3.0
[INFO] [stderr]   Downloaded serde_with_macros v2.1.0
[INFO] [stderr]   Downloaded readonly v0.2.3
[INFO] [stderr]   Downloaded secp256k1 v0.24.1
[INFO] [stderr]   Downloaded serde_with v2.1.0
[INFO] [stderr]   Downloaded radix64 v0.6.2
[INFO] [stderr]   Downloaded bulletproofs v4.0.0
[INFO] [stderr]   Downloaded wycheproof v0.4.0
[INFO] running `Command { std: "docker" "create" "-v" "/var/lib/crater-agent-workspace/builds/worker-7-tc1/target:/opt/rustwide/target:rw,Z" "-v" "/var/lib/crater-agent-workspace/builds/worker-7-tc1/source:/opt/rustwide/workdir:ro,Z" "-v" "/var/lib/crater-agent-workspace/cargo-home:/opt/rustwide/cargo-home:ro,Z" "-v" "/var/lib/crater-agent-workspace/rustup-home:/opt/rustwide/rustup-home:ro,Z" "-e" "SOURCE_DIR=/opt/rustwide/workdir" "-e" "CARGO_TARGET_DIR=/opt/rustwide/target" "-e" "CARGO_HOME=/opt/rustwide/cargo-home" "-e" "RUSTUP_HOME=/opt/rustwide/rustup-home" "-w" "/opt/rustwide/workdir" "-m" "1610612736" "--user" "0:0" "--network" "none" "ghcr.io/rust-lang/crates-build-env/linux@sha256:f3a9d4ad9d972b27faf3965f35b62e55ba32bbce8f20bc8fe909558a86702fde" "/opt/rustwide/cargo-home/bin/cargo" "+1.83.0" "metadata" "--no-deps" "--format-version=1", kill_on_drop: false }`
[INFO] [stdout] 49dc74599c16e854779d3a8b0c7724a7da968bdb30553f0be74b904b565157d4
[INFO] running `Command { std: "docker" "start" "-a" "49dc74599c16e854779d3a8b0c7724a7da968bdb30553f0be74b904b565157d4", kill_on_drop: false }`
[INFO] running `Command { std: "docker" "inspect" "49dc74599c16e854779d3a8b0c7724a7da968bdb30553f0be74b904b565157d4", kill_on_drop: false }`
[INFO] running `Command { std: "docker" "rm" "-f" "49dc74599c16e854779d3a8b0c7724a7da968bdb30553f0be74b904b565157d4", kill_on_drop: false }`
[INFO] [stdout] 49dc74599c16e854779d3a8b0c7724a7da968bdb30553f0be74b904b565157d4
[INFO] running `Command { std: "docker" "create" "-v" "/var/lib/crater-agent-workspace/builds/worker-7-tc1/target:/opt/rustwide/target:rw,Z" "-v" "/var/lib/crater-agent-workspace/builds/worker-7-tc1/source:/opt/rustwide/workdir:ro,Z" "-v" "/var/lib/crater-agent-workspace/cargo-home:/opt/rustwide/cargo-home:ro,Z" "-v" "/var/lib/crater-agent-workspace/rustup-home:/opt/rustwide/rustup-home:ro,Z" "-e" "SOURCE_DIR=/opt/rustwide/workdir" "-e" "CARGO_TARGET_DIR=/opt/rustwide/target" "-e" "CARGO_INCREMENTAL=0" "-e" "RUST_BACKTRACE=full" "-e" "RUSTFLAGS=--cap-lints=warn" "-e" "RUSTDOCFLAGS=--cap-lints=warn" "-e" "CARGO_HOME=/opt/rustwide/cargo-home" "-e" "RUSTUP_HOME=/opt/rustwide/rustup-home" "-w" "/opt/rustwide/workdir" "-m" "1610612736" "--user" "0:0" "--network" "none" "ghcr.io/rust-lang/crates-build-env/linux@sha256:f3a9d4ad9d972b27faf3965f35b62e55ba32bbce8f20bc8fe909558a86702fde" "/opt/rustwide/cargo-home/bin/cargo" "+1.83.0" "build" "--frozen" "--message-format=json", kill_on_drop: false }`
[INFO] [stdout] 9332f1e59d892c17d5496eedb0451b29ad77ac0c0d7b58b37ebd2e95e282bab7
[INFO] running `Command { std: "docker" "start" "-a" "9332f1e59d892c17d5496eedb0451b29ad77ac0c0d7b58b37ebd2e95e282bab7", kill_on_drop: false }`
[INFO] [stderr]    Compiling syn v1.0.107
[INFO] [stderr]    Compiling serde_derive v1.0.152
[INFO] [stderr]    Compiling libc v0.2.137
[INFO] [stderr]    Compiling serde v1.0.152
[INFO] [stderr]    Compiling unicode-xid v0.2.4
[INFO] [stderr]    Compiling subtle v2.4.1
[INFO] [stderr]    Compiling crossbeam-utils v0.8.12
[INFO] [stderr]    Compiling proc-macro2 v1.0.49
[INFO] [stderr]    Compiling generic-array v0.14.6
[INFO] [stderr]    Compiling cc v1.0.76
[INFO] [stderr]    Compiling num-traits v0.2.15
[INFO] [stderr]    Compiling crossbeam-epoch v0.9.11
[INFO] [stderr]    Compiling rayon-core v1.9.3
[INFO] [stderr]    Compiling ucd-trie v0.1.5
[INFO] [stderr]    Compiling scopeguard v1.1.0
[INFO] [stderr]    Compiling once_cell v1.17.0
[INFO] [stderr]    Compiling num-integer v0.1.45
[INFO] [stderr]    Compiling rayon v1.5.3
[INFO] [stderr]    Compiling opaque-debug v0.3.0
[INFO] [stderr]    Compiling quote v1.0.23
[INFO] [stderr]    Compiling num-bigint v0.4.3
[INFO] [stderr]    Compiling either v1.8.0
[INFO] [stderr]    Compiling cpufeatures v0.2.5
[INFO] [stderr]    Compiling paste v1.0.11
[INFO] [stderr]    Compiling const-oid v0.9.1
[INFO] [stderr]    Compiling base64ct v1.5.3
[INFO] [stderr]    Compiling fnv v1.0.7
[INFO] [stderr]    Compiling ident_case v1.0.1
[INFO] [stderr]    Compiling strsim v0.10.0
[INFO] [stderr]    Compiling block-padding v0.2.1
[INFO] [stderr]    Compiling tracing-core v0.1.30
[INFO] [stderr]    Compiling keccak v0.1.3
[INFO] [stderr]    Compiling base16ct v0.1.1
[INFO] [stderr]    Compiling byteorder v1.4.3
[INFO] [stderr]    Compiling ahash v0.7.6
[INFO] [stderr]    Compiling subtle-ng v2.5.0
[INFO] [stderr]    Compiling serde_json v1.0.91
[INFO] [stderr]    Compiling tokio v1.24.1
[INFO] [stderr]    Compiling eyre v0.6.8
[INFO] [stderr]    Compiling itoa v1.0.4
[INFO] [stderr]    Compiling schemars v0.8.11
[INFO] [stderr]    Compiling unicode-segmentation v1.10.0
[INFO] [stderr]    Compiling ryu v1.0.11
[INFO] [stderr]    Compiling crossbeam-channel v0.5.6
[INFO] [stderr]    Compiling tracing-subscriber v0.2.25
[INFO] [stderr]    Compiling tracing v0.1.37
[INFO] [stderr]    Compiling convert_case v0.4.0
[INFO] [stderr]    Compiling arrayref v0.3.6
[INFO] [stderr]    Compiling indenter v0.3.3
[INFO] [stderr]    Compiling constant_time_eq v0.2.4
[INFO] [stderr]    Compiling hex v0.4.3
[INFO] [stderr]    Compiling getrandom v0.2.8
[INFO] [stderr]    Compiling num_cpus v1.14.0
[INFO] [stderr]    Compiling crossbeam-deque v0.8.2
[INFO] [stderr]    Compiling convert_case v0.6.0
[INFO] [stderr]    Compiling dyn-clone v1.0.9
[INFO] [stderr]    Compiling bitcoin_hashes v0.11.0
[INFO] [stderr]    Compiling rand_core v0.6.4
[INFO] [stderr]    Compiling clear_on_drop v0.2.5
[INFO] [stderr]    Compiling secp256k1-sys v0.6.1
[INFO] [stderr]    Compiling blst v0.3.10
[INFO] [stderr]    Compiling blake3 v1.3.3
[INFO] [stderr]    Compiling threadpool v1.8.1
[INFO] [stderr]    Compiling arrayvec v0.7.2
[INFO] [stderr]    Compiling rand_chacha v0.3.1
[INFO] [stderr]    Compiling ff v0.12.1
[INFO] [stderr]    Compiling hashbrown v0.11.2
[INFO] [stderr]    Compiling group v0.12.1
[INFO] [stderr]    Compiling auto_ops v0.3.0
[INFO] [stderr]    Compiling bs58 v0.4.0
[INFO] [stderr]    Compiling byte-slice-cast v1.2.2
[INFO] [stderr]    Compiling untrusted v0.9.0
[INFO] [stderr]    Compiling rand v0.8.5
[INFO] [stderr]    Compiling ark-std v0.3.0
[INFO] [stderr]    Compiling synstructure v0.12.6
[INFO] [stderr]    Compiling darling_core v0.14.2
[INFO] [stderr]    Compiling serde_derive_internals v0.26.0
[INFO] [stderr]    Compiling zeroize_derive v1.3.2
[INFO] [stderr]    Compiling thiserror-impl v1.0.38
[INFO] [stderr]    Compiling ark-serialize-derive v0.3.0
[INFO] [stderr]    Compiling ark-ff-macros v0.3.0
[INFO] [stderr]    Compiling derivative v2.2.0
[INFO] [stderr]    Compiling ark-ff-asm v0.3.0
[INFO] [stderr]    Compiling schemars_derive v0.8.11
[INFO] [stderr]    Compiling tokio-macros v1.8.0
[INFO] [stderr]    Compiling readonly v0.2.3
[INFO] [stderr]    Compiling fastcrypto-derive v0.1.2 (/opt/rustwide/workdir/fastcrypto-derive)
[INFO] [stderr]    Compiling derive_more v0.99.17
[INFO] [stderr]    Compiling secp256k1 v0.24.1
[INFO] [stderr]    Compiling zeroize v1.5.7
[INFO] [stderr]    Compiling der v0.6.0
[INFO] [stderr]    Compiling merlin v3.0.0
[INFO] [stderr]    Compiling darling_macro v0.14.2
[INFO] [stderr]    Compiling thiserror v1.0.38
[INFO] [stderr]    Compiling pest v2.4.1
[INFO] [stderr]    Compiling darling v0.14.2
[INFO] [stderr]    Compiling serde_with_macros v2.1.0
[INFO] [stderr]    Compiling spki v0.6.0
[INFO] [stderr]    Compiling semver-parser v0.10.2
[INFO] [stderr]    Compiling pkcs8 v0.9.0
[INFO] [stderr]    Compiling semver v0.11.0
[INFO] [stderr]    Compiling rustc_version v0.3.3
[INFO] [stderr]    Compiling ark-ff v0.3.0
[INFO] [stderr]    Compiling serde_with v2.1.0
[INFO] [stderr]    Compiling serde_bytes v0.11.8
[INFO] [stderr]    Compiling bincode v1.3.3
[INFO] [stderr]    Compiling crypto-common v0.1.6
[INFO] [stderr]    Compiling digest v0.9.0
[INFO] [stderr]    Compiling block-buffer v0.10.3
[INFO] [stderr]    Compiling block-padding v0.3.2
[INFO] [stderr]    Compiling crypto-bigint v0.4.9
[INFO] [stderr]    Compiling block-buffer v0.9.0
[INFO] [stderr]    Compiling sec1 v0.3.0
[INFO] [stderr]    Compiling crypto-mac v0.8.0
[INFO] [stderr]    Compiling ark-serialize v0.3.0
[INFO] [stderr]    Compiling curve25519-dalek-ng v4.1.1
[INFO] [stderr]    Compiling blake2 v0.9.2
[INFO] [stderr]    Compiling universal-hash v0.5.0
[INFO] [stderr]    Compiling aead v0.5.1
[INFO] [stderr]    Compiling sha2 v0.9.9
[INFO] [stderr]    Compiling sha3 v0.9.1
[INFO] [stderr]    Compiling inout v0.1.3
[INFO] [stderr]    Compiling digest v0.10.6
[INFO] [stderr]    Compiling cipher v0.4.3
[INFO] [stderr]    Compiling polyval v0.6.0
[INFO] [stderr]    Compiling aes v0.8.2
[INFO] [stderr]    Compiling ctr v0.9.2
[INFO] [stderr]    Compiling cbc v0.1.2
[INFO] [stderr]    Compiling ghash v0.5.0
[INFO] [stderr]    Compiling hmac v0.12.1
[INFO] [stderr]    Compiling signature v1.6.4
[INFO] [stderr]    Compiling sha2 v0.10.6
[INFO] [stderr]    Compiling sha3 v0.10.6
[INFO] [stderr]    Compiling blake2 v0.10.6
[INFO] [stderr]    Compiling hkdf v0.12.3
[INFO] [stderr]    Compiling elliptic-curve v0.12.3
[INFO] [stderr]    Compiling rfc6979 v0.3.1
[INFO] [stderr]    Compiling bulletproofs v4.0.0
[INFO] [stderr]    Compiling ed25519-consensus v2.0.1
[INFO] [stderr]    Compiling aes-gcm v0.10.1
[INFO] [stderr]    Compiling ecdsa v0.14.8
[INFO] [stderr]    Compiling p256 v0.11.1
[INFO] [stderr]    Compiling fastcrypto v0.1.4 (/opt/rustwide/workdir/fastcrypto)
[INFO] [stdout] warning: non-local `impl` definition, `impl` blocks should be written at the same level as their item
[INFO] [stdout]   --> fastcrypto/src/ed25519.rs:67:38
[INFO] [stdout]    |
[INFO] [stdout] 67 | #[derive(SilentDebug, SilentDisplay, Zeroize, ZeroizeOnDrop)]
[INFO] [stdout]    |                                      ^------
[INFO] [stdout]    |                                      |
[INFO] [stdout]    |                                      `Zeroize` is not local
[INFO] [stdout]    |                                      move the `impl` block outside of this constant `_DERIVE_zeroize_Zeroize_FOR_Ed25519PrivateKey`
[INFO] [stdout] 68 | pub struct Ed25519PrivateKey(pub ed25519_consensus::SigningKey);
[INFO] [stdout]    |            ----------------- `Ed25519PrivateKey` is not local
[INFO] [stdout]    |
[INFO] [stdout]    = note: the derive macro `Zeroize` defines the non-local `impl`, and may need to be changed
[INFO] [stdout]    = note: the derive macro `Zeroize` may come from an old version of the `zeroize_derive` crate, try updating your dependency with `cargo update -p zeroize_derive`
[INFO] [stdout]    = note: an `impl` is never scoped, even when it is nested inside an item, as it may impact type checking outside of that item, which can be the case if neither the trait or the self type are at the same nesting level as the `impl`
[INFO] [stdout]    = note: items in an anonymous const item (`const _: () = { ... }`) are treated as in the same scope as the anonymous const's declaration for the purpose of this lint
[INFO] [stdout]    = note: `#[warn(non_local_definitions)]` on by default
[INFO] [stdout]    = note: this warning originates in the derive macro `Zeroize` (in Nightly builds, run with -Z macro-backtrace for more info)
[INFO] [stdout] 
[INFO] [stdout] 
[INFO] [stdout] warning: non-local `impl` definition, `impl` blocks should be written at the same level as their item
[INFO] [stdout]   --> fastcrypto/src/ed25519.rs:67:47
[INFO] [stdout]    |
[INFO] [stdout] 67 | #[derive(SilentDebug, SilentDisplay, Zeroize, ZeroizeOnDrop)]
[INFO] [stdout]    |                                               ^------------
[INFO] [stdout]    |                                               |
[INFO] [stdout]    |                                               `Drop` is not local
[INFO] [stdout]    |                                               move the `impl` block outside of this constant `_DERIVE_Drop_FOR_Ed25519PrivateKey`
[INFO] [stdout] 68 | pub struct Ed25519PrivateKey(pub ed25519_consensus::SigningKey);
[INFO] [stdout]    |            ----------------- `Ed25519PrivateKey` is not local
[INFO] [stdout]    |
[INFO] [stdout]    = note: the derive macro `ZeroizeOnDrop` defines the non-local `impl`, and may need to be changed
[INFO] [stdout]    = note: the derive macro `ZeroizeOnDrop` may come from an old version of the `zeroize_derive` crate, try updating your dependency with `cargo update -p zeroize_derive`
[INFO] [stdout]    = note: an `impl` is never scoped, even when it is nested inside an item, as it may impact type checking outside of that item, which can be the case if neither the trait or the self type are at the same nesting level as the `impl`
[INFO] [stdout]    = note: items in an anonymous const item (`const _: () = { ... }`) are treated as in the same scope as the anonymous const's declaration for the purpose of this lint
[INFO] [stdout]    = note: this warning originates in the derive macro `ZeroizeOnDrop` (in Nightly builds, run with -Z macro-backtrace for more info)
[INFO] [stdout] 
[INFO] [stdout] 
[INFO] [stdout] warning: non-local `impl` definition, `impl` blocks should be written at the same level as their item
[INFO] [stdout]   --> fastcrypto/src/ed25519.rs:67:47
[INFO] [stdout]    |
[INFO] [stdout] 67 | #[derive(SilentDebug, SilentDisplay, Zeroize, ZeroizeOnDrop)]
[INFO] [stdout]    |                                               ^------------
[INFO] [stdout]    |                                               |
[INFO] [stdout]    |                                               `ZeroizeOnDrop` is not local
[INFO] [stdout]    |                                               move the `impl` block outside of this constant `_DERIVE_zeroize_ZeroizeOnDrop_FOR_Ed25519PrivateKey`
[INFO] [stdout] 68 | pub struct Ed25519PrivateKey(pub ed25519_consensus::SigningKey);
[INFO] [stdout]    |            ----------------- `Ed25519PrivateKey` is not local
[INFO] [stdout]    |
[INFO] [stdout]    = note: the derive macro `ZeroizeOnDrop` defines the non-local `impl`, and may need to be changed
[INFO] [stdout]    = note: the derive macro `ZeroizeOnDrop` may come from an old version of the `zeroize_derive` crate, try updating your dependency with `cargo update -p zeroize_derive`
[INFO] [stdout]    = note: an `impl` is never scoped, even when it is nested inside an item, as it may impact type checking outside of that item, which can be the case if neither the trait or the self type are at the same nesting level as the `impl`
[INFO] [stdout]    = note: items in an anonymous const item (`const _: () = { ... }`) are treated as in the same scope as the anonymous const's declaration for the purpose of this lint
[INFO] [stdout]    = note: this warning originates in the derive macro `ZeroizeOnDrop` (in Nightly builds, run with -Z macro-backtrace for more info)
[INFO] [stdout] 
[INFO] [stdout] 
[INFO] [stdout] warning: non-local `impl` definition, `impl` blocks should be written at the same level as their item
[INFO] [stdout]   --> fastcrypto/src/private_seed.rs:12:32
[INFO] [stdout]    |
[INFO] [stdout] 12 | #[derive(Debug, PartialEq, Eq, Zeroize, ZeroizeOnDrop)]
[INFO] [stdout]    |                                ^------
[INFO] [stdout]    |                                |
[INFO] [stdout]    |                                `Zeroize` is not local
[INFO] [stdout]    |                                move the `impl` block outside of this constant `_DERIVE_zeroize_Zeroize_FOR_PrivateSeed`
[INFO] [stdout] 13 | pub struct PrivateSeed<const RECOMMENDED_LENGTH: usize, const FIXED_LENGTH_ONLY: bool> {
[INFO] [stdout]    |            -----------       ------------------               ----------------- `FIXED_LENGTH_ONLY` is not local
[INFO] [stdout]    |            |                 |
[INFO] [stdout]    |            |                 `RECOMMENDED_LENGTH` is not local
[INFO] [stdout]    |            `PrivateSeed` is not local
[INFO] [stdout]    |
[INFO] [stdout]    = note: the derive macro `Zeroize` defines the non-local `impl`, and may need to be changed
[INFO] [stdout]    = note: the derive macro `Zeroize` may come from an old version of the `zeroize_derive` crate, try updating your dependency with `cargo update -p zeroize_derive`
[INFO] [stdout]    = note: an `impl` is never scoped, even when it is nested inside an item, as it may impact type checking outside of that item, which can be the case if neither the trait or the self type are at the same nesting level as the `impl`
[INFO] [stdout]    = note: items in an anonymous const item (`const _: () = { ... }`) are treated as in the same scope as the anonymous const's declaration for the purpose of this lint
[INFO] [stdout]    = note: this warning originates in the derive macro `Zeroize` (in Nightly builds, run with -Z macro-backtrace for more info)
[INFO] [stdout] 
[INFO] [stdout] 
[INFO] [stdout] warning: non-local `impl` definition, `impl` blocks should be written at the same level as their item
[INFO] [stdout]   --> fastcrypto/src/private_seed.rs:12:41
[INFO] [stdout]    |
[INFO] [stdout] 12 | #[derive(Debug, PartialEq, Eq, Zeroize, ZeroizeOnDrop)]
[INFO] [stdout]    |                                         ^------------
[INFO] [stdout]    |                                         |
[INFO] [stdout]    |                                         `Drop` is not local
[INFO] [stdout]    |                                         move the `impl` block outside of this constant `_DERIVE_Drop_FOR_PrivateSeed`
[INFO] [stdout] 13 | pub struct PrivateSeed<const RECOMMENDED_LENGTH: usize, const FIXED_LENGTH_ONLY: bool> {
[INFO] [stdout]    |            -----------       ------------------               ----------------- `FIXED_LENGTH_ONLY` is not local
[INFO] [stdout]    |            |                 |
[INFO] [stdout]    |            |                 `RECOMMENDED_LENGTH` is not local
[INFO] [stdout]    |            `PrivateSeed` is not local
[INFO] [stdout]    |
[INFO] [stdout]    = note: the derive macro `ZeroizeOnDrop` defines the non-local `impl`, and may need to be changed
[INFO] [stdout]    = note: the derive macro `ZeroizeOnDrop` may come from an old version of the `zeroize_derive` crate, try updating your dependency with `cargo update -p zeroize_derive`
[INFO] [stdout]    = note: an `impl` is never scoped, even when it is nested inside an item, as it may impact type checking outside of that item, which can be the case if neither the trait or the self type are at the same nesting level as the `impl`
[INFO] [stdout]    = note: items in an anonymous const item (`const _: () = { ... }`) are treated as in the same scope as the anonymous const's declaration for the purpose of this lint
[INFO] [stdout]    = note: this warning originates in the derive macro `ZeroizeOnDrop` (in Nightly builds, run with -Z macro-backtrace for more info)
[INFO] [stdout] 
[INFO] [stdout] 
[INFO] [stdout] warning: non-local `impl` definition, `impl` blocks should be written at the same level as their item
[INFO] [stdout]   --> fastcrypto/src/private_seed.rs:12:41
[INFO] [stdout]    |
[INFO] [stdout] 12 | #[derive(Debug, PartialEq, Eq, Zeroize, ZeroizeOnDrop)]
[INFO] [stdout]    |                                         ^------------
[INFO] [stdout]    |                                         |
[INFO] [stdout]    |                                         `ZeroizeOnDrop` is not local
[INFO] [stdout]    |                                         move the `impl` block outside of this constant `_DERIVE_zeroize_ZeroizeOnDrop_FOR_PrivateSeed`
[INFO] [stdout] 13 | pub struct PrivateSeed<const RECOMMENDED_LENGTH: usize, const FIXED_LENGTH_ONLY: bool> {
[INFO] [stdout]    |            -----------       ------------------               ----------------- `FIXED_LENGTH_ONLY` is not local
[INFO] [stdout]    |            |                 |
[INFO] [stdout]    |            |                 `RECOMMENDED_LENGTH` is not local
[INFO] [stdout]    |            `PrivateSeed` is not local
[INFO] [stdout]    |
[INFO] [stdout]    = note: the derive macro `ZeroizeOnDrop` defines the non-local `impl`, and may need to be changed
[INFO] [stdout]    = note: the derive macro `ZeroizeOnDrop` may come from an old version of the `zeroize_derive` crate, try updating your dependency with `cargo update -p zeroize_derive`
[INFO] [stdout]    = note: an `impl` is never scoped, even when it is nested inside an item, as it may impact type checking outside of that item, which can be the case if neither the trait or the self type are at the same nesting level as the `impl`
[INFO] [stdout]    = note: items in an anonymous const item (`const _: () = { ... }`) are treated as in the same scope as the anonymous const's declaration for the purpose of this lint
[INFO] [stdout]    = note: this warning originates in the derive macro `ZeroizeOnDrop` (in Nightly builds, run with -Z macro-backtrace for more info)
[INFO] [stdout] 
[INFO] [stdout] 
[INFO] [stderr]    Compiling fastcrypto-tbls v0.1.0 (/opt/rustwide/workdir/fastcrypto-tbls)
[INFO] [stderr]    Compiling ark-ec v0.3.0
[INFO] [stderr]    Compiling ark-relations v0.3.0
[INFO] [stderr]    Compiling ark-poly v0.3.0
[INFO] [stderr]    Compiling ark-snark v0.3.0
[INFO] [stderr]    Compiling ark-crypto-primitives v0.3.0
[INFO] [stderr]    Compiling ark-bls12-381 v0.3.0
[INFO] [stderr]    Compiling ark-groth16 v0.3.0
[INFO] [stderr]    Compiling fastcrypto-zkp v0.1.0 (/opt/rustwide/workdir/fastcrypto-zkp)
[INFO] [stderr]     Finished `dev` profile [unoptimized + debuginfo] target(s) in 55.30s
[INFO] running `Command { std: "docker" "inspect" "9332f1e59d892c17d5496eedb0451b29ad77ac0c0d7b58b37ebd2e95e282bab7", kill_on_drop: false }`
[INFO] running `Command { std: "docker" "rm" "-f" "9332f1e59d892c17d5496eedb0451b29ad77ac0c0d7b58b37ebd2e95e282bab7", kill_on_drop: false }`
[INFO] [stdout] 9332f1e59d892c17d5496eedb0451b29ad77ac0c0d7b58b37ebd2e95e282bab7
[INFO] running `Command { std: "docker" "create" "-v" "/var/lib/crater-agent-workspace/builds/worker-7-tc1/target:/opt/rustwide/target:rw,Z" "-v" "/var/lib/crater-agent-workspace/builds/worker-7-tc1/source:/opt/rustwide/workdir:ro,Z" "-v" "/var/lib/crater-agent-workspace/cargo-home:/opt/rustwide/cargo-home:ro,Z" "-v" "/var/lib/crater-agent-workspace/rustup-home:/opt/rustwide/rustup-home:ro,Z" "-e" "SOURCE_DIR=/opt/rustwide/workdir" "-e" "CARGO_TARGET_DIR=/opt/rustwide/target" "-e" "CARGO_INCREMENTAL=0" "-e" "RUST_BACKTRACE=full" "-e" "RUSTFLAGS=--cap-lints=warn" "-e" "RUSTDOCFLAGS=--cap-lints=warn" "-e" "CARGO_HOME=/opt/rustwide/cargo-home" "-e" "RUSTUP_HOME=/opt/rustwide/rustup-home" "-w" "/opt/rustwide/workdir" "-m" "1610612736" "--user" "0:0" "--network" "none" "ghcr.io/rust-lang/crates-build-env/linux@sha256:f3a9d4ad9d972b27faf3965f35b62e55ba32bbce8f20bc8fe909558a86702fde" "/opt/rustwide/cargo-home/bin/cargo" "+1.83.0" "test" "--frozen" "--no-run" "--message-format=json", kill_on_drop: false }`
[INFO] [stdout] 9e786fd6db94a498691d67f99224f2e4410d0cf9c7ffe80fca9989fc2d37b52a
[INFO] running `Command { std: "docker" "start" "-a" "9e786fd6db94a498691d67f99224f2e4410d0cf9c7ffe80fca9989fc2d37b52a", kill_on_drop: false }`
[INFO] [stderr]    Compiling num-traits v0.2.15
[INFO] [stderr]    Compiling num-integer v0.1.45
[INFO] [stderr]    Compiling num-bigint v0.4.3
[INFO] [stderr]    Compiling rayon v1.5.3
[INFO] [stderr]    Compiling darling_core v0.14.2
[INFO] [stderr]    Compiling fastcrypto-derive v0.1.2 (/opt/rustwide/workdir/fastcrypto-derive)
[INFO] [stderr]    Compiling tracing-attributes v0.1.23
[INFO] [stderr]    Compiling indexmap v1.9.1
[INFO] [stderr]    Compiling plotters-backend v0.3.4
[INFO] [stderr]    Compiling os_str_bytes v6.4.0
[INFO] [stderr]    Compiling half v1.8.2
[INFO] [stderr]    Compiling regex-syntax v0.6.28
[INFO] [stderr]    Compiling fastrand v1.8.0
[INFO] [stderr]    Compiling ciborium-io v0.2.0
[INFO] [stderr]    Compiling remove_dir_all v0.5.3
[INFO] [stderr]    Compiling wait-timeout v0.2.0
[INFO] [stderr]    Compiling same-file v1.0.6
[INFO] [stderr]    Compiling cast v0.3.0
[INFO] [stderr]    Compiling ciborium-ll v0.2.0
[INFO] [stderr]    Compiling tempfile v3.3.0
[INFO] [stderr]    Compiling bit-vec v0.6.3
[INFO] [stderr]    Compiling textwrap v0.16.0
[INFO] [stderr]    Compiling clap_lex v0.2.4
[INFO] [stderr]    Compiling quick-error v1.2.3
[INFO] [stderr]    Compiling criterion-plot v0.5.0
[INFO] [stderr]    Compiling plotters-svg v0.3.3
[INFO] [stderr]    Compiling bit-set v0.5.3
[INFO] [stderr]    Compiling ciborium v0.2.0
[INFO] [stderr]    Compiling walkdir v2.3.2
[INFO] [stderr]    Compiling rusty-fork v0.3.0
[INFO] [stderr]    Compiling tinytemplate v1.2.1
[INFO] [stderr]    Compiling clap v3.2.23
[INFO] [stderr]    Compiling rand_xorshift v0.3.0
[INFO] [stderr]    Compiling atty v0.2.14
[INFO] [stderr]    Compiling quick-error v2.0.1
[INFO] [stderr]    Compiling oorandom v11.1.3
[INFO] [stderr]    Compiling anes v0.1.6
[INFO] [stderr]    Compiling cfg-if v0.1.10
[INFO] [stderr]    Compiling radix64 v0.6.2
[INFO] [stderr]    Compiling wycheproof v0.4.0
[INFO] [stderr]    Compiling k256 v0.11.6
[INFO] [stderr]    Compiling serde-reflection v0.3.6
[INFO] [stderr]    Compiling rustc-hex v2.1.0
[INFO] [stderr]    Compiling hex-literal v0.3.4
[INFO] [stderr]    Compiling faster-hex v0.6.1
[INFO] [stderr]    Compiling base64 v0.20.0
[INFO] [stderr]    Compiling base58 v0.2.0
[INFO] [stderr]    Compiling plotters v0.3.4
[INFO] [stderr]    Compiling num-complex v0.4.2
[INFO] [stderr]    Compiling num-iter v0.1.43
[INFO] [stderr]    Compiling darling_macro v0.14.2
[INFO] [stderr]    Compiling regex v1.7.0
[INFO] [stderr]    Compiling proptest v1.0.0
[INFO] [stderr]    Compiling tracing v0.1.37
[INFO] [stderr]    Compiling num-rational v0.4.1
[INFO] [stderr]    Compiling ark-std v0.3.0
[INFO] [stderr]    Compiling ark-ff-macros v0.3.0
[INFO] [stderr]    Compiling ark-serialize v0.3.0
[INFO] [stderr]    Compiling num v0.4.0
[INFO] [stderr]    Compiling darling v0.14.2
[INFO] [stderr]    Compiling rust-base58 v0.0.4
[INFO] [stderr]    Compiling serde_with_macros v2.1.0
[INFO] [stderr]    Compiling ark-ff v0.3.0
[INFO] [stderr]    Compiling criterion v0.4.0
[INFO] [stderr]    Compiling serde_with v2.1.0
[INFO] [stderr]    Compiling fastcrypto v0.1.4 (/opt/rustwide/workdir/fastcrypto)
[INFO] [stdout] warning: non-local `impl` definition, `impl` blocks should be written at the same level as their item
[INFO] [stdout]   --> fastcrypto/src/ed25519.rs:67:38
[INFO] [stdout]    |
[INFO] [stdout] 67 | #[derive(SilentDebug, SilentDisplay, Zeroize, ZeroizeOnDrop)]
[INFO] [stdout]    |                                      ^------
[INFO] [stdout]    |                                      |
[INFO] [stdout]    |                                      `Zeroize` is not local
[INFO] [stdout]    |                                      move the `impl` block outside of this constant `_DERIVE_zeroize_Zeroize_FOR_Ed25519PrivateKey`
[INFO] [stdout] 68 | pub struct Ed25519PrivateKey(pub ed25519_consensus::SigningKey);
[INFO] [stdout]    |            ----------------- `Ed25519PrivateKey` is not local
[INFO] [stdout]    |
[INFO] [stdout]    = note: the derive macro `Zeroize` defines the non-local `impl`, and may need to be changed
[INFO] [stdout]    = note: the derive macro `Zeroize` may come from an old version of the `zeroize_derive` crate, try updating your dependency with `cargo update -p zeroize_derive`
[INFO] [stdout]    = note: an `impl` is never scoped, even when it is nested inside an item, as it may impact type checking outside of that item, which can be the case if neither the trait or the self type are at the same nesting level as the `impl`
[INFO] [stdout]    = note: items in an anonymous const item (`const _: () = { ... }`) are treated as in the same scope as the anonymous const's declaration for the purpose of this lint
[INFO] [stdout]    = note: `#[warn(non_local_definitions)]` on by default
[INFO] [stdout]    = note: this warning originates in the derive macro `Zeroize` (in Nightly builds, run with -Z macro-backtrace for more info)
[INFO] [stdout] 
[INFO] [stdout] 
[INFO] [stdout] warning: non-local `impl` definition, `impl` blocks should be written at the same level as their item
[INFO] [stdout]   --> fastcrypto/src/ed25519.rs:67:47
[INFO] [stdout]    |
[INFO] [stdout] 67 | #[derive(SilentDebug, SilentDisplay, Zeroize, ZeroizeOnDrop)]
[INFO] [stdout]    |                                               ^------------
[INFO] [stdout]    |                                               |
[INFO] [stdout]    |                                               `Drop` is not local
[INFO] [stdout]    |                                               move the `impl` block outside of this constant `_DERIVE_Drop_FOR_Ed25519PrivateKey`
[INFO] [stdout] 68 | pub struct Ed25519PrivateKey(pub ed25519_consensus::SigningKey);
[INFO] [stdout]    |            ----------------- `Ed25519PrivateKey` is not local
[INFO] [stdout]    |
[INFO] [stdout]    = note: the derive macro `ZeroizeOnDrop` defines the non-local `impl`, and may need to be changed
[INFO] [stdout]    = note: the derive macro `ZeroizeOnDrop` may come from an old version of the `zeroize_derive` crate, try updating your dependency with `cargo update -p zeroize_derive`
[INFO] [stdout]    = note: an `impl` is never scoped, even when it is nested inside an item, as it may impact type checking outside of that item, which can be the case if neither the trait or the self type are at the same nesting level as the `impl`
[INFO] [stdout]    = note: items in an anonymous const item (`const _: () = { ... }`) are treated as in the same scope as the anonymous const's declaration for the purpose of this lint
[INFO] [stdout]    = note: this warning originates in the derive macro `ZeroizeOnDrop` (in Nightly builds, run with -Z macro-backtrace for more info)
[INFO] [stdout] 
[INFO] [stdout] 
[INFO] [stdout] warning: non-local `impl` definition, `impl` blocks should be written at the same level as their item
[INFO] [stdout]   --> fastcrypto/src/ed25519.rs:67:47
[INFO] [stdout]    |
[INFO] [stdout] 67 | #[derive(SilentDebug, SilentDisplay, Zeroize, ZeroizeOnDrop)]
[INFO] [stdout]    |                                               ^------------
[INFO] [stdout]    |                                               |
[INFO] [stdout]    |                                               `ZeroizeOnDrop` is not local
[INFO] [stdout]    |                                               move the `impl` block outside of this constant `_DERIVE_zeroize_ZeroizeOnDrop_FOR_Ed25519PrivateKey`
[INFO] [stdout] 68 | pub struct Ed25519PrivateKey(pub ed25519_consensus::SigningKey);
[INFO] [stdout]    |            ----------------- `Ed25519PrivateKey` is not local
[INFO] [stdout]    |
[INFO] [stdout]    = note: the derive macro `ZeroizeOnDrop` defines the non-local `impl`, and may need to be changed
[INFO] [stdout]    = note: the derive macro `ZeroizeOnDrop` may come from an old version of the `zeroize_derive` crate, try updating your dependency with `cargo update -p zeroize_derive`
[INFO] [stdout]    = note: an `impl` is never scoped, even when it is nested inside an item, as it may impact type checking outside of that item, which can be the case if neither the trait or the self type are at the same nesting level as the `impl`
[INFO] [stdout]    = note: items in an anonymous const item (`const _: () = { ... }`) are treated as in the same scope as the anonymous const's declaration for the purpose of this lint
[INFO] [stdout]    = note: this warning originates in the derive macro `ZeroizeOnDrop` (in Nightly builds, run with -Z macro-backtrace for more info)
[INFO] [stdout] 
[INFO] [stdout] 
[INFO] [stdout] warning: non-local `impl` definition, `impl` blocks should be written at the same level as their item
[INFO] [stdout]   --> fastcrypto/src/private_seed.rs:12:32
[INFO] [stdout]    |
[INFO] [stdout] 12 | #[derive(Debug, PartialEq, Eq, Zeroize, ZeroizeOnDrop)]
[INFO] [stdout]    |                                ^------
[INFO] [stdout]    |                                |
[INFO] [stdout]    |                                `Zeroize` is not local
[INFO] [stdout]    |                                move the `impl` block outside of this constant `_DERIVE_zeroize_Zeroize_FOR_PrivateSeed`
[INFO] [stdout] 13 | pub struct PrivateSeed<const RECOMMENDED_LENGTH: usize, const FIXED_LENGTH_ONLY: bool> {
[INFO] [stdout]    |            -----------       ------------------               ----------------- `FIXED_LENGTH_ONLY` is not local
[INFO] [stdout]    |            |                 |
[INFO] [stdout]    |            |                 `RECOMMENDED_LENGTH` is not local
[INFO] [stdout]    |            `PrivateSeed` is not local
[INFO] [stdout]    |
[INFO] [stdout]    = note: the derive macro `Zeroize` defines the non-local `impl`, and may need to be changed
[INFO] [stdout]    = note: the derive macro `Zeroize` may come from an old version of the `zeroize_derive` crate, try updating your dependency with `cargo update -p zeroize_derive`
[INFO] [stdout]    = note: an `impl` is never scoped, even when it is nested inside an item, as it may impact type checking outside of that item, which can be the case if neither the trait or the self type are at the same nesting level as the `impl`
[INFO] [stdout]    = note: items in an anonymous const item (`const _: () = { ... }`) are treated as in the same scope as the anonymous const's declaration for the purpose of this lint
[INFO] [stdout]    = note: this warning originates in the derive macro `Zeroize` (in Nightly builds, run with -Z macro-backtrace for more info)
[INFO] [stdout] 
[INFO] [stdout] 
[INFO] [stdout] warning: non-local `impl` definition, `impl` blocks should be written at the same level as their item
[INFO] [stdout]   --> fastcrypto/src/private_seed.rs:12:41
[INFO] [stdout]    |
[INFO] [stdout] 12 | #[derive(Debug, PartialEq, Eq, Zeroize, ZeroizeOnDrop)]
[INFO] [stdout]    |                                         ^------------
[INFO] [stdout]    |                                         |
[INFO] [stdout]    |                                         `Drop` is not local
[INFO] [stdout]    |                                         move the `impl` block outside of this constant `_DERIVE_Drop_FOR_PrivateSeed`
[INFO] [stdout] 13 | pub struct PrivateSeed<const RECOMMENDED_LENGTH: usize, const FIXED_LENGTH_ONLY: bool> {
[INFO] [stdout]    |            -----------       ------------------               ----------------- `FIXED_LENGTH_ONLY` is not local
[INFO] [stdout]    |            |                 |
[INFO] [stdout]    |            |                 `RECOMMENDED_LENGTH` is not local
[INFO] [stdout]    |            `PrivateSeed` is not local
[INFO] [stdout]    |
[INFO] [stdout]    = note: the derive macro `ZeroizeOnDrop` defines the non-local `impl`, and may need to be changed
[INFO] [stdout]    = note: the derive macro `ZeroizeOnDrop` may come from an old version of the `zeroize_derive` crate, try updating your dependency with `cargo update -p zeroize_derive`
[INFO] [stdout]    = note: an `impl` is never scoped, even when it is nested inside an item, as it may impact type checking outside of that item, which can be the case if neither the trait or the self type are at the same nesting level as the `impl`
[INFO] [stdout]    = note: items in an anonymous const item (`const _: () = { ... }`) are treated as in the same scope as the anonymous const's declaration for the purpose of this lint
[INFO] [stdout]    = note: this warning originates in the derive macro `ZeroizeOnDrop` (in Nightly builds, run with -Z macro-backtrace for more info)
[INFO] [stdout] 
[INFO] [stdout] 
[INFO] [stdout] warning: non-local `impl` definition, `impl` blocks should be written at the same level as their item
[INFO] [stdout]   --> fastcrypto/src/private_seed.rs:12:41
[INFO] [stdout]    |
[INFO] [stdout] 12 | #[derive(Debug, PartialEq, Eq, Zeroize, ZeroizeOnDrop)]
[INFO] [stdout]    |                                         ^------------
[INFO] [stdout]    |                                         |
[INFO] [stdout]    |                                         `ZeroizeOnDrop` is not local
[INFO] [stdout]    |                                         move the `impl` block outside of this constant `_DERIVE_zeroize_ZeroizeOnDrop_FOR_PrivateSeed`
[INFO] [stdout] 13 | pub struct PrivateSeed<const RECOMMENDED_LENGTH: usize, const FIXED_LENGTH_ONLY: bool> {
[INFO] [stdout]    |            -----------       ------------------               ----------------- `FIXED_LENGTH_ONLY` is not local
[INFO] [stdout]    |            |                 |
[INFO] [stdout]    |            |                 `RECOMMENDED_LENGTH` is not local
[INFO] [stdout]    |            `PrivateSeed` is not local
[INFO] [stdout]    |
[INFO] [stdout]    = note: the derive macro `ZeroizeOnDrop` defines the non-local `impl`, and may need to be changed
[INFO] [stdout]    = note: the derive macro `ZeroizeOnDrop` may come from an old version of the `zeroize_derive` crate, try updating your dependency with `cargo update -p zeroize_derive`
[INFO] [stdout]    = note: an `impl` is never scoped, even when it is nested inside an item, as it may impact type checking outside of that item, which can be the case if neither the trait or the self type are at the same nesting level as the `impl`
[INFO] [stdout]    = note: items in an anonymous const item (`const _: () = { ... }`) are treated as in the same scope as the anonymous const's declaration for the purpose of this lint
[INFO] [stdout]    = note: this warning originates in the derive macro `ZeroizeOnDrop` (in Nightly builds, run with -Z macro-backtrace for more info)
[INFO] [stdout] 
[INFO] [stdout] 
[INFO] [stderr]    Compiling fastcrypto-tbls v0.1.0 (/opt/rustwide/workdir/fastcrypto-tbls)
[INFO] [stdout] warning: non-local `impl` definition, `impl` blocks should be written at the same level as their item
[INFO] [stdout]   --> fastcrypto/src/ed25519.rs:67:38
[INFO] [stdout]    |
[INFO] [stdout] 67 | #[derive(SilentDebug, SilentDisplay, Zeroize, ZeroizeOnDrop)]
[INFO] [stdout]    |                                      ^------
[INFO] [stdout]    |                                      |
[INFO] [stdout]    |                                      `Zeroize` is not local
[INFO] [stdout]    |                                      move the `impl` block outside of this constant `_DERIVE_zeroize_Zeroize_FOR_Ed25519PrivateKey`
[INFO] [stdout] 68 | pub struct Ed25519PrivateKey(pub ed25519_consensus::SigningKey);
[INFO] [stdout]    |            ----------------- `Ed25519PrivateKey` is not local
[INFO] [stdout]    |
[INFO] [stdout]    = note: the derive macro `Zeroize` defines the non-local `impl`, and may need to be changed
[INFO] [stdout]    = note: the derive macro `Zeroize` may come from an old version of the `zeroize_derive` crate, try updating your dependency with `cargo update -p zeroize_derive`
[INFO] [stdout]    = note: an `impl` is never scoped, even when it is nested inside an item, as it may impact type checking outside of that item, which can be the case if neither the trait or the self type are at the same nesting level as the `impl`
[INFO] [stdout]    = note: items in an anonymous const item (`const _: () = { ... }`) are treated as in the same scope as the anonymous const's declaration for the purpose of this lint
[INFO] [stdout]    = note: `#[warn(non_local_definitions)]` on by default
[INFO] [stdout]    = note: this warning originates in the derive macro `Zeroize` (in Nightly builds, run with -Z macro-backtrace for more info)
[INFO] [stdout] 
[INFO] [stdout] 
[INFO] [stdout] warning: non-local `impl` definition, `impl` blocks should be written at the same level as their item
[INFO] [stdout]   --> fastcrypto/src/ed25519.rs:67:47
[INFO] [stdout]    |
[INFO] [stdout] 67 | #[derive(SilentDebug, SilentDisplay, Zeroize, ZeroizeOnDrop)]
[INFO] [stdout]    |                                               ^------------
[INFO] [stdout]    |                                               |
[INFO] [stdout]    |                                               `Drop` is not local
[INFO] [stdout]    |                                               move the `impl` block outside of this constant `_DERIVE_Drop_FOR_Ed25519PrivateKey`
[INFO] [stdout] 68 | pub struct Ed25519PrivateKey(pub ed25519_consensus::SigningKey);
[INFO] [stdout]    |            ----------------- `Ed25519PrivateKey` is not local
[INFO] [stdout]    |
[INFO] [stdout]    = note: the derive macro `ZeroizeOnDrop` defines the non-local `impl`, and may need to be changed
[INFO] [stdout]    = note: the derive macro `ZeroizeOnDrop` may come from an old version of the `zeroize_derive` crate, try updating your dependency with `cargo update -p zeroize_derive`
[INFO] [stdout]    = note: an `impl` is never scoped, even when it is nested inside an item, as it may impact type checking outside of that item, which can be the case if neither the trait or the self type are at the same nesting level as the `impl`
[INFO] [stdout]    = note: items in an anonymous const item (`const _: () = { ... }`) are treated as in the same scope as the anonymous const's declaration for the purpose of this lint
[INFO] [stdout]    = note: this warning originates in the derive macro `ZeroizeOnDrop` (in Nightly builds, run with -Z macro-backtrace for more info)
[INFO] [stdout] 
[INFO] [stdout] 
[INFO] [stdout] warning: non-local `impl` definition, `impl` blocks should be written at the same level as their item
[INFO] [stdout]   --> fastcrypto/src/ed25519.rs:67:47
[INFO] [stdout]    |
[INFO] [stdout] 67 | #[derive(SilentDebug, SilentDisplay, Zeroize, ZeroizeOnDrop)]
[INFO] [stdout]    |                                               ^------------
[INFO] [stdout]    |                                               |
[INFO] [stdout]    |                                               `ZeroizeOnDrop` is not local
[INFO] [stdout]    |                                               move the `impl` block outside of this constant `_DERIVE_zeroize_ZeroizeOnDrop_FOR_Ed25519PrivateKey`
[INFO] [stdout] 68 | pub struct Ed25519PrivateKey(pub ed25519_consensus::SigningKey);
[INFO] [stdout]    |            ----------------- `Ed25519PrivateKey` is not local
[INFO] [stdout]    |
[INFO] [stdout]    = note: the derive macro `ZeroizeOnDrop` defines the non-local `impl`, and may need to be changed
[INFO] [stdout]    = note: the derive macro `ZeroizeOnDrop` may come from an old version of the `zeroize_derive` crate, try updating your dependency with `cargo update -p zeroize_derive`
[INFO] [stdout]    = note: an `impl` is never scoped, even when it is nested inside an item, as it may impact type checking outside of that item, which can be the case if neither the trait or the self type are at the same nesting level as the `impl`
[INFO] [stdout]    = note: items in an anonymous const item (`const _: () = { ... }`) are treated as in the same scope as the anonymous const's declaration for the purpose of this lint
[INFO] [stdout]    = note: this warning originates in the derive macro `ZeroizeOnDrop` (in Nightly builds, run with -Z macro-backtrace for more info)
[INFO] [stdout] 
[INFO] [stdout] 
[INFO] [stdout] warning: non-local `impl` definition, `impl` blocks should be written at the same level as their item
[INFO] [stdout]   --> fastcrypto/src/private_seed.rs:12:32
[INFO] [stdout]    |
[INFO] [stdout] 12 | #[derive(Debug, PartialEq, Eq, Zeroize, ZeroizeOnDrop)]
[INFO] [stdout]    |                                ^------
[INFO] [stdout]    |                                |
[INFO] [stdout]    |                                `Zeroize` is not local
[INFO] [stdout]    |                                move the `impl` block outside of this constant `_DERIVE_zeroize_Zeroize_FOR_PrivateSeed`
[INFO] [stdout] 13 | pub struct PrivateSeed<const RECOMMENDED_LENGTH: usize, const FIXED_LENGTH_ONLY: bool> {
[INFO] [stdout]    |            -----------       ------------------               ----------------- `FIXED_LENGTH_ONLY` is not local
[INFO] [stdout]    |            |                 |
[INFO] [stdout]    |            |                 `RECOMMENDED_LENGTH` is not local
[INFO] [stdout]    |            `PrivateSeed` is not local
[INFO] [stdout]    |
[INFO] [stdout]    = note: the derive macro `Zeroize` defines the non-local `impl`, and may need to be changed
[INFO] [stdout]    = note: the derive macro `Zeroize` may come from an old version of the `zeroize_derive` crate, try updating your dependency with `cargo update -p zeroize_derive`
[INFO] [stdout]    = note: an `impl` is never scoped, even when it is nested inside an item, as it may impact type checking outside of that item, which can be the case if neither the trait or the self type are at the same nesting level as the `impl`
[INFO] [stdout]    = note: items in an anonymous const item (`const _: () = { ... }`) are treated as in the same scope as the anonymous const's declaration for the purpose of this lint
[INFO] [stdout]    = note: this warning originates in the derive macro `Zeroize` (in Nightly builds, run with -Z macro-backtrace for more info)
[INFO] [stdout] 
[INFO] [stdout] 
[INFO] [stdout] warning: non-local `impl` definition, `impl` blocks should be written at the same level as their item
[INFO] [stdout]   --> fastcrypto/src/private_seed.rs:12:41
[INFO] [stdout]    |
[INFO] [stdout] 12 | #[derive(Debug, PartialEq, Eq, Zeroize, ZeroizeOnDrop)]
[INFO] [stdout]    |                                         ^------------
[INFO] [stdout]    |                                         |
[INFO] [stdout]    |                                         `Drop` is not local
[INFO] [stdout]    |                                         move the `impl` block outside of this constant `_DERIVE_Drop_FOR_PrivateSeed`
[INFO] [stdout] 13 | pub struct PrivateSeed<const RECOMMENDED_LENGTH: usize, const FIXED_LENGTH_ONLY: bool> {
[INFO] [stdout]    |            -----------       ------------------               ----------------- `FIXED_LENGTH_ONLY` is not local
[INFO] [stdout]    |            |                 |
[INFO] [stdout]    |            |                 `RECOMMENDED_LENGTH` is not local
[INFO] [stdout]    |            `PrivateSeed` is not local
[INFO] [stdout]    |
[INFO] [stdout]    = note: the derive macro `ZeroizeOnDrop` defines the non-local `impl`, and may need to be changed
[INFO] [stdout]    = note: the derive macro `ZeroizeOnDrop` may come from an old version of the `zeroize_derive` crate, try updating your dependency with `cargo update -p zeroize_derive`
[INFO] [stdout]    = note: an `impl` is never scoped, even when it is nested inside an item, as it may impact type checking outside of that item, which can be the case if neither the trait or the self type are at the same nesting level as the `impl`
[INFO] [stdout]    = note: items in an anonymous const item (`const _: () = { ... }`) are treated as in the same scope as the anonymous const's declaration for the purpose of this lint
[INFO] [stdout]    = note: this warning originates in the derive macro `ZeroizeOnDrop` (in Nightly builds, run with -Z macro-backtrace for more info)
[INFO] [stdout] 
[INFO] [stdout] 
[INFO] [stdout] warning: non-local `impl` definition, `impl` blocks should be written at the same level as their item
[INFO] [stdout]   --> fastcrypto/src/private_seed.rs:12:41
[INFO] [stdout]    |
[INFO] [stdout] 12 | #[derive(Debug, PartialEq, Eq, Zeroize, ZeroizeOnDrop)]
[INFO] [stdout]    |                                         ^------------
[INFO] [stdout]    |                                         |
[INFO] [stdout]    |                                         `ZeroizeOnDrop` is not local
[INFO] [stdout]    |                                         move the `impl` block outside of this constant `_DERIVE_zeroize_ZeroizeOnDrop_FOR_PrivateSeed`
[INFO] [stdout] 13 | pub struct PrivateSeed<const RECOMMENDED_LENGTH: usize, const FIXED_LENGTH_ONLY: bool> {
[INFO] [stdout]    |            -----------       ------------------               ----------------- `FIXED_LENGTH_ONLY` is not local
[INFO] [stdout]    |            |                 |
[INFO] [stdout]    |            |                 `RECOMMENDED_LENGTH` is not local
[INFO] [stdout]    |            `PrivateSeed` is not local
[INFO] [stdout]    |
[INFO] [stdout]    = note: the derive macro `ZeroizeOnDrop` defines the non-local `impl`, and may need to be changed
[INFO] [stdout]    = note: the derive macro `ZeroizeOnDrop` may come from an old version of the `zeroize_derive` crate, try updating your dependency with `cargo update -p zeroize_derive`
[INFO] [stdout]    = note: an `impl` is never scoped, even when it is nested inside an item, as it may impact type checking outside of that item, which can be the case if neither the trait or the self type are at the same nesting level as the `impl`
[INFO] [stdout]    = note: items in an anonymous const item (`const _: () = { ... }`) are treated as in the same scope as the anonymous const's declaration for the purpose of this lint
[INFO] [stdout]    = note: this warning originates in the derive macro `ZeroizeOnDrop` (in Nightly builds, run with -Z macro-backtrace for more info)
[INFO] [stdout] 
[INFO] [stdout] 
[INFO] [stderr]    Compiling ark-ec v0.3.0
[INFO] [stderr]    Compiling ark-relations v0.3.0
[INFO] [stderr]    Compiling ark-poly v0.3.0
[INFO] [stderr]    Compiling ark-snark v0.3.0
[INFO] [stderr]    Compiling ark-r1cs-std v0.3.1
[INFO] [stderr]    Compiling ark-bls12-381 v0.3.0
[INFO] [stderr]    Compiling ark-bn254 v0.3.0
[INFO] [stderr]    Compiling ark-bls12-377 v0.3.0
[INFO] [stderr]    Compiling ark-nonnative-field v0.3.0
[INFO] [stderr]    Compiling ark-crypto-primitives v0.3.0
[INFO] [stderr]    Compiling ark-groth16 v0.3.0
[INFO] [stderr]    Compiling fastcrypto-zkp v0.1.0 (/opt/rustwide/workdir/fastcrypto-zkp)
[INFO] [stderr]     Finished `test` profile [unoptimized + debuginfo] target(s) in 1m 13s
[INFO] running `Command { std: "docker" "inspect" "9e786fd6db94a498691d67f99224f2e4410d0cf9c7ffe80fca9989fc2d37b52a", kill_on_drop: false }`
[INFO] running `Command { std: "docker" "rm" "-f" "9e786fd6db94a498691d67f99224f2e4410d0cf9c7ffe80fca9989fc2d37b52a", kill_on_drop: false }`
[INFO] [stdout] 9e786fd6db94a498691d67f99224f2e4410d0cf9c7ffe80fca9989fc2d37b52a
[INFO] running `Command { std: "docker" "create" "-v" "/var/lib/crater-agent-workspace/builds/worker-7-tc1/target:/opt/rustwide/target:rw,Z" "-v" "/var/lib/crater-agent-workspace/builds/worker-7-tc1/source:/opt/rustwide/workdir:ro,Z" "-v" "/var/lib/crater-agent-workspace/cargo-home:/opt/rustwide/cargo-home:ro,Z" "-v" "/var/lib/crater-agent-workspace/rustup-home:/opt/rustwide/rustup-home:ro,Z" "-e" "SOURCE_DIR=/opt/rustwide/workdir" "-e" "CARGO_TARGET_DIR=/opt/rustwide/target" "-e" "CARGO_INCREMENTAL=0" "-e" "RUST_BACKTRACE=full" "-e" "RUSTFLAGS=--cap-lints=warn" "-e" "RUSTDOCFLAGS=--cap-lints=warn" "-e" "CARGO_HOME=/opt/rustwide/cargo-home" "-e" "RUSTUP_HOME=/opt/rustwide/rustup-home" "-w" "/opt/rustwide/workdir" "-m" "1610612736" "--user" "0:0" "--network" "none" "ghcr.io/rust-lang/crates-build-env/linux@sha256:f3a9d4ad9d972b27faf3965f35b62e55ba32bbce8f20bc8fe909558a86702fde" "/opt/rustwide/cargo-home/bin/cargo" "+1.83.0" "test" "--frozen", kill_on_drop: false }`
[INFO] [stdout] 785ee36976690118cd32a8bf5f314064f709354ee5cc43d56f191b3b199adf0a
[INFO] running `Command { std: "docker" "start" "-a" "785ee36976690118cd32a8bf5f314064f709354ee5cc43d56f191b3b199adf0a", kill_on_drop: false }`
[INFO] [stderr] warning: non-local `impl` definition, `impl` blocks should be written at the same level as their item
[INFO] [stderr]   --> fastcrypto/src/ed25519.rs:67:38
[INFO] [stderr]    |
[INFO] [stderr] 67 | #[derive(SilentDebug, SilentDisplay, Zeroize, ZeroizeOnDrop)]
[INFO] [stderr]    |                                      ^------
[INFO] [stderr]    |                                      |
[INFO] [stderr]    |                                      `Zeroize` is not local
[INFO] [stderr]    |                                      move the `impl` block outside of this constant `_DERIVE_zeroize_Zeroize_FOR_Ed25519PrivateKey`
[INFO] [stderr] 68 | pub struct Ed25519PrivateKey(pub ed25519_consensus::SigningKey);
[INFO] [stderr]    |            ----------------- `Ed25519PrivateKey` is not local
[INFO] [stderr]    |
[INFO] [stderr]    = note: the derive macro `Zeroize` defines the non-local `impl`, and may need to be changed
[INFO] [stderr]    = note: the derive macro `Zeroize` may come from an old version of the `zeroize_derive` crate, try updating your dependency with `cargo update -p zeroize_derive`
[INFO] [stderr]    = note: an `impl` is never scoped, even when it is nested inside an item, as it may impact type checking outside of that item, which can be the case if neither the trait or the self type are at the same nesting level as the `impl`
[INFO] [stderr]    = note: items in an anonymous const item (`const _: () = { ... }`) are treated as in the same scope as the anonymous const's declaration for the purpose of this lint
[INFO] [stderr]    = note: `#[warn(non_local_definitions)]` on by default
[INFO] [stderr]    = note: this warning originates in the derive macro `Zeroize` (in Nightly builds, run with -Z macro-backtrace for more info)
[INFO] [stderr] 
[INFO] [stderr] warning: non-local `impl` definition, `impl` blocks should be written at the same level as their item
[INFO] [stderr]   --> fastcrypto/src/ed25519.rs:67:47
[INFO] [stderr]    |
[INFO] [stderr] 67 | #[derive(SilentDebug, SilentDisplay, Zeroize, ZeroizeOnDrop)]
[INFO] [stderr]    |                                               ^------------
[INFO] [stderr]    |                                               |
[INFO] [stderr]    |                                               `Drop` is not local
[INFO] [stderr]    |                                               move the `impl` block outside of this constant `_DERIVE_Drop_FOR_Ed25519PrivateKey`
[INFO] [stderr] 68 | pub struct Ed25519PrivateKey(pub ed25519_consensus::SigningKey);
[INFO] [stderr]    |            ----------------- `Ed25519PrivateKey` is not local
[INFO] [stderr]    |
[INFO] [stderr]    = note: the derive macro `ZeroizeOnDrop` defines the non-local `impl`, and may need to be changed
[INFO] [stderr]    = note: the derive macro `ZeroizeOnDrop` may come from an old version of the `zeroize_derive` crate, try updating your dependency with `cargo update -p zeroize_derive`
[INFO] [stderr]    = note: an `impl` is never scoped, even when it is nested inside an item, as it may impact type checking outside of that item, which can be the case if neither the trait or the self type are at the same nesting level as the `impl`
[INFO] [stderr]    = note: items in an anonymous const item (`const _: () = { ... }`) are treated as in the same scope as the anonymous const's declaration for the purpose of this lint
[INFO] [stderr]    = note: this warning originates in the derive macro `ZeroizeOnDrop` (in Nightly builds, run with -Z macro-backtrace for more info)
[INFO] [stderr] 
[INFO] [stderr] warning: non-local `impl` definition, `impl` blocks should be written at the same level as their item
[INFO] [stderr]   --> fastcrypto/src/ed25519.rs:67:47
[INFO] [stderr]    |
[INFO] [stderr] 67 | #[derive(SilentDebug, SilentDisplay, Zeroize, ZeroizeOnDrop)]
[INFO] [stderr]    |                                               ^------------
[INFO] [stderr]    |                                               |
[INFO] [stderr]    |                                               `ZeroizeOnDrop` is not local
[INFO] [stderr]    |                                               move the `impl` block outside of this constant `_DERIVE_zeroize_ZeroizeOnDrop_FOR_Ed25519PrivateKey`
[INFO] [stderr] 68 | pub struct Ed25519PrivateKey(pub ed25519_consensus::SigningKey);
[INFO] [stderr]    |            ----------------- `Ed25519PrivateKey` is not local
[INFO] [stderr]    |
[INFO] [stderr]    = note: the derive macro `ZeroizeOnDrop` defines the non-local `impl`, and may need to be changed
[INFO] [stderr]    = note: the derive macro `ZeroizeOnDrop` may come from an old version of the `zeroize_derive` crate, try updating your dependency with `cargo update -p zeroize_derive`
[INFO] [stderr]    = note: an `impl` is never scoped, even when it is nested inside an item, as it may impact type checking outside of that item, which can be the case if neither the trait or the self type are at the same nesting level as the `impl`
[INFO] [stderr]    = note: items in an anonymous const item (`const _: () = { ... }`) are treated as in the same scope as the anonymous const's declaration for the purpose of this lint
[INFO] [stderr]    = note: this warning originates in the derive macro `ZeroizeOnDrop` (in Nightly builds, run with -Z macro-backtrace for more info)
[INFO] [stderr] 
[INFO] [stderr] warning: non-local `impl` definition, `impl` blocks should be written at the same level as their item
[INFO] [stderr]   --> fastcrypto/src/private_seed.rs:12:32
[INFO] [stderr]    |
[INFO] [stderr] 12 | #[derive(Debug, PartialEq, Eq, Zeroize, ZeroizeOnDrop)]
[INFO] [stderr]    |                                ^------
[INFO] [stderr]    |                                |
[INFO] [stderr]    |                                `Zeroize` is not local
[INFO] [stderr]    |                                move the `impl` block outside of this constant `_DERIVE_zeroize_Zeroize_FOR_PrivateSeed`
[INFO] [stderr] 13 | pub struct PrivateSeed<const RECOMMENDED_LENGTH: usize, const FIXED_LENGTH_ONLY: bool> {
[INFO] [stderr]    |            -----------       ------------------               ----------------- `FIXED_LENGTH_ONLY` is not local
[INFO] [stderr]    |            |                 |
[INFO] [stderr]    |            |                 `RECOMMENDED_LENGTH` is not local
[INFO] [stderr]    |            `PrivateSeed` is not local
[INFO] [stderr]    |
[INFO] [stderr]    = note: the derive macro `Zeroize` defines the non-local `impl`, and may need to be changed
[INFO] [stderr]    = note: the derive macro `Zeroize` may come from an old version of the `zeroize_derive` crate, try updating your dependency with `cargo update -p zeroize_derive`
[INFO] [stderr]    = note: an `impl` is never scoped, even when it is nested inside an item, as it may impact type checking outside of that item, which can be the case if neither the trait or the self type are at the same nesting level as the `impl`
[INFO] [stderr]    = note: items in an anonymous const item (`const _: () = { ... }`) are treated as in the same scope as the anonymous const's declaration for the purpose of this lint
[INFO] [stderr]    = note: this warning originates in the derive macro `Zeroize` (in Nightly builds, run with -Z macro-backtrace for more info)
[INFO] [stderr] 
[INFO] [stderr] warning: non-local `impl` definition, `impl` blocks should be written at the same level as their item
[INFO] [stderr]   --> fastcrypto/src/private_seed.rs:12:41
[INFO] [stderr]    |
[INFO] [stderr] 12 | #[derive(Debug, PartialEq, Eq, Zeroize, ZeroizeOnDrop)]
[INFO] [stderr]    |                                         ^------------
[INFO] [stderr]    |                                         |
[INFO] [stderr]    |                                         `Drop` is not local
[INFO] [stderr]    |                                         move the `impl` block outside of this constant `_DERIVE_Drop_FOR_PrivateSeed`
[INFO] [stderr] 13 | pub struct PrivateSeed<const RECOMMENDED_LENGTH: usize, const FIXED_LENGTH_ONLY: bool> {
[INFO] [stderr]    |            -----------       ------------------               ----------------- `FIXED_LENGTH_ONLY` is not local
[INFO] [stderr]    |            |                 |
[INFO] [stderr]    |            |                 `RECOMMENDED_LENGTH` is not local
[INFO] [stderr]    |            `PrivateSeed` is not local
[INFO] [stderr]    |
[INFO] [stderr]    = note: the derive macro `ZeroizeOnDrop` defines the non-local `impl`, and may need to be changed
[INFO] [stderr]    = note: the derive macro `ZeroizeOnDrop` may come from an old version of the `zeroize_derive` crate, try updating your dependency with `cargo update -p zeroize_derive`
[INFO] [stderr]    = note: an `impl` is never scoped, even when it is nested inside an item, as it may impact type checking outside of that item, which can be the case if neither the trait or the self type are at the same nesting level as the `impl`
[INFO] [stderr]    = note: items in an anonymous const item (`const _: () = { ... }`) are treated as in the same scope as the anonymous const's declaration for the purpose of this lint
[INFO] [stderr]    = note: this warning originates in the derive macro `ZeroizeOnDrop` (in Nightly builds, run with -Z macro-backtrace for more info)
[INFO] [stderr] 
[INFO] [stderr] warning: non-local `impl` definition, `impl` blocks should be written at the same level as their item
[INFO] [stderr]   --> fastcrypto/src/private_seed.rs:12:41
[INFO] [stderr]    |
[INFO] [stderr] 12 | #[derive(Debug, PartialEq, Eq, Zeroize, ZeroizeOnDrop)]
[INFO] [stderr]    |                                         ^------------
[INFO] [stderr]    |                                         |
[INFO] [stderr]    |                                         `ZeroizeOnDrop` is not local
[INFO] [stderr]    |                                         move the `impl` block outside of this constant `_DERIVE_zeroize_ZeroizeOnDrop_FOR_PrivateSeed`
[INFO] [stderr] 13 | pub struct PrivateSeed<const RECOMMENDED_LENGTH: usize, const FIXED_LENGTH_ONLY: bool> {
[INFO] [stderr]    |            -----------       ------------------               ----------------- `FIXED_LENGTH_ONLY` is not local
[INFO] [stderr]    |            |                 |
[INFO] [stderr]    |            |                 `RECOMMENDED_LENGTH` is not local
[INFO] [stderr]    |            `PrivateSeed` is not local
[INFO] [stderr]    |
[INFO] [stderr]    = note: the derive macro `ZeroizeOnDrop` defines the non-local `impl`, and may need to be changed
[INFO] [stderr]    = note: the derive macro `ZeroizeOnDrop` may come from an old version of the `zeroize_derive` crate, try updating your dependency with `cargo update -p zeroize_derive`
[INFO] [stderr]    = note: an `impl` is never scoped, even when it is nested inside an item, as it may impact type checking outside of that item, which can be the case if neither the trait or the self type are at the same nesting level as the `impl`
[INFO] [stderr]    = note: items in an anonymous const item (`const _: () = { ... }`) are treated as in the same scope as the anonymous const's declaration for the purpose of this lint
[INFO] [stderr]    = note: this warning originates in the derive macro `ZeroizeOnDrop` (in Nightly builds, run with -Z macro-backtrace for more info)
[INFO] [stderr] 
[INFO] [stderr] warning: `fastcrypto` (lib) generated 6 warnings
[INFO] [stderr] warning: `fastcrypto` (lib test) generated 6 warnings (6 duplicates)
[INFO] [stderr]     Finished `test` profile [unoptimized + debuginfo] target(s) in 0.49s
[INFO] [stderr]      Running unittests src/lib.rs (/opt/rustwide/target/debug/deps/fastcrypto-534b11f19605c996)
[INFO] [stdout] 
[INFO] [stdout] running 199 tests
[INFO] [stdout] test aes_tests::serialize_deserialize_iv ... ok
[INFO] [stdout] test aes_tests::test_aes128ctr_encrypt_and_decrypt ... ok
[INFO] [stdout] test aes_tests::serialize_deserialize_key ... ok
[INFO] [stdout] test aes_tests::test_aes192ctr_encrypt_and_decrypt ... ok
[INFO] [stdout] test aes_tests::test_aes128gcm_encrypt_and_decrypt ... ok
[INFO] [stdout] test aes_tests::test_aes256ctr_encrypt_and_decrypt ... ok
[INFO] [stdout] test aes_tests::test_aes128cbc_encrypt_and_decrypt ... ok
[INFO] [stdout] test aes_tests::test_sk_zeroization_on_drop ... ok
[INFO] [stdout] test aes_tests::test_aes256cbc_encrypt_and_decrypt ... ok
[INFO] [stdout] test aes_tests::test_aes256gcm_encrypt_and_decrypt ... ok
[INFO] [stdout] test bls12381_group_tests::test_g1_serialize_deserialize ... ok
[INFO] [stdout] test bls12381_group_tests::test_g2_serialize_deserialize ... ok
[INFO] [stdout] test bls12381_group_tests::test_g2_arithmetic ... ok
[INFO] [stdout] test bls12381_group_tests::test_gt_arithmetic ... ok
[INFO] [stdout] test bls12381_group_tests::test_g1_arithmetic ... ok
[INFO] [stdout] test bls12381_tests::min_pk::import_export_secret_key ... ok
[INFO] [stdout] test bls12381_tests::min_pk::test_human_readable_signatures ... ok
[INFO] [stdout] test bls12381_tests::min_pk::dont_display_secrets ... ok
[INFO] [stdout] test bls12381_group_tests::test_pairing_and_hash_to_curve ... ok
[INFO] [stdout] test bls12381_tests::min_pk::test_keypair_roundtrdip ... ok
[INFO] [stdout] test bls12381_tests::min_pk::test_hkdf_generate_from_ikm ... ok
[INFO] [stdout] test bls12381_tests::min_pk::test_serialize_deserialize_aggregate_signatures ... ok
[INFO] [stdout] test aes_tests::wycheproof_test ... ok
[INFO] [stdout] test bls12381_tests::min_pk::import_export_public_key ... ok
[INFO] [stdout] test bls12381_tests::min_pk::to_from_bytes_signature ... ok
[INFO] [stdout] test bls12381_group_tests::test_consistent_bls12381_serialization ... ok
[INFO] [stdout] test bls12381_tests::min_pk::test_basic_deser_privatekey ... ok
[INFO] [stdout] test bls12381_tests::min_pk::test_sk_zeroization_on_drop ... ok
[INFO] [stdout] test bls12381_tests::min_pk::signature_service ... ok
[INFO] [stdout] test bls12381_tests::min_pk::verify_batch_missing_parameters_length_mismatch ... ok
[INFO] [stdout] test bls12381_tests::min_pk::test_verify_drand_signature ... ok
[INFO] [stdout] test bls12381_tests::min_pk::verify_empty_batch ... ok
[INFO] [stdout] test bls12381_tests::min_pk::verify_batch_missing_public_keys ... ok
[INFO] [stdout] test bls12381_tests::min_pk::verify_invalid_signature ... ok
[INFO] [stdout] test bls12381_tests::min_pk::verify_invalid_batch_different_msg ... ok
[INFO] [stdout] test bls12381_tests::min_pk::verify_invalid_batch ... ok
[INFO] [stdout] test bls12381_tests::min_pk::verify_valid_batch ... ok
[INFO] [stdout] test bls12381_tests::min_sig::dont_display_secrets ... ok
[INFO] [stdout] test bls12381_tests::min_pk::verify_valid_batch_different_msg ... ok
[INFO] [stdout] test bls12381_tests::min_pk::test_add_signatures_to_aggregate ... ok
[INFO] [stdout] test bls12381_tests::min_pk::verify_valid_signature ... ok
[INFO] [stdout] test bls12381_tests::min_sig::import_export_public_key ... ok
[INFO] [stdout] test bls12381_tests::min_sig::import_export_secret_key ... ok
[INFO] [stdout] test bls12381_tests::min_pk::verify_batch_aggregate_signature ... ok
[INFO] [stdout] test bls12381_tests::min_pk::verify_batch_missing_keys_in_batch ... ok
[INFO] [stdout] test bls12381_tests::min_sig::signature_service ... ok
[INFO] [stdout] test bls12381_tests::min_pk::test_add_signatures_to_aggregate_different_messages ... ok
[INFO] [stdout] test bls12381_tests::min_sig::test_hkdf_generate_from_ikm ... ok
[INFO] [stdout] test bls12381_tests::min_sig::test_human_readable_signatures ... ok
[INFO] [stdout] test bls12381_tests::min_pk::test_basic_deser_signature ... ok
[INFO] [stdout] test bls12381_tests::min_sig::test_serialize_deserialize_aggregate_signatures ... ok
[INFO] [stdout] test bls12381_tests::min_sig::test_add_signatures_to_aggregate ... ok
[INFO] [stdout] test bls12381_tests::min_sig::test_sk_zeroization_on_drop ... ok
[INFO] [stdout] test bls12381_tests::min_pk::test_basic_deser_publickey ... ok
[INFO] [stdout] test bls12381_tests::min_sig::to_from_bytes_signature ... ok
[INFO] [stdout] test bls12381_tests::min_sig::test_add_signatures_to_aggregate_different_messages ... ok
[INFO] [stdout] test bls12381_tests::min_sig::test_basic_deser_signature ... ok
[INFO] [stdout] test bls12381_tests::min_sig::verify_batch_missing_parameters_length_mismatch ... ok
[INFO] [stdout] test bls12381_tests::min_sig::verify_batch_aggregate_signature ... ok
[INFO] [stdout] test bls12381_tests::min_sig::verify_empty_batch ... ok
[INFO] [stdout] test bls12381_tests::min_sig::verify_batch_missing_public_keys ... ok
[INFO] [stdout] test bls12381_tests::min_sig::test_basic_deser_privatekey ... ok
[INFO] [stdout] test bls12381_tests::min_sig::verify_invalid_batch ... ok
[INFO] [stdout] test bls12381_tests::min_sig::verify_batch_missing_keys_in_batch ... ok
[INFO] [stdout] test bls12381_tests::min_sig::verify_invalid_signature ... ok
[INFO] [stdout] test bls12381_tests::min_sig::verify_valid_batch_different_msg ... ok
[INFO] [stdout] test bls12381_tests::min_sig::verify_valid_batch ... ok
[INFO] [stdout] test bls12381_tests::min_sig::verify_invalid_batch_different_msg ... ok
[INFO] [stdout] test bulletproofs_tests::test_commit_and_open ... ok
[INFO] [stdout] test bulletproofs_tests::test_handle_prove_invalid_upper_bound ... ok
[INFO] [stdout] test bulletproofs_tests::test_binding_commitment ... ok
[INFO] [stdout] test bulletproofs_tests::test_pedersen_serde ... ok
[INFO] [stdout] test bulletproofs_tests::test_pedersen_to_from_bytes ... ok
[INFO] [stdout] test bls12381_tests::min_sig::verify_valid_signature ... ok
[INFO] [stdout] test ed25519_tests::dont_display_secrets ... ok
[INFO] [stdout] test ed25519_tests::import_export_public_key ... ok
[INFO] [stdout] test ed25519_tests::import_export_secret_key ... ok
[INFO] [stdout] test ed25519_tests::serialize_deserialize ... ok
[INFO] [stdout] test ed25519_tests::signature_service ... ok
[INFO] [stdout] test bls12381_tests::min_sig::test_basic_deser_publickey ... ok
[INFO] [stdout] test ed25519_tests::test_add_signatures_to_aggregate_different_messages ... ok
[INFO] [stdout] test ed25519_tests::test_hkdf_generate_from_ikm ... ok
[INFO] [stdout] test ed25519_tests::test_add_signatures_to_aggregate ... ok
[INFO] [stdout] test ed25519_tests::test_serde_signatures_human_readable ... ok
[INFO] [stdout] test ed25519_tests::test_serde_signatures_non_human_readable ... ok
[INFO] [stdout] test ed25519_tests::test_serialize_deserialize_aggregate_signatures ... ok
[INFO] [stdout] test ed25519_tests::test_sk_zeroization_on_drop ... ok
[INFO] [stdout] test ed25519_tests::test_to_from_bytes_aggregate_signatures ... ok
[INFO] [stdout] test ed25519_tests::to_from_bytes_signature ... ok
[INFO] [stdout] test ed25519_tests::verify_batch_aggregate_signature ... ok
[INFO] [stdout] test ed25519_tests::verify_batch_missing_keys_in_batch ... ok
[INFO] [stdout] test ed25519_tests::verify_batch_missing_parameters_length_mismatch ... ok
[INFO] [stdout] test ed25519_tests::verify_batch_missing_public_keys ... ok
[INFO] [stdout] test ed25519_tests::verify_empty_batch ... ok
[INFO] [stdout] test ed25519_tests::verify_invalid_aggregate_signature_length_mismatch ... ok
[INFO] [stdout] test ed25519_tests::verify_invalid_aggregate_signature_public_key_switch ... ok
[INFO] [stdout] test ed25519_tests::verify_invalid_batch ... ok
[INFO] [stdout] test ed25519_tests::verify_invalid_batch_different_msg ... ok
[INFO] [stdout] test ed25519_tests::verify_invalid_signature ... ok
[INFO] [stdout] test bls12381_tests::min_pk::test_keypair_roundtrip ... ok
[INFO] [stdout] test ed25519_tests::verify_valid_aggregate_signaature ... ok
[INFO] [stdout] test ed25519_tests::verify_valid_batch ... ok
[INFO] [stdout] test ed25519_tests::verify_valid_signature ... ok
[INFO] [stdout] test ed25519_tests::verify_valid_batch_different_msg ... ok
[INFO] [stdout] test encoding_tests::roundtrip_base58 ... ok
[INFO] [stdout] test encoding_tests::roundtrip_base64 ... ok
[INFO] [stdout] test encoding_tests::roundtrip_hex ... ok
[INFO] [stdout] test encoding_tests::test_base58_err ... ok
[INFO] [stdout] test encoding_tests::test_base64_err ... ok
[INFO] [stdout] test encoding_tests::test_hex_decode_err ... ok
[INFO] [stdout] test encoding_tests::test_hex_encode_format ... ok
[INFO] [stdout] test encoding_tests::test_hex_roundtrip ... ok
[INFO] [stdout] test encoding_tests::test_rfc4648_base64 ... ok
[INFO] [stdout] test encoding_tests::test_serde ... ok
[INFO] [stdout] test encoding_tests::test_vectors_ietf_base58 ... ok
[INFO] [stdout] test hash_tests::test_accumulator ... ok
[INFO] [stdout] test hash_tests::test_blake2b_256 ... ok
[INFO] [stdout] test hash_tests::test_blake3 ... ok
[INFO] [stdout] test hash_tests::test_keccak_256 ... ok
[INFO] [stdout] test hash_tests::test_sha256 ... ok
[INFO] [stdout] test hash_tests::test_sha3_256 ... ok
[INFO] [stdout] test hash_tests::test_sha512 ... ok
[INFO] [stdout] test ed25519_tests::wycheproof_test ... ok
[INFO] [stdout] test hmac_tests::test_regression_of_hkdf ... ok
[INFO] [stdout] test hmac_tests::test_regression_of_hmac ... ok
[INFO] [stdout] test bulletproofs_tests::test_handle_verify_invalid_upper_bound ... ok
[INFO] [stdout] test hmac_tests::test_sanity_hkdf ... ok
[INFO] [stdout] test hmac_tests::test_sanity_hmac_key ... ok
[INFO] [stdout] test hmac_tests::hmac_wycheproof_test ... ok
[INFO] [stdout] test hmac_tests::test_sanity_seed_generation ... ok
[INFO] [stdout] test polynomial_tests::add_zero ... ok
[INFO] [stdout] test hmac_tests::test_regression_of_salt_padding ... ok
[INFO] [stdout] test polynomial_tests::eval_regression ... ok
[INFO] [stdout] test polynomial_tests::interpolation_insufficient_shares ... ok
[INFO] [stdout] test ed25519_tests::test_keypair_roundtrip ... ok
[INFO] [stdout] test polynomial_tests::poly_degree ... ok
[INFO] [stdout] test ristretto255_tests::test_arithmetic ... ok
[INFO] [stdout] test bulletproofs_tests::test_range_proof_valid ... ok
[INFO] [stdout] test ristretto255_tests::test_compress_decompress ... ok
[INFO] [stdout] test secp256k1_tests::dont_display_secrets ... ok
[INFO] [stdout] test ristretto255_tests::test_serialize_deserialize_element ... ok
[INFO] [stdout] test secp256k1_tests::import_export_public_key ... ok
[INFO] [stdout] test secp256k1_tests::import_export_secret_key ... ok
[INFO] [stdout] test polynomial_tests::eval ... ok
[INFO] [stdout] test secp256k1_tests::fail_to_verify_if_upper_s ... ok
[INFO] [stdout] test secp256k1_tests::serialize_deserialize ... ok
[INFO] [stdout] test secp256k1_tests::test_default_values ... ok
[INFO] [stdout] test secp256k1_tests::signature_service ... ok
[INFO] [stdout] test secp256k1_tests::test_public_key_recovery ... ok
[INFO] [stdout] test bulletproofs_tests::test_range_proof_invalid ... ok
[INFO] [stdout] test secp256k1_tests::to_from_bytes_signature ... ok
[INFO] [stdout] test secp256k1_tests::test_public_key_recovery_error ... ok
[INFO] [stdout] test secp256k1_tests::test_sk_zeroization_on_drop ... ok
[INFO] [stdout] test secp256k1_tests::verify_empty_batch ... ok
[INFO] [stdout] test secp256k1_tests::verify_batch_missing_public_keys ... ok
[INFO] [stdout] test ristretto255_tests::test_vectors ... ok
[INFO] [stdout] test secp256k1_tests::verify_hashed_failed_if_message_unhashed ... ok
[INFO] [stdout] test secp256k1_tests::verify_invalid_signature ... ok
[INFO] [stdout] test secp256k1_tests::verify_invalid_batch ... ok
[INFO] [stdout] test secp256k1_tests::verify_invalid_batch_different_msg ... ok
[INFO] [stdout] test secp256k1_tests::verify_valid_batch_different_msg ... ok
[INFO] [stdout] test secp256k1_tests::verify_valid_batch ... ok
[INFO] [stdout] test secp256k1_tests::verify_valid_signature_against_hashed_msg ... ok
[INFO] [stdout] test secp256k1_tests::verify_valid_signature ... ok
[INFO] [stdout] test secp256r1_tests::fail_to_verify_if_upper_s ... ok
[INFO] [stdout] test secp256r1_tests::import_export_public_key ... ok
[INFO] [stdout] test secp256r1_tests::dont_display_secrets ... ok
[INFO] [stdout] test secp256r1_tests::import_export_secret_key ... ok
[INFO] [stdout] test secp256r1_tests::test_default_values ... ok
[INFO] [stdout] test bls12381_tests::min_sig::test_keypair_roundtrip ... ok
[INFO] [stdout] test secp256r1_tests::signature_service ... ok
[INFO] [stdout] test secp256r1_tests::test_public_key_recovery_error ... ok
[INFO] [stdout] test secp256r1_tests::serialize_deserialize ... ok
[INFO] [stdout] test secp256r1_tests::test_public_key_recovery ... ok
[INFO] [stdout] test secp256r1_tests::test_sk_zeroization_on_drop ... ok
[INFO] [stdout] test secp256r1_tests::to_from_bytes_signature ... ok
[INFO] [stdout] test secp256r1_tests::verify_batch_missing_public_keys ... ok
[INFO] [stdout] test secp256r1_tests::verify_empty_batch ... ok
[INFO] [stdout] test secp256r1_tests::verify_invalid_batch ... ok
[INFO] [stdout] test secp256r1_tests::verify_invalid_batch_different_msg ... ok
[INFO] [stdout] test secp256k1_tests::wycheproof_test ... ok
[INFO] [stdout] test secp256r1_tests::verify_invalid_signature ... ok
[INFO] [stdout] test secp256r1_tests::verify_valid_signature ... ok
[INFO] [stdout] test serde_helpers::tests::test_serializations ... ok
[INFO] [stdout] test secp256k1_tests::test_keypair_roundtrip ... ok
[INFO] [stdout] test secp256r1_tests::verify_valid_batch ... ok
[INFO] [stdout] test secp256r1_tests::verify_valid_batch_different_msg ... ok
[INFO] [stdout] test hmac_tests::test_sanity_hmac_message ... ok
[INFO] [stdout] test bls12381_tests::min_sig::test_basic_verify_signature ... ok
[INFO] [stdout] test bls12381_tests::min_pk::test_basic_verify_signature ... ok
[INFO] [stdout] test secp256r1_tests::test_keypair_roundtrip ... ok
[INFO] [stdout] test secp256r1_tests::wycheproof_test ... ok
[INFO] [stdout] test bls12381_tests::min_sig::test_signature_aggregation ... ok
[INFO] [stdout] test bls12381_tests::min_pk::test_signature_aggregation ... ok
[INFO] [stdout] test bls12381_tests::min_pk::test_aggregate_verify_distinct_messages has been running for over 60 seconds
[INFO] [stdout] test bls12381_tests::min_pk::test_aggregate_verify_distinct_messages_treewise has been running for over 60 seconds
[INFO] [stdout] test bls12381_tests::min_sig::test_aggregate_verify_distinct_messages has been running for over 60 seconds
[INFO] [stdout] test bls12381_tests::min_sig::test_aggregate_verify_distinct_messages_treewise has been running for over 60 seconds
[INFO] [stdout] test bulletproofs_tests::proptest_0_to_2_pow_64 has been running for over 60 seconds
[INFO] [stdout] test bulletproofs_tests::proptest_0_to_2_pow_64 ... ok
[INFO] [stdout] test bls12381_tests::min_sig::test_aggregate_verify_distinct_messages ... ok
[INFO] [stdout] test bls12381_tests::min_sig::test_aggregate_verify_distinct_messages_treewise ... ok
[INFO] [stdout] test bls12381_tests::min_pk::test_aggregate_verify_distinct_messages ... ok
[INFO] [stdout] test bls12381_tests::min_pk::test_aggregate_verify_distinct_messages_treewise ... ok
[INFO] [stdout] 
[INFO] [stdout] test result: ok. 199 passed; 0 failed; 0 ignored; 0 measured; 0 filtered out; finished in 157.90s
[INFO] [stdout] 
[INFO] [stderr]      Running unittests src/lib.rs (/opt/rustwide/target/debug/deps/fastcrypto_derive-f903cfcd45b423b5)
[INFO] [stdout] 
[INFO] [stdout] running 0 tests
[INFO] [stdout] 
[INFO] [stdout] test result: ok. 0 passed; 0 failed; 0 ignored; 0 measured; 0 filtered out; finished in 0.00s
[INFO] [stdout] 
[INFO] [stderr]      Running unittests src/lib.rs (/opt/rustwide/target/debug/deps/fastcrypto_tbls-2830a11f287e318a)
[INFO] [stdout] 
[INFO] [stdout] running 1 test
[INFO] [stdout] test tbls_tests::test_tbls_e2e ... ok
[INFO] [stdout] 
[INFO] [stdout] test result: ok. 1 passed; 0 failed; 0 ignored; 0 measured; 0 filtered out; finished in 0.04s
[INFO] [stdout] 
[INFO] [stderr]      Running unittests src/lib.rs (/opt/rustwide/target/debug/deps/fastcrypto_zkp-5387f5f80c33caa5)
[INFO] [stdout] 
[INFO] [stdout] running 27 tests
[INFO] [stdout] test conversions::tests::roundtrip_blst_fp ... ok
[INFO] [stdout] test conversions::tests::roundtrip_bls_fq_to_zcash_bytes ... ok
[INFO] [stdout] test conversions::tests::roundtrip_bls_fq ... ok
[INFO] [stdout] test conversions::tests::roundtrip_bls_fr ... ok
[INFO] [stdout] test conversions::tests::roundtrip_blst_fp2 ... ok
[INFO] [stdout] test conversions::tests::roundtrip_blst_fr ... ok
[INFO] [stdout] test verifier::verifier_tests::fr_one_test ... ok
[INFO] [stdout] test conversions::tests::roundtrip_blst_fp6 ... ok
[INFO] [stdout] test conversions::tests::roundtrip_bls_fq2 ... ok
[INFO] [stdout] test api::api_tests::test_prepare_pvk_bytes ... ok
[INFO] [stdout] test conversions::tests::roundtrip_blst_g1_affine ... ok
[INFO] [stdout] test conversions::tests::roundtrip_blst_fp12 ... ok
[INFO] [stdout] test conversions::tests::roundtrip_blst_g2_affine ... ok
[INFO] [stdout] test api::api_tests::test_verify_groth16_in_bytes_api ... ok
[INFO] [stdout] test conversions::tests::roundtrip_bls_fq6 ... ok
[INFO] [stdout] test conversions::tests::roundtrip_bls_fq12 ... ok
[INFO] [stdout] test conversions::tests::roundtrip_bls_g2_affine ... ok
[INFO] [stdout] test conversions::tests::roundtrip_bls_g2_affine_zcash ... ok
[INFO] [stdout] test conversions::tests::roundtrip_bls_g1_affine_zcash ... ok
[INFO] [stdout] test conversions::tests::roundtrip_bls_g1_affine ... ok
[INFO] [stdout] test conversions::tests::compatibility_bls_blst_g2_affine_serde ... ok
[INFO] [stdout] test conversions::tests::compatibility_bls_blst_g1_affine_serde ... ok
[INFO] [stdout] test verifier::verifier_tests::test_blst_miller_loops ... ok
[INFO] [stdout] test verifier::verifier_tests::test_g1_linear_combination has been running for over 60 seconds
[INFO] [stdout] test verifier::verifier_tests::test_multipairing_with_processed_vk has been running for over 60 seconds
[INFO] [stdout] test verifier::verifier_tests::test_prepare_vk has been running for over 60 seconds
[INFO] [stdout] test verifier::verifier_tests::test_verify_with_processed_vk has been running for over 60 seconds
[INFO] [stdout] test verifier::verifier_tests::test_prepare_vk ... ok
[INFO] [stdout] test verifier::verifier_tests::test_verify_with_processed_vk ... ok
[INFO] [stdout] test verifier::verifier_tests::test_g1_linear_combination ... ok
[INFO] [stdout] test verifier::verifier_tests::test_multipairing_with_processed_vk ... ok
[INFO] [stdout] 
[INFO] [stdout] test result: ok. 27 passed; 0 failed; 0 ignored; 0 measured; 0 filtered out; finished in 141.00s
[INFO] [stdout] 
[INFO] [stderr]    Doc-tests fastcrypto
[INFO] [stdout] 
[INFO] [stdout] running 16 tests
[INFO] [stdout] test fastcrypto/src/hash.rs - hash::MultisetHash (line 210) ... FAILED
[INFO] [stdout] test fastcrypto/src/secp256r1.rs - secp256r1 (line 9) ... FAILED
[INFO] [stdout] test fastcrypto/src/encoding.rs - encoding (line 7) ... FAILED
[INFO] [stdout] test fastcrypto/src/traits.rs - traits::VerifyingKey::verify_batch_empty_fail (line 109) ... FAILED
[INFO] [stdout] test fastcrypto/src/ed25519.rs - ed25519 (line 7) ... FAILED
[INFO] [stdout] test fastcrypto/src/bulletproofs.rs - bulletproofs (line 7) ... FAILED
[INFO] [stdout] test fastcrypto/src/secp256k1.rs - secp256k1 (line 8) ... FAILED
[INFO] [stdout] test fastcrypto/src/hash.rs - hash (line 7) ... FAILED
[INFO] [stdout] test fastcrypto/src/bls12381/mod.rs - bls12381 (line 7) ... ok
[INFO] [stdout] test fastcrypto/src/aes.rs - aes (line 7) ... ok
[INFO] [stdout] test fastcrypto/src/traits.rs - traits::AggregateAuthenticator::verify_different_msg (line 273) ... ok
[INFO] [stdout] test fastcrypto/src/hmac.rs - hmac::hkdf_generate_from_ikm (line 44) ... ok
[INFO] [stdout] test fastcrypto/src/traits.rs - traits::AggregateAuthenticator::verify (line 248) ... ok
[INFO] [stdout] test fastcrypto/src/hmac.rs - hmac::hkdf_generate_from_ikm (line 28) ... ok
[INFO] [stdout] test fastcrypto/src/traits.rs - traits::AggregateAuthenticator::batch_verify (line 300) ... ok
[INFO] [stdout] test fastcrypto/src/traits.rs - traits::VerifyingKey::verify_batch_empty_fail_different_msg (line 141) ... ok
[INFO] [stdout] 
[INFO] [stdout] failures:
[INFO] [stdout] 
[INFO] [stdout] ---- fastcrypto/src/hash.rs - hash::MultisetHash (line 210) stdout ----
[INFO] [stdout] error: linking with `cc` failed: exit status: 1
[INFO] [stdout]   |
[INFO] [stdout]   = note: LC_ALL="C" PATH="/opt/rustwide/rustup-home/toolchains/1.83.0-x86_64-unknown-linux-gnu/lib/rustlib/x86_64-unknown-linux-gnu/bin:/opt/rustwide/cargo-home/bin:/usr/local/sbin:/usr/local/bin:/usr/sbin:/usr/bin:/sbin:/bin" VSLANG="1033" "cc" "-m64" "/tmp/rustceWj1Jj/symbols.o" "/tmp/rustdoctestsi98D4/rust_out.rust_out.cb03291d53e4e161-cgu.0.rcgu.o" "/tmp/rustdoctestsi98D4/rust_out.1s7umcihpz0t7nkz1uc2ifee9.rcgu.o" "-Wl,--as-needed" "-Wl,-Bstatic" "/opt/rustwide/target/debug/deps/libfastcrypto-b5a77257fac2b609.rlib" "/opt/rustwide/target/debug/deps/libbs58-dcfac83c2f924b75.rlib" "/opt/rustwide/target/debug/deps/libblake3-246939f235cf1ff9.rlib" "/opt/rustwide/target/debug/deps/libconstant_time_eq-834d28e323943656.rlib" "/opt/rustwide/target/debug/deps/libarrayvec-24235e6c8c1a0e39.rlib" "/opt/rustwide/target/debug/deps/libarrayref-44033c32324f484e.rlib" "/opt/rustwide/target/debug/deps/libblake2-f36907fec7540b08.rlib" "/opt/rustwide/target/debug/deps/libsha3-9afa85e08c443cdb.rlib" "/opt/rustwide/target/debug/deps/libbincode-fdb9efa5a30cb01f.rlib" "/opt/rustwide/target/debug/deps/libcbc-b55bbb59b838f64f.rlib" "/opt/rustwide/target/debug/deps/libauto_ops-8370b9e9bbf4bbe4.rlib" "/opt/rustwide/target/debug/deps/libtokio-d1a62783ed1f3e8d.rlib" "/opt/rustwide/target/debug/deps/libpin_project_lite-814a617e2c2a5066.rlib" "/opt/rustwide/target/debug/deps/libschemars-fdff8a3e41d632f9.rlib" "/opt/rustwide/target/debug/deps/libdyn_clone-fd8777f76f1da05d.rlib" "/opt/rustwide/target/debug/deps/libserde_json-9e2c0f7c7b83109f.rlib" "/opt/rustwide/target/debug/deps/libryu-ea39a09c529e6e72.rlib" "/opt/rustwide/target/debug/deps/libitoa-e88ee3f1a6d1ed0d.rlib" "/opt/rustwide/target/debug/deps/libbase64ct-c5d66435c540f5a5.rlib" "/opt/rustwide/target/debug/deps/libp256-ef110a4c65df6ea9.rlib" "/opt/rustwide/target/debug/deps/libsha2-5c833bdbca1c4c4b.rlib" "/opt/rustwide/target/debug/deps/libecdsa-4e902570464e7da3.rlib" "/opt/rustwide/target/debug/deps/librfc6979-304c4f7079e38a3e.rlib" "/opt/rustwide/target/debug/deps/libelliptic_curve-ff8bdfd51f103839.rlib" "/opt/rustwide/target/debug/deps/libsec1-d7d2090beda1e0ee.rlib" "/opt/rustwide/target/debug/deps/libpkcs8-e71a01174d516912.rlib" "/opt/rustwide/target/debug/deps/libspki-af7e89e68f1efd3f.rlib" "/opt/rustwide/target/debug/deps/libbase16ct-490c635093b77b66.rlib" "/opt/rustwide/target/debug/deps/libgroup-cd71f0c7e43ae674.rlib" "/opt/rustwide/target/debug/deps/libff-081ccfdc3169206e.rlib" "/opt/rustwide/target/debug/deps/libcrypto_bigint-2dc41f17ec2ea84a.rlib" "/opt/rustwide/target/debug/deps/libder-b8a116f93bc11dbc.rlib" "/opt/rustwide/target/debug/deps/libconst_oid-913699d59562ef34.rlib" "/opt/rustwide/target/debug/deps/libsecp256k1-418c568f889ab39b.rlib" "/opt/rustwide/target/debug/deps/libbitcoin_hashes-131eba66ef2c4b3c.rlib" "/opt/rustwide/target/debug/deps/libsecp256k1_sys-df89623a01a9a73d.rlib" "/opt/rustwide/target/debug/deps/libhkdf-9aa6bef4e16e6992.rlib" "/opt/rustwide/target/debug/deps/libhmac-f14cb57e95c91c3d.rlib" "/opt/rustwide/target/debug/deps/libserde_bytes-71f115d837b1d3a7.rlib" "/opt/rustwide/target/debug/deps/libed25519_consensus-44957a1db8cbc725.rlib" "/opt/rustwide/target/debug/deps/libhex-72ec0daf2bf2906b.rlib" "/opt/rustwide/target/debug/deps/libsha2-1bac6b6cef1acd42.rlib" "/opt/rustwide/target/debug/deps/libbulletproofs-6285a6ed74760aec.rlib" "/opt/rustwide/target/debug/deps/libmerlin-b363cfa88a1775bd.rlib" "/opt/rustwide/target/debug/deps/libsha3-70e54433fc540cd6.rlib" "/opt/rustwide/target/debug/deps/libkeccak-965c542a270f2821.rlib" "/opt/rustwide/target/debug/deps/libblock_buffer-5804970e27c5afe0.rlib" "/opt/rustwide/target/debug/deps/libblock_padding-529262f7f20ce3db.rlib" "/opt/rustwide/target/debug/deps/libthiserror-cf4b8ae53eca5b0a.rlib" "/opt/rustwide/target/debug/deps/libcurve25519_dalek_ng-be7f99d1e4d3fbe5.rlib" "/opt/rustwide/target/debug/deps/libsubtle_ng-c234fa39b6500dc6.rlib" "/opt/rustwide/target/debug/deps/libdigest-6e18cd45ecc3fc48.rlib" "/opt/rustwide/target/debug/deps/libbyteorder-ba0f931965324ab6.rlib" "/opt/rustwide/target/debug/deps/libclear_on_drop-dced70f62eae1a4f.rlib" "/opt/rustwide/target/debug/deps/libserde_with-9b6bff3181dafb9c.rlib" "/opt/rustwide/target/debug/deps/libblst-d1425946069e01e4.rlib" "/opt/rustwide/target/debug/deps/libthreadpool-24cbd7bdba8fc70e.rlib" "/opt/rustwide/target/debug/deps/libnum_cpus-e099bae3f1553ce6.rlib" "/opt/rustwide/target/debug/deps/libzeroize-7a2a2b30bc91c984.rlib" "/opt/rustwide/target/debug/deps/libaes_gcm-b3ba5610b027338d.rlib" "/opt/rustwide/target/debug/deps/libctr-47b296513ec037d8.rlib" "/opt/rustwide/target/debug/deps/libghash-c5ef35c15ce00905.rlib" "/opt/rustwide/target/debug/deps/libpolyval-e4ae1b2a954b1b94.rlib" "/opt/rustwide/target/debug/deps/libopaque_debug-eff99b3ccaf1703a.rlib" "/opt/rustwide/target/debug/deps/libuniversal_hash-ec2dca8770f751a8.rlib" "/opt/rustwide/target/debug/deps/libaead-31b7edd2bfbe656d.rlib" "/opt/rustwide/target/debug/deps/libaes-077c6aed735dcecd.rlib" "/opt/rustwide/target/debug/deps/libcpufeatures-b8f04b3eb3416634.rlib" "/opt/rustwide/target/debug/deps/libcipher-0628bf4b303aa565.rlib" "/opt/rustwide/target/debug/deps/libinout-d546953c5f22d693.rlib" "/opt/rustwide/target/debug/deps/libblock_padding-42d3cc88b6e59b1b.rlib" "/opt/rustwide/target/debug/deps/libeyre-b1d1dc70ffc9e1e1.rlib" "/opt/rustwide/target/debug/deps/libindenter-111f849807d2fc7d.rlib" "/opt/rustwide/target/debug/deps/libonce_cell-71d881f1d476ef10.rlib" "/opt/rustwide/target/debug/deps/libsignature-219f96ac9f34bad5.rlib" "/opt/rustwide/target/debug/deps/libdigest-40267334653c114d.rlib" "/opt/rustwide/target/debug/deps/libsubtle-8bc79091831144d7.rlib" "/opt/rustwide/target/debug/deps/libblock_buffer-e57db40945e5254d.rlib" "/opt/rustwide/target/debug/deps/libcrypto_common-b039252f5f2c4cf8.rlib" "/opt/rustwide/target/debug/deps/libgeneric_array-c226c61c6d2c3aa5.rlib" "/opt/rustwide/target/debug/deps/libtypenum-4270f7746c51f4e6.rlib" "/opt/rustwide/target/debug/deps/libserde-dddbf6e5b03af852.rlib" "/opt/rustwide/target/debug/deps/librand-611a61750d3f259e.rlib" "/opt/rustwide/target/debug/deps/librand_chacha-f730c218e6093544.rlib" "/opt/rustwide/target/debug/deps/libppv_lite86-c663305ef3ec04ad.rlib" "/opt/rustwide/target/debug/deps/librand_core-324c950b8e4651cf.rlib" "/opt/rustwide/target/debug/deps/libgetrandom-4d4915d592e2e424.rlib" "/opt/rustwide/target/debug/deps/liblibc-491504fcb857fe51.rlib" "/opt/rustwide/target/debug/deps/libcfg_if-8217498f8667ada9.rlib" "/opt/rustwide/rustup-home/toolchains/1.83.0-x86_64-unknown-linux-gnu/lib/rustlib/x86_64-unknown-linux-gnu/lib/libstd-ca74a2d9c5166d9f.rlib" "/opt/rustwide/rustup-home/toolchains/1.83.0-x86_64-unknown-linux-gnu/lib/rustlib/x86_64-unknown-linux-gnu/lib/libpanic_unwind-e31ab23316ed5080.rlib" "/opt/rustwide/rustup-home/toolchains/1.83.0-x86_64-unknown-linux-gnu/lib/rustlib/x86_64-unknown-linux-gnu/lib/libobject-27dc4aa955912662.rlib" "/opt/rustwide/rustup-home/toolchains/1.83.0-x86_64-unknown-linux-gnu/lib/rustlib/x86_64-unknown-linux-gnu/lib/libmemchr-bd0d6cccce077b99.rlib" "/opt/rustwide/rustup-home/toolchains/1.83.0-x86_64-unknown-linux-gnu/lib/rustlib/x86_64-unknown-linux-gnu/lib/libaddr2line-8d001680935b5e3c.rlib" "/opt/rustwide/rustup-home/toolchains/1.83.0-x86_64-unknown-linux-gnu/lib/rustlib/x86_64-unknown-linux-gnu/lib/libgimli-ba8ce71964f984f4.rlib" "/opt/rustwide/rustup-home/toolchains/1.83.0-x86_64-unknown-linux-gnu/lib/rustlib/x86_64-unknown-linux-gnu/lib/librustc_demangle-99a73526abcec14b.rlib" "/opt/rustwide/rustup-home/toolchains/1.83.0-x86_64-unknown-linux-gnu/lib/rustlib/x86_64-unknown-linux-gnu/lib/libstd_detect-63ac0d22cff92579.rlib" "/opt/rustwide/rustup-home/toolchains/1.83.0-x86_64-unknown-linux-gnu/lib/rustlib/x86_64-unknown-linux-gnu/lib/libhashbrown-9057355c92c922d5.rlib" "/opt/rustwide/rustup-home/toolchains/1.83.0-x86_64-unknown-linux-gnu/lib/rustlib/x86_64-unknown-linux-gnu/lib/librustc_std_workspace_alloc-358be9bc1f6bab04.rlib" "/opt/rustwide/rustup-home/toolchains/1.83.0-x86_64-unknown-linux-gnu/lib/rustlib/x86_64-unknown-linux-gnu/lib/libminiz_oxide-aca15549d5bff974.rlib" "/opt/rustwide/rustup-home/toolchains/1.83.0-x86_64-unknown-linux-gnu/lib/rustlib/x86_64-unknown-linux-gnu/lib/libadler-8251d2cef7072448.rlib" "/opt/rustwide/rustup-home/toolchains/1.83.0-x86_64-unknown-linux-gnu/lib/rustlib/x86_64-unknown-linux-gnu/lib/libunwind-7d50b86011c66411.rlib" "/opt/rustwide/rustup-home/toolchains/1.83.0-x86_64-unknown-linux-gnu/lib/rustlib/x86_64-unknown-linux-gnu/lib/libcfg_if-51ea098fce5006bf.rlib" "/opt/rustwide/rustup-home/toolchains/1.83.0-x86_64-unknown-linux-gnu/lib/rustlib/x86_64-unknown-linux-gnu/lib/liblibc-5a14e0d0b712e731.rlib" "/opt/rustwide/rustup-home/toolchains/1.83.0-x86_64-unknown-linux-gnu/lib/rustlib/x86_64-unknown-linux-gnu/lib/liballoc-8b83dbf3a7b8f999.rlib" "/opt/rustwide/rustup-home/toolchains/1.83.0-x86_64-unknown-linux-gnu/lib/rustlib/x86_64-unknown-linux-gnu/lib/librustc_std_workspace_core-c6fd227bdc7b39ff.rlib" "/opt/rustwide/rustup-home/toolchains/1.83.0-x86_64-unknown-linux-gnu/lib/rustlib/x86_64-unknown-linux-gnu/lib/libcore-959d3389fa3da8a5.rlib" "/opt/rustwide/rustup-home/toolchains/1.83.0-x86_64-unknown-linux-gnu/lib/rustlib/x86_64-unknown-linux-gnu/lib/libcompiler_builtins-abe05db089cc2c62.rlib" "-Wl,-Bdynamic" "-lgcc_s" "-lutil" "-lrt" "-lpthread" "-lm" "-ldl" "-lc" "-Wl,--eh-frame-hdr" "-Wl,-z,noexecstack" "-L" "/opt/rustwide/target/debug/build/blake3-c7ff08467a61e621/out" "-L" "/opt/rustwide/target/debug/build/blst-6335b4e8d0b4cd1d/out" "-L" "/opt/rustwide/target/debug/build/clear_on_drop-3768681f1b16cb38/out" "-L" "/opt/rustwide/target/debug/build/secp256k1-sys-517cb008558c083c/out" "-L" "/opt/rustwide/rustup-home/toolchains/1.83.0-x86_64-unknown-linux-gnu/lib/rustlib/x86_64-unknown-linux-gnu/lib" "-o" "/tmp/rustdoctestsi98D4/rust_out" "-Wl,--gc-sections" "-pie" "-Wl,-z,relro,-z,now" "-nodefaultlibs"
[INFO] [stdout]   = note: collect2: fatal error: ld terminated with signal 9 [Killed]
[INFO] [stdout]           compilation terminated.
[INFO] [stdout]           
[INFO] [stdout] 
[INFO] [stdout] error: aborting due to 1 previous error
[INFO] [stdout] 
[INFO] [stdout] Couldn't compile the test.
[INFO] [stdout] ---- fastcrypto/src/secp256r1.rs - secp256r1 (line 9) stdout ----
[INFO] [stdout] error: linking with `cc` failed: exit status: 1
[INFO] [stdout]   |
[INFO] [stdout]   = note: LC_ALL="C" PATH="/opt/rustwide/rustup-home/toolchains/1.83.0-x86_64-unknown-linux-gnu/lib/rustlib/x86_64-unknown-linux-gnu/bin:/opt/rustwide/cargo-home/bin:/usr/local/sbin:/usr/local/bin:/usr/sbin:/usr/bin:/sbin:/bin" VSLANG="1033" "cc" "-m64" "/tmp/rustcvvMYfc/symbols.o" "/tmp/rustdoctestZYHNVs/rust_out.rust_out.cb03291d53e4e161-cgu.0.rcgu.o" "/tmp/rustdoctestZYHNVs/rust_out.1s7umcihpz0t7nkz1uc2ifee9.rcgu.o" "-Wl,--as-needed" "-Wl,-Bstatic" "/opt/rustwide/target/debug/deps/libfastcrypto-b5a77257fac2b609.rlib" "/opt/rustwide/target/debug/deps/libbs58-dcfac83c2f924b75.rlib" "/opt/rustwide/target/debug/deps/libblake3-246939f235cf1ff9.rlib" "/opt/rustwide/target/debug/deps/libconstant_time_eq-834d28e323943656.rlib" "/opt/rustwide/target/debug/deps/libarrayvec-24235e6c8c1a0e39.rlib" "/opt/rustwide/target/debug/deps/libarrayref-44033c32324f484e.rlib" "/opt/rustwide/target/debug/deps/libblake2-f36907fec7540b08.rlib" "/opt/rustwide/target/debug/deps/libsha3-9afa85e08c443cdb.rlib" "/opt/rustwide/target/debug/deps/libbincode-fdb9efa5a30cb01f.rlib" "/opt/rustwide/target/debug/deps/libcbc-b55bbb59b838f64f.rlib" "/opt/rustwide/target/debug/deps/libauto_ops-8370b9e9bbf4bbe4.rlib" "/opt/rustwide/target/debug/deps/libtokio-d1a62783ed1f3e8d.rlib" "/opt/rustwide/target/debug/deps/libpin_project_lite-814a617e2c2a5066.rlib" "/opt/rustwide/target/debug/deps/libschemars-fdff8a3e41d632f9.rlib" "/opt/rustwide/target/debug/deps/libdyn_clone-fd8777f76f1da05d.rlib" "/opt/rustwide/target/debug/deps/libserde_json-9e2c0f7c7b83109f.rlib" "/opt/rustwide/target/debug/deps/libryu-ea39a09c529e6e72.rlib" "/opt/rustwide/target/debug/deps/libitoa-e88ee3f1a6d1ed0d.rlib" "/opt/rustwide/target/debug/deps/libbase64ct-c5d66435c540f5a5.rlib" "/opt/rustwide/target/debug/deps/libp256-ef110a4c65df6ea9.rlib" "/opt/rustwide/target/debug/deps/libsha2-5c833bdbca1c4c4b.rlib" "/opt/rustwide/target/debug/deps/libecdsa-4e902570464e7da3.rlib" "/opt/rustwide/target/debug/deps/librfc6979-304c4f7079e38a3e.rlib" "/opt/rustwide/target/debug/deps/libelliptic_curve-ff8bdfd51f103839.rlib" "/opt/rustwide/target/debug/deps/libsec1-d7d2090beda1e0ee.rlib" "/opt/rustwide/target/debug/deps/libpkcs8-e71a01174d516912.rlib" "/opt/rustwide/target/debug/deps/libspki-af7e89e68f1efd3f.rlib" "/opt/rustwide/target/debug/deps/libbase16ct-490c635093b77b66.rlib" "/opt/rustwide/target/debug/deps/libgroup-cd71f0c7e43ae674.rlib" "/opt/rustwide/target/debug/deps/libff-081ccfdc3169206e.rlib" "/opt/rustwide/target/debug/deps/libcrypto_bigint-2dc41f17ec2ea84a.rlib" "/opt/rustwide/target/debug/deps/libder-b8a116f93bc11dbc.rlib" "/opt/rustwide/target/debug/deps/libconst_oid-913699d59562ef34.rlib" "/opt/rustwide/target/debug/deps/libsecp256k1-418c568f889ab39b.rlib" "/opt/rustwide/target/debug/deps/libbitcoin_hashes-131eba66ef2c4b3c.rlib" "/opt/rustwide/target/debug/deps/libsecp256k1_sys-df89623a01a9a73d.rlib" "/opt/rustwide/target/debug/deps/libhkdf-9aa6bef4e16e6992.rlib" "/opt/rustwide/target/debug/deps/libhmac-f14cb57e95c91c3d.rlib" "/opt/rustwide/target/debug/deps/libserde_bytes-71f115d837b1d3a7.rlib" "/opt/rustwide/target/debug/deps/libed25519_consensus-44957a1db8cbc725.rlib" "/opt/rustwide/target/debug/deps/libhex-72ec0daf2bf2906b.rlib" "/opt/rustwide/target/debug/deps/libsha2-1bac6b6cef1acd42.rlib" "/opt/rustwide/target/debug/deps/libbulletproofs-6285a6ed74760aec.rlib" "/opt/rustwide/target/debug/deps/libmerlin-b363cfa88a1775bd.rlib" "/opt/rustwide/target/debug/deps/libsha3-70e54433fc540cd6.rlib" "/opt/rustwide/target/debug/deps/libkeccak-965c542a270f2821.rlib" "/opt/rustwide/target/debug/deps/libblock_buffer-5804970e27c5afe0.rlib" "/opt/rustwide/target/debug/deps/libblock_padding-529262f7f20ce3db.rlib" "/opt/rustwide/target/debug/deps/libthiserror-cf4b8ae53eca5b0a.rlib" "/opt/rustwide/target/debug/deps/libcurve25519_dalek_ng-be7f99d1e4d3fbe5.rlib" "/opt/rustwide/target/debug/deps/libsubtle_ng-c234fa39b6500dc6.rlib" "/opt/rustwide/target/debug/deps/libdigest-6e18cd45ecc3fc48.rlib" "/opt/rustwide/target/debug/deps/libbyteorder-ba0f931965324ab6.rlib" "/opt/rustwide/target/debug/deps/libclear_on_drop-dced70f62eae1a4f.rlib" "/opt/rustwide/target/debug/deps/libserde_with-9b6bff3181dafb9c.rlib" "/opt/rustwide/target/debug/deps/libblst-d1425946069e01e4.rlib" "/opt/rustwide/target/debug/deps/libthreadpool-24cbd7bdba8fc70e.rlib" "/opt/rustwide/target/debug/deps/libnum_cpus-e099bae3f1553ce6.rlib" "/opt/rustwide/target/debug/deps/libzeroize-7a2a2b30bc91c984.rlib" "/opt/rustwide/target/debug/deps/libaes_gcm-b3ba5610b027338d.rlib" "/opt/rustwide/target/debug/deps/libctr-47b296513ec037d8.rlib" "/opt/rustwide/target/debug/deps/libghash-c5ef35c15ce00905.rlib" "/opt/rustwide/target/debug/deps/libpolyval-e4ae1b2a954b1b94.rlib" "/opt/rustwide/target/debug/deps/libopaque_debug-eff99b3ccaf1703a.rlib" "/opt/rustwide/target/debug/deps/libuniversal_hash-ec2dca8770f751a8.rlib" "/opt/rustwide/target/debug/deps/libaead-31b7edd2bfbe656d.rlib" "/opt/rustwide/target/debug/deps/libaes-077c6aed735dcecd.rlib" "/opt/rustwide/target/debug/deps/libcpufeatures-b8f04b3eb3416634.rlib" "/opt/rustwide/target/debug/deps/libcipher-0628bf4b303aa565.rlib" "/opt/rustwide/target/debug/deps/libinout-d546953c5f22d693.rlib" "/opt/rustwide/target/debug/deps/libblock_padding-42d3cc88b6e59b1b.rlib" "/opt/rustwide/target/debug/deps/libeyre-b1d1dc70ffc9e1e1.rlib" "/opt/rustwide/target/debug/deps/libindenter-111f849807d2fc7d.rlib" "/opt/rustwide/target/debug/deps/libonce_cell-71d881f1d476ef10.rlib" "/opt/rustwide/target/debug/deps/libsignature-219f96ac9f34bad5.rlib" "/opt/rustwide/target/debug/deps/libdigest-40267334653c114d.rlib" "/opt/rustwide/target/debug/deps/libsubtle-8bc79091831144d7.rlib" "/opt/rustwide/target/debug/deps/libblock_buffer-e57db40945e5254d.rlib" "/opt/rustwide/target/debug/deps/libcrypto_common-b039252f5f2c4cf8.rlib" "/opt/rustwide/target/debug/deps/libgeneric_array-c226c61c6d2c3aa5.rlib" "/opt/rustwide/target/debug/deps/libtypenum-4270f7746c51f4e6.rlib" "/opt/rustwide/target/debug/deps/libserde-dddbf6e5b03af852.rlib" "/opt/rustwide/target/debug/deps/librand-611a61750d3f259e.rlib" "/opt/rustwide/target/debug/deps/librand_chacha-f730c218e6093544.rlib" "/opt/rustwide/target/debug/deps/libppv_lite86-c663305ef3ec04ad.rlib" "/opt/rustwide/target/debug/deps/librand_core-324c950b8e4651cf.rlib" "/opt/rustwide/target/debug/deps/libgetrandom-4d4915d592e2e424.rlib" "/opt/rustwide/target/debug/deps/liblibc-491504fcb857fe51.rlib" "/opt/rustwide/target/debug/deps/libcfg_if-8217498f8667ada9.rlib" "/opt/rustwide/rustup-home/toolchains/1.83.0-x86_64-unknown-linux-gnu/lib/rustlib/x86_64-unknown-linux-gnu/lib/libstd-ca74a2d9c5166d9f.rlib" "/opt/rustwide/rustup-home/toolchains/1.83.0-x86_64-unknown-linux-gnu/lib/rustlib/x86_64-unknown-linux-gnu/lib/libpanic_unwind-e31ab23316ed5080.rlib" "/opt/rustwide/rustup-home/toolchains/1.83.0-x86_64-unknown-linux-gnu/lib/rustlib/x86_64-unknown-linux-gnu/lib/libobject-27dc4aa955912662.rlib" "/opt/rustwide/rustup-home/toolchains/1.83.0-x86_64-unknown-linux-gnu/lib/rustlib/x86_64-unknown-linux-gnu/lib/libmemchr-bd0d6cccce077b99.rlib" "/opt/rustwide/rustup-home/toolchains/1.83.0-x86_64-unknown-linux-gnu/lib/rustlib/x86_64-unknown-linux-gnu/lib/libaddr2line-8d001680935b5e3c.rlib" "/opt/rustwide/rustup-home/toolchains/1.83.0-x86_64-unknown-linux-gnu/lib/rustlib/x86_64-unknown-linux-gnu/lib/libgimli-ba8ce71964f984f4.rlib" "/opt/rustwide/rustup-home/toolchains/1.83.0-x86_64-unknown-linux-gnu/lib/rustlib/x86_64-unknown-linux-gnu/lib/librustc_demangle-99a73526abcec14b.rlib" "/opt/rustwide/rustup-home/toolchains/1.83.0-x86_64-unknown-linux-gnu/lib/rustlib/x86_64-unknown-linux-gnu/lib/libstd_detect-63ac0d22cff92579.rlib" "/opt/rustwide/rustup-home/toolchains/1.83.0-x86_64-unknown-linux-gnu/lib/rustlib/x86_64-unknown-linux-gnu/lib/libhashbrown-9057355c92c922d5.rlib" "/opt/rustwide/rustup-home/toolchains/1.83.0-x86_64-unknown-linux-gnu/lib/rustlib/x86_64-unknown-linux-gnu/lib/librustc_std_workspace_alloc-358be9bc1f6bab04.rlib" "/opt/rustwide/rustup-home/toolchains/1.83.0-x86_64-unknown-linux-gnu/lib/rustlib/x86_64-unknown-linux-gnu/lib/libminiz_oxide-aca15549d5bff974.rlib" "/opt/rustwide/rustup-home/toolchains/1.83.0-x86_64-unknown-linux-gnu/lib/rustlib/x86_64-unknown-linux-gnu/lib/libadler-8251d2cef7072448.rlib" "/opt/rustwide/rustup-home/toolchains/1.83.0-x86_64-unknown-linux-gnu/lib/rustlib/x86_64-unknown-linux-gnu/lib/libunwind-7d50b86011c66411.rlib" "/opt/rustwide/rustup-home/toolchains/1.83.0-x86_64-unknown-linux-gnu/lib/rustlib/x86_64-unknown-linux-gnu/lib/libcfg_if-51ea098fce5006bf.rlib" "/opt/rustwide/rustup-home/toolchains/1.83.0-x86_64-unknown-linux-gnu/lib/rustlib/x86_64-unknown-linux-gnu/lib/liblibc-5a14e0d0b712e731.rlib" "/opt/rustwide/rustup-home/toolchains/1.83.0-x86_64-unknown-linux-gnu/lib/rustlib/x86_64-unknown-linux-gnu/lib/liballoc-8b83dbf3a7b8f999.rlib" "/opt/rustwide/rustup-home/toolchains/1.83.0-x86_64-unknown-linux-gnu/lib/rustlib/x86_64-unknown-linux-gnu/lib/librustc_std_workspace_core-c6fd227bdc7b39ff.rlib" "/opt/rustwide/rustup-home/toolchains/1.83.0-x86_64-unknown-linux-gnu/lib/rustlib/x86_64-unknown-linux-gnu/lib/libcore-959d3389fa3da8a5.rlib" "/opt/rustwide/rustup-home/toolchains/1.83.0-x86_64-unknown-linux-gnu/lib/rustlib/x86_64-unknown-linux-gnu/lib/libcompiler_builtins-abe05db089cc2c62.rlib" "-Wl,-Bdynamic" "-lgcc_s" "-lutil" "-lrt" "-lpthread" "-lm" "-ldl" "-lc" "-Wl,--eh-frame-hdr" "-Wl,-z,noexecstack" "-L" "/opt/rustwide/target/debug/build/blake3-c7ff08467a61e621/out" "-L" "/opt/rustwide/target/debug/build/blst-6335b4e8d0b4cd1d/out" "-L" "/opt/rustwide/target/debug/build/clear_on_drop-3768681f1b16cb38/out" "-L" "/opt/rustwide/target/debug/build/secp256k1-sys-517cb008558c083c/out" "-L" "/opt/rustwide/rustup-home/toolchains/1.83.0-x86_64-unknown-linux-gnu/lib/rustlib/x86_64-unknown-linux-gnu/lib" "-o" "/tmp/rustdoctestZYHNVs/rust_out" "-Wl,--gc-sections" "-pie" "-Wl,-z,relro,-z,now" "-nodefaultlibs"
[INFO] [stdout]   = note: collect2: fatal error: ld terminated with signal 9 [Killed]
[INFO] [stdout]           compilation terminated.
[INFO] [stdout]           
[INFO] [stdout] 
[INFO] [stdout] error: aborting due to 1 previous error
[INFO] [stdout] 
[INFO] [stdout] Couldn't compile the test.
[INFO] [stdout] ---- fastcrypto/src/encoding.rs - encoding (line 7) stdout ----
[INFO] [stdout] error: linking with `cc` failed: exit status: 1
[INFO] [stdout]   |
[INFO] [stdout]   = note: LC_ALL="C" PATH="/opt/rustwide/rustup-home/toolchains/1.83.0-x86_64-unknown-linux-gnu/lib/rustlib/x86_64-unknown-linux-gnu/bin:/opt/rustwide/cargo-home/bin:/usr/local/sbin:/usr/local/bin:/usr/sbin:/usr/bin:/sbin:/bin" VSLANG="1033" "cc" "-m64" "/tmp/rustcI27y67/symbols.o" "/tmp/rustdoctestNd0OZr/rust_out.rust_out.cb03291d53e4e161-cgu.0.rcgu.o" "/tmp/rustdoctestNd0OZr/rust_out.1s7umcihpz0t7nkz1uc2ifee9.rcgu.o" "-Wl,--as-needed" "-Wl,-Bstatic" "/opt/rustwide/target/debug/deps/libfastcrypto-b5a77257fac2b609.rlib" "/opt/rustwide/target/debug/deps/libbs58-dcfac83c2f924b75.rlib" "/opt/rustwide/target/debug/deps/libblake3-246939f235cf1ff9.rlib" "/opt/rustwide/target/debug/deps/libconstant_time_eq-834d28e323943656.rlib" "/opt/rustwide/target/debug/deps/libarrayvec-24235e6c8c1a0e39.rlib" "/opt/rustwide/target/debug/deps/libarrayref-44033c32324f484e.rlib" "/opt/rustwide/target/debug/deps/libblake2-f36907fec7540b08.rlib" "/opt/rustwide/target/debug/deps/libsha3-9afa85e08c443cdb.rlib" "/opt/rustwide/target/debug/deps/libbincode-fdb9efa5a30cb01f.rlib" "/opt/rustwide/target/debug/deps/libcbc-b55bbb59b838f64f.rlib" "/opt/rustwide/target/debug/deps/libauto_ops-8370b9e9bbf4bbe4.rlib" "/opt/rustwide/target/debug/deps/libtokio-d1a62783ed1f3e8d.rlib" "/opt/rustwide/target/debug/deps/libpin_project_lite-814a617e2c2a5066.rlib" "/opt/rustwide/target/debug/deps/libschemars-fdff8a3e41d632f9.rlib" "/opt/rustwide/target/debug/deps/libdyn_clone-fd8777f76f1da05d.rlib" "/opt/rustwide/target/debug/deps/libserde_json-9e2c0f7c7b83109f.rlib" "/opt/rustwide/target/debug/deps/libryu-ea39a09c529e6e72.rlib" "/opt/rustwide/target/debug/deps/libitoa-e88ee3f1a6d1ed0d.rlib" "/opt/rustwide/target/debug/deps/libbase64ct-c5d66435c540f5a5.rlib" "/opt/rustwide/target/debug/deps/libp256-ef110a4c65df6ea9.rlib" "/opt/rustwide/target/debug/deps/libsha2-5c833bdbca1c4c4b.rlib" "/opt/rustwide/target/debug/deps/libecdsa-4e902570464e7da3.rlib" "/opt/rustwide/target/debug/deps/librfc6979-304c4f7079e38a3e.rlib" "/opt/rustwide/target/debug/deps/libelliptic_curve-ff8bdfd51f103839.rlib" "/opt/rustwide/target/debug/deps/libsec1-d7d2090beda1e0ee.rlib" "/opt/rustwide/target/debug/deps/libpkcs8-e71a01174d516912.rlib" "/opt/rustwide/target/debug/deps/libspki-af7e89e68f1efd3f.rlib" "/opt/rustwide/target/debug/deps/libbase16ct-490c635093b77b66.rlib" "/opt/rustwide/target/debug/deps/libgroup-cd71f0c7e43ae674.rlib" "/opt/rustwide/target/debug/deps/libff-081ccfdc3169206e.rlib" "/opt/rustwide/target/debug/deps/libcrypto_bigint-2dc41f17ec2ea84a.rlib" "/opt/rustwide/target/debug/deps/libder-b8a116f93bc11dbc.rlib" "/opt/rustwide/target/debug/deps/libconst_oid-913699d59562ef34.rlib" "/opt/rustwide/target/debug/deps/libsecp256k1-418c568f889ab39b.rlib" "/opt/rustwide/target/debug/deps/libbitcoin_hashes-131eba66ef2c4b3c.rlib" "/opt/rustwide/target/debug/deps/libsecp256k1_sys-df89623a01a9a73d.rlib" "/opt/rustwide/target/debug/deps/libhkdf-9aa6bef4e16e6992.rlib" "/opt/rustwide/target/debug/deps/libhmac-f14cb57e95c91c3d.rlib" "/opt/rustwide/target/debug/deps/libserde_bytes-71f115d837b1d3a7.rlib" "/opt/rustwide/target/debug/deps/libed25519_consensus-44957a1db8cbc725.rlib" "/opt/rustwide/target/debug/deps/libhex-72ec0daf2bf2906b.rlib" "/opt/rustwide/target/debug/deps/libsha2-1bac6b6cef1acd42.rlib" "/opt/rustwide/target/debug/deps/libbulletproofs-6285a6ed74760aec.rlib" "/opt/rustwide/target/debug/deps/libmerlin-b363cfa88a1775bd.rlib" "/opt/rustwide/target/debug/deps/libsha3-70e54433fc540cd6.rlib" "/opt/rustwide/target/debug/deps/libkeccak-965c542a270f2821.rlib" "/opt/rustwide/target/debug/deps/libblock_buffer-5804970e27c5afe0.rlib" "/opt/rustwide/target/debug/deps/libblock_padding-529262f7f20ce3db.rlib" "/opt/rustwide/target/debug/deps/libthiserror-cf4b8ae53eca5b0a.rlib" "/opt/rustwide/target/debug/deps/libcurve25519_dalek_ng-be7f99d1e4d3fbe5.rlib" "/opt/rustwide/target/debug/deps/libsubtle_ng-c234fa39b6500dc6.rlib" "/opt/rustwide/target/debug/deps/libdigest-6e18cd45ecc3fc48.rlib" "/opt/rustwide/target/debug/deps/libbyteorder-ba0f931965324ab6.rlib" "/opt/rustwide/target/debug/deps/libclear_on_drop-dced70f62eae1a4f.rlib" "/opt/rustwide/target/debug/deps/libserde_with-9b6bff3181dafb9c.rlib" "/opt/rustwide/target/debug/deps/libblst-d1425946069e01e4.rlib" "/opt/rustwide/target/debug/deps/libthreadpool-24cbd7bdba8fc70e.rlib" "/opt/rustwide/target/debug/deps/libnum_cpus-e099bae3f1553ce6.rlib" "/opt/rustwide/target/debug/deps/libzeroize-7a2a2b30bc91c984.rlib" "/opt/rustwide/target/debug/deps/libaes_gcm-b3ba5610b027338d.rlib" "/opt/rustwide/target/debug/deps/libctr-47b296513ec037d8.rlib" "/opt/rustwide/target/debug/deps/libghash-c5ef35c15ce00905.rlib" "/opt/rustwide/target/debug/deps/libpolyval-e4ae1b2a954b1b94.rlib" "/opt/rustwide/target/debug/deps/libopaque_debug-eff99b3ccaf1703a.rlib" "/opt/rustwide/target/debug/deps/libuniversal_hash-ec2dca8770f751a8.rlib" "/opt/rustwide/target/debug/deps/libaead-31b7edd2bfbe656d.rlib" "/opt/rustwide/target/debug/deps/libaes-077c6aed735dcecd.rlib" "/opt/rustwide/target/debug/deps/libcpufeatures-b8f04b3eb3416634.rlib" "/opt/rustwide/target/debug/deps/libcipher-0628bf4b303aa565.rlib" "/opt/rustwide/target/debug/deps/libinout-d546953c5f22d693.rlib" "/opt/rustwide/target/debug/deps/libblock_padding-42d3cc88b6e59b1b.rlib" "/opt/rustwide/target/debug/deps/libeyre-b1d1dc70ffc9e1e1.rlib" "/opt/rustwide/target/debug/deps/libindenter-111f849807d2fc7d.rlib" "/opt/rustwide/target/debug/deps/libonce_cell-71d881f1d476ef10.rlib" "/opt/rustwide/target/debug/deps/libsignature-219f96ac9f34bad5.rlib" "/opt/rustwide/target/debug/deps/libdigest-40267334653c114d.rlib" "/opt/rustwide/target/debug/deps/libsubtle-8bc79091831144d7.rlib" "/opt/rustwide/target/debug/deps/libblock_buffer-e57db40945e5254d.rlib" "/opt/rustwide/target/debug/deps/libcrypto_common-b039252f5f2c4cf8.rlib" "/opt/rustwide/target/debug/deps/libgeneric_array-c226c61c6d2c3aa5.rlib" "/opt/rustwide/target/debug/deps/libtypenum-4270f7746c51f4e6.rlib" "/opt/rustwide/target/debug/deps/libserde-dddbf6e5b03af852.rlib" "/opt/rustwide/target/debug/deps/librand-611a61750d3f259e.rlib" "/opt/rustwide/target/debug/deps/librand_chacha-f730c218e6093544.rlib" "/opt/rustwide/target/debug/deps/libppv_lite86-c663305ef3ec04ad.rlib" "/opt/rustwide/target/debug/deps/librand_core-324c950b8e4651cf.rlib" "/opt/rustwide/target/debug/deps/libgetrandom-4d4915d592e2e424.rlib" "/opt/rustwide/target/debug/deps/liblibc-491504fcb857fe51.rlib" "/opt/rustwide/target/debug/deps/libcfg_if-8217498f8667ada9.rlib" "/opt/rustwide/rustup-home/toolchains/1.83.0-x86_64-unknown-linux-gnu/lib/rustlib/x86_64-unknown-linux-gnu/lib/libstd-ca74a2d9c5166d9f.rlib" "/opt/rustwide/rustup-home/toolchains/1.83.0-x86_64-unknown-linux-gnu/lib/rustlib/x86_64-unknown-linux-gnu/lib/libpanic_unwind-e31ab23316ed5080.rlib" "/opt/rustwide/rustup-home/toolchains/1.83.0-x86_64-unknown-linux-gnu/lib/rustlib/x86_64-unknown-linux-gnu/lib/libobject-27dc4aa955912662.rlib" "/opt/rustwide/rustup-home/toolchains/1.83.0-x86_64-unknown-linux-gnu/lib/rustlib/x86_64-unknown-linux-gnu/lib/libmemchr-bd0d6cccce077b99.rlib" "/opt/rustwide/rustup-home/toolchains/1.83.0-x86_64-unknown-linux-gnu/lib/rustlib/x86_64-unknown-linux-gnu/lib/libaddr2line-8d001680935b5e3c.rlib" "/opt/rustwide/rustup-home/toolchains/1.83.0-x86_64-unknown-linux-gnu/lib/rustlib/x86_64-unknown-linux-gnu/lib/libgimli-ba8ce71964f984f4.rlib" "/opt/rustwide/rustup-home/toolchains/1.83.0-x86_64-unknown-linux-gnu/lib/rustlib/x86_64-unknown-linux-gnu/lib/librustc_demangle-99a73526abcec14b.rlib" "/opt/rustwide/rustup-home/toolchains/1.83.0-x86_64-unknown-linux-gnu/lib/rustlib/x86_64-unknown-linux-gnu/lib/libstd_detect-63ac0d22cff92579.rlib" "/opt/rustwide/rustup-home/toolchains/1.83.0-x86_64-unknown-linux-gnu/lib/rustlib/x86_64-unknown-linux-gnu/lib/libhashbrown-9057355c92c922d5.rlib" "/opt/rustwide/rustup-home/toolchains/1.83.0-x86_64-unknown-linux-gnu/lib/rustlib/x86_64-unknown-linux-gnu/lib/librustc_std_workspace_alloc-358be9bc1f6bab04.rlib" "/opt/rustwide/rustup-home/toolchains/1.83.0-x86_64-unknown-linux-gnu/lib/rustlib/x86_64-unknown-linux-gnu/lib/libminiz_oxide-aca15549d5bff974.rlib" "/opt/rustwide/rustup-home/toolchains/1.83.0-x86_64-unknown-linux-gnu/lib/rustlib/x86_64-unknown-linux-gnu/lib/libadler-8251d2cef7072448.rlib" "/opt/rustwide/rustup-home/toolchains/1.83.0-x86_64-unknown-linux-gnu/lib/rustlib/x86_64-unknown-linux-gnu/lib/libunwind-7d50b86011c66411.rlib" "/opt/rustwide/rustup-home/toolchains/1.83.0-x86_64-unknown-linux-gnu/lib/rustlib/x86_64-unknown-linux-gnu/lib/libcfg_if-51ea098fce5006bf.rlib" "/opt/rustwide/rustup-home/toolchains/1.83.0-x86_64-unknown-linux-gnu/lib/rustlib/x86_64-unknown-linux-gnu/lib/liblibc-5a14e0d0b712e731.rlib" "/opt/rustwide/rustup-home/toolchains/1.83.0-x86_64-unknown-linux-gnu/lib/rustlib/x86_64-unknown-linux-gnu/lib/liballoc-8b83dbf3a7b8f999.rlib" "/opt/rustwide/rustup-home/toolchains/1.83.0-x86_64-unknown-linux-gnu/lib/rustlib/x86_64-unknown-linux-gnu/lib/librustc_std_workspace_core-c6fd227bdc7b39ff.rlib" "/opt/rustwide/rustup-home/toolchains/1.83.0-x86_64-unknown-linux-gnu/lib/rustlib/x86_64-unknown-linux-gnu/lib/libcore-959d3389fa3da8a5.rlib" "/opt/rustwide/rustup-home/toolchains/1.83.0-x86_64-unknown-linux-gnu/lib/rustlib/x86_64-unknown-linux-gnu/lib/libcompiler_builtins-abe05db089cc2c62.rlib" "-Wl,-Bdynamic" "-lgcc_s" "-lutil" "-lrt" "-lpthread" "-lm" "-ldl" "-lc" "-Wl,--eh-frame-hdr" "-Wl,-z,noexecstack" "-L" "/opt/rustwide/target/debug/build/blake3-c7ff08467a61e621/out" "-L" "/opt/rustwide/target/debug/build/blst-6335b4e8d0b4cd1d/out" "-L" "/opt/rustwide/target/debug/build/clear_on_drop-3768681f1b16cb38/out" "-L" "/opt/rustwide/target/debug/build/secp256k1-sys-517cb008558c083c/out" "-L" "/opt/rustwide/rustup-home/toolchains/1.83.0-x86_64-unknown-linux-gnu/lib/rustlib/x86_64-unknown-linux-gnu/lib" "-o" "/tmp/rustdoctestNd0OZr/rust_out" "-Wl,--gc-sections" "-pie" "-Wl,-z,relro,-z,now" "-nodefaultlibs"
[INFO] [stdout]   = note: collect2: fatal error: ld terminated with signal 9 [Killed]
[INFO] [stdout]           compilation terminated.
[INFO] [stdout]           
[INFO] [stdout] 
[INFO] [stdout] error: aborting due to 1 previous error
[INFO] [stdout] 
[INFO] [stdout] Couldn't compile the test.
[INFO] [stdout] ---- fastcrypto/src/traits.rs - traits::VerifyingKey::verify_batch_empty_fail (line 109) stdout ----
[INFO] [stdout] error: linking with `cc` failed: exit status: 1
[INFO] [stdout]   |
[INFO] [stdout]   = note: LC_ALL="C" PATH="/opt/rustwide/rustup-home/toolchains/1.83.0-x86_64-unknown-linux-gnu/lib/rustlib/x86_64-unknown-linux-gnu/bin:/opt/rustwide/cargo-home/bin:/usr/local/sbin:/usr/local/bin:/usr/sbin:/usr/bin:/sbin:/bin" VSLANG="1033" "cc" "-m64" "/tmp/rustcZywHRz/symbols.o" "/tmp/rustdoctest8LAVKX/rust_out.rust_out.cb03291d53e4e161-cgu.0.rcgu.o" "/tmp/rustdoctest8LAVKX/rust_out.1s7umcihpz0t7nkz1uc2ifee9.rcgu.o" "-Wl,--as-needed" "-Wl,-Bstatic" "/opt/rustwide/target/debug/deps/libfastcrypto-b5a77257fac2b609.rlib" "/opt/rustwide/target/debug/deps/libbs58-dcfac83c2f924b75.rlib" "/opt/rustwide/target/debug/deps/libblake3-246939f235cf1ff9.rlib" "/opt/rustwide/target/debug/deps/libconstant_time_eq-834d28e323943656.rlib" "/opt/rustwide/target/debug/deps/libarrayvec-24235e6c8c1a0e39.rlib" "/opt/rustwide/target/debug/deps/libarrayref-44033c32324f484e.rlib" "/opt/rustwide/target/debug/deps/libblake2-f36907fec7540b08.rlib" "/opt/rustwide/target/debug/deps/libsha3-9afa85e08c443cdb.rlib" "/opt/rustwide/target/debug/deps/libbincode-fdb9efa5a30cb01f.rlib" "/opt/rustwide/target/debug/deps/libcbc-b55bbb59b838f64f.rlib" "/opt/rustwide/target/debug/deps/libauto_ops-8370b9e9bbf4bbe4.rlib" "/opt/rustwide/target/debug/deps/libtokio-d1a62783ed1f3e8d.rlib" "/opt/rustwide/target/debug/deps/libpin_project_lite-814a617e2c2a5066.rlib" "/opt/rustwide/target/debug/deps/libschemars-fdff8a3e41d632f9.rlib" "/opt/rustwide/target/debug/deps/libdyn_clone-fd8777f76f1da05d.rlib" "/opt/rustwide/target/debug/deps/libserde_json-9e2c0f7c7b83109f.rlib" "/opt/rustwide/target/debug/deps/libryu-ea39a09c529e6e72.rlib" "/opt/rustwide/target/debug/deps/libitoa-e88ee3f1a6d1ed0d.rlib" "/opt/rustwide/target/debug/deps/libbase64ct-c5d66435c540f5a5.rlib" "/opt/rustwide/target/debug/deps/libp256-ef110a4c65df6ea9.rlib" "/opt/rustwide/target/debug/deps/libsha2-5c833bdbca1c4c4b.rlib" "/opt/rustwide/target/debug/deps/libecdsa-4e902570464e7da3.rlib" "/opt/rustwide/target/debug/deps/librfc6979-304c4f7079e38a3e.rlib" "/opt/rustwide/target/debug/deps/libelliptic_curve-ff8bdfd51f103839.rlib" "/opt/rustwide/target/debug/deps/libsec1-d7d2090beda1e0ee.rlib" "/opt/rustwide/target/debug/deps/libpkcs8-e71a01174d516912.rlib" "/opt/rustwide/target/debug/deps/libspki-af7e89e68f1efd3f.rlib" "/opt/rustwide/target/debug/deps/libbase16ct-490c635093b77b66.rlib" "/opt/rustwide/target/debug/deps/libgroup-cd71f0c7e43ae674.rlib" "/opt/rustwide/target/debug/deps/libff-081ccfdc3169206e.rlib" "/opt/rustwide/target/debug/deps/libcrypto_bigint-2dc41f17ec2ea84a.rlib" "/opt/rustwide/target/debug/deps/libder-b8a116f93bc11dbc.rlib" "/opt/rustwide/target/debug/deps/libconst_oid-913699d59562ef34.rlib" "/opt/rustwide/target/debug/deps/libsecp256k1-418c568f889ab39b.rlib" "/opt/rustwide/target/debug/deps/libbitcoin_hashes-131eba66ef2c4b3c.rlib" "/opt/rustwide/target/debug/deps/libsecp256k1_sys-df89623a01a9a73d.rlib" "/opt/rustwide/target/debug/deps/libhkdf-9aa6bef4e16e6992.rlib" "/opt/rustwide/target/debug/deps/libhmac-f14cb57e95c91c3d.rlib" "/opt/rustwide/target/debug/deps/libserde_bytes-71f115d837b1d3a7.rlib" "/opt/rustwide/target/debug/deps/libed25519_consensus-44957a1db8cbc725.rlib" "/opt/rustwide/target/debug/deps/libhex-72ec0daf2bf2906b.rlib" "/opt/rustwide/target/debug/deps/libsha2-1bac6b6cef1acd42.rlib" "/opt/rustwide/target/debug/deps/libbulletproofs-6285a6ed74760aec.rlib" "/opt/rustwide/target/debug/deps/libmerlin-b363cfa88a1775bd.rlib" "/opt/rustwide/target/debug/deps/libsha3-70e54433fc540cd6.rlib" "/opt/rustwide/target/debug/deps/libkeccak-965c542a270f2821.rlib" "/opt/rustwide/target/debug/deps/libblock_buffer-5804970e27c5afe0.rlib" "/opt/rustwide/target/debug/deps/libblock_padding-529262f7f20ce3db.rlib" "/opt/rustwide/target/debug/deps/libthiserror-cf4b8ae53eca5b0a.rlib" "/opt/rustwide/target/debug/deps/libcurve25519_dalek_ng-be7f99d1e4d3fbe5.rlib" "/opt/rustwide/target/debug/deps/libsubtle_ng-c234fa39b6500dc6.rlib" "/opt/rustwide/target/debug/deps/libdigest-6e18cd45ecc3fc48.rlib" "/opt/rustwide/target/debug/deps/libbyteorder-ba0f931965324ab6.rlib" "/opt/rustwide/target/debug/deps/libclear_on_drop-dced70f62eae1a4f.rlib" "/opt/rustwide/target/debug/deps/libserde_with-9b6bff3181dafb9c.rlib" "/opt/rustwide/target/debug/deps/libblst-d1425946069e01e4.rlib" "/opt/rustwide/target/debug/deps/libthreadpool-24cbd7bdba8fc70e.rlib" "/opt/rustwide/target/debug/deps/libnum_cpus-e099bae3f1553ce6.rlib" "/opt/rustwide/target/debug/deps/libzeroize-7a2a2b30bc91c984.rlib" "/opt/rustwide/target/debug/deps/libaes_gcm-b3ba5610b027338d.rlib" "/opt/rustwide/target/debug/deps/libctr-47b296513ec037d8.rlib" "/opt/rustwide/target/debug/deps/libghash-c5ef35c15ce00905.rlib" "/opt/rustwide/target/debug/deps/libpolyval-e4ae1b2a954b1b94.rlib" "/opt/rustwide/target/debug/deps/libopaque_debug-eff99b3ccaf1703a.rlib" "/opt/rustwide/target/debug/deps/libuniversal_hash-ec2dca8770f751a8.rlib" "/opt/rustwide/target/debug/deps/libaead-31b7edd2bfbe656d.rlib" "/opt/rustwide/target/debug/deps/libaes-077c6aed735dcecd.rlib" "/opt/rustwide/target/debug/deps/libcpufeatures-b8f04b3eb3416634.rlib" "/opt/rustwide/target/debug/deps/libcipher-0628bf4b303aa565.rlib" "/opt/rustwide/target/debug/deps/libinout-d546953c5f22d693.rlib" "/opt/rustwide/target/debug/deps/libblock_padding-42d3cc88b6e59b1b.rlib" "/opt/rustwide/target/debug/deps/libeyre-b1d1dc70ffc9e1e1.rlib" "/opt/rustwide/target/debug/deps/libindenter-111f849807d2fc7d.rlib" "/opt/rustwide/target/debug/deps/libonce_cell-71d881f1d476ef10.rlib" "/opt/rustwide/target/debug/deps/libsignature-219f96ac9f34bad5.rlib" "/opt/rustwide/target/debug/deps/libdigest-40267334653c114d.rlib" "/opt/rustwide/target/debug/deps/libsubtle-8bc79091831144d7.rlib" "/opt/rustwide/target/debug/deps/libblock_buffer-e57db40945e5254d.rlib" "/opt/rustwide/target/debug/deps/libcrypto_common-b039252f5f2c4cf8.rlib" "/opt/rustwide/target/debug/deps/libgeneric_array-c226c61c6d2c3aa5.rlib" "/opt/rustwide/target/debug/deps/libtypenum-4270f7746c51f4e6.rlib" "/opt/rustwide/target/debug/deps/libserde-dddbf6e5b03af852.rlib" "/opt/rustwide/target/debug/deps/librand-611a61750d3f259e.rlib" "/opt/rustwide/target/debug/deps/librand_chacha-f730c218e6093544.rlib" "/opt/rustwide/target/debug/deps/libppv_lite86-c663305ef3ec04ad.rlib" "/opt/rustwide/target/debug/deps/librand_core-324c950b8e4651cf.rlib" "/opt/rustwide/target/debug/deps/libgetrandom-4d4915d592e2e424.rlib" "/opt/rustwide/target/debug/deps/liblibc-491504fcb857fe51.rlib" "/opt/rustwide/target/debug/deps/libcfg_if-8217498f8667ada9.rlib" "/opt/rustwide/rustup-home/toolchains/1.83.0-x86_64-unknown-linux-gnu/lib/rustlib/x86_64-unknown-linux-gnu/lib/libstd-ca74a2d9c5166d9f.rlib" "/opt/rustwide/rustup-home/toolchains/1.83.0-x86_64-unknown-linux-gnu/lib/rustlib/x86_64-unknown-linux-gnu/lib/libpanic_unwind-e31ab23316ed5080.rlib" "/opt/rustwide/rustup-home/toolchains/1.83.0-x86_64-unknown-linux-gnu/lib/rustlib/x86_64-unknown-linux-gnu/lib/libobject-27dc4aa955912662.rlib" "/opt/rustwide/rustup-home/toolchains/1.83.0-x86_64-unknown-linux-gnu/lib/rustlib/x86_64-unknown-linux-gnu/lib/libmemchr-bd0d6cccce077b99.rlib" "/opt/rustwide/rustup-home/toolchains/1.83.0-x86_64-unknown-linux-gnu/lib/rustlib/x86_64-unknown-linux-gnu/lib/libaddr2line-8d001680935b5e3c.rlib" "/opt/rustwide/rustup-home/toolchains/1.83.0-x86_64-unknown-linux-gnu/lib/rustlib/x86_64-unknown-linux-gnu/lib/libgimli-ba8ce71964f984f4.rlib" "/opt/rustwide/rustup-home/toolchains/1.83.0-x86_64-unknown-linux-gnu/lib/rustlib/x86_64-unknown-linux-gnu/lib/librustc_demangle-99a73526abcec14b.rlib" "/opt/rustwide/rustup-home/toolchains/1.83.0-x86_64-unknown-linux-gnu/lib/rustlib/x86_64-unknown-linux-gnu/lib/libstd_detect-63ac0d22cff92579.rlib" "/opt/rustwide/rustup-home/toolchains/1.83.0-x86_64-unknown-linux-gnu/lib/rustlib/x86_64-unknown-linux-gnu/lib/libhashbrown-9057355c92c922d5.rlib" "/opt/rustwide/rustup-home/toolchains/1.83.0-x86_64-unknown-linux-gnu/lib/rustlib/x86_64-unknown-linux-gnu/lib/librustc_std_workspace_alloc-358be9bc1f6bab04.rlib" "/opt/rustwide/rustup-home/toolchains/1.83.0-x86_64-unknown-linux-gnu/lib/rustlib/x86_64-unknown-linux-gnu/lib/libminiz_oxide-aca15549d5bff974.rlib" "/opt/rustwide/rustup-home/toolchains/1.83.0-x86_64-unknown-linux-gnu/lib/rustlib/x86_64-unknown-linux-gnu/lib/libadler-8251d2cef7072448.rlib" "/opt/rustwide/rustup-home/toolchains/1.83.0-x86_64-unknown-linux-gnu/lib/rustlib/x86_64-unknown-linux-gnu/lib/libunwind-7d50b86011c66411.rlib" "/opt/rustwide/rustup-home/toolchains/1.83.0-x86_64-unknown-linux-gnu/lib/rustlib/x86_64-unknown-linux-gnu/lib/libcfg_if-51ea098fce5006bf.rlib" "/opt/rustwide/rustup-home/toolchains/1.83.0-x86_64-unknown-linux-gnu/lib/rustlib/x86_64-unknown-linux-gnu/lib/liblibc-5a14e0d0b712e731.rlib" "/opt/rustwide/rustup-home/toolchains/1.83.0-x86_64-unknown-linux-gnu/lib/rustlib/x86_64-unknown-linux-gnu/lib/liballoc-8b83dbf3a7b8f999.rlib" "/opt/rustwide/rustup-home/toolchains/1.83.0-x86_64-unknown-linux-gnu/lib/rustlib/x86_64-unknown-linux-gnu/lib/librustc_std_workspace_core-c6fd227bdc7b39ff.rlib" "/opt/rustwide/rustup-home/toolchains/1.83.0-x86_64-unknown-linux-gnu/lib/rustlib/x86_64-unknown-linux-gnu/lib/libcore-959d3389fa3da8a5.rlib" "/opt/rustwide/rustup-home/toolchains/1.83.0-x86_64-unknown-linux-gnu/lib/rustlib/x86_64-unknown-linux-gnu/lib/libcompiler_builtins-abe05db089cc2c62.rlib" "-Wl,-Bdynamic" "-lgcc_s" "-lutil" "-lrt" "-lpthread" "-lm" "-ldl" "-lc" "-Wl,--eh-frame-hdr" "-Wl,-z,noexecstack" "-L" "/opt/rustwide/target/debug/build/blake3-c7ff08467a61e621/out" "-L" "/opt/rustwide/target/debug/build/blst-6335b4e8d0b4cd1d/out" "-L" "/opt/rustwide/target/debug/build/clear_on_drop-3768681f1b16cb38/out" "-L" "/opt/rustwide/target/debug/build/secp256k1-sys-517cb008558c083c/out" "-L" "/opt/rustwide/rustup-home/toolchains/1.83.0-x86_64-unknown-linux-gnu/lib/rustlib/x86_64-unknown-linux-gnu/lib" "-o" "/tmp/rustdoctest8LAVKX/rust_out" "-Wl,--gc-sections" "-pie" "-Wl,-z,relro,-z,now" "-nodefaultlibs"
[INFO] [stdout]   = note: collect2: fatal error: ld terminated with signal 9 [Killed]
[INFO] [stdout]           compilation terminated.
[INFO] [stdout]           
[INFO] [stdout] 
[INFO] [stdout] error: aborting due to 1 previous error
[INFO] [stdout] 
[INFO] [stdout] Couldn't compile the test.
[INFO] [stdout] ---- fastcrypto/src/ed25519.rs - ed25519 (line 7) stdout ----
[INFO] [stdout] error: linking with `cc` failed: exit status: 1
[INFO] [stdout]   |
[INFO] [stdout]   = note: LC_ALL="C" PATH="/opt/rustwide/rustup-home/toolchains/1.83.0-x86_64-unknown-linux-gnu/lib/rustlib/x86_64-unknown-linux-gnu/bin:/opt/rustwide/cargo-home/bin:/usr/local/sbin:/usr/local/bin:/usr/sbin:/usr/bin:/sbin:/bin" VSLANG="1033" "cc" "-m64" "/tmp/rustci6k8zm/symbols.o" "/tmp/rustdoctestxe9ZhJ/rust_out.rust_out.cb03291d53e4e161-cgu.0.rcgu.o" "/tmp/rustdoctestxe9ZhJ/rust_out.1s7umcihpz0t7nkz1uc2ifee9.rcgu.o" "-Wl,--as-needed" "-Wl,-Bstatic" "/opt/rustwide/target/debug/deps/libfastcrypto-b5a77257fac2b609.rlib" "/opt/rustwide/target/debug/deps/libbs58-dcfac83c2f924b75.rlib" "/opt/rustwide/target/debug/deps/libblake3-246939f235cf1ff9.rlib" "/opt/rustwide/target/debug/deps/libconstant_time_eq-834d28e323943656.rlib" "/opt/rustwide/target/debug/deps/libarrayvec-24235e6c8c1a0e39.rlib" "/opt/rustwide/target/debug/deps/libarrayref-44033c32324f484e.rlib" "/opt/rustwide/target/debug/deps/libblake2-f36907fec7540b08.rlib" "/opt/rustwide/target/debug/deps/libsha3-9afa85e08c443cdb.rlib" "/opt/rustwide/target/debug/deps/libbincode-fdb9efa5a30cb01f.rlib" "/opt/rustwide/target/debug/deps/libcbc-b55bbb59b838f64f.rlib" "/opt/rustwide/target/debug/deps/libauto_ops-8370b9e9bbf4bbe4.rlib" "/opt/rustwide/target/debug/deps/libtokio-d1a62783ed1f3e8d.rlib" "/opt/rustwide/target/debug/deps/libpin_project_lite-814a617e2c2a5066.rlib" "/opt/rustwide/target/debug/deps/libschemars-fdff8a3e41d632f9.rlib" "/opt/rustwide/target/debug/deps/libdyn_clone-fd8777f76f1da05d.rlib" "/opt/rustwide/target/debug/deps/libserde_json-9e2c0f7c7b83109f.rlib" "/opt/rustwide/target/debug/deps/libryu-ea39a09c529e6e72.rlib" "/opt/rustwide/target/debug/deps/libitoa-e88ee3f1a6d1ed0d.rlib" "/opt/rustwide/target/debug/deps/libbase64ct-c5d66435c540f5a5.rlib" "/opt/rustwide/target/debug/deps/libp256-ef110a4c65df6ea9.rlib" "/opt/rustwide/target/debug/deps/libsha2-5c833bdbca1c4c4b.rlib" "/opt/rustwide/target/debug/deps/libecdsa-4e902570464e7da3.rlib" "/opt/rustwide/target/debug/deps/librfc6979-304c4f7079e38a3e.rlib" "/opt/rustwide/target/debug/deps/libelliptic_curve-ff8bdfd51f103839.rlib" "/opt/rustwide/target/debug/deps/libsec1-d7d2090beda1e0ee.rlib" "/opt/rustwide/target/debug/deps/libpkcs8-e71a01174d516912.rlib" "/opt/rustwide/target/debug/deps/libspki-af7e89e68f1efd3f.rlib" "/opt/rustwide/target/debug/deps/libbase16ct-490c635093b77b66.rlib" "/opt/rustwide/target/debug/deps/libgroup-cd71f0c7e43ae674.rlib" "/opt/rustwide/target/debug/deps/libff-081ccfdc3169206e.rlib" "/opt/rustwide/target/debug/deps/libcrypto_bigint-2dc41f17ec2ea84a.rlib" "/opt/rustwide/target/debug/deps/libder-b8a116f93bc11dbc.rlib" "/opt/rustwide/target/debug/deps/libconst_oid-913699d59562ef34.rlib" "/opt/rustwide/target/debug/deps/libsecp256k1-418c568f889ab39b.rlib" "/opt/rustwide/target/debug/deps/libbitcoin_hashes-131eba66ef2c4b3c.rlib" "/opt/rustwide/target/debug/deps/libsecp256k1_sys-df89623a01a9a73d.rlib" "/opt/rustwide/target/debug/deps/libhkdf-9aa6bef4e16e6992.rlib" "/opt/rustwide/target/debug/deps/libhmac-f14cb57e95c91c3d.rlib" "/opt/rustwide/target/debug/deps/libserde_bytes-71f115d837b1d3a7.rlib" "/opt/rustwide/target/debug/deps/libed25519_consensus-44957a1db8cbc725.rlib" "/opt/rustwide/target/debug/deps/libhex-72ec0daf2bf2906b.rlib" "/opt/rustwide/target/debug/deps/libsha2-1bac6b6cef1acd42.rlib" "/opt/rustwide/target/debug/deps/libbulletproofs-6285a6ed74760aec.rlib" "/opt/rustwide/target/debug/deps/libmerlin-b363cfa88a1775bd.rlib" "/opt/rustwide/target/debug/deps/libsha3-70e54433fc540cd6.rlib" "/opt/rustwide/target/debug/deps/libkeccak-965c542a270f2821.rlib" "/opt/rustwide/target/debug/deps/libblock_buffer-5804970e27c5afe0.rlib" "/opt/rustwide/target/debug/deps/libblock_padding-529262f7f20ce3db.rlib" "/opt/rustwide/target/debug/deps/libthiserror-cf4b8ae53eca5b0a.rlib" "/opt/rustwide/target/debug/deps/libcurve25519_dalek_ng-be7f99d1e4d3fbe5.rlib" "/opt/rustwide/target/debug/deps/libsubtle_ng-c234fa39b6500dc6.rlib" "/opt/rustwide/target/debug/deps/libdigest-6e18cd45ecc3fc48.rlib" "/opt/rustwide/target/debug/deps/libbyteorder-ba0f931965324ab6.rlib" "/opt/rustwide/target/debug/deps/libclear_on_drop-dced70f62eae1a4f.rlib" "/opt/rustwide/target/debug/deps/libserde_with-9b6bff3181dafb9c.rlib" "/opt/rustwide/target/debug/deps/libblst-d1425946069e01e4.rlib" "/opt/rustwide/target/debug/deps/libthreadpool-24cbd7bdba8fc70e.rlib" "/opt/rustwide/target/debug/deps/libnum_cpus-e099bae3f1553ce6.rlib" "/opt/rustwide/target/debug/deps/libzeroize-7a2a2b30bc91c984.rlib" "/opt/rustwide/target/debug/deps/libaes_gcm-b3ba5610b027338d.rlib" "/opt/rustwide/target/debug/deps/libctr-47b296513ec037d8.rlib" "/opt/rustwide/target/debug/deps/libghash-c5ef35c15ce00905.rlib" "/opt/rustwide/target/debug/deps/libpolyval-e4ae1b2a954b1b94.rlib" "/opt/rustwide/target/debug/deps/libopaque_debug-eff99b3ccaf1703a.rlib" "/opt/rustwide/target/debug/deps/libuniversal_hash-ec2dca8770f751a8.rlib" "/opt/rustwide/target/debug/deps/libaead-31b7edd2bfbe656d.rlib" "/opt/rustwide/target/debug/deps/libaes-077c6aed735dcecd.rlib" "/opt/rustwide/target/debug/deps/libcpufeatures-b8f04b3eb3416634.rlib" "/opt/rustwide/target/debug/deps/libcipher-0628bf4b303aa565.rlib" "/opt/rustwide/target/debug/deps/libinout-d546953c5f22d693.rlib" "/opt/rustwide/target/debug/deps/libblock_padding-42d3cc88b6e59b1b.rlib" "/opt/rustwide/target/debug/deps/libeyre-b1d1dc70ffc9e1e1.rlib" "/opt/rustwide/target/debug/deps/libindenter-111f849807d2fc7d.rlib" "/opt/rustwide/target/debug/deps/libonce_cell-71d881f1d476ef10.rlib" "/opt/rustwide/target/debug/deps/libsignature-219f96ac9f34bad5.rlib" "/opt/rustwide/target/debug/deps/libdigest-40267334653c114d.rlib" "/opt/rustwide/target/debug/deps/libsubtle-8bc79091831144d7.rlib" "/opt/rustwide/target/debug/deps/libblock_buffer-e57db40945e5254d.rlib" "/opt/rustwide/target/debug/deps/libcrypto_common-b039252f5f2c4cf8.rlib" "/opt/rustwide/target/debug/deps/libgeneric_array-c226c61c6d2c3aa5.rlib" "/opt/rustwide/target/debug/deps/libtypenum-4270f7746c51f4e6.rlib" "/opt/rustwide/target/debug/deps/libserde-dddbf6e5b03af852.rlib" "/opt/rustwide/target/debug/deps/librand-611a61750d3f259e.rlib" "/opt/rustwide/target/debug/deps/librand_chacha-f730c218e6093544.rlib" "/opt/rustwide/target/debug/deps/libppv_lite86-c663305ef3ec04ad.rlib" "/opt/rustwide/target/debug/deps/librand_core-324c950b8e4651cf.rlib" "/opt/rustwide/target/debug/deps/libgetrandom-4d4915d592e2e424.rlib" "/opt/rustwide/target/debug/deps/liblibc-491504fcb857fe51.rlib" "/opt/rustwide/target/debug/deps/libcfg_if-8217498f8667ada9.rlib" "/opt/rustwide/rustup-home/toolchains/1.83.0-x86_64-unknown-linux-gnu/lib/rustlib/x86_64-unknown-linux-gnu/lib/libstd-ca74a2d9c5166d9f.rlib" "/opt/rustwide/rustup-home/toolchains/1.83.0-x86_64-unknown-linux-gnu/lib/rustlib/x86_64-unknown-linux-gnu/lib/libpanic_unwind-e31ab23316ed5080.rlib" "/opt/rustwide/rustup-home/toolchains/1.83.0-x86_64-unknown-linux-gnu/lib/rustlib/x86_64-unknown-linux-gnu/lib/libobject-27dc4aa955912662.rlib" "/opt/rustwide/rustup-home/toolchains/1.83.0-x86_64-unknown-linux-gnu/lib/rustlib/x86_64-unknown-linux-gnu/lib/libmemchr-bd0d6cccce077b99.rlib" "/opt/rustwide/rustup-home/toolchains/1.83.0-x86_64-unknown-linux-gnu/lib/rustlib/x86_64-unknown-linux-gnu/lib/libaddr2line-8d001680935b5e3c.rlib" "/opt/rustwide/rustup-home/toolchains/1.83.0-x86_64-unknown-linux-gnu/lib/rustlib/x86_64-unknown-linux-gnu/lib/libgimli-ba8ce71964f984f4.rlib" "/opt/rustwide/rustup-home/toolchains/1.83.0-x86_64-unknown-linux-gnu/lib/rustlib/x86_64-unknown-linux-gnu/lib/librustc_demangle-99a73526abcec14b.rlib" "/opt/rustwide/rustup-home/toolchains/1.83.0-x86_64-unknown-linux-gnu/lib/rustlib/x86_64-unknown-linux-gnu/lib/libstd_detect-63ac0d22cff92579.rlib" "/opt/rustwide/rustup-home/toolchains/1.83.0-x86_64-unknown-linux-gnu/lib/rustlib/x86_64-unknown-linux-gnu/lib/libhashbrown-9057355c92c922d5.rlib" "/opt/rustwide/rustup-home/toolchains/1.83.0-x86_64-unknown-linux-gnu/lib/rustlib/x86_64-unknown-linux-gnu/lib/librustc_std_workspace_alloc-358be9bc1f6bab04.rlib" "/opt/rustwide/rustup-home/toolchains/1.83.0-x86_64-unknown-linux-gnu/lib/rustlib/x86_64-unknown-linux-gnu/lib/libminiz_oxide-aca15549d5bff974.rlib" "/opt/rustwide/rustup-home/toolchains/1.83.0-x86_64-unknown-linux-gnu/lib/rustlib/x86_64-unknown-linux-gnu/lib/libadler-8251d2cef7072448.rlib" "/opt/rustwide/rustup-home/toolchains/1.83.0-x86_64-unknown-linux-gnu/lib/rustlib/x86_64-unknown-linux-gnu/lib/libunwind-7d50b86011c66411.rlib" "/opt/rustwide/rustup-home/toolchains/1.83.0-x86_64-unknown-linux-gnu/lib/rustlib/x86_64-unknown-linux-gnu/lib/libcfg_if-51ea098fce5006bf.rlib" "/opt/rustwide/rustup-home/toolchains/1.83.0-x86_64-unknown-linux-gnu/lib/rustlib/x86_64-unknown-linux-gnu/lib/liblibc-5a14e0d0b712e731.rlib" "/opt/rustwide/rustup-home/toolchains/1.83.0-x86_64-unknown-linux-gnu/lib/rustlib/x86_64-unknown-linux-gnu/lib/liballoc-8b83dbf3a7b8f999.rlib" "/opt/rustwide/rustup-home/toolchains/1.83.0-x86_64-unknown-linux-gnu/lib/rustlib/x86_64-unknown-linux-gnu/lib/librustc_std_workspace_core-c6fd227bdc7b39ff.rlib" "/opt/rustwide/rustup-home/toolchains/1.83.0-x86_64-unknown-linux-gnu/lib/rustlib/x86_64-unknown-linux-gnu/lib/libcore-959d3389fa3da8a5.rlib" "/opt/rustwide/rustup-home/toolchains/1.83.0-x86_64-unknown-linux-gnu/lib/rustlib/x86_64-unknown-linux-gnu/lib/libcompiler_builtins-abe05db089cc2c62.rlib" "-Wl,-Bdynamic" "-lgcc_s" "-lutil" "-lrt" "-lpthread" "-lm" "-ldl" "-lc" "-Wl,--eh-frame-hdr" "-Wl,-z,noexecstack" "-L" "/opt/rustwide/target/debug/build/blake3-c7ff08467a61e621/out" "-L" "/opt/rustwide/target/debug/build/blst-6335b4e8d0b4cd1d/out" "-L" "/opt/rustwide/target/debug/build/clear_on_drop-3768681f1b16cb38/out" "-L" "/opt/rustwide/target/debug/build/secp256k1-sys-517cb008558c083c/out" "-L" "/opt/rustwide/rustup-home/toolchains/1.83.0-x86_64-unknown-linux-gnu/lib/rustlib/x86_64-unknown-linux-gnu/lib" "-o" "/tmp/rustdoctestxe9ZhJ/rust_out" "-Wl,--gc-sections" "-pie" "-Wl,-z,relro,-z,now" "-nodefaultlibs"
[INFO] [stdout]   = note: collect2: fatal error: ld terminated with signal 9 [Killed]
[INFO] [stdout]           compilation terminated.
[INFO] [stdout]           
[INFO] [stdout] 
[INFO] [stdout] error: aborting due to 1 previous error
[INFO] [stdout] 
[INFO] [stdout] Couldn't compile the test.
[INFO] [stdout] ---- fastcrypto/src/bulletproofs.rs - bulletproofs (line 7) stdout ----
[INFO] [stdout] error: linking with `cc` failed: exit status: 1
[INFO] [stdout]   |
[INFO] [stdout]   = note: LC_ALL="C" PATH="/opt/rustwide/rustup-home/toolchains/1.83.0-x86_64-unknown-linux-gnu/lib/rustlib/x86_64-unknown-linux-gnu/bin:/opt/rustwide/cargo-home/bin:/usr/local/sbin:/usr/local/bin:/usr/sbin:/usr/bin:/sbin:/bin" VSLANG="1033" "cc" "-m64" "/tmp/rustcdO24VP/symbols.o" "/tmp/rustdoctest9dnjhe/rust_out.rust_out.cb03291d53e4e161-cgu.0.rcgu.o" "/tmp/rustdoctest9dnjhe/rust_out.1s7umcihpz0t7nkz1uc2ifee9.rcgu.o" "-Wl,--as-needed" "-Wl,-Bstatic" "/opt/rustwide/target/debug/deps/libfastcrypto-b5a77257fac2b609.rlib" "/opt/rustwide/target/debug/deps/libbs58-dcfac83c2f924b75.rlib" "/opt/rustwide/target/debug/deps/libblake3-246939f235cf1ff9.rlib" "/opt/rustwide/target/debug/deps/libconstant_time_eq-834d28e323943656.rlib" "/opt/rustwide/target/debug/deps/libarrayvec-24235e6c8c1a0e39.rlib" "/opt/rustwide/target/debug/deps/libarrayref-44033c32324f484e.rlib" "/opt/rustwide/target/debug/deps/libblake2-f36907fec7540b08.rlib" "/opt/rustwide/target/debug/deps/libsha3-9afa85e08c443cdb.rlib" "/opt/rustwide/target/debug/deps/libbincode-fdb9efa5a30cb01f.rlib" "/opt/rustwide/target/debug/deps/libcbc-b55bbb59b838f64f.rlib" "/opt/rustwide/target/debug/deps/libauto_ops-8370b9e9bbf4bbe4.rlib" "/opt/rustwide/target/debug/deps/libtokio-d1a62783ed1f3e8d.rlib" "/opt/rustwide/target/debug/deps/libpin_project_lite-814a617e2c2a5066.rlib" "/opt/rustwide/target/debug/deps/libschemars-fdff8a3e41d632f9.rlib" "/opt/rustwide/target/debug/deps/libdyn_clone-fd8777f76f1da05d.rlib" "/opt/rustwide/target/debug/deps/libserde_json-9e2c0f7c7b83109f.rlib" "/opt/rustwide/target/debug/deps/libryu-ea39a09c529e6e72.rlib" "/opt/rustwide/target/debug/deps/libitoa-e88ee3f1a6d1ed0d.rlib" "/opt/rustwide/target/debug/deps/libbase64ct-c5d66435c540f5a5.rlib" "/opt/rustwide/target/debug/deps/libp256-ef110a4c65df6ea9.rlib" "/opt/rustwide/target/debug/deps/libsha2-5c833bdbca1c4c4b.rlib" "/opt/rustwide/target/debug/deps/libecdsa-4e902570464e7da3.rlib" "/opt/rustwide/target/debug/deps/librfc6979-304c4f7079e38a3e.rlib" "/opt/rustwide/target/debug/deps/libelliptic_curve-ff8bdfd51f103839.rlib" "/opt/rustwide/target/debug/deps/libsec1-d7d2090beda1e0ee.rlib" "/opt/rustwide/target/debug/deps/libpkcs8-e71a01174d516912.rlib" "/opt/rustwide/target/debug/deps/libspki-af7e89e68f1efd3f.rlib" "/opt/rustwide/target/debug/deps/libbase16ct-490c635093b77b66.rlib" "/opt/rustwide/target/debug/deps/libgroup-cd71f0c7e43ae674.rlib" "/opt/rustwide/target/debug/deps/libff-081ccfdc3169206e.rlib" "/opt/rustwide/target/debug/deps/libcrypto_bigint-2dc41f17ec2ea84a.rlib" "/opt/rustwide/target/debug/deps/libder-b8a116f93bc11dbc.rlib" "/opt/rustwide/target/debug/deps/libconst_oid-913699d59562ef34.rlib" "/opt/rustwide/target/debug/deps/libsecp256k1-418c568f889ab39b.rlib" "/opt/rustwide/target/debug/deps/libbitcoin_hashes-131eba66ef2c4b3c.rlib" "/opt/rustwide/target/debug/deps/libsecp256k1_sys-df89623a01a9a73d.rlib" "/opt/rustwide/target/debug/deps/libhkdf-9aa6bef4e16e6992.rlib" "/opt/rustwide/target/debug/deps/libhmac-f14cb57e95c91c3d.rlib" "/opt/rustwide/target/debug/deps/libserde_bytes-71f115d837b1d3a7.rlib" "/opt/rustwide/target/debug/deps/libed25519_consensus-44957a1db8cbc725.rlib" "/opt/rustwide/target/debug/deps/libhex-72ec0daf2bf2906b.rlib" "/opt/rustwide/target/debug/deps/libsha2-1bac6b6cef1acd42.rlib" "/opt/rustwide/target/debug/deps/libbulletproofs-6285a6ed74760aec.rlib" "/opt/rustwide/target/debug/deps/libmerlin-b363cfa88a1775bd.rlib" "/opt/rustwide/target/debug/deps/libsha3-70e54433fc540cd6.rlib" "/opt/rustwide/target/debug/deps/libkeccak-965c542a270f2821.rlib" "/opt/rustwide/target/debug/deps/libblock_buffer-5804970e27c5afe0.rlib" "/opt/rustwide/target/debug/deps/libblock_padding-529262f7f20ce3db.rlib" "/opt/rustwide/target/debug/deps/libthiserror-cf4b8ae53eca5b0a.rlib" "/opt/rustwide/target/debug/deps/libcurve25519_dalek_ng-be7f99d1e4d3fbe5.rlib" "/opt/rustwide/target/debug/deps/libsubtle_ng-c234fa39b6500dc6.rlib" "/opt/rustwide/target/debug/deps/libdigest-6e18cd45ecc3fc48.rlib" "/opt/rustwide/target/debug/deps/libbyteorder-ba0f931965324ab6.rlib" "/opt/rustwide/target/debug/deps/libclear_on_drop-dced70f62eae1a4f.rlib" "/opt/rustwide/target/debug/deps/libserde_with-9b6bff3181dafb9c.rlib" "/opt/rustwide/target/debug/deps/libblst-d1425946069e01e4.rlib" "/opt/rustwide/target/debug/deps/libthreadpool-24cbd7bdba8fc70e.rlib" "/opt/rustwide/target/debug/deps/libnum_cpus-e099bae3f1553ce6.rlib" "/opt/rustwide/target/debug/deps/libzeroize-7a2a2b30bc91c984.rlib" "/opt/rustwide/target/debug/deps/libaes_gcm-b3ba5610b027338d.rlib" "/opt/rustwide/target/debug/deps/libctr-47b296513ec037d8.rlib" "/opt/rustwide/target/debug/deps/libghash-c5ef35c15ce00905.rlib" "/opt/rustwide/target/debug/deps/libpolyval-e4ae1b2a954b1b94.rlib" "/opt/rustwide/target/debug/deps/libopaque_debug-eff99b3ccaf1703a.rlib" "/opt/rustwide/target/debug/deps/libuniversal_hash-ec2dca8770f751a8.rlib" "/opt/rustwide/target/debug/deps/libaead-31b7edd2bfbe656d.rlib" "/opt/rustwide/target/debug/deps/libaes-077c6aed735dcecd.rlib" "/opt/rustwide/target/debug/deps/libcpufeatures-b8f04b3eb3416634.rlib" "/opt/rustwide/target/debug/deps/libcipher-0628bf4b303aa565.rlib" "/opt/rustwide/target/debug/deps/libinout-d546953c5f22d693.rlib" "/opt/rustwide/target/debug/deps/libblock_padding-42d3cc88b6e59b1b.rlib" "/opt/rustwide/target/debug/deps/libeyre-b1d1dc70ffc9e1e1.rlib" "/opt/rustwide/target/debug/deps/libindenter-111f849807d2fc7d.rlib" "/opt/rustwide/target/debug/deps/libonce_cell-71d881f1d476ef10.rlib" "/opt/rustwide/target/debug/deps/libsignature-219f96ac9f34bad5.rlib" "/opt/rustwide/target/debug/deps/libdigest-40267334653c114d.rlib" "/opt/rustwide/target/debug/deps/libsubtle-8bc79091831144d7.rlib" "/opt/rustwide/target/debug/deps/libblock_buffer-e57db40945e5254d.rlib" "/opt/rustwide/target/debug/deps/libcrypto_common-b039252f5f2c4cf8.rlib" "/opt/rustwide/target/debug/deps/libgeneric_array-c226c61c6d2c3aa5.rlib" "/opt/rustwide/target/debug/deps/libtypenum-4270f7746c51f4e6.rlib" "/opt/rustwide/target/debug/deps/libserde-dddbf6e5b03af852.rlib" "/opt/rustwide/target/debug/deps/librand-611a61750d3f259e.rlib" "/opt/rustwide/target/debug/deps/librand_chacha-f730c218e6093544.rlib" "/opt/rustwide/target/debug/deps/libppv_lite86-c663305ef3ec04ad.rlib" "/opt/rustwide/target/debug/deps/librand_core-324c950b8e4651cf.rlib" "/opt/rustwide/target/debug/deps/libgetrandom-4d4915d592e2e424.rlib" "/opt/rustwide/target/debug/deps/liblibc-491504fcb857fe51.rlib" "/opt/rustwide/target/debug/deps/libcfg_if-8217498f8667ada9.rlib" "/opt/rustwide/rustup-home/toolchains/1.83.0-x86_64-unknown-linux-gnu/lib/rustlib/x86_64-unknown-linux-gnu/lib/libstd-ca74a2d9c5166d9f.rlib" "/opt/rustwide/rustup-home/toolchains/1.83.0-x86_64-unknown-linux-gnu/lib/rustlib/x86_64-unknown-linux-gnu/lib/libpanic_unwind-e31ab23316ed5080.rlib" "/opt/rustwide/rustup-home/toolchains/1.83.0-x86_64-unknown-linux-gnu/lib/rustlib/x86_64-unknown-linux-gnu/lib/libobject-27dc4aa955912662.rlib" "/opt/rustwide/rustup-home/toolchains/1.83.0-x86_64-unknown-linux-gnu/lib/rustlib/x86_64-unknown-linux-gnu/lib/libmemchr-bd0d6cccce077b99.rlib" "/opt/rustwide/rustup-home/toolchains/1.83.0-x86_64-unknown-linux-gnu/lib/rustlib/x86_64-unknown-linux-gnu/lib/libaddr2line-8d001680935b5e3c.rlib" "/opt/rustwide/rustup-home/toolchains/1.83.0-x86_64-unknown-linux-gnu/lib/rustlib/x86_64-unknown-linux-gnu/lib/libgimli-ba8ce71964f984f4.rlib" "/opt/rustwide/rustup-home/toolchains/1.83.0-x86_64-unknown-linux-gnu/lib/rustlib/x86_64-unknown-linux-gnu/lib/librustc_demangle-99a73526abcec14b.rlib" "/opt/rustwide/rustup-home/toolchains/1.83.0-x86_64-unknown-linux-gnu/lib/rustlib/x86_64-unknown-linux-gnu/lib/libstd_detect-63ac0d22cff92579.rlib" "/opt/rustwide/rustup-home/toolchains/1.83.0-x86_64-unknown-linux-gnu/lib/rustlib/x86_64-unknown-linux-gnu/lib/libhashbrown-9057355c92c922d5.rlib" "/opt/rustwide/rustup-home/toolchains/1.83.0-x86_64-unknown-linux-gnu/lib/rustlib/x86_64-unknown-linux-gnu/lib/librustc_std_workspace_alloc-358be9bc1f6bab04.rlib" "/opt/rustwide/rustup-home/toolchains/1.83.0-x86_64-unknown-linux-gnu/lib/rustlib/x86_64-unknown-linux-gnu/lib/libminiz_oxide-aca15549d5bff974.rlib" "/opt/rustwide/rustup-home/toolchains/1.83.0-x86_64-unknown-linux-gnu/lib/rustlib/x86_64-unknown-linux-gnu/lib/libadler-8251d2cef7072448.rlib" "/opt/rustwide/rustup-home/toolchains/1.83.0-x86_64-unknown-linux-gnu/lib/rustlib/x86_64-unknown-linux-gnu/lib/libunwind-7d50b86011c66411.rlib" "/opt/rustwide/rustup-home/toolchains/1.83.0-x86_64-unknown-linux-gnu/lib/rustlib/x86_64-unknown-linux-gnu/lib/libcfg_if-51ea098fce5006bf.rlib" "/opt/rustwide/rustup-home/toolchains/1.83.0-x86_64-unknown-linux-gnu/lib/rustlib/x86_64-unknown-linux-gnu/lib/liblibc-5a14e0d0b712e731.rlib" "/opt/rustwide/rustup-home/toolchains/1.83.0-x86_64-unknown-linux-gnu/lib/rustlib/x86_64-unknown-linux-gnu/lib/liballoc-8b83dbf3a7b8f999.rlib" "/opt/rustwide/rustup-home/toolchains/1.83.0-x86_64-unknown-linux-gnu/lib/rustlib/x86_64-unknown-linux-gnu/lib/librustc_std_workspace_core-c6fd227bdc7b39ff.rlib" "/opt/rustwide/rustup-home/toolchains/1.83.0-x86_64-unknown-linux-gnu/lib/rustlib/x86_64-unknown-linux-gnu/lib/libcore-959d3389fa3da8a5.rlib" "/opt/rustwide/rustup-home/toolchains/1.83.0-x86_64-unknown-linux-gnu/lib/rustlib/x86_64-unknown-linux-gnu/lib/libcompiler_builtins-abe05db089cc2c62.rlib" "-Wl,-Bdynamic" "-lgcc_s" "-lutil" "-lrt" "-lpthread" "-lm" "-ldl" "-lc" "-Wl,--eh-frame-hdr" "-Wl,-z,noexecstack" "-L" "/opt/rustwide/target/debug/build/blake3-c7ff08467a61e621/out" "-L" "/opt/rustwide/target/debug/build/blst-6335b4e8d0b4cd1d/out" "-L" "/opt/rustwide/target/debug/build/clear_on_drop-3768681f1b16cb38/out" "-L" "/opt/rustwide/target/debug/build/secp256k1-sys-517cb008558c083c/out" "-L" "/opt/rustwide/rustup-home/toolchains/1.83.0-x86_64-unknown-linux-gnu/lib/rustlib/x86_64-unknown-linux-gnu/lib" "-o" "/tmp/rustdoctest9dnjhe/rust_out" "-Wl,--gc-sections" "-pie" "-Wl,-z,relro,-z,now" "-nodefaultlibs"
[INFO] [stdout]   = note: collect2: fatal error: ld terminated with signal 9 [Killed]
[INFO] [stdout]           compilation terminated.
[INFO] [stdout]           
[INFO] [stdout] 
[INFO] [stdout] error: aborting due to 1 previous error
[INFO] [stdout] 
[INFO] [stdout] Couldn't compile the test.
[INFO] [stdout] ---- fastcrypto/src/secp256k1.rs - secp256k1 (line 8) stdout ----
[INFO] [stdout] error: linking with `cc` failed: exit status: 1
[INFO] [stdout]   |
[INFO] [stdout]   = note: LC_ALL="C" PATH="/opt/rustwide/rustup-home/toolchains/1.83.0-x86_64-unknown-linux-gnu/lib/rustlib/x86_64-unknown-linux-gnu/bin:/opt/rustwide/cargo-home/bin:/usr/local/sbin:/usr/local/bin:/usr/sbin:/usr/bin:/sbin:/bin" VSLANG="1033" "cc" "-m64" "/tmp/rustcTl0GWS/symbols.o" "/tmp/rustdoctestjbxlUr/rust_out.rust_out.cb03291d53e4e161-cgu.0.rcgu.o" "/tmp/rustdoctestjbxlUr/rust_out.1s7umcihpz0t7nkz1uc2ifee9.rcgu.o" "-Wl,--as-needed" "-Wl,-Bstatic" "/opt/rustwide/target/debug/deps/libfastcrypto-b5a77257fac2b609.rlib" "/opt/rustwide/target/debug/deps/libbs58-dcfac83c2f924b75.rlib" "/opt/rustwide/target/debug/deps/libblake3-246939f235cf1ff9.rlib" "/opt/rustwide/target/debug/deps/libconstant_time_eq-834d28e323943656.rlib" "/opt/rustwide/target/debug/deps/libarrayvec-24235e6c8c1a0e39.rlib" "/opt/rustwide/target/debug/deps/libarrayref-44033c32324f484e.rlib" "/opt/rustwide/target/debug/deps/libblake2-f36907fec7540b08.rlib" "/opt/rustwide/target/debug/deps/libsha3-9afa85e08c443cdb.rlib" "/opt/rustwide/target/debug/deps/libbincode-fdb9efa5a30cb01f.rlib" "/opt/rustwide/target/debug/deps/libcbc-b55bbb59b838f64f.rlib" "/opt/rustwide/target/debug/deps/libauto_ops-8370b9e9bbf4bbe4.rlib" "/opt/rustwide/target/debug/deps/libtokio-d1a62783ed1f3e8d.rlib" "/opt/rustwide/target/debug/deps/libpin_project_lite-814a617e2c2a5066.rlib" "/opt/rustwide/target/debug/deps/libschemars-fdff8a3e41d632f9.rlib" "/opt/rustwide/target/debug/deps/libdyn_clone-fd8777f76f1da05d.rlib" "/opt/rustwide/target/debug/deps/libserde_json-9e2c0f7c7b83109f.rlib" "/opt/rustwide/target/debug/deps/libryu-ea39a09c529e6e72.rlib" "/opt/rustwide/target/debug/deps/libitoa-e88ee3f1a6d1ed0d.rlib" "/opt/rustwide/target/debug/deps/libbase64ct-c5d66435c540f5a5.rlib" "/opt/rustwide/target/debug/deps/libp256-ef110a4c65df6ea9.rlib" "/opt/rustwide/target/debug/deps/libsha2-5c833bdbca1c4c4b.rlib" "/opt/rustwide/target/debug/deps/libecdsa-4e902570464e7da3.rlib" "/opt/rustwide/target/debug/deps/librfc6979-304c4f7079e38a3e.rlib" "/opt/rustwide/target/debug/deps/libelliptic_curve-ff8bdfd51f103839.rlib" "/opt/rustwide/target/debug/deps/libsec1-d7d2090beda1e0ee.rlib" "/opt/rustwide/target/debug/deps/libpkcs8-e71a01174d516912.rlib" "/opt/rustwide/target/debug/deps/libspki-af7e89e68f1efd3f.rlib" "/opt/rustwide/target/debug/deps/libbase16ct-490c635093b77b66.rlib" "/opt/rustwide/target/debug/deps/libgroup-cd71f0c7e43ae674.rlib" "/opt/rustwide/target/debug/deps/libff-081ccfdc3169206e.rlib" "/opt/rustwide/target/debug/deps/libcrypto_bigint-2dc41f17ec2ea84a.rlib" "/opt/rustwide/target/debug/deps/libder-b8a116f93bc11dbc.rlib" "/opt/rustwide/target/debug/deps/libconst_oid-913699d59562ef34.rlib" "/opt/rustwide/target/debug/deps/libsecp256k1-418c568f889ab39b.rlib" "/opt/rustwide/target/debug/deps/libbitcoin_hashes-131eba66ef2c4b3c.rlib" "/opt/rustwide/target/debug/deps/libsecp256k1_sys-df89623a01a9a73d.rlib" "/opt/rustwide/target/debug/deps/libhkdf-9aa6bef4e16e6992.rlib" "/opt/rustwide/target/debug/deps/libhmac-f14cb57e95c91c3d.rlib" "/opt/rustwide/target/debug/deps/libserde_bytes-71f115d837b1d3a7.rlib" "/opt/rustwide/target/debug/deps/libed25519_consensus-44957a1db8cbc725.rlib" "/opt/rustwide/target/debug/deps/libhex-72ec0daf2bf2906b.rlib" "/opt/rustwide/target/debug/deps/libsha2-1bac6b6cef1acd42.rlib" "/opt/rustwide/target/debug/deps/libbulletproofs-6285a6ed74760aec.rlib" "/opt/rustwide/target/debug/deps/libmerlin-b363cfa88a1775bd.rlib" "/opt/rustwide/target/debug/deps/libsha3-70e54433fc540cd6.rlib" "/opt/rustwide/target/debug/deps/libkeccak-965c542a270f2821.rlib" "/opt/rustwide/target/debug/deps/libblock_buffer-5804970e27c5afe0.rlib" "/opt/rustwide/target/debug/deps/libblock_padding-529262f7f20ce3db.rlib" "/opt/rustwide/target/debug/deps/libthiserror-cf4b8ae53eca5b0a.rlib" "/opt/rustwide/target/debug/deps/libcurve25519_dalek_ng-be7f99d1e4d3fbe5.rlib" "/opt/rustwide/target/debug/deps/libsubtle_ng-c234fa39b6500dc6.rlib" "/opt/rustwide/target/debug/deps/libdigest-6e18cd45ecc3fc48.rlib" "/opt/rustwide/target/debug/deps/libbyteorder-ba0f931965324ab6.rlib" "/opt/rustwide/target/debug/deps/libclear_on_drop-dced70f62eae1a4f.rlib" "/opt/rustwide/target/debug/deps/libserde_with-9b6bff3181dafb9c.rlib" "/opt/rustwide/target/debug/deps/libblst-d1425946069e01e4.rlib" "/opt/rustwide/target/debug/deps/libthreadpool-24cbd7bdba8fc70e.rlib" "/opt/rustwide/target/debug/deps/libnum_cpus-e099bae3f1553ce6.rlib" "/opt/rustwide/target/debug/deps/libzeroize-7a2a2b30bc91c984.rlib" "/opt/rustwide/target/debug/deps/libaes_gcm-b3ba5610b027338d.rlib" "/opt/rustwide/target/debug/deps/libctr-47b296513ec037d8.rlib" "/opt/rustwide/target/debug/deps/libghash-c5ef35c15ce00905.rlib" "/opt/rustwide/target/debug/deps/libpolyval-e4ae1b2a954b1b94.rlib" "/opt/rustwide/target/debug/deps/libopaque_debug-eff99b3ccaf1703a.rlib" "/opt/rustwide/target/debug/deps/libuniversal_hash-ec2dca8770f751a8.rlib" "/opt/rustwide/target/debug/deps/libaead-31b7edd2bfbe656d.rlib" "/opt/rustwide/target/debug/deps/libaes-077c6aed735dcecd.rlib" "/opt/rustwide/target/debug/deps/libcpufeatures-b8f04b3eb3416634.rlib" "/opt/rustwide/target/debug/deps/libcipher-0628bf4b303aa565.rlib" "/opt/rustwide/target/debug/deps/libinout-d546953c5f22d693.rlib" "/opt/rustwide/target/debug/deps/libblock_padding-42d3cc88b6e59b1b.rlib" "/opt/rustwide/target/debug/deps/libeyre-b1d1dc70ffc9e1e1.rlib" "/opt/rustwide/target/debug/deps/libindenter-111f849807d2fc7d.rlib" "/opt/rustwide/target/debug/deps/libonce_cell-71d881f1d476ef10.rlib" "/opt/rustwide/target/debug/deps/libsignature-219f96ac9f34bad5.rlib" "/opt/rustwide/target/debug/deps/libdigest-40267334653c114d.rlib" "/opt/rustwide/target/debug/deps/libsubtle-8bc79091831144d7.rlib" "/opt/rustwide/target/debug/deps/libblock_buffer-e57db40945e5254d.rlib" "/opt/rustwide/target/debug/deps/libcrypto_common-b039252f5f2c4cf8.rlib" "/opt/rustwide/target/debug/deps/libgeneric_array-c226c61c6d2c3aa5.rlib" "/opt/rustwide/target/debug/deps/libtypenum-4270f7746c51f4e6.rlib" "/opt/rustwide/target/debug/deps/libserde-dddbf6e5b03af852.rlib" "/opt/rustwide/target/debug/deps/librand-611a61750d3f259e.rlib" "/opt/rustwide/target/debug/deps/librand_chacha-f730c218e6093544.rlib" "/opt/rustwide/target/debug/deps/libppv_lite86-c663305ef3ec04ad.rlib" "/opt/rustwide/target/debug/deps/librand_core-324c950b8e4651cf.rlib" "/opt/rustwide/target/debug/deps/libgetrandom-4d4915d592e2e424.rlib" "/opt/rustwide/target/debug/deps/liblibc-491504fcb857fe51.rlib" "/opt/rustwide/target/debug/deps/libcfg_if-8217498f8667ada9.rlib" "/opt/rustwide/rustup-home/toolchains/1.83.0-x86_64-unknown-linux-gnu/lib/rustlib/x86_64-unknown-linux-gnu/lib/libstd-ca74a2d9c5166d9f.rlib" "/opt/rustwide/rustup-home/toolchains/1.83.0-x86_64-unknown-linux-gnu/lib/rustlib/x86_64-unknown-linux-gnu/lib/libpanic_unwind-e31ab23316ed5080.rlib" "/opt/rustwide/rustup-home/toolchains/1.83.0-x86_64-unknown-linux-gnu/lib/rustlib/x86_64-unknown-linux-gnu/lib/libobject-27dc4aa955912662.rlib" "/opt/rustwide/rustup-home/toolchains/1.83.0-x86_64-unknown-linux-gnu/lib/rustlib/x86_64-unknown-linux-gnu/lib/libmemchr-bd0d6cccce077b99.rlib" "/opt/rustwide/rustup-home/toolchains/1.83.0-x86_64-unknown-linux-gnu/lib/rustlib/x86_64-unknown-linux-gnu/lib/libaddr2line-8d001680935b5e3c.rlib" "/opt/rustwide/rustup-home/toolchains/1.83.0-x86_64-unknown-linux-gnu/lib/rustlib/x86_64-unknown-linux-gnu/lib/libgimli-ba8ce71964f984f4.rlib" "/opt/rustwide/rustup-home/toolchains/1.83.0-x86_64-unknown-linux-gnu/lib/rustlib/x86_64-unknown-linux-gnu/lib/librustc_demangle-99a73526abcec14b.rlib" "/opt/rustwide/rustup-home/toolchains/1.83.0-x86_64-unknown-linux-gnu/lib/rustlib/x86_64-unknown-linux-gnu/lib/libstd_detect-63ac0d22cff92579.rlib" "/opt/rustwide/rustup-home/toolchains/1.83.0-x86_64-unknown-linux-gnu/lib/rustlib/x86_64-unknown-linux-gnu/lib/libhashbrown-9057355c92c922d5.rlib" "/opt/rustwide/rustup-home/toolchains/1.83.0-x86_64-unknown-linux-gnu/lib/rustlib/x86_64-unknown-linux-gnu/lib/librustc_std_workspace_alloc-358be9bc1f6bab04.rlib" "/opt/rustwide/rustup-home/toolchains/1.83.0-x86_64-unknown-linux-gnu/lib/rustlib/x86_64-unknown-linux-gnu/lib/libminiz_oxide-aca15549d5bff974.rlib" "/opt/rustwide/rustup-home/toolchains/1.83.0-x86_64-unknown-linux-gnu/lib/rustlib/x86_64-unknown-linux-gnu/lib/libadler-8251d2cef7072448.rlib" "/opt/rustwide/rustup-home/toolchains/1.83.0-x86_64-unknown-linux-gnu/lib/rustlib/x86_64-unknown-linux-gnu/lib/libunwind-7d50b86011c66411.rlib" "/opt/rustwide/rustup-home/toolchains/1.83.0-x86_64-unknown-linux-gnu/lib/rustlib/x86_64-unknown-linux-gnu/lib/libcfg_if-51ea098fce5006bf.rlib" "/opt/rustwide/rustup-home/toolchains/1.83.0-x86_64-unknown-linux-gnu/lib/rustlib/x86_64-unknown-linux-gnu/lib/liblibc-5a14e0d0b712e731.rlib" "/opt/rustwide/rustup-home/toolchains/1.83.0-x86_64-unknown-linux-gnu/lib/rustlib/x86_64-unknown-linux-gnu/lib/liballoc-8b83dbf3a7b8f999.rlib" "/opt/rustwide/rustup-home/toolchains/1.83.0-x86_64-unknown-linux-gnu/lib/rustlib/x86_64-unknown-linux-gnu/lib/librustc_std_workspace_core-c6fd227bdc7b39ff.rlib" "/opt/rustwide/rustup-home/toolchains/1.83.0-x86_64-unknown-linux-gnu/lib/rustlib/x86_64-unknown-linux-gnu/lib/libcore-959d3389fa3da8a5.rlib" "/opt/rustwide/rustup-home/toolchains/1.83.0-x86_64-unknown-linux-gnu/lib/rustlib/x86_64-unknown-linux-gnu/lib/libcompiler_builtins-abe05db089cc2c62.rlib" "-Wl,-Bdynamic" "-lgcc_s" "-lutil" "-lrt" "-lpthread" "-lm" "-ldl" "-lc" "-Wl,--eh-frame-hdr" "-Wl,-z,noexecstack" "-L" "/opt/rustwide/target/debug/build/blake3-c7ff08467a61e621/out" "-L" "/opt/rustwide/target/debug/build/blst-6335b4e8d0b4cd1d/out" "-L" "/opt/rustwide/target/debug/build/clear_on_drop-3768681f1b16cb38/out" "-L" "/opt/rustwide/target/debug/build/secp256k1-sys-517cb008558c083c/out" "-L" "/opt/rustwide/rustup-home/toolchains/1.83.0-x86_64-unknown-linux-gnu/lib/rustlib/x86_64-unknown-linux-gnu/lib" "-o" "/tmp/rustdoctestjbxlUr/rust_out" "-Wl,--gc-sections" "-pie" "-Wl,-z,relro,-z,now" "-nodefaultlibs"
[INFO] [stdout]   = note: collect2: fatal error: ld terminated with signal 9 [Killed]
[INFO] [stdout]           compilation terminated.
[INFO] [stdout]           
[INFO] [stdout] 
[INFO] [stdout] error: aborting due to 1 previous error
[INFO] [stdout] 
[INFO] [stdout] Couldn't compile the test.
[INFO] [stdout] ---- fastcrypto/src/hash.rs - hash (line 7) stdout ----
[INFO] [stdout] error: linking with `cc` failed: exit status: 1
[INFO] [stdout]   |
[INFO] [stdout]   = note: LC_ALL="C" PATH="/opt/rustwide/rustup-home/toolchains/1.83.0-x86_64-unknown-linux-gnu/lib/rustlib/x86_64-unknown-linux-gnu/bin:/opt/rustwide/cargo-home/bin:/usr/local/sbin:/usr/local/bin:/usr/sbin:/usr/bin:/sbin:/bin" VSLANG="1033" "cc" "-m64" "/tmp/rustc8Iw6Qj/symbols.o" "/tmp/rustdoctestnpmlEg/rust_out.rust_out.cb03291d53e4e161-cgu.0.rcgu.o" "/tmp/rustdoctestnpmlEg/rust_out.1s7umcihpz0t7nkz1uc2ifee9.rcgu.o" "-Wl,--as-needed" "-Wl,-Bstatic" "/opt/rustwide/target/debug/deps/libfastcrypto-b5a77257fac2b609.rlib" "/opt/rustwide/target/debug/deps/libbs58-dcfac83c2f924b75.rlib" "/opt/rustwide/target/debug/deps/libblake3-246939f235cf1ff9.rlib" "/opt/rustwide/target/debug/deps/libconstant_time_eq-834d28e323943656.rlib" "/opt/rustwide/target/debug/deps/libarrayvec-24235e6c8c1a0e39.rlib" "/opt/rustwide/target/debug/deps/libarrayref-44033c32324f484e.rlib" "/opt/rustwide/target/debug/deps/libblake2-f36907fec7540b08.rlib" "/opt/rustwide/target/debug/deps/libsha3-9afa85e08c443cdb.rlib" "/opt/rustwide/target/debug/deps/libbincode-fdb9efa5a30cb01f.rlib" "/opt/rustwide/target/debug/deps/libcbc-b55bbb59b838f64f.rlib" "/opt/rustwide/target/debug/deps/libauto_ops-8370b9e9bbf4bbe4.rlib" "/opt/rustwide/target/debug/deps/libtokio-d1a62783ed1f3e8d.rlib" "/opt/rustwide/target/debug/deps/libpin_project_lite-814a617e2c2a5066.rlib" "/opt/rustwide/target/debug/deps/libschemars-fdff8a3e41d632f9.rlib" "/opt/rustwide/target/debug/deps/libdyn_clone-fd8777f76f1da05d.rlib" "/opt/rustwide/target/debug/deps/libserde_json-9e2c0f7c7b83109f.rlib" "/opt/rustwide/target/debug/deps/libryu-ea39a09c529e6e72.rlib" "/opt/rustwide/target/debug/deps/libitoa-e88ee3f1a6d1ed0d.rlib" "/opt/rustwide/target/debug/deps/libbase64ct-c5d66435c540f5a5.rlib" "/opt/rustwide/target/debug/deps/libp256-ef110a4c65df6ea9.rlib" "/opt/rustwide/target/debug/deps/libsha2-5c833bdbca1c4c4b.rlib" "/opt/rustwide/target/debug/deps/libecdsa-4e902570464e7da3.rlib" "/opt/rustwide/target/debug/deps/librfc6979-304c4f7079e38a3e.rlib" "/opt/rustwide/target/debug/deps/libelliptic_curve-ff8bdfd51f103839.rlib" "/opt/rustwide/target/debug/deps/libsec1-d7d2090beda1e0ee.rlib" "/opt/rustwide/target/debug/deps/libpkcs8-e71a01174d516912.rlib" "/opt/rustwide/target/debug/deps/libspki-af7e89e68f1efd3f.rlib" "/opt/rustwide/target/debug/deps/libbase16ct-490c635093b77b66.rlib" "/opt/rustwide/target/debug/deps/libgroup-cd71f0c7e43ae674.rlib" "/opt/rustwide/target/debug/deps/libff-081ccfdc3169206e.rlib" "/opt/rustwide/target/debug/deps/libcrypto_bigint-2dc41f17ec2ea84a.rlib" "/opt/rustwide/target/debug/deps/libder-b8a116f93bc11dbc.rlib" "/opt/rustwide/target/debug/deps/libconst_oid-913699d59562ef34.rlib" "/opt/rustwide/target/debug/deps/libsecp256k1-418c568f889ab39b.rlib" "/opt/rustwide/target/debug/deps/libbitcoin_hashes-131eba66ef2c4b3c.rlib" "/opt/rustwide/target/debug/deps/libsecp256k1_sys-df89623a01a9a73d.rlib" "/opt/rustwide/target/debug/deps/libhkdf-9aa6bef4e16e6992.rlib" "/opt/rustwide/target/debug/deps/libhmac-f14cb57e95c91c3d.rlib" "/opt/rustwide/target/debug/deps/libserde_bytes-71f115d837b1d3a7.rlib" "/opt/rustwide/target/debug/deps/libed25519_consensus-44957a1db8cbc725.rlib" "/opt/rustwide/target/debug/deps/libhex-72ec0daf2bf2906b.rlib" "/opt/rustwide/target/debug/deps/libsha2-1bac6b6cef1acd42.rlib" "/opt/rustwide/target/debug/deps/libbulletproofs-6285a6ed74760aec.rlib" "/opt/rustwide/target/debug/deps/libmerlin-b363cfa88a1775bd.rlib" "/opt/rustwide/target/debug/deps/libsha3-70e54433fc540cd6.rlib" "/opt/rustwide/target/debug/deps/libkeccak-965c542a270f2821.rlib" "/opt/rustwide/target/debug/deps/libblock_buffer-5804970e27c5afe0.rlib" "/opt/rustwide/target/debug/deps/libblock_padding-529262f7f20ce3db.rlib" "/opt/rustwide/target/debug/deps/libthiserror-cf4b8ae53eca5b0a.rlib" "/opt/rustwide/target/debug/deps/libcurve25519_dalek_ng-be7f99d1e4d3fbe5.rlib" "/opt/rustwide/target/debug/deps/libsubtle_ng-c234fa39b6500dc6.rlib" "/opt/rustwide/target/debug/deps/libdigest-6e18cd45ecc3fc48.rlib" "/opt/rustwide/target/debug/deps/libbyteorder-ba0f931965324ab6.rlib" "/opt/rustwide/target/debug/deps/libclear_on_drop-dced70f62eae1a4f.rlib" "/opt/rustwide/target/debug/deps/libserde_with-9b6bff3181dafb9c.rlib" "/opt/rustwide/target/debug/deps/libblst-d1425946069e01e4.rlib" "/opt/rustwide/target/debug/deps/libthreadpool-24cbd7bdba8fc70e.rlib" "/opt/rustwide/target/debug/deps/libnum_cpus-e099bae3f1553ce6.rlib" "/opt/rustwide/target/debug/deps/libzeroize-7a2a2b30bc91c984.rlib" "/opt/rustwide/target/debug/deps/libaes_gcm-b3ba5610b027338d.rlib" "/opt/rustwide/target/debug/deps/libctr-47b296513ec037d8.rlib" "/opt/rustwide/target/debug/deps/libghash-c5ef35c15ce00905.rlib" "/opt/rustwide/target/debug/deps/libpolyval-e4ae1b2a954b1b94.rlib" "/opt/rustwide/target/debug/deps/libopaque_debug-eff99b3ccaf1703a.rlib" "/opt/rustwide/target/debug/deps/libuniversal_hash-ec2dca8770f751a8.rlib" "/opt/rustwide/target/debug/deps/libaead-31b7edd2bfbe656d.rlib" "/opt/rustwide/target/debug/deps/libaes-077c6aed735dcecd.rlib" "/opt/rustwide/target/debug/deps/libcpufeatures-b8f04b3eb3416634.rlib" "/opt/rustwide/target/debug/deps/libcipher-0628bf4b303aa565.rlib" "/opt/rustwide/target/debug/deps/libinout-d546953c5f22d693.rlib" "/opt/rustwide/target/debug/deps/libblock_padding-42d3cc88b6e59b1b.rlib" "/opt/rustwide/target/debug/deps/libeyre-b1d1dc70ffc9e1e1.rlib" "/opt/rustwide/target/debug/deps/libindenter-111f849807d2fc7d.rlib" "/opt/rustwide/target/debug/deps/libonce_cell-71d881f1d476ef10.rlib" "/opt/rustwide/target/debug/deps/libsignature-219f96ac9f34bad5.rlib" "/opt/rustwide/target/debug/deps/libdigest-40267334653c114d.rlib" "/opt/rustwide/target/debug/deps/libsubtle-8bc79091831144d7.rlib" "/opt/rustwide/target/debug/deps/libblock_buffer-e57db40945e5254d.rlib" "/opt/rustwide/target/debug/deps/libcrypto_common-b039252f5f2c4cf8.rlib" "/opt/rustwide/target/debug/deps/libgeneric_array-c226c61c6d2c3aa5.rlib" "/opt/rustwide/target/debug/deps/libtypenum-4270f7746c51f4e6.rlib" "/opt/rustwide/target/debug/deps/libserde-dddbf6e5b03af852.rlib" "/opt/rustwide/target/debug/deps/librand-611a61750d3f259e.rlib" "/opt/rustwide/target/debug/deps/librand_chacha-f730c218e6093544.rlib" "/opt/rustwide/target/debug/deps/libppv_lite86-c663305ef3ec04ad.rlib" "/opt/rustwide/target/debug/deps/librand_core-324c950b8e4651cf.rlib" "/opt/rustwide/target/debug/deps/libgetrandom-4d4915d592e2e424.rlib" "/opt/rustwide/target/debug/deps/liblibc-491504fcb857fe51.rlib" "/opt/rustwide/target/debug/deps/libcfg_if-8217498f8667ada9.rlib" "/opt/rustwide/rustup-home/toolchains/1.83.0-x86_64-unknown-linux-gnu/lib/rustlib/x86_64-unknown-linux-gnu/lib/libstd-ca74a2d9c5166d9f.rlib" "/opt/rustwide/rustup-home/toolchains/1.83.0-x86_64-unknown-linux-gnu/lib/rustlib/x86_64-unknown-linux-gnu/lib/libpanic_unwind-e31ab23316ed5080.rlib" "/opt/rustwide/rustup-home/toolchains/1.83.0-x86_64-unknown-linux-gnu/lib/rustlib/x86_64-unknown-linux-gnu/lib/libobject-27dc4aa955912662.rlib" "/opt/rustwide/rustup-home/toolchains/1.83.0-x86_64-unknown-linux-gnu/lib/rustlib/x86_64-unknown-linux-gnu/lib/libmemchr-bd0d6cccce077b99.rlib" "/opt/rustwide/rustup-home/toolchains/1.83.0-x86_64-unknown-linux-gnu/lib/rustlib/x86_64-unknown-linux-gnu/lib/libaddr2line-8d001680935b5e3c.rlib" "/opt/rustwide/rustup-home/toolchains/1.83.0-x86_64-unknown-linux-gnu/lib/rustlib/x86_64-unknown-linux-gnu/lib/libgimli-ba8ce71964f984f4.rlib" "/opt/rustwide/rustup-home/toolchains/1.83.0-x86_64-unknown-linux-gnu/lib/rustlib/x86_64-unknown-linux-gnu/lib/librustc_demangle-99a73526abcec14b.rlib" "/opt/rustwide/rustup-home/toolchains/1.83.0-x86_64-unknown-linux-gnu/lib/rustlib/x86_64-unknown-linux-gnu/lib/libstd_detect-63ac0d22cff92579.rlib" "/opt/rustwide/rustup-home/toolchains/1.83.0-x86_64-unknown-linux-gnu/lib/rustlib/x86_64-unknown-linux-gnu/lib/libhashbrown-9057355c92c922d5.rlib" "/opt/rustwide/rustup-home/toolchains/1.83.0-x86_64-unknown-linux-gnu/lib/rustlib/x86_64-unknown-linux-gnu/lib/librustc_std_workspace_alloc-358be9bc1f6bab04.rlib" "/opt/rustwide/rustup-home/toolchains/1.83.0-x86_64-unknown-linux-gnu/lib/rustlib/x86_64-unknown-linux-gnu/lib/libminiz_oxide-aca15549d5bff974.rlib" "/opt/rustwide/rustup-home/toolchains/1.83.0-x86_64-unknown-linux-gnu/lib/rustlib/x86_64-unknown-linux-gnu/lib/libadler-8251d2cef7072448.rlib" "/opt/rustwide/rustup-home/toolchains/1.83.0-x86_64-unknown-linux-gnu/lib/rustlib/x86_64-unknown-linux-gnu/lib/libunwind-7d50b86011c66411.rlib" "/opt/rustwide/rustup-home/toolchains/1.83.0-x86_64-unknown-linux-gnu/lib/rustlib/x86_64-unknown-linux-gnu/lib/libcfg_if-51ea098fce5006bf.rlib" "/opt/rustwide/rustup-home/toolchains/1.83.0-x86_64-unknown-linux-gnu/lib/rustlib/x86_64-unknown-linux-gnu/lib/liblibc-5a14e0d0b712e731.rlib" "/opt/rustwide/rustup-home/toolchains/1.83.0-x86_64-unknown-linux-gnu/lib/rustlib/x86_64-unknown-linux-gnu/lib/liballoc-8b83dbf3a7b8f999.rlib" "/opt/rustwide/rustup-home/toolchains/1.83.0-x86_64-unknown-linux-gnu/lib/rustlib/x86_64-unknown-linux-gnu/lib/librustc_std_workspace_core-c6fd227bdc7b39ff.rlib" "/opt/rustwide/rustup-home/toolchains/1.83.0-x86_64-unknown-linux-gnu/lib/rustlib/x86_64-unknown-linux-gnu/lib/libcore-959d3389fa3da8a5.rlib" "/opt/rustwide/rustup-home/toolchains/1.83.0-x86_64-unknown-linux-gnu/lib/rustlib/x86_64-unknown-linux-gnu/lib/libcompiler_builtins-abe05db089cc2c62.rlib" "-Wl,-Bdynamic" "-lgcc_s" "-lutil" "-lrt" "-lpthread" "-lm" "-ldl" "-lc" "-Wl,--eh-frame-hdr" "-Wl,-z,noexecstack" "-L" "/opt/rustwide/target/debug/build/blake3-c7ff08467a61e621/out" "-L" "/opt/rustwide/target/debug/build/blst-6335b4e8d0b4cd1d/out" "-L" "/opt/rustwide/target/debug/build/clear_on_drop-3768681f1b16cb38/out" "-L" "/opt/rustwide/target/debug/build/secp256k1-sys-517cb008558c083c/out" "-L" "/opt/rustwide/rustup-home/toolchains/1.83.0-x86_64-unknown-linux-gnu/lib/rustlib/x86_64-unknown-linux-gnu/lib" "-o" "/tmp/rustdoctestnpmlEg/rust_out" "-Wl,--gc-sections" "-pie" "-Wl,-z,relro,-z,now" "-nodefaultlibs"
[INFO] [stdout]   = note: collect2: fatal error: ld terminated with signal 9 [Killed]
[INFO] [stdout]           compilation terminated.
[INFO] [stdout]           
[INFO] [stdout] 
[INFO] [stdout] error: aborting due to 1 previous error
[INFO] [stdout] 
[INFO] [stdout] Couldn't compile the test.
[INFO] [stdout] 
[INFO] [stdout] failures:
[INFO] [stdout]     fastcrypto/src/bulletproofs.rs - bulletproofs (line 7)
[INFO] [stdout]     fastcrypto/src/ed25519.rs - ed25519 (line 7)
[INFO] [stdout]     fastcrypto/src/encoding.rs - encoding (line 7)
[INFO] [stdout]     fastcrypto/src/hash.rs - hash (line 7)
[INFO] [stdout]     fastcrypto/src/hash.rs - hash::MultisetHash (line 210)
[INFO] [stdout]     fastcrypto/src/secp256k1.rs - secp256k1 (line 8)
[INFO] [stdout]     fastcrypto/src/secp256r1.rs - secp256r1 (line 9)
[INFO] [stdout]     fastcrypto/src/traits.rs - traits::VerifyingKey::verify_batch_empty_fail (line 109)
[INFO] [stdout] 
[INFO] [stdout] test result: FAILED. 8 passed; 8 failed; 0 ignored; 0 measured; 0 filtered out; finished in 10.69s
[INFO] [stdout] 
[INFO] [stderr] error: doctest failed, to rerun pass `-p fastcrypto --doc`
[INFO] running `Command { std: "docker" "inspect" "785ee36976690118cd32a8bf5f314064f709354ee5cc43d56f191b3b199adf0a", kill_on_drop: false }`
[INFO] running `Command { std: "docker" "rm" "-f" "785ee36976690118cd32a8bf5f314064f709354ee5cc43d56f191b3b199adf0a", kill_on_drop: false }`
[INFO] [stdout] 785ee36976690118cd32a8bf5f314064f709354ee5cc43d56f191b3b199adf0a
