[INFO] cloning repository https://github.com/wdecoster/make_arrow
[INFO] running `Command { std: "git" "-c" "credential.helper=" "-c" "credential.helper=/workspace/cargo-home/bin/git-credential-null" "clone" "--bare" "https://github.com/wdecoster/make_arrow" "/workspace/cache/git-repos/https%3A%2F%2Fgithub.com%2Fwdecoster%2Fmake_arrow", kill_on_drop: false }`
[INFO] [stderr] Cloning into bare repository '/workspace/cache/git-repos/https%3A%2F%2Fgithub.com%2Fwdecoster%2Fmake_arrow'...
[INFO] running `Command { std: "git" "rev-parse" "HEAD", kill_on_drop: false }`
[INFO] [stdout] a0a9d82d1501eb85083f2c996632cd5607ab24b2
[INFO] testing wdecoster/make_arrow against 1.83.0 for beta-1.84.0-4-retry
[INFO] running `Command { std: "git" "clone" "/workspace/cache/git-repos/https%3A%2F%2Fgithub.com%2Fwdecoster%2Fmake_arrow" "/workspace/builds/worker-7-tc1/source", kill_on_drop: false }`
[INFO] [stderr] Cloning into '/workspace/builds/worker-7-tc1/source'...
[INFO] [stderr] done.
[INFO] validating manifest of git repo https://github.com/wdecoster/make_arrow on toolchain 1.83.0
[INFO] running `Command { std: CARGO_HOME="/workspace/cargo-home" RUSTUP_HOME="/workspace/rustup-home" "/workspace/cargo-home/bin/cargo" "+1.83.0" "metadata" "--manifest-path" "Cargo.toml" "--no-deps", kill_on_drop: false }`
[INFO] started tweaking git repo https://github.com/wdecoster/make_arrow
[INFO] finished tweaking git repo https://github.com/wdecoster/make_arrow
[INFO] tweaked toml for git repo https://github.com/wdecoster/make_arrow written to /workspace/builds/worker-7-tc1/source/Cargo.toml
[INFO] crate git repo https://github.com/wdecoster/make_arrow already has a lockfile, it will not be regenerated
[INFO] running `Command { std: CARGO_HOME="/workspace/cargo-home" RUSTUP_HOME="/workspace/rustup-home" "/workspace/cargo-home/bin/cargo" "+1.83.0" "fetch" "--manifest-path" "Cargo.toml", kill_on_drop: false }`
[INFO] [stderr]  Downloading crates ...
[INFO] [stderr]   Downloaded rust-htslib v0.44.1
[INFO] [stderr]   Downloaded bio-types v1.0.0
[INFO] [stderr]   Downloaded arrow-schema v45.0.0
[INFO] [stderr]   Downloaded arrow-arith v45.0.0
[INFO] [stderr]   Downloaded arrow-csv v45.0.0
[INFO] [stderr]   Downloaded arrow-ipc v45.0.0
[INFO] [stderr]   Downloaded arrow-cast v45.0.0
[INFO] [stderr]   Downloaded arrow-json v45.0.0
[INFO] [stderr]   Downloaded arrow-ord v45.0.0
[INFO] [stderr]   Downloaded arrow-row v45.0.0
[INFO] [stderr]   Downloaded arrow-array v45.0.0
[INFO] [stderr]   Downloaded arrow-buffer v45.0.0
[INFO] [stderr]   Downloaded arrow-data v45.0.0
[INFO] [stderr]   Downloaded arrow-select v45.0.0
[INFO] [stderr]   Downloaded arrow-string v45.0.0
[INFO] [stderr]   Downloaded arrow v45.0.0
[INFO] [stderr]   Downloaded curl-sys v0.4.65+curl-8.2.1
[INFO] [stderr]   Downloaded openssl-src v111.27.0+1.1.1v
[INFO] running `Command { std: "docker" "create" "-v" "/var/lib/crater-agent-workspace/builds/worker-7-tc1/target:/opt/rustwide/target:rw,Z" "-v" "/var/lib/crater-agent-workspace/builds/worker-7-tc1/source:/opt/rustwide/workdir:ro,Z" "-v" "/var/lib/crater-agent-workspace/cargo-home:/opt/rustwide/cargo-home:ro,Z" "-v" "/var/lib/crater-agent-workspace/rustup-home:/opt/rustwide/rustup-home:ro,Z" "-e" "SOURCE_DIR=/opt/rustwide/workdir" "-e" "CARGO_TARGET_DIR=/opt/rustwide/target" "-e" "CARGO_HOME=/opt/rustwide/cargo-home" "-e" "RUSTUP_HOME=/opt/rustwide/rustup-home" "-w" "/opt/rustwide/workdir" "-m" "1610612736" "--user" "0:0" "--network" "none" "ghcr.io/rust-lang/crates-build-env/linux@sha256:f3a9d4ad9d972b27faf3965f35b62e55ba32bbce8f20bc8fe909558a86702fde" "/opt/rustwide/cargo-home/bin/cargo" "+1.83.0" "metadata" "--no-deps" "--format-version=1", kill_on_drop: false }`
[INFO] [stdout] c722baaef49d2601722f2fc3296de90a478a9c5a924d54bbf8a4743336a8d8b1
[INFO] running `Command { std: "docker" "start" "-a" "c722baaef49d2601722f2fc3296de90a478a9c5a924d54bbf8a4743336a8d8b1", kill_on_drop: false }`
[INFO] running `Command { std: "docker" "inspect" "c722baaef49d2601722f2fc3296de90a478a9c5a924d54bbf8a4743336a8d8b1", kill_on_drop: false }`
[INFO] running `Command { std: "docker" "rm" "-f" "c722baaef49d2601722f2fc3296de90a478a9c5a924d54bbf8a4743336a8d8b1", kill_on_drop: false }`
[INFO] [stdout] c722baaef49d2601722f2fc3296de90a478a9c5a924d54bbf8a4743336a8d8b1
[INFO] running `Command { std: "docker" "create" "-v" "/var/lib/crater-agent-workspace/builds/worker-7-tc1/target:/opt/rustwide/target:rw,Z" "-v" "/var/lib/crater-agent-workspace/builds/worker-7-tc1/source:/opt/rustwide/workdir:ro,Z" "-v" "/var/lib/crater-agent-workspace/cargo-home:/opt/rustwide/cargo-home:ro,Z" "-v" "/var/lib/crater-agent-workspace/rustup-home:/opt/rustwide/rustup-home:ro,Z" "-e" "SOURCE_DIR=/opt/rustwide/workdir" "-e" "CARGO_TARGET_DIR=/opt/rustwide/target" "-e" "CARGO_INCREMENTAL=0" "-e" "RUST_BACKTRACE=full" "-e" "RUSTFLAGS=--cap-lints=warn" "-e" "RUSTDOCFLAGS=--cap-lints=warn" "-e" "CARGO_HOME=/opt/rustwide/cargo-home" "-e" "RUSTUP_HOME=/opt/rustwide/rustup-home" "-w" "/opt/rustwide/workdir" "-m" "1610612736" "--user" "0:0" "--network" "none" "ghcr.io/rust-lang/crates-build-env/linux@sha256:f3a9d4ad9d972b27faf3965f35b62e55ba32bbce8f20bc8fe909558a86702fde" "/opt/rustwide/cargo-home/bin/cargo" "+1.83.0" "build" "--frozen" "--message-format=json", kill_on_drop: false }`
[INFO] [stdout] 2867562524b69f2bf6274be695a9d21fbd7b7efd11fe82ddb6867c4f9c69d4af
[INFO] running `Command { std: "docker" "start" "-a" "2867562524b69f2bf6274be695a9d21fbd7b7efd11fe82ddb6867c4f9c69d4af", kill_on_drop: false }`
[INFO] [stderr]    Compiling libc v0.2.147
[INFO] [stderr]    Compiling autocfg v1.1.0
[INFO] [stderr]    Compiling libm v0.2.7
[INFO] [stderr]    Compiling pkg-config v0.3.27
[INFO] [stderr]    Compiling cfg-if v1.0.0
[INFO] [stderr]    Compiling version_check v0.9.4
[INFO] [stderr]    Compiling proc-macro2 v1.0.66
[INFO] [stderr]    Compiling memchr v2.5.0
[INFO] [stderr]    Compiling unicode-ident v1.0.11
[INFO] [stderr]    Compiling once_cell v1.18.0
[INFO] [stderr]    Compiling iana-time-zone v0.1.57
[INFO] [stderr]    Compiling arrow-schema v45.0.0
[INFO] [stderr]    Compiling hashbrown v0.14.0
[INFO] [stderr]    Compiling vcpkg v0.2.15
[INFO] [stderr]    Compiling static_assertions v1.1.0
[INFO] [stderr]    Compiling semver v1.0.18
[INFO] [stderr]    Compiling lexical-util v0.8.5
[INFO] [stderr]    Compiling regex-syntax v0.7.4
[INFO] [stderr]    Compiling rustix v0.38.8
[INFO] [stderr]    Compiling syn v1.0.109
[INFO] [stderr]    Compiling serde v1.0.185
[INFO] [stderr]    Compiling num-traits v0.2.16
[INFO] [stderr]    Compiling num-integer v0.1.45
[INFO] [stderr]    Compiling num-bigint v0.4.3
[INFO] [stderr]    Compiling num-rational v0.4.1
[INFO] [stderr]    Compiling num-iter v0.1.43
[INFO] [stderr]    Compiling ahash v0.8.3
[INFO] [stderr]    Compiling lexical-parse-integer v0.8.6
[INFO] [stderr]    Compiling lexical-write-integer v0.8.5
[INFO] [stderr]    Compiling lexical-parse-float v0.8.5
[INFO] [stderr]    Compiling jobserver v0.1.26
[INFO] [stderr]    Compiling getrandom v0.2.10
[INFO] [stderr]    Compiling bitflags v2.4.0
[INFO] [stderr]    Compiling linux-raw-sys v0.4.5
[INFO] [stderr]    Compiling aho-corasick v1.0.4
[INFO] [stderr]    Compiling lexical-write-float v0.8.5
[INFO] [stderr]    Compiling rustc_version v0.4.0
[INFO] [stderr]    Compiling quote v1.0.33
[INFO] [stderr]    Compiling itoa v1.0.9
[INFO] [stderr]    Compiling cc v1.0.83
[INFO] [stderr]    Compiling rustversion v1.0.14
[INFO] [stderr]    Compiling heck v0.4.1
[INFO] [stderr]    Compiling syn v2.0.29
[INFO] [stderr]    Compiling quick-error v1.2.3
[INFO] [stderr]    Compiling ryu v1.0.15
[INFO] [stderr]    Compiling tinyvec_macros v0.1.1
[INFO] [stderr]    Compiling semver v0.1.20
[INFO] [stderr]    Compiling fs-utils v1.1.4
[INFO] [stderr]    Compiling lexical-core v0.8.5
[INFO] [stderr]    Compiling flatbuffers v23.5.26
[INFO] [stderr]    Compiling num-complex v0.4.4
[INFO] [stderr]    Compiling half v2.3.1
[INFO] [stderr]    Compiling chrono v0.4.26
[INFO] [stderr]    Compiling tinyvec v1.6.0
[INFO] [stderr]    Compiling rustc_version v0.1.7
[INFO] [stderr]    Compiling lazy_static v1.4.0
[INFO] [stderr]    Compiling thiserror v1.0.47
[INFO] [stderr]    Compiling glob v0.3.1
[INFO] [stderr]    Compiling serde_json v1.0.105
[INFO] [stderr]    Compiling utf8parse v0.2.1
[INFO] [stderr]    Compiling cmake v0.1.50
[INFO] [stderr]    Compiling openssl-src v111.27.0+1.1.1v
[INFO] [stderr]    Compiling is-terminal v0.4.9
[INFO] [stderr]    Compiling anstyle-parse v0.2.1
[INFO] [stderr]    Compiling newtype_derive v0.1.6
[INFO] [stderr]    Compiling unicode-normalization v0.1.22
[INFO] [stderr]    Compiling csv-core v0.1.10
[INFO] [stderr]    Compiling anstyle v1.0.1
[INFO] [stderr]    Compiling unicode-bidi v0.3.13
[INFO] [stderr]    Compiling equivalent v1.0.1
[INFO] [stderr]    Compiling anstyle-query v1.0.0
[INFO] [stderr]    Compiling colorchoice v1.0.0
[INFO] [stderr]    Compiling bitflags v1.3.2
[INFO] [stderr]    Compiling percent-encoding v2.3.0
[INFO] [stderr]    Compiling regex-automata v0.3.6
[INFO] [stderr]    Compiling anstream v0.3.2
[INFO] [stderr]    Compiling form_urlencoded v1.2.0
[INFO] [stderr]    Compiling indexmap v2.0.0
[INFO] [stderr]    Compiling clap_lex v0.5.0
[INFO] [stderr]    Compiling libz-sys v1.1.12
[INFO] [stderr]    Compiling openssl-sys v0.9.91
[INFO] [stderr]    Compiling curl-sys v0.4.65+curl-8.2.1
[INFO] [stderr]    Compiling bzip2-sys v0.1.11+1.0.8
[INFO] [stderr]    Compiling lzma-sys v0.1.20
[INFO] [stderr]    Compiling hts-sys v2.1.1
[INFO] [stderr]    Compiling idna v0.4.0
[INFO] [stderr]    Compiling strsim v0.10.0
[INFO] [stderr]    Compiling num v0.4.1
[INFO] [stderr]    Compiling arrow-buffer v45.0.0
[INFO] [stderr]    Compiling url v2.4.0
[INFO] [stderr]    Compiling clap_builder v4.3.23
[INFO] [stderr]    Compiling custom_derive v0.1.7
[INFO] [stderr]    Compiling termcolor v1.2.0
[INFO] [stderr]    Compiling humantime v2.1.0
[INFO] [stderr]    Compiling byteorder v1.4.3
[INFO] [stderr]    Compiling linear-map v1.2.0
[INFO] [stderr]    Compiling log v0.4.20
[INFO] [stderr]    Compiling arrow-data v45.0.0
[INFO] [stderr]    Compiling ieee754 v0.2.6
[INFO] [stderr]    Compiling derive-new v0.5.9
[INFO] [stderr]    Compiling strum_macros v0.24.3
[INFO] [stderr]    Compiling unzip-n v0.1.2
[INFO] [stderr]    Compiling arrow-array v45.0.0
[INFO] [stderr]    Compiling thiserror-impl v1.0.47
[INFO] [stderr]    Compiling clap_derive v4.3.12
[INFO] [stderr]    Compiling csv v1.2.2
[INFO] [stderr]    Compiling regex v1.9.3
[INFO] [stderr]    Compiling env_logger v0.10.0
[INFO] [stderr]    Compiling bio-types v1.0.0
[INFO] [stderr]    Compiling clap v4.3.23
[INFO] [stderr]    Compiling arrow-select v45.0.0
[INFO] [stderr]    Compiling arrow-row v45.0.0
[INFO] [stderr]    Compiling arrow-arith v45.0.0
[INFO] [stderr]    Compiling arrow-cast v45.0.0
[INFO] [stderr]    Compiling arrow-string v45.0.0
[INFO] [stderr]    Compiling arrow-ord v45.0.0
[INFO] [stderr]    Compiling arrow-csv v45.0.0
[INFO] [stderr]    Compiling arrow-ipc v45.0.0
[INFO] [stderr]    Compiling arrow-json v45.0.0
[INFO] [stderr]    Compiling arrow v45.0.0
[INFO] [stderr]    Compiling rust-htslib v0.44.1
[INFO] [stderr]    Compiling make_arrow v0.2.0 (/opt/rustwide/workdir)
[INFO] [stderr]     Finished `dev` profile [unoptimized + debuginfo] target(s) in 2m 51s
[INFO] running `Command { std: "docker" "inspect" "2867562524b69f2bf6274be695a9d21fbd7b7efd11fe82ddb6867c4f9c69d4af", kill_on_drop: false }`
[INFO] running `Command { std: "docker" "rm" "-f" "2867562524b69f2bf6274be695a9d21fbd7b7efd11fe82ddb6867c4f9c69d4af", kill_on_drop: false }`
[INFO] [stdout] 2867562524b69f2bf6274be695a9d21fbd7b7efd11fe82ddb6867c4f9c69d4af
[INFO] running `Command { std: "docker" "create" "-v" "/var/lib/crater-agent-workspace/builds/worker-7-tc1/target:/opt/rustwide/target:rw,Z" "-v" "/var/lib/crater-agent-workspace/builds/worker-7-tc1/source:/opt/rustwide/workdir:ro,Z" "-v" "/var/lib/crater-agent-workspace/cargo-home:/opt/rustwide/cargo-home:ro,Z" "-v" "/var/lib/crater-agent-workspace/rustup-home:/opt/rustwide/rustup-home:ro,Z" "-e" "SOURCE_DIR=/opt/rustwide/workdir" "-e" "CARGO_TARGET_DIR=/opt/rustwide/target" "-e" "CARGO_INCREMENTAL=0" "-e" "RUST_BACKTRACE=full" "-e" "RUSTFLAGS=--cap-lints=warn" "-e" "RUSTDOCFLAGS=--cap-lints=warn" "-e" "CARGO_HOME=/opt/rustwide/cargo-home" "-e" "RUSTUP_HOME=/opt/rustwide/rustup-home" "-w" "/opt/rustwide/workdir" "-m" "1610612736" "--user" "0:0" "--network" "none" "ghcr.io/rust-lang/crates-build-env/linux@sha256:f3a9d4ad9d972b27faf3965f35b62e55ba32bbce8f20bc8fe909558a86702fde" "/opt/rustwide/cargo-home/bin/cargo" "+1.83.0" "test" "--frozen" "--no-run" "--message-format=json", kill_on_drop: false }`
[INFO] [stdout] e89e7256c871b46bcbc03e1a68cae6036810638f09457aaf2dc3663d3f128141
[INFO] running `Command { std: "docker" "start" "-a" "e89e7256c871b46bcbc03e1a68cae6036810638f09457aaf2dc3663d3f128141", kill_on_drop: false }`
[INFO] [stderr]    Compiling syn v1.0.109
[INFO] [stderr]    Compiling strum_macros v0.24.3
[INFO] [stderr]    Compiling derive-new v0.5.9
[INFO] [stderr]    Compiling ctor v0.1.26
[INFO] [stderr]    Compiling unzip-n v0.1.2
[INFO] [stderr]    Compiling bio-types v1.0.0
[INFO] [stderr]    Compiling rust-htslib v0.44.1
[INFO] [stderr]    Compiling make_arrow v0.2.0 (/opt/rustwide/workdir)
[INFO] [stderr]     Finished `test` profile [unoptimized + debuginfo] target(s) in 17.19s
[INFO] running `Command { std: "docker" "inspect" "e89e7256c871b46bcbc03e1a68cae6036810638f09457aaf2dc3663d3f128141", kill_on_drop: false }`
[INFO] running `Command { std: "docker" "rm" "-f" "e89e7256c871b46bcbc03e1a68cae6036810638f09457aaf2dc3663d3f128141", kill_on_drop: false }`
[INFO] [stdout] e89e7256c871b46bcbc03e1a68cae6036810638f09457aaf2dc3663d3f128141
[INFO] running `Command { std: "docker" "create" "-v" "/var/lib/crater-agent-workspace/builds/worker-7-tc1/target:/opt/rustwide/target:rw,Z" "-v" "/var/lib/crater-agent-workspace/builds/worker-7-tc1/source:/opt/rustwide/workdir:ro,Z" "-v" "/var/lib/crater-agent-workspace/cargo-home:/opt/rustwide/cargo-home:ro,Z" "-v" "/var/lib/crater-agent-workspace/rustup-home:/opt/rustwide/rustup-home:ro,Z" "-e" "SOURCE_DIR=/opt/rustwide/workdir" "-e" "CARGO_TARGET_DIR=/opt/rustwide/target" "-e" "CARGO_INCREMENTAL=0" "-e" "RUST_BACKTRACE=full" "-e" "RUSTFLAGS=--cap-lints=warn" "-e" "RUSTDOCFLAGS=--cap-lints=warn" "-e" "CARGO_HOME=/opt/rustwide/cargo-home" "-e" "RUSTUP_HOME=/opt/rustwide/rustup-home" "-w" "/opt/rustwide/workdir" "-m" "1610612736" "--user" "0:0" "--network" "none" "ghcr.io/rust-lang/crates-build-env/linux@sha256:f3a9d4ad9d972b27faf3965f35b62e55ba32bbce8f20bc8fe909558a86702fde" "/opt/rustwide/cargo-home/bin/cargo" "+1.83.0" "test" "--frozen", kill_on_drop: false }`
[INFO] [stdout] a1fe426926f7504e620396ebeb6e7686a86f2c267e632a636667a0f9d71a95c8
[INFO] running `Command { std: "docker" "start" "-a" "a1fe426926f7504e620396ebeb6e7686a86f2c267e632a636667a0f9d71a95c8", kill_on_drop: false }`
[INFO] [stderr]     Finished `test` profile [unoptimized + debuginfo] target(s) in 0.15s
[INFO] [stderr]      Running unittests src/main.rs (/opt/rustwide/target/debug/deps/make_arrow-b098efa015b7c0ae)
[INFO] [stdout] 
[INFO] [stdout] running 2 tests
[INFO] [stdout] test verify_app ... ok
[INFO] [stdout] test test_extract ... FAILED
[INFO] [stdout] 
[INFO] [stdout] failures:
[INFO] [stdout] 
[INFO] [stdout] ---- test_extract stdout ----
[INFO] [stdout] thread 'test_extract' panicked at src/main.rs:109:41:
[INFO] [stdout] create arrow file error: Os { code: 30, kind: ReadOnlyFilesystem, message: "Read-only file system" }
[INFO] [stdout] stack backtrace:
[INFO] [stdout]    0:     0x5f43d36f02ba - std::backtrace_rs::backtrace::libunwind::trace::h5a5b8284f2d0c266
[INFO] [stdout]                                at /rustc/90b35a6239c3d8bdabc530a6a0816f7ff89a0aaf/library/std/src/../../backtrace/src/backtrace/libunwind.rs:116:5
[INFO] [stdout]    1:     0x5f43d36f02ba - std::backtrace_rs::backtrace::trace_unsynchronized::h76d4f1c9b0b875e3
[INFO] [stdout]                                at /rustc/90b35a6239c3d8bdabc530a6a0816f7ff89a0aaf/library/std/src/../../backtrace/src/backtrace/mod.rs:66:5
[INFO] [stdout]    2:     0x5f43d36f02ba - std::sys::backtrace::_print_fmt::hc4546b8364a537c6
[INFO] [stdout]                                at /rustc/90b35a6239c3d8bdabc530a6a0816f7ff89a0aaf/library/std/src/sys/backtrace.rs:66:9
[INFO] [stdout]    3:     0x5f43d36f02ba - <std::sys::backtrace::BacktraceLock::print::DisplayBacktrace as core::fmt::Display>::fmt::h5b6bd5631a6d1f6b
[INFO] [stdout]                                at /rustc/90b35a6239c3d8bdabc530a6a0816f7ff89a0aaf/library/std/src/sys/backtrace.rs:39:26
[INFO] [stdout]    4:     0x5f43d3717053 - core::fmt::rt::Argument::fmt::h270f6602a2b96f62
[INFO] [stdout]                                at /rustc/90b35a6239c3d8bdabc530a6a0816f7ff89a0aaf/library/core/src/fmt/rt.rs:177:76
[INFO] [stdout]    5:     0x5f43d3717053 - core::fmt::write::h7550c97b06c86515
[INFO] [stdout]                                at /rustc/90b35a6239c3d8bdabc530a6a0816f7ff89a0aaf/library/core/src/fmt/mod.rs:1186:21
[INFO] [stdout]    6:     0x5f43d36ed483 - std::io::Write::write_fmt::h509ff860e5956e5e
[INFO] [stdout]                                at /rustc/90b35a6239c3d8bdabc530a6a0816f7ff89a0aaf/library/std/src/io/mod.rs:1839:15
[INFO] [stdout]    7:     0x5f43d36f0102 - std::sys::backtrace::BacktraceLock::print::h2395ccd2c84ba3aa
[INFO] [stdout]                                at /rustc/90b35a6239c3d8bdabc530a6a0816f7ff89a0aaf/library/std/src/sys/backtrace.rs:42:9
[INFO] [stdout]    8:     0x5f43d36f171a - std::panicking::default_hook::{{closure}}::he19d4c7230e07961
[INFO] [stdout]                                at /rustc/90b35a6239c3d8bdabc530a6a0816f7ff89a0aaf/library/std/src/panicking.rs:268:22
[INFO] [stdout]    9:     0x5f43d36f1524 - std::panicking::default_hook::hf614597d3c67bbdb
[INFO] [stdout]                                at /rustc/90b35a6239c3d8bdabc530a6a0816f7ff89a0aaf/library/std/src/panicking.rs:292:9
[INFO] [stdout]   10:     0x5f43d3018d29 - <alloc::boxed::Box<F,A> as core::ops::function::Fn<Args>>::call::h39b51ce4599c23d1
[INFO] [stdout]                                at /rustc/90b35a6239c3d8bdabc530a6a0816f7ff89a0aaf/library/alloc/src/boxed.rs:2468:9
[INFO] [stdout]   11:     0x5f43d3018d29 - test::test_main::{{closure}}::he977ae839a582784
[INFO] [stdout]                                at /rustc/90b35a6239c3d8bdabc530a6a0816f7ff89a0aaf/library/test/src/lib.rs:133:21
[INFO] [stdout]   12:     0x5f43d36f1db8 - <alloc::boxed::Box<F,A> as core::ops::function::Fn<Args>>::call::h9455091b6b06f9fb
[INFO] [stdout]                                at /rustc/90b35a6239c3d8bdabc530a6a0816f7ff89a0aaf/library/alloc/src/boxed.rs:2468:9
[INFO] [stdout]   13:     0x5f43d36f1db8 - std::panicking::rust_panic_with_hook::h8942133a8b252070
[INFO] [stdout]                                at /rustc/90b35a6239c3d8bdabc530a6a0816f7ff89a0aaf/library/std/src/panicking.rs:809:13
[INFO] [stdout]   14:     0x5f43d36f1b7a - std::panicking::begin_panic_handler::{{closure}}::hb5f5963570096b29
[INFO] [stdout]                                at /rustc/90b35a6239c3d8bdabc530a6a0816f7ff89a0aaf/library/std/src/panicking.rs:674:13
[INFO] [stdout]   15:     0x5f43d36f0799 - std::sys::backtrace::__rust_end_short_backtrace::h6208cedc1922feda
[INFO] [stdout]                                at /rustc/90b35a6239c3d8bdabc530a6a0816f7ff89a0aaf/library/std/src/sys/backtrace.rs:170:18
[INFO] [stdout]   16:     0x5f43d36f180c - rust_begin_unwind
[INFO] [stdout]                                at /rustc/90b35a6239c3d8bdabc530a6a0816f7ff89a0aaf/library/std/src/panicking.rs:665:5
[INFO] [stdout]   17:     0x5f43d2fa20e0 - core::panicking::panic_fmt::h0c3082644d1bf418
[INFO] [stdout]                                at /rustc/90b35a6239c3d8bdabc530a6a0816f7ff89a0aaf/library/core/src/panicking.rs:74:14
[INFO] [stdout]   18:     0x5f43d2fa2566 - core::result::unwrap_failed::hd20b4aa073bda1e2
[INFO] [stdout]                                at /rustc/90b35a6239c3d8bdabc530a6a0816f7ff89a0aaf/library/core/src/result.rs:1700:5
[INFO] [stdout]   19:     0x5f43d2fadb3d - core::result::Result<T,E>::expect::h688ad6f583e32905
[INFO] [stdout]                                at /rustc/90b35a6239c3d8bdabc530a6a0816f7ff89a0aaf/library/core/src/result.rs:1061:23
[INFO] [stdout]   20:     0x5f43d2fa85ed - make_arrow::save_as_arrow::hdf352531e3e0dc50
[INFO] [stdout]                                at /opt/rustwide/workdir/src/main.rs:109:18
[INFO] [stdout]   21:     0x5f43d2fa7875 - make_arrow::extract::h574be35a2aca3db1
[INFO] [stdout]                                at /opt/rustwide/workdir/src/main.rs:81:5
[INFO] [stdout]   22:     0x5f43d2faa206 - make_arrow::test_extract::h23173e3ebc2868eb
[INFO] [stdout]                                at /opt/rustwide/workdir/src/main.rs:186:5
[INFO] [stdout]   23:     0x5f43d2faa187 - make_arrow::test_extract::{{closure}}::h4257caf0b402c129
[INFO] [stdout]                                at /opt/rustwide/workdir/src/main.rs:185:18
[INFO] [stdout]   24:     0x5f43d2fad336 - core::ops::function::FnOnce::call_once::he4a3c0d6d6d70110
[INFO] [stdout]                                at /rustc/90b35a6239c3d8bdabc530a6a0816f7ff89a0aaf/library/core/src/ops/function.rs:250:5
[INFO] [stdout]   25:     0x5f43d301d6eb - core::ops::function::FnOnce::call_once::h109cf8051a59b34e
[INFO] [stdout]                                at /rustc/90b35a6239c3d8bdabc530a6a0816f7ff89a0aaf/library/core/src/ops/function.rs:250:5
[INFO] [stdout]   26:     0x5f43d301d6eb - test::__rust_begin_short_backtrace::hf4fff89d377446ba
[INFO] [stdout]                                at /rustc/90b35a6239c3d8bdabc530a6a0816f7ff89a0aaf/library/test/src/lib.rs:621:18
[INFO] [stdout]   27:     0x5f43d301cf27 - test::run_test_in_process::{{closure}}::h0e39181dd7ee5a43
[INFO] [stdout]                                at /rustc/90b35a6239c3d8bdabc530a6a0816f7ff89a0aaf/library/test/src/lib.rs:644:60
[INFO] [stdout]   28:     0x5f43d301cf27 - <core::panic::unwind_safe::AssertUnwindSafe<F> as core::ops::function::FnOnce<()>>::call_once::hc5a66a30f0bdfd1f
[INFO] [stdout]                                at /rustc/90b35a6239c3d8bdabc530a6a0816f7ff89a0aaf/library/core/src/panic/unwind_safe.rs:272:9
[INFO] [stdout]   29:     0x5f43d301cf27 - std::panicking::try::do_call::h873b7cf639554a5e
[INFO] [stdout]                                at /rustc/90b35a6239c3d8bdabc530a6a0816f7ff89a0aaf/library/std/src/panicking.rs:557:40
[INFO] [stdout]   30:     0x5f43d301cf27 - std::panicking::try::hdb19862fad9c8bd1
[INFO] [stdout]                                at /rustc/90b35a6239c3d8bdabc530a6a0816f7ff89a0aaf/library/std/src/panicking.rs:520:19
[INFO] [stdout]   31:     0x5f43d301cf27 - std::panic::catch_unwind::h281fe732d236d260
[INFO] [stdout]                                at /rustc/90b35a6239c3d8bdabc530a6a0816f7ff89a0aaf/library/std/src/panic.rs:358:14
[INFO] [stdout]   32:     0x5f43d301cf27 - test::run_test_in_process::h949b6df8457ed338
[INFO] [stdout]                                at /rustc/90b35a6239c3d8bdabc530a6a0816f7ff89a0aaf/library/test/src/lib.rs:644:27
[INFO] [stdout]   33:     0x5f43d301cf27 - test::run_test::{{closure}}::h52c556a6d4740e10
[INFO] [stdout]                                at /rustc/90b35a6239c3d8bdabc530a6a0816f7ff89a0aaf/library/test/src/lib.rs:565:43
[INFO] [stdout]   34:     0x5f43d2fe2204 - test::run_test::{{closure}}::h4237f6381c45ccb9
[INFO] [stdout]                                at /rustc/90b35a6239c3d8bdabc530a6a0816f7ff89a0aaf/library/test/src/lib.rs:595:41
[INFO] [stdout]   35:     0x5f43d2fe2204 - std::sys::backtrace::__rust_begin_short_backtrace::h505c97a579eca628
[INFO] [stdout]                                at /rustc/90b35a6239c3d8bdabc530a6a0816f7ff89a0aaf/library/std/src/sys/backtrace.rs:154:18
[INFO] [stdout]   36:     0x5f43d2fe58ce - std::thread::Builder::spawn_unchecked_::{{closure}}::{{closure}}::h9e86b2e2bc107ea3
[INFO] [stdout]                                at /rustc/90b35a6239c3d8bdabc530a6a0816f7ff89a0aaf/library/std/src/thread/mod.rs:538:17
[INFO] [stdout]   37:     0x5f43d2fe58ce - <core::panic::unwind_safe::AssertUnwindSafe<F> as core::ops::function::FnOnce<()>>::call_once::h8b06ddb275ff4a25
[INFO] [stdout]                                at /rustc/90b35a6239c3d8bdabc530a6a0816f7ff89a0aaf/library/core/src/panic/unwind_safe.rs:272:9
[INFO] [stdout]   38:     0x5f43d2fe58ce - std::panicking::try::do_call::hb26ecd7cd9a9355d
[INFO] [stdout]                                at /rustc/90b35a6239c3d8bdabc530a6a0816f7ff89a0aaf/library/std/src/panicking.rs:557:40
[INFO] [stdout]   39:     0x5f43d2fe58ce - std::panicking::try::h8ddeca9d705f9069
[INFO] [stdout]                                at /rustc/90b35a6239c3d8bdabc530a6a0816f7ff89a0aaf/library/std/src/panicking.rs:520:19
[INFO] [stdout]   40:     0x5f43d2fe58ce - std::panic::catch_unwind::h49e1c33078844c46
[INFO] [stdout]                                at /rustc/90b35a6239c3d8bdabc530a6a0816f7ff89a0aaf/library/std/src/panic.rs:358:14
[INFO] [stdout]   41:     0x5f43d2fe58ce - std::thread::Builder::spawn_unchecked_::{{closure}}::h6073db6ff56ad35d
[INFO] [stdout]                                at /rustc/90b35a6239c3d8bdabc530a6a0816f7ff89a0aaf/library/std/src/thread/mod.rs:537:30
[INFO] [stdout]   42:     0x5f43d2fe58ce - core::ops::function::FnOnce::call_once{{vtable.shim}}::h2c5a5f3779c774f1
[INFO] [stdout]                                at /rustc/90b35a6239c3d8bdabc530a6a0816f7ff89a0aaf/library/core/src/ops/function.rs:250:5
[INFO] [stdout]   43:     0x5f43d36f5b9b - <alloc::boxed::Box<F,A> as core::ops::function::FnOnce<Args>>::call_once::hf75717d9f28faebf
[INFO] [stdout]                                at /rustc/90b35a6239c3d8bdabc530a6a0816f7ff89a0aaf/library/alloc/src/boxed.rs:2454:9
[INFO] [stdout]   44:     0x5f43d36f5b9b - <alloc::boxed::Box<F,A> as core::ops::function::FnOnce<Args>>::call_once::h7bd883a5f3c5f3c1
[INFO] [stdout]                                at /rustc/90b35a6239c3d8bdabc530a6a0816f7ff89a0aaf/library/alloc/src/boxed.rs:2454:9
[INFO] [stdout]   45:     0x5f43d36f5b9b - std::sys::pal::unix::thread::Thread::new::thread_start::hcc78f3943333fa94
[INFO] [stdout]                                at /rustc/90b35a6239c3d8bdabc530a6a0816f7ff89a0aaf/library/std/src/sys/pal/unix/thread.rs:105:17
[INFO] [stdout]   46:     0x76973738bac3 - <unknown>
[INFO] [stdout]   47:     0x76973741ca04 - clone
[INFO] [stdout]   48:                0x0 - <unknown>
[INFO] [stdout] 
[INFO] [stdout] 
[INFO] [stdout] failures:
[INFO] [stdout]     test_extract
[INFO] [stdout] 
[INFO] [stdout] test result: FAILED. 1 passed; 1 failed; 0 ignored; 0 measured; 0 filtered out; finished in 1.66s
[INFO] [stdout] 
[INFO] [stderr] error: test failed, to rerun pass `--bin make_arrow`
[INFO] running `Command { std: "docker" "inspect" "a1fe426926f7504e620396ebeb6e7686a86f2c267e632a636667a0f9d71a95c8", kill_on_drop: false }`
[INFO] running `Command { std: "docker" "rm" "-f" "a1fe426926f7504e620396ebeb6e7686a86f2c267e632a636667a0f9d71a95c8", kill_on_drop: false }`
[INFO] [stdout] a1fe426926f7504e620396ebeb6e7686a86f2c267e632a636667a0f9d71a95c8
