[INFO] cloning repository https://github.com/washanhanzi/executable_path_finder
[INFO] running `Command { std: "git" "-c" "credential.helper=" "-c" "credential.helper=/workspace/cargo-home/bin/git-credential-null" "clone" "--bare" "https://github.com/washanhanzi/executable_path_finder" "/workspace/cache/git-repos/https%3A%2F%2Fgithub.com%2Fwashanhanzi%2Fexecutable_path_finder", kill_on_drop: false }`
[INFO] [stderr] Cloning into bare repository '/workspace/cache/git-repos/https%3A%2F%2Fgithub.com%2Fwashanhanzi%2Fexecutable_path_finder'...
[INFO] running `Command { std: "git" "rev-parse" "HEAD", kill_on_drop: false }`
[INFO] [stdout] b3ea0274bed7be376021be314d999dbea0cfe862
[INFO] testing washanhanzi/executable_path_finder against beta-2024-12-08 for beta-1.84.0-4-retry
[INFO] running `Command { std: "git" "clone" "/workspace/cache/git-repos/https%3A%2F%2Fgithub.com%2Fwashanhanzi%2Fexecutable_path_finder" "/workspace/builds/worker-1-tc2/source", kill_on_drop: false }`
[INFO] [stderr] Cloning into '/workspace/builds/worker-1-tc2/source'...
[INFO] [stderr] done.
[INFO] validating manifest of git repo https://github.com/washanhanzi/executable_path_finder on toolchain beta-2024-12-08
[INFO] running `Command { std: CARGO_HOME="/workspace/cargo-home" RUSTUP_HOME="/workspace/rustup-home" "/workspace/cargo-home/bin/cargo" "+beta-2024-12-08" "metadata" "--manifest-path" "Cargo.toml" "--no-deps", kill_on_drop: false }`
[INFO] started tweaking git repo https://github.com/washanhanzi/executable_path_finder
[INFO] finished tweaking git repo https://github.com/washanhanzi/executable_path_finder
[INFO] tweaked toml for git repo https://github.com/washanhanzi/executable_path_finder written to /workspace/builds/worker-1-tc2/source/Cargo.toml
[INFO] crate git repo https://github.com/washanhanzi/executable_path_finder already has a lockfile, it will not be regenerated
[INFO] running `Command { std: CARGO_HOME="/workspace/cargo-home" RUSTUP_HOME="/workspace/rustup-home" "/workspace/cargo-home/bin/cargo" "+beta-2024-12-08" "fetch" "--manifest-path" "Cargo.toml", kill_on_drop: false }`
[INFO] running `Command { std: "docker" "create" "-v" "/var/lib/crater-agent-workspace/builds/worker-1-tc2/target:/opt/rustwide/target:rw,Z" "-v" "/var/lib/crater-agent-workspace/builds/worker-1-tc2/source:/opt/rustwide/workdir:ro,Z" "-v" "/var/lib/crater-agent-workspace/cargo-home:/opt/rustwide/cargo-home:ro,Z" "-v" "/var/lib/crater-agent-workspace/rustup-home:/opt/rustwide/rustup-home:ro,Z" "-e" "SOURCE_DIR=/opt/rustwide/workdir" "-e" "CARGO_TARGET_DIR=/opt/rustwide/target" "-e" "CARGO_HOME=/opt/rustwide/cargo-home" "-e" "RUSTUP_HOME=/opt/rustwide/rustup-home" "-w" "/opt/rustwide/workdir" "-m" "1610612736" "--user" "0:0" "--network" "none" "ghcr.io/rust-lang/crates-build-env/linux@sha256:f3a9d4ad9d972b27faf3965f35b62e55ba32bbce8f20bc8fe909558a86702fde" "/opt/rustwide/cargo-home/bin/cargo" "+beta-2024-12-08" "metadata" "--no-deps" "--format-version=1", kill_on_drop: false }`
[INFO] [stdout] b1ccd7595e77f23852a3c837e0691c960e99c366ba9b6e39faba8a54edd8c43f
[INFO] running `Command { std: "docker" "start" "-a" "b1ccd7595e77f23852a3c837e0691c960e99c366ba9b6e39faba8a54edd8c43f", kill_on_drop: false }`
[INFO] running `Command { std: "docker" "inspect" "b1ccd7595e77f23852a3c837e0691c960e99c366ba9b6e39faba8a54edd8c43f", kill_on_drop: false }`
[INFO] running `Command { std: "docker" "rm" "-f" "b1ccd7595e77f23852a3c837e0691c960e99c366ba9b6e39faba8a54edd8c43f", kill_on_drop: false }`
[INFO] [stdout] b1ccd7595e77f23852a3c837e0691c960e99c366ba9b6e39faba8a54edd8c43f
[INFO] running `Command { std: "docker" "create" "-v" "/var/lib/crater-agent-workspace/builds/worker-1-tc2/target:/opt/rustwide/target:rw,Z" "-v" "/var/lib/crater-agent-workspace/builds/worker-1-tc2/source:/opt/rustwide/workdir:ro,Z" "-v" "/var/lib/crater-agent-workspace/cargo-home:/opt/rustwide/cargo-home:ro,Z" "-v" "/var/lib/crater-agent-workspace/rustup-home:/opt/rustwide/rustup-home:ro,Z" "-e" "SOURCE_DIR=/opt/rustwide/workdir" "-e" "CARGO_TARGET_DIR=/opt/rustwide/target" "-e" "CARGO_INCREMENTAL=0" "-e" "RUST_BACKTRACE=full" "-e" "RUSTFLAGS=--cap-lints=warn" "-e" "RUSTDOCFLAGS=--cap-lints=warn" "-e" "CARGO_HOME=/opt/rustwide/cargo-home" "-e" "RUSTUP_HOME=/opt/rustwide/rustup-home" "-w" "/opt/rustwide/workdir" "-m" "1610612736" "--user" "0:0" "--network" "none" "ghcr.io/rust-lang/crates-build-env/linux@sha256:f3a9d4ad9d972b27faf3965f35b62e55ba32bbce8f20bc8fe909558a86702fde" "/opt/rustwide/cargo-home/bin/cargo" "+beta-2024-12-08" "build" "--frozen" "--message-format=json", kill_on_drop: false }`
[INFO] [stdout] 714b7d0a0fcd722083da64569d4ae09dba321a075ccffc2282f7c574432e4ab0
[INFO] running `Command { std: "docker" "start" "-a" "714b7d0a0fcd722083da64569d4ae09dba321a075ccffc2282f7c574432e4ab0", kill_on_drop: false }`
[INFO] [stderr]    Compiling camino v1.1.9
[INFO] [stderr]    Compiling executable_path_finder v0.0.5 (/opt/rustwide/workdir)
[INFO] [stderr]     Finished `dev` profile [unoptimized + debuginfo] target(s) in 1.05s
[INFO] running `Command { std: "docker" "inspect" "714b7d0a0fcd722083da64569d4ae09dba321a075ccffc2282f7c574432e4ab0", kill_on_drop: false }`
[INFO] running `Command { std: "docker" "rm" "-f" "714b7d0a0fcd722083da64569d4ae09dba321a075ccffc2282f7c574432e4ab0", kill_on_drop: false }`
[INFO] [stdout] 714b7d0a0fcd722083da64569d4ae09dba321a075ccffc2282f7c574432e4ab0
[INFO] running `Command { std: "docker" "create" "-v" "/var/lib/crater-agent-workspace/builds/worker-1-tc2/target:/opt/rustwide/target:rw,Z" "-v" "/var/lib/crater-agent-workspace/builds/worker-1-tc2/source:/opt/rustwide/workdir:ro,Z" "-v" "/var/lib/crater-agent-workspace/cargo-home:/opt/rustwide/cargo-home:ro,Z" "-v" "/var/lib/crater-agent-workspace/rustup-home:/opt/rustwide/rustup-home:ro,Z" "-e" "SOURCE_DIR=/opt/rustwide/workdir" "-e" "CARGO_TARGET_DIR=/opt/rustwide/target" "-e" "CARGO_INCREMENTAL=0" "-e" "RUST_BACKTRACE=full" "-e" "RUSTFLAGS=--cap-lints=warn" "-e" "RUSTDOCFLAGS=--cap-lints=warn" "-e" "CARGO_HOME=/opt/rustwide/cargo-home" "-e" "RUSTUP_HOME=/opt/rustwide/rustup-home" "-w" "/opt/rustwide/workdir" "-m" "1610612736" "--user" "0:0" "--network" "none" "ghcr.io/rust-lang/crates-build-env/linux@sha256:f3a9d4ad9d972b27faf3965f35b62e55ba32bbce8f20bc8fe909558a86702fde" "/opt/rustwide/cargo-home/bin/cargo" "+beta-2024-12-08" "test" "--frozen" "--no-run" "--message-format=json", kill_on_drop: false }`
[INFO] [stdout] cc2cd4898e4e9d392c6201c0f70e95abb2cc3e52e53fce02a7efbe97d5691f71
[INFO] running `Command { std: "docker" "start" "-a" "cc2cd4898e4e9d392c6201c0f70e95abb2cc3e52e53fce02a7efbe97d5691f71", kill_on_drop: false }`
[INFO] [stderr]    Compiling rustix v0.38.40
[INFO] [stderr]    Compiling bitflags v2.6.0
[INFO] [stderr]    Compiling linux-raw-sys v0.4.14
[INFO] [stderr]    Compiling once_cell v1.19.0
[INFO] [stderr]    Compiling fastrand v2.1.1
[INFO] [stderr]    Compiling cfg-if v1.0.0
[INFO] [stderr]    Compiling tempfile v3.14.0
[INFO] [stderr]    Compiling executable_path_finder v0.0.5 (/opt/rustwide/workdir)
[INFO] [stderr]     Finished `test` profile [unoptimized + debuginfo] target(s) in 4.11s
[INFO] running `Command { std: "docker" "inspect" "cc2cd4898e4e9d392c6201c0f70e95abb2cc3e52e53fce02a7efbe97d5691f71", kill_on_drop: false }`
[INFO] running `Command { std: "docker" "rm" "-f" "cc2cd4898e4e9d392c6201c0f70e95abb2cc3e52e53fce02a7efbe97d5691f71", kill_on_drop: false }`
[INFO] [stdout] cc2cd4898e4e9d392c6201c0f70e95abb2cc3e52e53fce02a7efbe97d5691f71
[INFO] running `Command { std: "docker" "create" "-v" "/var/lib/crater-agent-workspace/builds/worker-1-tc2/target:/opt/rustwide/target:rw,Z" "-v" "/var/lib/crater-agent-workspace/builds/worker-1-tc2/source:/opt/rustwide/workdir:ro,Z" "-v" "/var/lib/crater-agent-workspace/cargo-home:/opt/rustwide/cargo-home:ro,Z" "-v" "/var/lib/crater-agent-workspace/rustup-home:/opt/rustwide/rustup-home:ro,Z" "-e" "SOURCE_DIR=/opt/rustwide/workdir" "-e" "CARGO_TARGET_DIR=/opt/rustwide/target" "-e" "CARGO_INCREMENTAL=0" "-e" "RUST_BACKTRACE=full" "-e" "RUSTFLAGS=--cap-lints=warn" "-e" "RUSTDOCFLAGS=--cap-lints=warn" "-e" "CARGO_HOME=/opt/rustwide/cargo-home" "-e" "RUSTUP_HOME=/opt/rustwide/rustup-home" "-w" "/opt/rustwide/workdir" "-m" "1610612736" "--user" "0:0" "--network" "none" "ghcr.io/rust-lang/crates-build-env/linux@sha256:f3a9d4ad9d972b27faf3965f35b62e55ba32bbce8f20bc8fe909558a86702fde" "/opt/rustwide/cargo-home/bin/cargo" "+beta-2024-12-08" "test" "--frozen", kill_on_drop: false }`
[INFO] [stdout] aea0d41bd41c2d9ed43257cb9590f0e721cb25e333f8bc89d63006b229dea1da
[INFO] running `Command { std: "docker" "start" "-a" "aea0d41bd41c2d9ed43257cb9590f0e721cb25e333f8bc89d63006b229dea1da", kill_on_drop: false }`
[INFO] [stderr]     Finished `test` profile [unoptimized + debuginfo] target(s) in 0.03s
[INFO] [stderr]      Running unittests src/lib.rs (/opt/rustwide/target/debug/deps/executable_path_finder-845b132961c0cc1e)
[INFO] [stdout] 
[INFO] [stdout] running 4 tests
[INFO] [stdout] test tests::test_find_in_env ... ok
[INFO] [stdout] test tests::test_find_in_path ... ok
[INFO] [stderr]    Doc-tests executable_path_finder
[INFO] [stdout] test tests::test_probe_for_binary ... ok
[INFO] [stdout] test tests::test_find_with_cargo_home ... ok
[INFO] [stdout] 
[INFO] [stdout] test result: ok. 4 passed; 0 failed; 0 ignored; 0 measured; 0 filtered out; finished in 0.01s
[INFO] [stdout] 
[INFO] [stdout] 
[INFO] [stdout] running 3 tests
[INFO] [stdout] test src/home.rs - home::home_dir (line 55) ... FAILED
[INFO] [stdout] test src/home.rs - home::cargo_home (line 100) ... FAILED
[INFO] [stdout] test src/home.rs - home::rustup_home (line 137) ... FAILED
[INFO] [stdout] 
[INFO] [stdout] failures:
[INFO] [stdout] 
[INFO] [stdout] ---- src/home.rs - home::home_dir (line 55) stdout ----
[INFO] [stdout] error[E0433]: failed to resolve: use of undeclared crate or module `home`
[INFO] [stdout]  --> src/home.rs:56:7
[INFO] [stdout]   |
[INFO] [stdout] 3 | match home::home_dir() {
[INFO] [stdout]   |       ^^^^ use of undeclared crate or module `home`
[INFO] [stdout]   |
[INFO] [stdout] help: consider importing this module
[INFO] [stdout]   |
[INFO] [stdout] 2 + use executable_path_finder::home;
[INFO] [stdout]   |
[INFO] [stdout] 
[INFO] [stdout] error: aborting due to 1 previous error
[INFO] [stdout] 
[INFO] [stdout] For more information about this error, try `rustc --explain E0433`.
[INFO] [stdout] Couldn't compile the test.
[INFO] [stdout] ---- src/home.rs - home::cargo_home (line 100) stdout ----
[INFO] [stdout] error[E0433]: failed to resolve: use of undeclared crate or module `home`
[INFO] [stdout]  --> src/home.rs:101:7
[INFO] [stdout]   |
[INFO] [stdout] 3 | match home::cargo_home() {
[INFO] [stdout]   |       ^^^^ use of undeclared crate or module `home`
[INFO] [stdout]   |
[INFO] [stdout] help: consider importing this module
[INFO] [stdout]   |
[INFO] [stdout] 2 + use executable_path_finder::home;
[INFO] [stdout]   |
[INFO] [stdout] 
[INFO] [stdout] error: aborting due to 1 previous error
[INFO] [stdout] 
[INFO] [stdout] For more information about this error, try `rustc --explain E0433`.
[INFO] [stdout] Couldn't compile the test.
[INFO] [stdout] ---- src/home.rs - home::rustup_home (line 137) stdout ----
[INFO] [stdout] error[E0433]: failed to resolve: use of undeclared crate or module `home`
[INFO] [stdout]  --> src/home.rs:138:7
[INFO] [stdout]   |
[INFO] [stdout] 3 | match home::rustup_home() {
[INFO] [stdout]   |       ^^^^ use of undeclared crate or module `home`
[INFO] [stdout]   |
[INFO] [stdout] help: consider importing this module
[INFO] [stdout]   |
[INFO] [stdout] 2 + use executable_path_finder::home;
[INFO] [stdout]   |
[INFO] [stdout] 
[INFO] [stdout] error: aborting due to 1 previous error
[INFO] [stdout] 
[INFO] [stdout] For more information about this error, try `rustc --explain E0433`.
[INFO] [stdout] Couldn't compile the test.
[INFO] [stdout] 
[INFO] [stdout] failures:
[INFO] [stdout]     src/home.rs - home::cargo_home (line 100)
[INFO] [stdout]     src/home.rs - home::home_dir (line 55)
[INFO] [stdout]     src/home.rs - home::rustup_home (line 137)
[INFO] [stdout] 
[INFO] [stdout] test result: FAILED. 0 passed; 3 failed; 0 ignored; 0 measured; 0 filtered out; finished in 0.12s
[INFO] [stdout] 
[INFO] [stderr] error: doctest failed, to rerun pass `--doc`
[INFO] running `Command { std: "docker" "inspect" "aea0d41bd41c2d9ed43257cb9590f0e721cb25e333f8bc89d63006b229dea1da", kill_on_drop: false }`
[INFO] running `Command { std: "docker" "rm" "-f" "aea0d41bd41c2d9ed43257cb9590f0e721cb25e333f8bc89d63006b229dea1da", kill_on_drop: false }`
[INFO] [stdout] aea0d41bd41c2d9ed43257cb9590f0e721cb25e333f8bc89d63006b229dea1da
