[INFO] cloning repository https://github.com/voximity/damped-springs
[INFO] running `Command { std: "git" "-c" "credential.helper=" "-c" "credential.helper=/workspace/cargo-home/bin/git-credential-null" "clone" "--bare" "https://github.com/voximity/damped-springs" "/workspace/cache/git-repos/https%3A%2F%2Fgithub.com%2Fvoximity%2Fdamped-springs", kill_on_drop: false }`
[INFO] [stderr] Cloning into bare repository '/workspace/cache/git-repos/https%3A%2F%2Fgithub.com%2Fvoximity%2Fdamped-springs'...
[INFO] running `Command { std: "git" "rev-parse" "HEAD", kill_on_drop: false }`
[INFO] [stdout] 4c29901ed1d653399780e5b27120c966a5c3e471
[INFO] testing voximity/damped-springs against 1.83.0 for beta-1.84.0-4-retry
[INFO] running `Command { std: "git" "clone" "/workspace/cache/git-repos/https%3A%2F%2Fgithub.com%2Fvoximity%2Fdamped-springs" "/workspace/builds/worker-3-tc1/source", kill_on_drop: false }`
[INFO] [stderr] Cloning into '/workspace/builds/worker-3-tc1/source'...
[INFO] [stderr] done.
[INFO] validating manifest of git repo https://github.com/voximity/damped-springs on toolchain 1.83.0
[INFO] running `Command { std: CARGO_HOME="/workspace/cargo-home" RUSTUP_HOME="/workspace/rustup-home" "/workspace/cargo-home/bin/cargo" "+1.83.0" "metadata" "--manifest-path" "Cargo.toml" "--no-deps", kill_on_drop: false }`
[INFO] started tweaking git repo https://github.com/voximity/damped-springs
[INFO] finished tweaking git repo https://github.com/voximity/damped-springs
[INFO] tweaked toml for git repo https://github.com/voximity/damped-springs written to /workspace/builds/worker-3-tc1/source/Cargo.toml
[INFO] crate git repo https://github.com/voximity/damped-springs already has a lockfile, it will not be regenerated
[INFO] running `Command { std: CARGO_HOME="/workspace/cargo-home" RUSTUP_HOME="/workspace/rustup-home" "/workspace/cargo-home/bin/cargo" "+1.83.0" "fetch" "--manifest-path" "Cargo.toml", kill_on_drop: false }`
[INFO] running `Command { std: "docker" "create" "-v" "/var/lib/crater-agent-workspace/builds/worker-3-tc1/target:/opt/rustwide/target:rw,Z" "-v" "/var/lib/crater-agent-workspace/builds/worker-3-tc1/source:/opt/rustwide/workdir:ro,Z" "-v" "/var/lib/crater-agent-workspace/cargo-home:/opt/rustwide/cargo-home:ro,Z" "-v" "/var/lib/crater-agent-workspace/rustup-home:/opt/rustwide/rustup-home:ro,Z" "-e" "SOURCE_DIR=/opt/rustwide/workdir" "-e" "CARGO_TARGET_DIR=/opt/rustwide/target" "-e" "CARGO_HOME=/opt/rustwide/cargo-home" "-e" "RUSTUP_HOME=/opt/rustwide/rustup-home" "-w" "/opt/rustwide/workdir" "-m" "1610612736" "--user" "0:0" "--network" "none" "ghcr.io/rust-lang/crates-build-env/linux@sha256:f3a9d4ad9d972b27faf3965f35b62e55ba32bbce8f20bc8fe909558a86702fde" "/opt/rustwide/cargo-home/bin/cargo" "+1.83.0" "metadata" "--no-deps" "--format-version=1", kill_on_drop: false }`
[INFO] [stdout] 417f7ea2e826f80814108e5405a6a88387e62e75b242cc7a118587cb479e552c
[INFO] running `Command { std: "docker" "start" "-a" "417f7ea2e826f80814108e5405a6a88387e62e75b242cc7a118587cb479e552c", kill_on_drop: false }`
[INFO] running `Command { std: "docker" "inspect" "417f7ea2e826f80814108e5405a6a88387e62e75b242cc7a118587cb479e552c", kill_on_drop: false }`
[INFO] running `Command { std: "docker" "rm" "-f" "417f7ea2e826f80814108e5405a6a88387e62e75b242cc7a118587cb479e552c", kill_on_drop: false }`
[INFO] [stdout] 417f7ea2e826f80814108e5405a6a88387e62e75b242cc7a118587cb479e552c
[INFO] running `Command { std: "docker" "create" "-v" "/var/lib/crater-agent-workspace/builds/worker-3-tc1/target:/opt/rustwide/target:rw,Z" "-v" "/var/lib/crater-agent-workspace/builds/worker-3-tc1/source:/opt/rustwide/workdir:ro,Z" "-v" "/var/lib/crater-agent-workspace/cargo-home:/opt/rustwide/cargo-home:ro,Z" "-v" "/var/lib/crater-agent-workspace/rustup-home:/opt/rustwide/rustup-home:ro,Z" "-e" "SOURCE_DIR=/opt/rustwide/workdir" "-e" "CARGO_TARGET_DIR=/opt/rustwide/target" "-e" "CARGO_INCREMENTAL=0" "-e" "RUST_BACKTRACE=full" "-e" "RUSTFLAGS=--cap-lints=warn" "-e" "RUSTDOCFLAGS=--cap-lints=warn" "-e" "CARGO_HOME=/opt/rustwide/cargo-home" "-e" "RUSTUP_HOME=/opt/rustwide/rustup-home" "-w" "/opt/rustwide/workdir" "-m" "1610612736" "--user" "0:0" "--network" "none" "ghcr.io/rust-lang/crates-build-env/linux@sha256:f3a9d4ad9d972b27faf3965f35b62e55ba32bbce8f20bc8fe909558a86702fde" "/opt/rustwide/cargo-home/bin/cargo" "+1.83.0" "build" "--frozen" "--message-format=json", kill_on_drop: false }`
[INFO] [stdout] 7c2ecf8acd961c32828f1e56675b82d1e78625c33995a95b93cf4c9e118e3c7c
[INFO] running `Command { std: "docker" "start" "-a" "7c2ecf8acd961c32828f1e56675b82d1e78625c33995a95b93cf4c9e118e3c7c", kill_on_drop: false }`
[INFO] [stderr]    Compiling autocfg v1.4.0
[INFO] [stderr]    Compiling num-traits v0.2.19
[INFO] [stderr]    Compiling damped-springs v0.1.2 (/opt/rustwide/workdir)
[INFO] [stderr]     Finished `dev` profile [unoptimized + debuginfo] target(s) in 2.71s
[INFO] running `Command { std: "docker" "inspect" "7c2ecf8acd961c32828f1e56675b82d1e78625c33995a95b93cf4c9e118e3c7c", kill_on_drop: false }`
[INFO] running `Command { std: "docker" "rm" "-f" "7c2ecf8acd961c32828f1e56675b82d1e78625c33995a95b93cf4c9e118e3c7c", kill_on_drop: false }`
[INFO] [stdout] 7c2ecf8acd961c32828f1e56675b82d1e78625c33995a95b93cf4c9e118e3c7c
[INFO] running `Command { std: "docker" "create" "-v" "/var/lib/crater-agent-workspace/builds/worker-3-tc1/target:/opt/rustwide/target:rw,Z" "-v" "/var/lib/crater-agent-workspace/builds/worker-3-tc1/source:/opt/rustwide/workdir:ro,Z" "-v" "/var/lib/crater-agent-workspace/cargo-home:/opt/rustwide/cargo-home:ro,Z" "-v" "/var/lib/crater-agent-workspace/rustup-home:/opt/rustwide/rustup-home:ro,Z" "-e" "SOURCE_DIR=/opt/rustwide/workdir" "-e" "CARGO_TARGET_DIR=/opt/rustwide/target" "-e" "CARGO_INCREMENTAL=0" "-e" "RUST_BACKTRACE=full" "-e" "RUSTFLAGS=--cap-lints=warn" "-e" "RUSTDOCFLAGS=--cap-lints=warn" "-e" "CARGO_HOME=/opt/rustwide/cargo-home" "-e" "RUSTUP_HOME=/opt/rustwide/rustup-home" "-w" "/opt/rustwide/workdir" "-m" "1610612736" "--user" "0:0" "--network" "none" "ghcr.io/rust-lang/crates-build-env/linux@sha256:f3a9d4ad9d972b27faf3965f35b62e55ba32bbce8f20bc8fe909558a86702fde" "/opt/rustwide/cargo-home/bin/cargo" "+1.83.0" "test" "--frozen" "--no-run" "--message-format=json", kill_on_drop: false }`
[INFO] [stdout] ab9caca31c218b6c63ab5b05c928af3b46853d4abe3a6c4a78b768df80f401e6
[INFO] running `Command { std: "docker" "start" "-a" "ab9caca31c218b6c63ab5b05c928af3b46853d4abe3a6c4a78b768df80f401e6", kill_on_drop: false }`
[INFO] [stderr]    Compiling damped-springs v0.1.2 (/opt/rustwide/workdir)
[INFO] [stderr]     Finished `test` profile [unoptimized + debuginfo] target(s) in 0.92s
[INFO] running `Command { std: "docker" "inspect" "ab9caca31c218b6c63ab5b05c928af3b46853d4abe3a6c4a78b768df80f401e6", kill_on_drop: false }`
[INFO] running `Command { std: "docker" "rm" "-f" "ab9caca31c218b6c63ab5b05c928af3b46853d4abe3a6c4a78b768df80f401e6", kill_on_drop: false }`
[INFO] [stdout] ab9caca31c218b6c63ab5b05c928af3b46853d4abe3a6c4a78b768df80f401e6
[INFO] running `Command { std: "docker" "create" "-v" "/var/lib/crater-agent-workspace/builds/worker-3-tc1/target:/opt/rustwide/target:rw,Z" "-v" "/var/lib/crater-agent-workspace/builds/worker-3-tc1/source:/opt/rustwide/workdir:ro,Z" "-v" "/var/lib/crater-agent-workspace/cargo-home:/opt/rustwide/cargo-home:ro,Z" "-v" "/var/lib/crater-agent-workspace/rustup-home:/opt/rustwide/rustup-home:ro,Z" "-e" "SOURCE_DIR=/opt/rustwide/workdir" "-e" "CARGO_TARGET_DIR=/opt/rustwide/target" "-e" "CARGO_INCREMENTAL=0" "-e" "RUST_BACKTRACE=full" "-e" "RUSTFLAGS=--cap-lints=warn" "-e" "RUSTDOCFLAGS=--cap-lints=warn" "-e" "CARGO_HOME=/opt/rustwide/cargo-home" "-e" "RUSTUP_HOME=/opt/rustwide/rustup-home" "-w" "/opt/rustwide/workdir" "-m" "1610612736" "--user" "0:0" "--network" "none" "ghcr.io/rust-lang/crates-build-env/linux@sha256:f3a9d4ad9d972b27faf3965f35b62e55ba32bbce8f20bc8fe909558a86702fde" "/opt/rustwide/cargo-home/bin/cargo" "+1.83.0" "test" "--frozen", kill_on_drop: false }`
[INFO] [stdout] e15776e4787527b79cd68f017577b37f2b261e64305340edb24b4a60f9d8f3d8
[INFO] running `Command { std: "docker" "start" "-a" "e15776e4787527b79cd68f017577b37f2b261e64305340edb24b4a60f9d8f3d8", kill_on_drop: false }`
[INFO] [stderr]     Finished `test` profile [unoptimized + debuginfo] target(s) in 0.02s
[INFO] [stderr]      Running unittests src/lib.rs (/opt/rustwide/target/debug/deps/damped_springs-edcb3923cad1e100)
[INFO] [stdout] 
[INFO] [stdout] running 0 tests
[INFO] [stdout] 
[INFO] [stdout] test result: ok. 0 passed; 0 failed; 0 ignored; 0 measured; 0 filtered out; finished in 0.00s
[INFO] [stdout] 
[INFO] [stderr]    Doc-tests damped_springs
[INFO] [stdout] 
[INFO] [stdout] running 1 test
[INFO] [stdout] test src/lib.rs - SpringTimeStep (line 119) ... FAILED
[INFO] [stdout] 
[INFO] [stdout] failures:
[INFO] [stdout] 
[INFO] [stdout] ---- src/lib.rs - SpringTimeStep (line 119) stdout ----
[INFO] [stdout] error[E0422]: cannot find struct, variant or union type `SpringConfig` in this scope
[INFO] [stdout]  --> src/lib.rs:121:14
[INFO] [stdout]   |
[INFO] [stdout] 4 | let config = SpringConfig {
[INFO] [stdout]   |              ^^^^^^^^^^^^ not found in this scope
[INFO] [stdout]   |
[INFO] [stdout] help: consider importing this struct
[INFO] [stdout]   |
[INFO] [stdout] 3 + use damped_springs::SpringConfig;
[INFO] [stdout]   |
[INFO] [stdout] 
[INFO] [stdout] error[E0433]: failed to resolve: use of undeclared type `SpringParams`
[INFO] [stdout]   --> src/lib.rs:127:13
[INFO] [stdout]    |
[INFO] [stdout] 10 | let state = SpringParams::from(config);
[INFO] [stdout]    |             ^^^^^^^^^^^^ use of undeclared type `SpringParams`
[INFO] [stdout]    |
[INFO] [stdout] help: consider importing this enum
[INFO] [stdout]    |
[INFO] [stdout] 3  + use damped_springs::SpringParams;
[INFO] [stdout]    |
[INFO] [stdout] 
[INFO] [stdout] error[E0433]: failed to resolve: use of undeclared type `SpringTimeStep`
[INFO] [stdout]   --> src/lib.rs:130:17
[INFO] [stdout]    |
[INFO] [stdout] 13 | let time_step = SpringTimeStep::new(state, delta_time);
[INFO] [stdout]    |                 ^^^^^^^^^^^^^^ use of undeclared type `SpringTimeStep`
[INFO] [stdout]    |
[INFO] [stdout] help: consider importing this struct
[INFO] [stdout]    |
[INFO] [stdout] 3  + use damped_springs::SpringTimeStep;
[INFO] [stdout]    |
[INFO] [stdout] 
[INFO] [stdout] error[E0425]: cannot find value `delta_time` in this scope
[INFO] [stdout]   --> src/lib.rs:130:44
[INFO] [stdout]    |
[INFO] [stdout] 13 | let time_step = SpringTimeStep::new(state, delta_time);
[INFO] [stdout]    |                                            ^^^^^^^^^^ not found in this scope
[INFO] [stdout] 
[INFO] [stdout] error[E0425]: cannot find value `spring` in this scope
[INFO] [stdout]   --> src/lib.rs:131:1
[INFO] [stdout]    |
[INFO] [stdout] 14 | spring.update(time_step);
[INFO] [stdout]    | ^^^^^^ not found in this scope
[INFO] [stdout] 
[INFO] [stdout] error[E0425]: cannot find value `spring` in this scope
[INFO] [stdout]   --> src/lib.rs:134:1
[INFO] [stdout]    |
[INFO] [stdout] 17 | spring.update_single(state, delta_time);
[INFO] [stdout]    | ^^^^^^ not found in this scope
[INFO] [stdout] 
[INFO] [stdout] error[E0425]: cannot find value `delta_time` in this scope
[INFO] [stdout]   --> src/lib.rs:134:29
[INFO] [stdout]    |
[INFO] [stdout] 17 | spring.update_single(state, delta_time);
[INFO] [stdout]    |                             ^^^^^^^^^^ not found in this scope
[INFO] [stdout] 
[INFO] [stdout] error: aborting due to 7 previous errors
[INFO] [stdout] 
[INFO] [stdout] Some errors have detailed explanations: E0422, E0425, E0433.
[INFO] [stdout] For more information about an error, try `rustc --explain E0422`.
[INFO] [stdout] Couldn't compile the test.
[INFO] [stdout] 
[INFO] [stdout] failures:
[INFO] [stdout]     src/lib.rs - SpringTimeStep (line 119)
[INFO] [stdout] 
[INFO] [stdout] test result: FAILED. 0 passed; 1 failed; 0 ignored; 0 measured; 0 filtered out; finished in 0.12s
[INFO] [stdout] 
[INFO] [stderr] error: doctest failed, to rerun pass `--doc`
[INFO] running `Command { std: "docker" "inspect" "e15776e4787527b79cd68f017577b37f2b261e64305340edb24b4a60f9d8f3d8", kill_on_drop: false }`
[INFO] running `Command { std: "docker" "rm" "-f" "e15776e4787527b79cd68f017577b37f2b261e64305340edb24b4a60f9d8f3d8", kill_on_drop: false }`
[INFO] [stdout] e15776e4787527b79cd68f017577b37f2b261e64305340edb24b4a60f9d8f3d8
