[INFO] cloning repository https://github.com/vladimirovmm/test_l2
[INFO] running `Command { std: "git" "-c" "credential.helper=" "-c" "credential.helper=/workspace/cargo-home/bin/git-credential-null" "clone" "--bare" "https://github.com/vladimirovmm/test_l2" "/workspace/cache/git-repos/https%3A%2F%2Fgithub.com%2Fvladimirovmm%2Ftest_l2", kill_on_drop: false }`
[INFO] [stderr] Cloning into bare repository '/workspace/cache/git-repos/https%3A%2F%2Fgithub.com%2Fvladimirovmm%2Ftest_l2'...
[INFO] running `Command { std: "git" "rev-parse" "HEAD", kill_on_drop: false }`
[INFO] [stdout] badfcae4c11eee27a07a9b39955a7f415b709d9d
[INFO] testing vladimirovmm/test_l2 against 1.83.0 for beta-1.84.0-4-retry
[INFO] running `Command { std: "git" "clone" "/workspace/cache/git-repos/https%3A%2F%2Fgithub.com%2Fvladimirovmm%2Ftest_l2" "/workspace/builds/worker-5-tc1/source", kill_on_drop: false }`
[INFO] [stderr] Cloning into '/workspace/builds/worker-5-tc1/source'...
[INFO] [stderr] done.
[INFO] validating manifest of git repo https://github.com/vladimirovmm/test_l2 on toolchain 1.83.0
[INFO] running `Command { std: CARGO_HOME="/workspace/cargo-home" RUSTUP_HOME="/workspace/rustup-home" "/workspace/cargo-home/bin/cargo" "+1.83.0" "metadata" "--manifest-path" "Cargo.toml" "--no-deps", kill_on_drop: false }`
[INFO] started tweaking git repo https://github.com/vladimirovmm/test_l2
[INFO] finished tweaking git repo https://github.com/vladimirovmm/test_l2
[INFO] tweaked toml for git repo https://github.com/vladimirovmm/test_l2 written to /workspace/builds/worker-5-tc1/source/Cargo.toml
[INFO] crate git repo https://github.com/vladimirovmm/test_l2 already has a lockfile, it will not be regenerated
[INFO] running `Command { std: CARGO_HOME="/workspace/cargo-home" RUSTUP_HOME="/workspace/rustup-home" "/workspace/cargo-home/bin/cargo" "+1.83.0" "fetch" "--manifest-path" "Cargo.toml", kill_on_drop: false }`
[INFO] [stderr]     Updating git repository `https://github.com/pontem-network/jwt-jsonrpsee`
[INFO] [stderr]     Updating crates.io index
[INFO] [stderr]  Downloading crates ...
[INFO] [stderr]   Downloaded tracing-test-macro v0.2.5
[INFO] [stderr]   Downloaded jsonrpsee-proc-macros v0.24.3
[INFO] [stderr]   Downloaded tracing-test v0.2.5
[INFO] [stderr]   Downloaded rustls-platform-verifier v0.3.3
[INFO] [stderr]   Downloaded jsonrpsee-http-client v0.24.3
[INFO] [stderr]   Downloaded jsonrpsee v0.24.3
[INFO] [stderr]   Downloaded cc v1.1.11
[INFO] [stderr]   Downloaded jsonrpsee-core v0.24.3
[INFO] [stderr]   Downloaded jsonrpsee-types v0.24.3
[INFO] running `Command { std: "docker" "create" "-v" "/var/lib/crater-agent-workspace/builds/worker-5-tc1/target:/opt/rustwide/target:rw,Z" "-v" "/var/lib/crater-agent-workspace/builds/worker-5-tc1/source:/opt/rustwide/workdir:ro,Z" "-v" "/var/lib/crater-agent-workspace/cargo-home:/opt/rustwide/cargo-home:ro,Z" "-v" "/var/lib/crater-agent-workspace/rustup-home:/opt/rustwide/rustup-home:ro,Z" "-e" "SOURCE_DIR=/opt/rustwide/workdir" "-e" "CARGO_TARGET_DIR=/opt/rustwide/target" "-e" "CARGO_HOME=/opt/rustwide/cargo-home" "-e" "RUSTUP_HOME=/opt/rustwide/rustup-home" "-w" "/opt/rustwide/workdir" "-m" "1610612736" "--user" "0:0" "--network" "none" "ghcr.io/rust-lang/crates-build-env/linux@sha256:f3a9d4ad9d972b27faf3965f35b62e55ba32bbce8f20bc8fe909558a86702fde" "/opt/rustwide/cargo-home/bin/cargo" "+1.83.0" "metadata" "--no-deps" "--format-version=1", kill_on_drop: false }`
[INFO] [stdout] b09de7ce61d04a7f037d3174c7b71b91dc16c16681da05e2c1ad83d77c3d2135
[INFO] running `Command { std: "docker" "start" "-a" "b09de7ce61d04a7f037d3174c7b71b91dc16c16681da05e2c1ad83d77c3d2135", kill_on_drop: false }`
[INFO] running `Command { std: "docker" "inspect" "b09de7ce61d04a7f037d3174c7b71b91dc16c16681da05e2c1ad83d77c3d2135", kill_on_drop: false }`
[INFO] running `Command { std: "docker" "rm" "-f" "b09de7ce61d04a7f037d3174c7b71b91dc16c16681da05e2c1ad83d77c3d2135", kill_on_drop: false }`
[INFO] [stdout] b09de7ce61d04a7f037d3174c7b71b91dc16c16681da05e2c1ad83d77c3d2135
[INFO] running `Command { std: "docker" "create" "-v" "/var/lib/crater-agent-workspace/builds/worker-5-tc1/target:/opt/rustwide/target:rw,Z" "-v" "/var/lib/crater-agent-workspace/builds/worker-5-tc1/source:/opt/rustwide/workdir:ro,Z" "-v" "/var/lib/crater-agent-workspace/cargo-home:/opt/rustwide/cargo-home:ro,Z" "-v" "/var/lib/crater-agent-workspace/rustup-home:/opt/rustwide/rustup-home:ro,Z" "-e" "SOURCE_DIR=/opt/rustwide/workdir" "-e" "CARGO_TARGET_DIR=/opt/rustwide/target" "-e" "CARGO_INCREMENTAL=0" "-e" "RUST_BACKTRACE=full" "-e" "RUSTFLAGS=--cap-lints=warn" "-e" "RUSTDOCFLAGS=--cap-lints=warn" "-e" "CARGO_HOME=/opt/rustwide/cargo-home" "-e" "RUSTUP_HOME=/opt/rustwide/rustup-home" "-w" "/opt/rustwide/workdir" "-m" "1610612736" "--user" "0:0" "--network" "none" "ghcr.io/rust-lang/crates-build-env/linux@sha256:f3a9d4ad9d972b27faf3965f35b62e55ba32bbce8f20bc8fe909558a86702fde" "/opt/rustwide/cargo-home/bin/cargo" "+1.83.0" "build" "--frozen" "--message-format=json", kill_on_drop: false }`
[INFO] [stdout] cdcfb0cf07c112b82a29fd8b9be0871e29909c13c7443d1fd9776f917c051c7c
[INFO] running `Command { std: "docker" "start" "-a" "cdcfb0cf07c112b82a29fd8b9be0871e29909c13c7443d1fd9776f917c051c7c", kill_on_drop: false }`
[INFO] [stderr]    Compiling test_l2 v0.1.0 (/opt/rustwide/workdir)
[INFO] [stderr]     Finished `dev` profile [unoptimized + debuginfo] target(s) in 0.20s
[INFO] running `Command { std: "docker" "inspect" "cdcfb0cf07c112b82a29fd8b9be0871e29909c13c7443d1fd9776f917c051c7c", kill_on_drop: false }`
[INFO] running `Command { std: "docker" "rm" "-f" "cdcfb0cf07c112b82a29fd8b9be0871e29909c13c7443d1fd9776f917c051c7c", kill_on_drop: false }`
[INFO] [stdout] cdcfb0cf07c112b82a29fd8b9be0871e29909c13c7443d1fd9776f917c051c7c
[INFO] running `Command { std: "docker" "create" "-v" "/var/lib/crater-agent-workspace/builds/worker-5-tc1/target:/opt/rustwide/target:rw,Z" "-v" "/var/lib/crater-agent-workspace/builds/worker-5-tc1/source:/opt/rustwide/workdir:ro,Z" "-v" "/var/lib/crater-agent-workspace/cargo-home:/opt/rustwide/cargo-home:ro,Z" "-v" "/var/lib/crater-agent-workspace/rustup-home:/opt/rustwide/rustup-home:ro,Z" "-e" "SOURCE_DIR=/opt/rustwide/workdir" "-e" "CARGO_TARGET_DIR=/opt/rustwide/target" "-e" "CARGO_INCREMENTAL=0" "-e" "RUST_BACKTRACE=full" "-e" "RUSTFLAGS=--cap-lints=warn" "-e" "RUSTDOCFLAGS=--cap-lints=warn" "-e" "CARGO_HOME=/opt/rustwide/cargo-home" "-e" "RUSTUP_HOME=/opt/rustwide/rustup-home" "-w" "/opt/rustwide/workdir" "-m" "1610612736" "--user" "0:0" "--network" "none" "ghcr.io/rust-lang/crates-build-env/linux@sha256:f3a9d4ad9d972b27faf3965f35b62e55ba32bbce8f20bc8fe909558a86702fde" "/opt/rustwide/cargo-home/bin/cargo" "+1.83.0" "test" "--frozen" "--no-run" "--message-format=json", kill_on_drop: false }`
[INFO] [stdout] 65fd0a643c04330df23e7aabc7e0e3fd1667d1c0100ebabbf616681559ee4056
[INFO] running `Command { std: "docker" "start" "-a" "65fd0a643c04330df23e7aabc7e0e3fd1667d1c0100ebabbf616681559ee4056", kill_on_drop: false }`
[INFO] [stderr]    Compiling proc-macro2 v1.0.86
[INFO] [stderr]    Compiling unicode-ident v1.0.12
[INFO] [stderr]    Compiling libc v0.2.155
[INFO] [stderr]    Compiling cfg-if v1.0.0
[INFO] [stderr]    Compiling autocfg v1.3.0
[INFO] [stderr]    Compiling once_cell v1.19.0
[INFO] [stderr]    Compiling shlex v1.3.0
[INFO] [stderr]    Compiling itoa v1.0.11
[INFO] [stderr]    Compiling pin-project-lite v0.2.14
[INFO] [stderr]    Compiling bytes v1.7.1
[INFO] [stderr]    Compiling log v0.4.22
[INFO] [stderr]    Compiling memchr v2.7.4
[INFO] [stderr]    Compiling futures-sink v0.3.30
[INFO] [stderr]    Compiling futures-core v0.3.30
[INFO] [stderr]    Compiling fnv v1.0.7
[INFO] [stderr]    Compiling serde v1.0.207
[INFO] [stderr]    Compiling pin-utils v0.1.0
[INFO] [stderr]    Compiling futures-task v0.3.30
[INFO] [stderr]    Compiling futures-io v0.3.30
[INFO] [stderr]    Compiling equivalent v1.0.1
[INFO] [stderr]    Compiling hashbrown v0.14.5
[INFO] [stderr]    Compiling futures-channel v0.3.30
[INFO] [stderr]    Compiling tracing-core v0.1.32
[INFO] [stderr]    Compiling ryu v1.0.18
[INFO] [stderr]    Compiling serde_json v1.0.124
[INFO] [stderr]    Compiling pkg-config v0.3.30
[INFO] [stderr]    Compiling cc v1.1.11
[INFO] [stderr]    Compiling untrusted v0.9.0
[INFO] [stderr]    Compiling rustls-pki-types v1.8.0
[INFO] [stderr]    Compiling vcpkg v0.2.15
[INFO] [stderr]    Compiling spin v0.9.8
[INFO] [stderr]    Compiling http v1.1.0
[INFO] [stderr]    Compiling base64 v0.22.1
[INFO] [stderr]    Compiling typenum v1.17.0
[INFO] [stderr]    Compiling slab v0.4.9
[INFO] [stderr]    Compiling version_check v0.9.5
[INFO] [stderr]    Compiling smallvec v1.13.2
[INFO] [stderr]    Compiling thiserror v1.0.63
[INFO] [stderr]    Compiling httparse v1.9.4
[INFO] [stderr]    Compiling quote v1.0.36
[INFO] [stderr]    Compiling tower-service v0.3.3
[INFO] [stderr]    Compiling atomic-waker v1.1.2
[INFO] [stderr]    Compiling openssl-probe v0.1.5
[INFO] [stderr]    Compiling tower-layer v0.3.3
[INFO] [stderr]    Compiling syn v2.0.74
[INFO] [stderr]    Compiling socket2 v0.5.7
[INFO] [stderr]    Compiling mio v1.0.2
[INFO] [stderr]    Compiling getrandom v0.2.15
[INFO] [stderr]    Compiling generic-array v0.14.7
[INFO] [stderr]    Compiling try-lock v0.2.5
[INFO] [stderr]    Compiling num-traits v0.2.19
[INFO] [stderr]    Compiling http-body v1.0.1
[INFO] [stderr]    Compiling want v0.3.1
[INFO] [stderr]    Compiling rustls v0.23.12
[INFO] [stderr]    Compiling tinyvec_macros v0.1.1
[INFO] [stderr]    Compiling indexmap v2.4.0
[INFO] [stderr]    Compiling crossbeam-utils v0.8.20
[INFO] [stderr]    Compiling tinyvec v1.8.0
[INFO] [stderr]    Compiling percent-encoding v2.3.1
[INFO] [stderr]    Compiling foreign-types-shared v0.1.1
[INFO] [stderr]    Compiling openssl v0.10.66
[INFO] [stderr]    Compiling subtle v2.6.1
[INFO] [stderr]    Compiling zeroize v1.8.1
[INFO] [stderr]    Compiling form_urlencoded v1.2.1
[INFO] [stderr]    Compiling foreign-types v0.3.2
[INFO] [stderr]    Compiling rustls-pemfile v2.1.3
[INFO] [stderr]    Compiling native-tls v0.2.12
[INFO] [stderr]    Compiling time-core v0.1.2
[INFO] [stderr]    Compiling unicode-bidi v0.3.15
[INFO] [stderr]    Compiling num-conv v0.1.0
[INFO] [stderr]    Compiling powerfmt v0.2.0
[INFO] [stderr]    Compiling bitflags v2.6.0
[INFO] [stderr]    Compiling byteorder v1.5.0
[INFO] [stderr]    Compiling toml_datetime v0.6.8
[INFO] [stderr]    Compiling winnow v0.5.40
[INFO] [stderr]    Compiling regex-syntax v0.6.29
[INFO] [stderr]    Compiling time-macros v0.2.18
[INFO] [stderr]    Compiling regex-syntax v0.8.4
[INFO] [stderr]    Compiling deranged v0.3.11
[INFO] [stderr]    Compiling rustls-native-certs v0.7.1
[INFO] [stderr]    Compiling rand_core v0.6.4
[INFO] [stderr]    Compiling rayon-core v1.12.1
[INFO] [stderr]    Compiling overload v0.1.1
[INFO] [stderr]    Compiling crossbeam-epoch v0.9.18
[INFO] [stderr]    Compiling num-integer v0.1.46
[INFO] [stderr]    Compiling ring v0.17.8
[INFO] [stderr]    Compiling openssl-sys v0.9.103
[INFO] [stderr]    Compiling lazy_static v1.5.0
[INFO] [stderr]    Compiling unicode-normalization v0.1.23
[INFO] [stderr]    Compiling cpufeatures v0.2.13
[INFO] [stderr]    Compiling mime v0.3.17
[INFO] [stderr]    Compiling base64 v0.21.7
[INFO] [stderr]    Compiling num-bigint v0.4.6
[INFO] [stderr]    Compiling crossbeam-deque v0.8.5
[INFO] [stderr]    Compiling sharded-slab v0.1.7
[INFO] [stderr]    Compiling crypto-common v0.1.6
[INFO] [stderr]    Compiling block-buffer v0.10.4
[INFO] [stderr]    Compiling nu-ansi-term v0.46.0
[INFO] [stderr]    Compiling headers-core v0.3.0
[INFO] [stderr]    Compiling tracing-log v0.2.0
[INFO] [stderr]    Compiling pem v3.0.4
[INFO] [stderr]    Compiling thread_local v1.1.8
[INFO] [stderr]    Compiling digest v0.10.7
[INFO] [stderr]    Compiling sha1 v0.10.6
[INFO] [stderr]    Compiling eyre v0.6.12
[INFO] [stderr]    Compiling heck v0.5.0
[INFO] [stderr]    Compiling httpdate v1.0.3
[INFO] [stderr]    Compiling idna v0.5.0
[INFO] [stderr]    Compiling headers v0.4.0
[INFO] [stderr]    Compiling encoding_rs v0.8.34
[INFO] [stderr]    Compiling unsafe-libyaml v0.2.11
[INFO] [stderr]    Compiling either v1.13.0
[INFO] [stderr]    Compiling indenter v0.3.3
[INFO] [stderr]    Compiling sync_wrapper v1.0.1
[INFO] [stderr]    Compiling ipnet v2.9.0
[INFO] [stderr]    Compiling hex v0.4.3
[INFO] [stderr]    Compiling url v2.5.2
[INFO] [stderr]    Compiling regex-automata v0.4.7
[INFO] [stderr]    Compiling rayon v1.10.0
[INFO] [stderr]    Compiling time v0.3.36
[INFO] [stderr]    Compiling toml_edit v0.21.1
[INFO] [stderr]    Compiling regex-automata v0.1.10
[INFO] [stderr]    Compiling async-once-cell v0.5.3
[INFO] [stderr]    Compiling matchers v0.1.0
[INFO] [stderr]    Compiling regex v1.10.6
[INFO] [stderr]    Compiling proc-macro-crate v3.1.0
[INFO] [stderr]    Compiling tokio-macros v2.4.0
[INFO] [stderr]    Compiling futures-macro v0.3.30
[INFO] [stderr]    Compiling tracing-attributes v0.1.27
[INFO] [stderr]    Compiling serde_derive v1.0.207
[INFO] [stderr]    Compiling pin-project-internal v1.1.5
[INFO] [stderr]    Compiling thiserror-impl v1.0.63
[INFO] [stderr]    Compiling openssl-macros v0.1.1
[INFO] [stderr]    Compiling zerocopy-derive v0.7.35
[INFO] [stderr]    Compiling async-trait v0.1.81
[INFO] [stderr]    Compiling tracing-test-macro v0.2.5
[INFO] [stderr]    Compiling jsonrpsee-proc-macros v0.24.3
[INFO] [stderr]    Compiling rustls-webpki v0.102.6
[INFO] [stderr]    Compiling tokio v1.39.2
[INFO] [stderr]    Compiling futures-util v0.3.30
[INFO] [stderr]    Compiling zerocopy v0.7.35
[INFO] [stderr]    Compiling pin-project v1.1.5
[INFO] [stderr]    Compiling simple_asn1 v0.6.2
[INFO] [stderr]    Compiling tracing v0.1.40
[INFO] [stderr]    Compiling ppv-lite86 v0.2.20
[INFO] [stderr]    Compiling rand_chacha v0.3.1
[INFO] [stderr]    Compiling rand v0.8.5
[INFO] [stderr]    Compiling http-body-util v0.1.2
[INFO] [stderr]    Compiling futures-executor v0.3.30
[INFO] [stderr]    Compiling futures v0.3.30
[INFO] [stderr]    Compiling tokio-util v0.7.11
[INFO] [stderr]    Compiling tower v0.4.13
[INFO] [stderr]    Compiling tokio-rustls v0.26.0
[INFO] [stderr]    Compiling tokio-native-tls v0.3.1
[INFO] [stderr]    Compiling h2 v0.4.5
[INFO] [stderr]    Compiling rustls-platform-verifier v0.3.3
[INFO] [stderr]    Compiling tracing-serde v0.1.3
[INFO] [stderr]    Compiling serde_urlencoded v0.7.1
[INFO] [stderr]    Compiling serde_yaml v0.9.34+deprecated
[INFO] [stderr]    Compiling jsonrpsee-types v0.24.3
[INFO] [stderr]    Compiling jsonwebtoken v9.3.0
[INFO] [stderr]    Compiling tracing-subscriber v0.3.18
[INFO] [stderr]    Compiling jsonrpsee-core v0.24.3
[INFO] [stderr]    Compiling jwt-jsonrpsee v0.1.1 (https://github.com/pontem-network/jwt-jsonrpsee#3843d9bc)
[INFO] [stderr]    Compiling tracing-test v0.2.5
[INFO] [stderr]    Compiling hyper v1.4.1
[INFO] [stderr]    Compiling hyper-util v0.1.7
[INFO] [stderr]    Compiling hyper-rustls v0.27.2
[INFO] [stderr]    Compiling hyper-tls v0.6.0
[INFO] [stderr]    Compiling jsonrpsee-http-client v0.24.3
[INFO] [stderr]    Compiling reqwest v0.12.5
[INFO] [stderr]    Compiling jsonrpsee v0.24.3
[INFO] [stderr]    Compiling test_l2 v0.1.0 (/opt/rustwide/workdir)
[INFO] [stderr]     Finished `test` profile [unoptimized + debuginfo] target(s) in 1m 36s
[INFO] running `Command { std: "docker" "inspect" "65fd0a643c04330df23e7aabc7e0e3fd1667d1c0100ebabbf616681559ee4056", kill_on_drop: false }`
[INFO] running `Command { std: "docker" "rm" "-f" "65fd0a643c04330df23e7aabc7e0e3fd1667d1c0100ebabbf616681559ee4056", kill_on_drop: false }`
[INFO] [stdout] 65fd0a643c04330df23e7aabc7e0e3fd1667d1c0100ebabbf616681559ee4056
[INFO] running `Command { std: "docker" "create" "-v" "/var/lib/crater-agent-workspace/builds/worker-5-tc1/target:/opt/rustwide/target:rw,Z" "-v" "/var/lib/crater-agent-workspace/builds/worker-5-tc1/source:/opt/rustwide/workdir:ro,Z" "-v" "/var/lib/crater-agent-workspace/cargo-home:/opt/rustwide/cargo-home:ro,Z" "-v" "/var/lib/crater-agent-workspace/rustup-home:/opt/rustwide/rustup-home:ro,Z" "-e" "SOURCE_DIR=/opt/rustwide/workdir" "-e" "CARGO_TARGET_DIR=/opt/rustwide/target" "-e" "CARGO_INCREMENTAL=0" "-e" "RUST_BACKTRACE=full" "-e" "RUSTFLAGS=--cap-lints=warn" "-e" "RUSTDOCFLAGS=--cap-lints=warn" "-e" "CARGO_HOME=/opt/rustwide/cargo-home" "-e" "RUSTUP_HOME=/opt/rustwide/rustup-home" "-w" "/opt/rustwide/workdir" "-m" "1610612736" "--user" "0:0" "--network" "none" "ghcr.io/rust-lang/crates-build-env/linux@sha256:f3a9d4ad9d972b27faf3965f35b62e55ba32bbce8f20bc8fe909558a86702fde" "/opt/rustwide/cargo-home/bin/cargo" "+1.83.0" "test" "--frozen", kill_on_drop: false }`
[INFO] [stdout] 3cbcc532b0bbb2741c5349d7ea32443634e411590345d8b13b5ecff1c9bdaf2f
[INFO] running `Command { std: "docker" "start" "-a" "3cbcc532b0bbb2741c5349d7ea32443634e411590345d8b13b5ecff1c9bdaf2f", kill_on_drop: false }`
[INFO] [stderr]     Finished `test` profile [unoptimized + debuginfo] target(s) in 0.30s
[INFO] [stderr]      Running unittests src/lib.rs (/opt/rustwide/target/debug/deps/test_l2-07e7e5516d3b5453)
[INFO] [stdout] 
[INFO] [stdout] running 9 tests
[INFO] [stdout] test aptos::test_balance ... ignored
[INFO] [stdout] test jwt::patch_node_config ... ignored
[INFO] [stdout] test jwt::test_invalid_jwt ... FAILED
[INFO] [stdout] test test_deposit ... FAILED
[INFO] [stdout] test jwt::test_jsonrpsee ... FAILED
[INFO] [stdout] test jwt::test_token_lifetime_has_expired ... FAILED
[INFO] [stdout] test test_deposit_zero ... FAILED
[INFO] [stdout] test jwt::test_auth_reqwest ... FAILED
[INFO] [stdout] test jwt::test_unauth ... FAILED
[INFO] [stdout] 
[INFO] [stdout] failures:
[INFO] [stdout] 
[INFO] [stdout] ---- jwt::test_invalid_jwt stdout ----
[INFO] [stdout] Error: error sending request for url (http://localhost:9042/)
[INFO] [stdout] 
[INFO] [stdout] Caused by:
[INFO] [stdout]    0: client error (Connect)
[INFO] [stdout]    1: tcp connect error: Connection refused (os error 111)
[INFO] [stdout]    2: Connection refused (os error 111)
[INFO] [stdout] 
[INFO] [stdout] Location:
[INFO] [stdout]     src/jwt.rs:35:18
[INFO] [stdout] 
[INFO] [stdout] ---- test_deposit stdout ----
[INFO] [stdout] thread 'test_deposit' panicked at src/jwt.rs:26:18:
[INFO] [stdout] called `Result::unwrap()` on an `Err` value: При чтении JWT "engine.jwt" произошла ошибка
[INFO] [stdout] 
[INFO] [stdout] Caused by:
[INFO] [stdout]     No such file or directory (os error 2)
[INFO] [stdout] 
[INFO] [stdout] Location:
[INFO] [stdout]     src/jwt.rs:25:18
[INFO] [stdout] stack backtrace:
[INFO] [stdout]    0:     0x574248bc536a - std::backtrace_rs::backtrace::libunwind::trace::h5a5b8284f2d0c266
[INFO] [stdout]                                at /rustc/90b35a6239c3d8bdabc530a6a0816f7ff89a0aaf/library/std/src/../../backtrace/src/backtrace/libunwind.rs:116:5
[INFO] [stdout]    1:     0x574248bc536a - std::backtrace_rs::backtrace::trace_unsynchronized::h76d4f1c9b0b875e3
[INFO] [stdout]                                at /rustc/90b35a6239c3d8bdabc530a6a0816f7ff89a0aaf/library/std/src/../../backtrace/src/backtrace/mod.rs:66:5
[INFO] [stdout]    2:     0x574248bc536a - std::sys::backtrace::_print_fmt::hc4546b8364a537c6
[INFO] [stdout]                                at /rustc/90b35a6239c3d8bdabc530a6a0816f7ff89a0aaf/library/std/src/sys/backtrace.rs:66:9
[INFO] [stdout]    3:     0x574248bc536a - <std::sys::backtrace::BacktraceLock::print::DisplayBacktrace as core::fmt::Display>::fmt::h5b6bd5631a6d1f6b
[INFO] [stdout]                                at /rustc/90b35a6239c3d8bdabc530a6a0816f7ff89a0aaf/library/std/src/sys/backtrace.rs:39:26
[INFO] [stdout]    4:     0x574248bef823 - core::fmt::rt::Argument::fmt::h270f6602a2b96f62
[INFO] [stdout]                                at /rustc/90b35a6239c3d8bdabc530a6a0816f7ff89a0aaf/library/core/src/fmt/rt.rs:177:76
[INFO] [stdout]    5:     0x574248bef823 - core::fmt::write::h7550c97b06c86515
[INFO] [stdout]                                at /rustc/90b35a6239c3d8bdabc530a6a0816f7ff89a0aaf/library/core/src/fmt/mod.rs:1186:21
[INFO] [stdout]    6:     0x574248bc19a3 - std::io::Write::write_fmt::h509ff860e5956e5e
[INFO] [stdout]                                at /rustc/90b35a6239c3d8bdabc530a6a0816f7ff89a0aaf/library/std/src/io/mod.rs:1839:15
[INFO] [stdout]    7:     0x574248bc51b2 - std::sys::backtrace::BacktraceLock::print::h2395ccd2c84ba3aa
[INFO] [stdout]                                at /rustc/90b35a6239c3d8bdabc530a6a0816f7ff89a0aaf/library/std/src/sys/backtrace.rs:42:9
[INFO] [stdout]    8:     0x574248bc67ca - std::panicking::default_hook::{{closure}}::he19d4c7230e07961
[INFO] [stdout]                                at /rustc/90b35a6239c3d8bdabc530a6a0816f7ff89a0aaf/library/std/src/panicking.rs:268:22
[INFO] [stdout]    9:     0x574248bc65d4 - std::panicking::default_hook::hf614597d3c67bbdb
[INFO] [stdout]                                at /rustc/90b35a6239c3d8bdabc530a6a0816f7ff89a0aaf/library/std/src/panicking.rs:292:9
[INFO] [stdout]   10:     0x574248260d19 - <alloc::boxed::Box<F,A> as core::ops::function::Fn<Args>>::call::h39b51ce4599c23d1
[INFO] [stdout]                                at /rustc/90b35a6239c3d8bdabc530a6a0816f7ff89a0aaf/library/alloc/src/boxed.rs:2468:9
[INFO] [stdout]   11:     0x574248260d19 - test::test_main::{{closure}}::he977ae839a582784
[INFO] [stdout]                                at /rustc/90b35a6239c3d8bdabc530a6a0816f7ff89a0aaf/library/test/src/lib.rs:133:21
[INFO] [stdout]   12:     0x574248bc6e68 - <alloc::boxed::Box<F,A> as core::ops::function::Fn<Args>>::call::h9455091b6b06f9fb
[INFO] [stdout]                                at /rustc/90b35a6239c3d8bdabc530a6a0816f7ff89a0aaf/library/alloc/src/boxed.rs:2468:9
[INFO] [stdout]   13:     0x574248bc6e68 - std::panicking::rust_panic_with_hook::h8942133a8b252070
[INFO] [stdout]                                at /rustc/90b35a6239c3d8bdabc530a6a0816f7ff89a0aaf/library/std/src/panicking.rs:809:13
[INFO] [stdout]   14:     0x574248bc6c2a - std::panicking::begin_panic_handler::{{closure}}::hb5f5963570096b29
[INFO] [stdout]                                at /rustc/90b35a6239c3d8bdabc530a6a0816f7ff89a0aaf/library/std/src/panicking.rs:674:13
[INFO] [stdout]   15:     0x574248bc5849 - std::sys::backtrace::__rust_end_short_backtrace::h6208cedc1922feda
[INFO] [stdout]                                at /rustc/90b35a6239c3d8bdabc530a6a0816f7ff89a0aaf/library/std/src/sys/backtrace.rs:170:18
[INFO] [stdout]   16:     0x574248bc68bc - rust_begin_unwind
[INFO] [stdout]                                at /rustc/90b35a6239c3d8bdabc530a6a0816f7ff89a0aaf/library/std/src/panicking.rs:665:5
[INFO] [stdout]   17:     0x5742480af420 - core::panicking::panic_fmt::h0c3082644d1bf418
[INFO] [stdout]                                at /rustc/90b35a6239c3d8bdabc530a6a0816f7ff89a0aaf/library/core/src/panicking.rs:74:14
[INFO] [stdout]   18:     0x5742480af906 - core::result::unwrap_failed::hd20b4aa073bda1e2
[INFO] [stdout]                                at /rustc/90b35a6239c3d8bdabc530a6a0816f7ff89a0aaf/library/core/src/result.rs:1700:5
[INFO] [stdout]   19:     0x5742481dfedf - core::result::Result<T,E>::unwrap::hd6e5144b40493c5a
[INFO] [stdout]                                at /rustc/90b35a6239c3d8bdabc530a6a0816f7ff89a0aaf/library/core/src/result.rs:1104:23
[INFO] [stdout]   20:     0x5742481dfedf - test_l2::jwt::get_jwt::{{closure}}::{{closure}}::h01dfff2351f5ffe3
[INFO] [stdout]                                at /opt/rustwide/workdir/src/jwt.rs:24:14
[INFO] [stdout]   21:     0x574248206353 - async_once_cell::OnceCell<T>::get_or_init::{{closure}}::{{closure}}::he8d09938e533b23e
[INFO] [stdout]                                at /opt/rustwide/cargo-home/registry/src/index.crates.io-6f17d22bba15001f/async-once-cell-0.5.3/src/lib.rs:625:74
[INFO] [stdout]   22:     0x574248207099 - async_once_cell::OnceCell<T>::init_slow::{{closure}}::h3b83dff6e8a0a10f
[INFO] [stdout]                                at /opt/rustwide/cargo-home/registry/src/index.crates.io-6f17d22bba15001f/async-once-cell-0.5.3/src/lib.rs:686:38
[INFO] [stdout]   23:     0x5742482066b7 - async_once_cell::OnceCell<T>::get_or_try_init::{{closure}}::ha28999d2be8563f9
[INFO] [stdout]                                at /opt/rustwide/cargo-home/registry/src/index.crates.io-6f17d22bba15001f/async-once-cell-0.5.3/src/lib.rs:657:48
[INFO] [stdout]   24:     0x57424820614a - async_once_cell::OnceCell<T>::get_or_init::{{closure}}::he3c805a1bae4266c
[INFO] [stdout]                                at /opt/rustwide/cargo-home/registry/src/index.crates.io-6f17d22bba15001f/async-once-cell-0.5.3/src/lib.rs:625:84
[INFO] [stdout]   25:     0x5742481dfca3 - test_l2::jwt::get_jwt::{{closure}}::hba16f438fc74a9a9
[INFO] [stdout]                                at /opt/rustwide/workdir/src/jwt.rs:31:6
[INFO] [stdout]   26:     0x5742481aa965 - test_l2::test_deposit::{{closure}}::h61e1df7c2989a373
[INFO] [stdout]                                at /opt/rustwide/workdir/src/lib.rs:81:25
[INFO] [stdout]   27:     0x5742480e32f5 - <core::pin::Pin<P> as core::future::future::Future>::poll::h2b7cccf0412778b6
[INFO] [stdout]                                at /rustc/90b35a6239c3d8bdabc530a6a0816f7ff89a0aaf/library/core/src/future/future.rs:123:9
[INFO] [stdout]   28:     0x5742480e356d - <core::pin::Pin<P> as core::future::future::Future>::poll::h6aef052cb4b9d38a
[INFO] [stdout]                                at /rustc/90b35a6239c3d8bdabc530a6a0816f7ff89a0aaf/library/core/src/future/future.rs:123:9
[INFO] [stdout]   29:     0x574248144f0f - tokio::runtime::scheduler::current_thread::CoreGuard::block_on::{{closure}}::{{closure}}::{{closure}}::ha31b5b0dcdc02fa3
[INFO] [stdout]                                at /opt/rustwide/cargo-home/registry/src/index.crates.io-6f17d22bba15001f/tokio-1.39.2/src/runtime/scheduler/current_thread/mod.rs:673:57
[INFO] [stdout]   30:     0x574248144bf6 - tokio::runtime::coop::with_budget::h5b7111d39fdf8cfb
[INFO] [stdout]                                at /opt/rustwide/cargo-home/registry/src/index.crates.io-6f17d22bba15001f/tokio-1.39.2/src/runtime/coop.rs:107:5
[INFO] [stdout]   31:     0x574248144bf6 - tokio::runtime::coop::budget::hca7340c860058541
[INFO] [stdout]                                at /opt/rustwide/cargo-home/registry/src/index.crates.io-6f17d22bba15001f/tokio-1.39.2/src/runtime/coop.rs:73:5
[INFO] [stdout]   32:     0x574248144bf6 - tokio::runtime::scheduler::current_thread::CoreGuard::block_on::{{closure}}::{{closure}}::h39fa5baab122370b
[INFO] [stdout]                                at /opt/rustwide/cargo-home/registry/src/index.crates.io-6f17d22bba15001f/tokio-1.39.2/src/runtime/scheduler/current_thread/mod.rs:673:25
[INFO] [stdout]   33:     0x57424813f02a - tokio::runtime::scheduler::current_thread::Context::enter::h124fe2437fb8a29b
[INFO] [stdout]                                at /opt/rustwide/cargo-home/registry/src/index.crates.io-6f17d22bba15001f/tokio-1.39.2/src/runtime/scheduler/current_thread/mod.rs:412:19
[INFO] [stdout]   34:     0x57424814268b - tokio::runtime::scheduler::current_thread::CoreGuard::block_on::{{closure}}::h22831d7bcf1c3652
[INFO] [stdout]                                at /opt/rustwide/cargo-home/registry/src/index.crates.io-6f17d22bba15001f/tokio-1.39.2/src/runtime/scheduler/current_thread/mod.rs:672:36
[INFO] [stdout]   35:     0x57424814227b - tokio::runtime::scheduler::current_thread::CoreGuard::enter::{{closure}}::hce11894f567bcb32
[INFO] [stdout]                                at /opt/rustwide/cargo-home/registry/src/index.crates.io-6f17d22bba15001f/tokio-1.39.2/src/runtime/scheduler/current_thread/mod.rs:751:68
[INFO] [stdout]   36:     0x57424820362a - tokio::runtime::context::scoped::Scoped<T>::set::h9f063797ceea79b0
[INFO] [stdout]                                at /opt/rustwide/cargo-home/registry/src/index.crates.io-6f17d22bba15001f/tokio-1.39.2/src/runtime/context/scoped.rs:40:9
[INFO] [stdout]   37:     0x57424819fa6a - tokio::runtime::context::set_scheduler::{{closure}}::h67e5ddbcfe8d4b84
[INFO] [stdout]                                at /opt/rustwide/cargo-home/registry/src/index.crates.io-6f17d22bba15001f/tokio-1.39.2/src/runtime/context.rs:180:26
[INFO] [stdout]   38:     0x57424814b9d1 - std::thread::local::LocalKey<T>::try_with::ha1885381a69993f7
[INFO] [stdout]                                at /rustc/90b35a6239c3d8bdabc530a6a0816f7ff89a0aaf/library/std/src/thread/local.rs:283:12
[INFO] [stdout]   39:     0x57424814a48d - std::thread::local::LocalKey<T>::with::hea41341aa3e9182c
[INFO] [stdout]                                at /rustc/90b35a6239c3d8bdabc530a6a0816f7ff89a0aaf/library/std/src/thread/local.rs:260:9
[INFO] [stdout]   40:     0x57424819f991 - tokio::runtime::context::set_scheduler::h97b8594f4e885fae
[INFO] [stdout]                                at /opt/rustwide/cargo-home/registry/src/index.crates.io-6f17d22bba15001f/tokio-1.39.2/src/runtime/context.rs:180:9
[INFO] [stdout]   41:     0x574248141319 - tokio::runtime::scheduler::current_thread::CoreGuard::enter::h2dd75d219cc3a7ba
[INFO] [stdout]                                at /opt/rustwide/cargo-home/registry/src/index.crates.io-6f17d22bba15001f/tokio-1.39.2/src/runtime/scheduler/current_thread/mod.rs:751:27
[INFO] [stdout]   42:     0x574248142403 - tokio::runtime::scheduler::current_thread::CoreGuard::block_on::hd7d5a97ac22a62d5
[INFO] [stdout]                                at /opt/rustwide/cargo-home/registry/src/index.crates.io-6f17d22bba15001f/tokio-1.39.2/src/runtime/scheduler/current_thread/mod.rs:660:19
[INFO] [stdout]   43:     0x57424813e380 - tokio::runtime::scheduler::current_thread::CurrentThread::block_on::{{closure}}::h76b54e1d9eb3343f
[INFO] [stdout]                                at /opt/rustwide/cargo-home/registry/src/index.crates.io-6f17d22bba15001f/tokio-1.39.2/src/runtime/scheduler/current_thread/mod.rs:180:28
[INFO] [stdout]   44:     0x574248223d46 - tokio::runtime::context::runtime::enter_runtime::hcbe5ec2bbf4cd0cf
[INFO] [stdout]                                at /opt/rustwide/cargo-home/registry/src/index.crates.io-6f17d22bba15001f/tokio-1.39.2/src/runtime/context/runtime.rs:65:16
[INFO] [stdout]   45:     0x57424813d5a1 - tokio::runtime::scheduler::current_thread::CurrentThread::block_on::h4a314e3812c96221
[INFO] [stdout]                                at /opt/rustwide/cargo-home/registry/src/index.crates.io-6f17d22bba15001f/tokio-1.39.2/src/runtime/scheduler/current_thread/mod.rs:168:9
[INFO] [stdout]   46:     0x574248153b09 - tokio::runtime::runtime::Runtime::block_on_inner::h00454a70eace2d87
[INFO] [stdout]                                at /opt/rustwide/cargo-home/registry/src/index.crates.io-6f17d22bba15001f/tokio-1.39.2/src/runtime/runtime.rs:361:47
[INFO] [stdout]   47:     0x574248154115 - tokio::runtime::runtime::Runtime::block_on::ha738ac03ce10b489
[INFO] [stdout]                                at /opt/rustwide/cargo-home/registry/src/index.crates.io-6f17d22bba15001f/tokio-1.39.2/src/runtime/runtime.rs:335:13
[INFO] [stdout]   48:     0x5742481a9c13 - test_l2::test_deposit::h46dfabeaf63c50ad
[INFO] [stdout]                                at /opt/rustwide/workdir/src/lib.rs:148:5
[INFO] [stdout]   49:     0x5742481a9ab7 - test_l2::test_deposit::{{closure}}::h5c5ce9e148a8350c
[INFO] [stdout]                                at /opt/rustwide/workdir/src/lib.rs:80:28
[INFO] [stdout]   50:     0x5742480b0596 - core::ops::function::FnOnce::call_once::h38beb557e2e4f92a
[INFO] [stdout]                                at /rustc/90b35a6239c3d8bdabc530a6a0816f7ff89a0aaf/library/core/src/ops/function.rs:250:5
[INFO] [stdout]   51:     0x5742482656db - core::ops::function::FnOnce::call_once::h109cf8051a59b34e
[INFO] [stdout]                                at /rustc/90b35a6239c3d8bdabc530a6a0816f7ff89a0aaf/library/core/src/ops/function.rs:250:5
[INFO] [stdout]   52:     0x5742482656db - test::__rust_begin_short_backtrace::hf4fff89d377446ba
[INFO] [stdout]                                at /rustc/90b35a6239c3d8bdabc530a6a0816f7ff89a0aaf/library/test/src/lib.rs:621:18
[INFO] [stdout]   53:     0x574248264f17 - test::run_test_in_process::{{closure}}::h0e39181dd7ee5a43
[INFO] [stdout]                                at /rustc/90b35a6239c3d8bdabc530a6a0816f7ff89a0aaf/library/test/src/lib.rs:644:60
[INFO] [stdout]   54:     0x574248264f17 - <core::panic::unwind_safe::AssertUnwindSafe<F> as core::ops::function::FnOnce<()>>::call_once::hc5a66a30f0bdfd1f
[INFO] [stdout]                                at /rustc/90b35a6239c3d8bdabc530a6a0816f7ff89a0aaf/library/core/src/panic/unwind_safe.rs:272:9
[INFO] [stdout]   55:     0x574248264f17 - std::panicking::try::do_call::h873b7cf639554a5e
[INFO] [stdout]                                at /rustc/90b35a6239c3d8bdabc530a6a0816f7ff89a0aaf/library/std/src/panicking.rs:557:40
[INFO] [stdout]   56:     0x574248264f17 - std::panicking::try::hdb19862fad9c8bd1
[INFO] [stdout]                                at /rustc/90b35a6239c3d8bdabc530a6a0816f7ff89a0aaf/library/std/src/panicking.rs:520:19
[INFO] [stdout]   57:     0x574248264f17 - std::panic::catch_unwind::h281fe732d236d260
[INFO] [stdout]                                at /rustc/90b35a6239c3d8bdabc530a6a0816f7ff89a0aaf/library/std/src/panic.rs:358:14
[INFO] [stdout]   58:     0x574248264f17 - test::run_test_in_process::h949b6df8457ed338
[INFO] [stdout]                                at /rustc/90b35a6239c3d8bdabc530a6a0816f7ff89a0aaf/library/test/src/lib.rs:644:27
[INFO] [stdout]   59:     0x574248264f17 - test::run_test::{{closure}}::h52c556a6d4740e10
[INFO] [stdout]                                at /rustc/90b35a6239c3d8bdabc530a6a0816f7ff89a0aaf/library/test/src/lib.rs:565:43
[INFO] [stdout]   60:     0x57424822a1f4 - test::run_test::{{closure}}::h4237f6381c45ccb9
[INFO] [stdout]                                at /rustc/90b35a6239c3d8bdabc530a6a0816f7ff89a0aaf/library/test/src/lib.rs:595:41
[INFO] [stdout]   61:     0x57424822a1f4 - std::sys::backtrace::__rust_begin_short_backtrace::h505c97a579eca628
[INFO] [stdout]                                at /rustc/90b35a6239c3d8bdabc530a6a0816f7ff89a0aaf/library/std/src/sys/backtrace.rs:154:18
[INFO] [stdout]   62:     0x57424822d8be - std::thread::Builder::spawn_unchecked_::{{closure}}::{{closure}}::h9e86b2e2bc107ea3
[INFO] [stdout]                                at /rustc/90b35a6239c3d8bdabc530a6a0816f7ff89a0aaf/library/std/src/thread/mod.rs:538:17
[INFO] [stdout]   63:     0x57424822d8be - <core::panic::unwind_safe::AssertUnwindSafe<F> as core::ops::function::FnOnce<()>>::call_once::h8b06ddb275ff4a25
[INFO] [stdout]                                at /rustc/90b35a6239c3d8bdabc530a6a0816f7ff89a0aaf/library/core/src/panic/unwind_safe.rs:272:9
[INFO] [stdout]   64:     0x57424822d8be - std::panicking::try::do_call::hb26ecd7cd9a9355d
[INFO] [stdout]                                at /rustc/90b35a6239c3d8bdabc530a6a0816f7ff89a0aaf/library/std/src/panicking.rs:557:40
[INFO] [stdout]   65:     0x57424822d8be - std::panicking::try::h8ddeca9d705f9069
[INFO] [stdout]                                at /rustc/90b35a6239c3d8bdabc530a6a0816f7ff89a0aaf/library/std/src/panicking.rs:520:19
[INFO] [stdout]   66:     0x57424822d8be - std::panic::catch_unwind::h49e1c33078844c46
[INFO] [stdout]                                at /rustc/90b35a6239c3d8bdabc530a6a0816f7ff89a0aaf/library/std/src/panic.rs:358:14
[INFO] [stdout]   67:     0x57424822d8be - std::thread::Builder::spawn_unchecked_::{{closure}}::h6073db6ff56ad35d
[INFO] [stdout]                                at /rustc/90b35a6239c3d8bdabc530a6a0816f7ff89a0aaf/library/std/src/thread/mod.rs:537:30
[INFO] [stdout]   68:     0x57424822d8be - core::ops::function::FnOnce::call_once{{vtable.shim}}::h2c5a5f3779c774f1
[INFO] [stdout]                                at /rustc/90b35a6239c3d8bdabc530a6a0816f7ff89a0aaf/library/core/src/ops/function.rs:250:5
[INFO] [stdout]   69:     0x574248bcb43b - <alloc::boxed::Box<F,A> as core::ops::function::FnOnce<Args>>::call_once::hf75717d9f28faebf
[INFO] [stdout]                                at /rustc/90b35a6239c3d8bdabc530a6a0816f7ff89a0aaf/library/alloc/src/boxed.rs:2454:9
[INFO] [stdout]   70:     0x574248bcb43b - <alloc::boxed::Box<F,A> as core::ops::function::FnOnce<Args>>::call_once::h7bd883a5f3c5f3c1
[INFO] [stdout]                                at /rustc/90b35a6239c3d8bdabc530a6a0816f7ff89a0aaf/library/alloc/src/boxed.rs:2454:9
[INFO] [stdout]   71:     0x574248bcb43b - std::sys::pal::unix::thread::Thread::new::thread_start::hcc78f3943333fa94
[INFO] [stdout]                                at /rustc/90b35a6239c3d8bdabc530a6a0816f7ff89a0aaf/library/std/src/sys/pal/unix/thread.rs:105:17
[INFO] [stdout]   72:     0x7c4e79093ac3 - <unknown>
[INFO] [stdout]   73:     0x7c4e79124a04 - clone
[INFO] [stdout]   74:                0x0 - <unknown>
[INFO] [stdout] 
[INFO] [stdout] ---- jwt::test_jsonrpsee stdout ----
[INFO] [stdout] thread 'jwt::test_jsonrpsee' panicked at src/jwt.rs:26:18:
[INFO] [stdout] called `Result::unwrap()` on an `Err` value: При чтении JWT "engine.jwt" произошла ошибка
[INFO] [stdout] 
[INFO] [stdout] Caused by:
[INFO] [stdout]     No such file or directory (os error 2)
[INFO] [stdout] 
[INFO] [stdout] Location:
[INFO] [stdout]     src/jwt.rs:25:18
[INFO] [stdout] stack backtrace:
[INFO] [stdout]    0:     0x574248bc536a - std::backtrace_rs::backtrace::libunwind::trace::h5a5b8284f2d0c266
[INFO] [stdout]                                at /rustc/90b35a6239c3d8bdabc530a6a0816f7ff89a0aaf/library/std/src/../../backtrace/src/backtrace/libunwind.rs:116:5
[INFO] [stdout]    1:     0x574248bc536a - std::backtrace_rs::backtrace::trace_unsynchronized::h76d4f1c9b0b875e3
[INFO] [stdout]                                at /rustc/90b35a6239c3d8bdabc530a6a0816f7ff89a0aaf/library/std/src/../../backtrace/src/backtrace/mod.rs:66:5
[INFO] [stdout]    2:     0x574248bc536a - std::sys::backtrace::_print_fmt::hc4546b8364a537c6
[INFO] [stdout]                                at /rustc/90b35a6239c3d8bdabc530a6a0816f7ff89a0aaf/library/std/src/sys/backtrace.rs:66:9
[INFO] [stdout]    3:     0x574248bc536a - <std::sys::backtrace::BacktraceLock::print::DisplayBacktrace as core::fmt::Display>::fmt::h5b6bd5631a6d1f6b
[INFO] [stdout]                                at /rustc/90b35a6239c3d8bdabc530a6a0816f7ff89a0aaf/library/std/src/sys/backtrace.rs:39:26
[INFO] [stdout]    4:     0x574248bef823 - core::fmt::rt::Argument::fmt::h270f6602a2b96f62
[INFO] [stdout]                                at /rustc/90b35a6239c3d8bdabc530a6a0816f7ff89a0aaf/library/core/src/fmt/rt.rs:177:76
[INFO] [stdout]    5:     0x574248bef823 - core::fmt::write::h7550c97b06c86515
[INFO] [stdout]                                at /rustc/90b35a6239c3d8bdabc530a6a0816f7ff89a0aaf/library/core/src/fmt/mod.rs:1186:21
[INFO] [stdout]    6:     0x574248bc19a3 - std::io::Write::write_fmt::h509ff860e5956e5e
[INFO] [stdout]                                at /rustc/90b35a6239c3d8bdabc530a6a0816f7ff89a0aaf/library/std/src/io/mod.rs:1839:15
[INFO] [stdout]    7:     0x574248bc51b2 - std::sys::backtrace::BacktraceLock::print::h2395ccd2c84ba3aa
[INFO] [stdout]                                at /rustc/90b35a6239c3d8bdabc530a6a0816f7ff89a0aaf/library/std/src/sys/backtrace.rs:42:9
[INFO] [stdout]    8:     0x574248bc67ca - std::panicking::default_hook::{{closure}}::he19d4c7230e07961
[INFO] [stdout]                                at /rustc/90b35a6239c3d8bdabc530a6a0816f7ff89a0aaf/library/std/src/panicking.rs:268:22
[INFO] [stdout]    9:     0x574248bc65d4 - std::panicking::default_hook::hf614597d3c67bbdb
[INFO] [stdout]                                at /rustc/90b35a6239c3d8bdabc530a6a0816f7ff89a0aaf/library/std/src/panicking.rs:292:9
[INFO] [stdout]   10:     0x574248260d19 - <alloc::boxed::Box<F,A> as core::ops::function::Fn<Args>>::call::h39b51ce4599c23d1
[INFO] [stdout]                                at /rustc/90b35a6239c3d8bdabc530a6a0816f7ff89a0aaf/library/alloc/src/boxed.rs:2468:9
[INFO] [stdout]   11:     0x574248260d19 - test::test_main::{{closure}}::he977ae839a582784
[INFO] [stdout]                                at /rustc/90b35a6239c3d8bdabc530a6a0816f7ff89a0aaf/library/test/src/lib.rs:133:21
[INFO] [stdout]   12:     0x574248bc6e68 - <alloc::boxed::Box<F,A> as core::ops::function::Fn<Args>>::call::h9455091b6b06f9fb
[INFO] [stdout]                                at /rustc/90b35a6239c3d8bdabc530a6a0816f7ff89a0aaf/library/alloc/src/boxed.rs:2468:9
[INFO] [stdout]   13:     0x574248bc6e68 - std::panicking::rust_panic_with_hook::h8942133a8b252070
[INFO] [stdout]                                at /rustc/90b35a6239c3d8bdabc530a6a0816f7ff89a0aaf/library/std/src/panicking.rs:809:13
[INFO] [stdout]   14:     0x574248bc6c2a - std::panicking::begin_panic_handler::{{closure}}::hb5f5963570096b29
[INFO] [stdout]                                at /rustc/90b35a6239c3d8bdabc530a6a0816f7ff89a0aaf/library/std/src/panicking.rs:674:13
[INFO] [stdout]   15:     0x574248bc5849 - std::sys::backtrace::__rust_end_short_backtrace::h6208cedc1922feda
[INFO] [stdout]                                at /rustc/90b35a6239c3d8bdabc530a6a0816f7ff89a0aaf/library/std/src/sys/backtrace.rs:170:18
[INFO] [stdout]   16:     0x574248bc68bc - rust_begin_unwind
[INFO] [stdout]                                at /rustc/90b35a6239c3d8bdabc530a6a0816f7ff89a0aaf/library/std/src/panicking.rs:665:5
[INFO] [stdout]   17:     0x5742480af420 - core::panicking::panic_fmt::h0c3082644d1bf418
[INFO] [stdout]                                at /rustc/90b35a6239c3d8bdabc530a6a0816f7ff89a0aaf/library/core/src/panicking.rs:74:14
[INFO] [stdout]   18:     0x5742480af906 - core::result::unwrap_failed::hd20b4aa073bda1e2
[INFO] [stdout]                                at /rustc/90b35a6239c3d8bdabc530a6a0816f7ff89a0aaf/library/core/src/result.rs:1700:5
[INFO] [stdout]   19:     0x5742481dfedf - core::result::Result<T,E>::unwrap::hd6e5144b40493c5a
[INFO] [stdout]                                at /rustc/90b35a6239c3d8bdabc530a6a0816f7ff89a0aaf/library/core/src/result.rs:1104:23
[INFO] [stdout]   20:     0x5742481dfedf - test_l2::jwt::get_jwt::{{closure}}::{{closure}}::h01dfff2351f5ffe3
[INFO] [stdout]                                at /opt/rustwide/workdir/src/jwt.rs:24:14
[INFO] [stdout]   21:     0x574248206353 - async_once_cell::OnceCell<T>::get_or_init::{{closure}}::{{closure}}::he8d09938e533b23e
[INFO] [stdout]                                at /opt/rustwide/cargo-home/registry/src/index.crates.io-6f17d22bba15001f/async-once-cell-0.5.3/src/lib.rs:625:74
[INFO] [stdout]   22:     0x574248207099 - async_once_cell::OnceCell<T>::init_slow::{{closure}}::h3b83dff6e8a0a10f
[INFO] [stdout]                                at /opt/rustwide/cargo-home/registry/src/index.crates.io-6f17d22bba15001f/async-once-cell-0.5.3/src/lib.rs:686:38
[INFO] [stdout]   23:     0x5742482066b7 - async_once_cell::OnceCell<T>::get_or_try_init::{{closure}}::ha28999d2be8563f9
[INFO] [stdout]                                at /opt/rustwide/cargo-home/registry/src/index.crates.io-6f17d22bba15001f/async-once-cell-0.5.3/src/lib.rs:657:48
[INFO] [stdout]   24:     0x57424820614a - async_once_cell::OnceCell<T>::get_or_init::{{closure}}::he3c805a1bae4266c
[INFO] [stdout]                                at /opt/rustwide/cargo-home/registry/src/index.crates.io-6f17d22bba15001f/async-once-cell-0.5.3/src/lib.rs:625:84
[INFO] [stdout]   25:     0x5742481dfca3 - test_l2::jwt::get_jwt::{{closure}}::hba16f438fc74a9a9
[INFO] [stdout]                                at /opt/rustwide/workdir/src/jwt.rs:31:6
[INFO] [stdout]   26:     0x5742481e8eb5 - test_l2::jwt::test_jsonrpsee::{{closure}}::h31fdd7da06e440e5
[INFO] [stdout]                                at /opt/rustwide/workdir/src/jwt.rs:118:25
[INFO] [stdout]   27:     0x5742480e32f5 - <core::pin::Pin<P> as core::future::future::Future>::poll::h2b7cccf0412778b6
[INFO] [stdout]                                at /rustc/90b35a6239c3d8bdabc530a6a0816f7ff89a0aaf/library/core/src/future/future.rs:123:9
[INFO] [stdout]   28:     0x5742480e356d - <core::pin::Pin<P> as core::future::future::Future>::poll::h6aef052cb4b9d38a
[INFO] [stdout]                                at /rustc/90b35a6239c3d8bdabc530a6a0816f7ff89a0aaf/library/core/src/future/future.rs:123:9
[INFO] [stdout]   29:     0x574248144f0f - tokio::runtime::scheduler::current_thread::CoreGuard::block_on::{{closure}}::{{closure}}::{{closure}}::ha31b5b0dcdc02fa3
[INFO] [stdout]                                at /opt/rustwide/cargo-home/registry/src/index.crates.io-6f17d22bba15001f/tokio-1.39.2/src/runtime/scheduler/current_thread/mod.rs:673:57
[INFO] [stdout]   30:     0x574248144bf6 - tokio::runtime::coop::with_budget::h5b7111d39fdf8cfb
[INFO] [stdout]                                at /opt/rustwide/cargo-home/registry/src/index.crates.io-6f17d22bba15001f/tokio-1.39.2/src/runtime/coop.rs:107:5
[INFO] [stdout]   31:     0x574248144bf6 - tokio::runtime::coop::budget::hca7340c860058541
[INFO] [stdout]                                at /opt/rustwide/cargo-home/registry/src/index.crates.io-6f17d22bba15001f/tokio-1.39.2/src/runtime/coop.rs:73:5
[INFO] [stdout]   32:     0x574248144bf6 - tokio::runtime::scheduler::current_thread::CoreGuard::block_on::{{closure}}::{{closure}}::h39fa5baab122370b
[INFO] [stdout]                                at /opt/rustwide/cargo-home/registry/src/index.crates.io-6f17d22bba15001f/tokio-1.39.2/src/runtime/scheduler/current_thread/mod.rs:673:25
[INFO] [stdout]   33:     0x57424813f02a - tokio::runtime::scheduler::current_thread::Context::enter::h124fe2437fb8a29b
[INFO] [stdout]                                at /opt/rustwide/cargo-home/registry/src/index.crates.io-6f17d22bba15001f/tokio-1.39.2/src/runtime/scheduler/current_thread/mod.rs:412:19
[INFO] [stdout]   34:     0x57424814268b - tokio::runtime::scheduler::current_thread::CoreGuard::block_on::{{closure}}::h22831d7bcf1c3652
[INFO] [stdout]                                at /opt/rustwide/cargo-home/registry/src/index.crates.io-6f17d22bba15001f/tokio-1.39.2/src/runtime/scheduler/current_thread/mod.rs:672:36
[INFO] [stdout]   35:     0x57424814227b - tokio::runtime::scheduler::current_thread::CoreGuard::enter::{{closure}}::hce11894f567bcb32
[INFO] [stdout]                                at /opt/rustwide/cargo-home/registry/src/index.crates.io-6f17d22bba15001f/tokio-1.39.2/src/runtime/scheduler/current_thread/mod.rs:751:68
[INFO] [stdout]   36:     0x57424820362a - tokio::runtime::context::scoped::Scoped<T>::set::h9f063797ceea79b0
[INFO] [stdout]                                at /opt/rustwide/cargo-home/registry/src/index.crates.io-6f17d22bba15001f/tokio-1.39.2/src/runtime/context/scoped.rs:40:9
[INFO] [stdout]   37:     0x57424819fa6a - tokio::runtime::context::set_scheduler::{{closure}}::h67e5ddbcfe8d4b84
[INFO] [stdout]                                at /opt/rustwide/cargo-home/registry/src/index.crates.io-6f17d22bba15001f/tokio-1.39.2/src/runtime/context.rs:180:26
[INFO] [stdout]   38:     0x57424814b9d1 - std::thread::local::LocalKey<T>::try_with::ha1885381a69993f7
[INFO] [stdout]                                at /rustc/90b35a6239c3d8bdabc530a6a0816f7ff89a0aaf/library/std/src/thread/local.rs:283:12
[INFO] [stdout]   39:     0x57424814a48d - std::thread::local::LocalKey<T>::with::hea41341aa3e9182c
[INFO] [stdout]                                at /rustc/90b35a6239c3d8bdabc530a6a0816f7ff89a0aaf/library/std/src/thread/local.rs:260:9
[INFO] [stdout]   40:     0x57424819f991 - tokio::runtime::context::set_scheduler::h97b8594f4e885fae
[INFO] [stdout]                                at /opt/rustwide/cargo-home/registry/src/index.crates.io-6f17d22bba15001f/tokio-1.39.2/src/runtime/context.rs:180:9
[INFO] [stdout]   41:     0x574248141319 - tokio::runtime::scheduler::current_thread::CoreGuard::enter::h2dd75d219cc3a7ba
[INFO] [stdout]                                at /opt/rustwide/cargo-home/registry/src/index.crates.io-6f17d22bba15001f/tokio-1.39.2/src/runtime/scheduler/current_thread/mod.rs:751:27
[INFO] [stdout]   42:     0x574248142403 - tokio::runtime::scheduler::current_thread::CoreGuard::block_on::hd7d5a97ac22a62d5
[INFO] [stdout]                                at /opt/rustwide/cargo-home/registry/src/index.crates.io-6f17d22bba15001f/tokio-1.39.2/src/runtime/scheduler/current_thread/mod.rs:660:19
[INFO] [stdout]   43:     0x57424813e380 - tokio::runtime::scheduler::current_thread::CurrentThread::block_on::{{closure}}::h76b54e1d9eb3343f
[INFO] [stdout]                                at /opt/rustwide/cargo-home/registry/src/index.crates.io-6f17d22bba15001f/tokio-1.39.2/src/runtime/scheduler/current_thread/mod.rs:180:28
[INFO] [stdout]   44:     0x574248223d46 - tokio::runtime::context::runtime::enter_runtime::hcbe5ec2bbf4cd0cf
[INFO] [stdout]                                at /opt/rustwide/cargo-home/registry/src/index.crates.io-6f17d22bba15001f/tokio-1.39.2/src/runtime/context/runtime.rs:65:16
[INFO] [stdout]   45:     0x57424813d5a1 - tokio::runtime::scheduler::current_thread::CurrentThread::block_on::h4a314e3812c96221
[INFO] [stdout]                                at /opt/rustwide/cargo-home/registry/src/index.crates.io-6f17d22bba15001f/tokio-1.39.2/src/runtime/scheduler/current_thread/mod.rs:168:9
[INFO] [stdout]   46:     0x574248153b09 - tokio::runtime::runtime::Runtime::block_on_inner::h00454a70eace2d87
[INFO] [stdout]                                at /opt/rustwide/cargo-home/registry/src/index.crates.io-6f17d22bba15001f/tokio-1.39.2/src/runtime/runtime.rs:361:47
[INFO] [stdout]   47:     0x574248154115 - tokio::runtime::runtime::Runtime::block_on::ha738ac03ce10b489
[INFO] [stdout]                                at /opt/rustwide/cargo-home/registry/src/index.crates.io-6f17d22bba15001f/tokio-1.39.2/src/runtime/runtime.rs:335:13
[INFO] [stdout]   48:     0x5742481e8c43 - test_l2::jwt::test_jsonrpsee::hf0ad7a70a265ba3c
[INFO] [stdout]                                at /opt/rustwide/workdir/src/jwt.rs:151:5
[INFO] [stdout]   49:     0x5742481e8ae7 - test_l2::jwt::test_jsonrpsee::{{closure}}::h829f39ff2aad5f50
[INFO] [stdout]                                at /opt/rustwide/workdir/src/jwt.rs:117:30
[INFO] [stdout]   50:     0x5742480b09c6 - core::ops::function::FnOnce::call_once::h827c9bbb4018bc82
[INFO] [stdout]                                at /rustc/90b35a6239c3d8bdabc530a6a0816f7ff89a0aaf/library/core/src/ops/function.rs:250:5
[INFO] [stdout]   51:     0x5742482656db - core::ops::function::FnOnce::call_once::h109cf8051a59b34e
[INFO] [stdout]                                at /rustc/90b35a6239c3d8bdabc530a6a0816f7ff89a0aaf/library/core/src/ops/function.rs:250:5
[INFO] [stdout]   52:     0x5742482656db - test::__rust_begin_short_backtrace::hf4fff89d377446ba
[INFO] [stdout]                                at /rustc/90b35a6239c3d8bdabc530a6a0816f7ff89a0aaf/library/test/src/lib.rs:621:18
[INFO] [stdout]   53:     0x574248264f17 - test::run_test_in_process::{{closure}}::h0e39181dd7ee5a43
[INFO] [stdout]                                at /rustc/90b35a6239c3d8bdabc530a6a0816f7ff89a0aaf/library/test/src/lib.rs:644:60
[INFO] [stdout]   54:     0x574248264f17 - <core::panic::unwind_safe::AssertUnwindSafe<F> as core::ops::function::FnOnce<()>>::call_once::hc5a66a30f0bdfd1f
[INFO] [stdout]                                at /rustc/90b35a6239c3d8bdabc530a6a0816f7ff89a0aaf/library/core/src/panic/unwind_safe.rs:272:9
[INFO] [stdout]   55:     0x574248264f17 - std::panicking::try::do_call::h873b7cf639554a5e
[INFO] [stdout]                                at /rustc/90b35a6239c3d8bdabc530a6a0816f7ff89a0aaf/library/std/src/panicking.rs:557:40
[INFO] [stdout]   56:     0x574248264f17 - std::panicking::try::hdb19862fad9c8bd1
[INFO] [stdout]                                at /rustc/90b35a6239c3d8bdabc530a6a0816f7ff89a0aaf/library/std/src/panicking.rs:520:19
[INFO] [stdout]   57:     0x574248264f17 - std::panic::catch_unwind::h281fe732d236d260
[INFO] [stdout]                                at /rustc/90b35a6239c3d8bdabc530a6a0816f7ff89a0aaf/library/std/src/panic.rs:358:14
[INFO] [stdout]   58:     0x574248264f17 - test::run_test_in_process::h949b6df8457ed338
[INFO] [stdout]                                at /rustc/90b35a6239c3d8bdabc530a6a0816f7ff89a0aaf/library/test/src/lib.rs:644:27
[INFO] [stdout]   59:     0x574248264f17 - test::run_test::{{closure}}::h52c556a6d4740e10
[INFO] [stdout]                                at /rustc/90b35a6239c3d8bdabc530a6a0816f7ff89a0aaf/library/test/src/lib.rs:565:43
[INFO] [stdout]   60:     0x57424822a1f4 - test::run_test::{{closure}}::h4237f6381c45ccb9
[INFO] [stdout]                                at /rustc/90b35a6239c3d8bdabc530a6a0816f7ff89a0aaf/library/test/src/lib.rs:595:41
[INFO] [stdout]   61:     0x57424822a1f4 - std::sys::backtrace::__rust_begin_short_backtrace::h505c97a579eca628
[INFO] [stdout]                                at /rustc/90b35a6239c3d8bdabc530a6a0816f7ff89a0aaf/library/std/src/sys/backtrace.rs:154:18
[INFO] [stdout]   62:     0x57424822d8be - std::thread::Builder::spawn_unchecked_::{{closure}}::{{closure}}::h9e86b2e2bc107ea3
[INFO] [stdout]                                at /rustc/90b35a6239c3d8bdabc530a6a0816f7ff89a0aaf/library/std/src/thread/mod.rs:538:17
[INFO] [stdout]   63:     0x57424822d8be - <core::panic::unwind_safe::AssertUnwindSafe<F> as core::ops::function::FnOnce<()>>::call_once::h8b06ddb275ff4a25
[INFO] [stdout]                                at /rustc/90b35a6239c3d8bdabc530a6a0816f7ff89a0aaf/library/core/src/panic/unwind_safe.rs:272:9
[INFO] [stdout]   64:     0x57424822d8be - std::panicking::try::do_call::hb26ecd7cd9a9355d
[INFO] [stdout]                                at /rustc/90b35a6239c3d8bdabc530a6a0816f7ff89a0aaf/library/std/src/panicking.rs:557:40
[INFO] [stdout]   65:     0x57424822d8be - std::panicking::try::h8ddeca9d705f9069
[INFO] [stdout]                                at /rustc/90b35a6239c3d8bdabc530a6a0816f7ff89a0aaf/library/std/src/panicking.rs:520:19
[INFO] [stdout]   66:     0x57424822d8be - std::panic::catch_unwind::h49e1c33078844c46
[INFO] [stdout]                                at /rustc/90b35a6239c3d8bdabc530a6a0816f7ff89a0aaf/library/std/src/panic.rs:358:14
[INFO] [stdout]   67:     0x57424822d8be - std::thread::Builder::spawn_unchecked_::{{closure}}::h6073db6ff56ad35d
[INFO] [stdout]                                at /rustc/90b35a6239c3d8bdabc530a6a0816f7ff89a0aaf/library/std/src/thread/mod.rs:537:30
[INFO] [stdout]   68:     0x57424822d8be - core::ops::function::FnOnce::call_once{{vtable.shim}}::h2c5a5f3779c774f1
[INFO] [stdout]                                at /rustc/90b35a6239c3d8bdabc530a6a0816f7ff89a0aaf/library/core/src/ops/function.rs:250:5
[INFO] [stdout]   69:     0x574248bcb43b - <alloc::boxed::Box<F,A> as core::ops::function::FnOnce<Args>>::call_once::hf75717d9f28faebf
[INFO] [stdout]                                at /rustc/90b35a6239c3d8bdabc530a6a0816f7ff89a0aaf/library/alloc/src/boxed.rs:2454:9
[INFO] [stdout]   70:     0x574248bcb43b - <alloc::boxed::Box<F,A> as core::ops::function::FnOnce<Args>>::call_once::h7bd883a5f3c5f3c1
[INFO] [stdout]                                at /rustc/90b35a6239c3d8bdabc530a6a0816f7ff89a0aaf/library/alloc/src/boxed.rs:2454:9
[INFO] [stdout]   71:     0x574248bcb43b - std::sys::pal::unix::thread::Thread::new::thread_start::hcc78f3943333fa94
[INFO] [stdout]                                at /rustc/90b35a6239c3d8bdabc530a6a0816f7ff89a0aaf/library/std/src/sys/pal/unix/thread.rs:105:17
[INFO] [stdout]   72:     0x7c4e79093ac3 - <unknown>
[INFO] [stdout]   73:     0x7c4e79124a04 - clone
[INFO] [stdout]   74:                0x0 - <unknown>
[INFO] [stdout] 
[INFO] [stdout] ---- jwt::test_token_lifetime_has_expired stdout ----
[INFO] [stdout] thread 'jwt::test_token_lifetime_has_expired' panicked at src/jwt.rs:26:18:
[INFO] [stdout] called `Result::unwrap()` on an `Err` value: При чтении JWT "engine.jwt" произошла ошибка
[INFO] [stdout] 
[INFO] [stdout] Caused by:
[INFO] [stdout]     No such file or directory (os error 2)
[INFO] [stdout] 
[INFO] [stdout] Location:
[INFO] [stdout]     src/jwt.rs:25:18
[INFO] [stdout] stack backtrace:
[INFO] [stdout]    0:     0x574248bc536a - std::backtrace_rs::backtrace::libunwind::trace::h5a5b8284f2d0c266
[INFO] [stdout]                                at /rustc/90b35a6239c3d8bdabc530a6a0816f7ff89a0aaf/library/std/src/../../backtrace/src/backtrace/libunwind.rs:116:5
[INFO] [stdout]    1:     0x574248bc536a - std::backtrace_rs::backtrace::trace_unsynchronized::h76d4f1c9b0b875e3
[INFO] [stdout]                                at /rustc/90b35a6239c3d8bdabc530a6a0816f7ff89a0aaf/library/std/src/../../backtrace/src/backtrace/mod.rs:66:5
[INFO] [stdout]    2:     0x574248bc536a - std::sys::backtrace::_print_fmt::hc4546b8364a537c6
[INFO] [stdout]                                at /rustc/90b35a6239c3d8bdabc530a6a0816f7ff89a0aaf/library/std/src/sys/backtrace.rs:66:9
[INFO] [stdout]    3:     0x574248bc536a - <std::sys::backtrace::BacktraceLock::print::DisplayBacktrace as core::fmt::Display>::fmt::h5b6bd5631a6d1f6b
[INFO] [stdout]                                at /rustc/90b35a6239c3d8bdabc530a6a0816f7ff89a0aaf/library/std/src/sys/backtrace.rs:39:26
[INFO] [stdout]    4:     0x574248bef823 - core::fmt::rt::Argument::fmt::h270f6602a2b96f62
[INFO] [stdout]                                at /rustc/90b35a6239c3d8bdabc530a6a0816f7ff89a0aaf/library/core/src/fmt/rt.rs:177:76
[INFO] [stdout]    5:     0x574248bef823 - core::fmt::write::h7550c97b06c86515
[INFO] [stdout]                                at /rustc/90b35a6239c3d8bdabc530a6a0816f7ff89a0aaf/library/core/src/fmt/mod.rs:1186:21
[INFO] [stdout]    6:     0x574248bc19a3 - std::io::Write::write_fmt::h509ff860e5956e5e
[INFO] [stdout]                                at /rustc/90b35a6239c3d8bdabc530a6a0816f7ff89a0aaf/library/std/src/io/mod.rs:1839:15
[INFO] [stdout]    7:     0x574248bc51b2 - std::sys::backtrace::BacktraceLock::print::h2395ccd2c84ba3aa
[INFO] [stdout]                                at /rustc/90b35a6239c3d8bdabc530a6a0816f7ff89a0aaf/library/std/src/sys/backtrace.rs:42:9
[INFO] [stdout]    8:     0x574248bc67ca - std::panicking::default_hook::{{closure}}::he19d4c7230e07961
[INFO] [stdout]                                at /rustc/90b35a6239c3d8bdabc530a6a0816f7ff89a0aaf/library/std/src/panicking.rs:268:22
[INFO] [stdout]    9:     0x574248bc65d4 - std::panicking::default_hook::hf614597d3c67bbdb
[INFO] [stdout]                                at /rustc/90b35a6239c3d8bdabc530a6a0816f7ff89a0aaf/library/std/src/panicking.rs:292:9
[INFO] [stdout]   10:     0x574248260d19 - <alloc::boxed::Box<F,A> as core::ops::function::Fn<Args>>::call::h39b51ce4599c23d1
[INFO] [stdout]                                at /rustc/90b35a6239c3d8bdabc530a6a0816f7ff89a0aaf/library/alloc/src/boxed.rs:2468:9
[INFO] [stdout]   11:     0x574248260d19 - test::test_main::{{closure}}::he977ae839a582784
[INFO] [stdout]                                at /rustc/90b35a6239c3d8bdabc530a6a0816f7ff89a0aaf/library/test/src/lib.rs:133:21
[INFO] [stdout]   12:     0x574248bc6e68 - <alloc::boxed::Box<F,A> as core::ops::function::Fn<Args>>::call::h9455091b6b06f9fb
[INFO] [stdout]                                at /rustc/90b35a6239c3d8bdabc530a6a0816f7ff89a0aaf/library/alloc/src/boxed.rs:2468:9
[INFO] [stdout]   13:     0x574248bc6e68 - std::panicking::rust_panic_with_hook::h8942133a8b252070
[INFO] [stdout]                                at /rustc/90b35a6239c3d8bdabc530a6a0816f7ff89a0aaf/library/std/src/panicking.rs:809:13
[INFO] [stdout]   14:     0x574248bc6c2a - std::panicking::begin_panic_handler::{{closure}}::hb5f5963570096b29
[INFO] [stdout]                                at /rustc/90b35a6239c3d8bdabc530a6a0816f7ff89a0aaf/library/std/src/panicking.rs:674:13
[INFO] [stdout]   15:     0x574248bc5849 - std::sys::backtrace::__rust_end_short_backtrace::h6208cedc1922feda
[INFO] [stdout]                                at /rustc/90b35a6239c3d8bdabc530a6a0816f7ff89a0aaf/library/std/src/sys/backtrace.rs:170:18
[INFO] [stdout]   16:     0x574248bc68bc - rust_begin_unwind
[INFO] [stdout]                                at /rustc/90b35a6239c3d8bdabc530a6a0816f7ff89a0aaf/library/std/src/panicking.rs:665:5
[INFO] [stdout]   17:     0x5742480af420 - core::panicking::panic_fmt::h0c3082644d1bf418
[INFO] [stdout]                                at /rustc/90b35a6239c3d8bdabc530a6a0816f7ff89a0aaf/library/core/src/panicking.rs:74:14
[INFO] [stdout]   18:     0x5742480af906 - core::result::unwrap_failed::hd20b4aa073bda1e2
[INFO] [stdout]                                at /rustc/90b35a6239c3d8bdabc530a6a0816f7ff89a0aaf/library/core/src/result.rs:1700:5
[INFO] [stdout]   19:     0x5742481dfedf - core::result::Result<T,E>::unwrap::hd6e5144b40493c5a
[INFO] [stdout]                                at /rustc/90b35a6239c3d8bdabc530a6a0816f7ff89a0aaf/library/core/src/result.rs:1104:23
[INFO] [stdout]   20:     0x5742481dfedf - test_l2::jwt::get_jwt::{{closure}}::{{closure}}::h01dfff2351f5ffe3
[INFO] [stdout]                                at /opt/rustwide/workdir/src/jwt.rs:24:14
[INFO] [stdout]   21:     0x574248206353 - async_once_cell::OnceCell<T>::get_or_init::{{closure}}::{{closure}}::he8d09938e533b23e
[INFO] [stdout]                                at /opt/rustwide/cargo-home/registry/src/index.crates.io-6f17d22bba15001f/async-once-cell-0.5.3/src/lib.rs:625:74
[INFO] [stdout]   22:     0x574248207099 - async_once_cell::OnceCell<T>::init_slow::{{closure}}::h3b83dff6e8a0a10f
[INFO] [stdout]                                at /opt/rustwide/cargo-home/registry/src/index.crates.io-6f17d22bba15001f/async-once-cell-0.5.3/src/lib.rs:686:38
[INFO] [stdout]   23:     0x5742482066b7 - async_once_cell::OnceCell<T>::get_or_try_init::{{closure}}::ha28999d2be8563f9
[INFO] [stdout]                                at /opt/rustwide/cargo-home/registry/src/index.crates.io-6f17d22bba15001f/async-once-cell-0.5.3/src/lib.rs:657:48
[INFO] [stdout]   24:     0x57424820614a - async_once_cell::OnceCell<T>::get_or_init::{{closure}}::he3c805a1bae4266c
[INFO] [stdout]                                at /opt/rustwide/cargo-home/registry/src/index.crates.io-6f17d22bba15001f/async-once-cell-0.5.3/src/lib.rs:625:84
[INFO] [stdout]   25:     0x5742481dfca3 - test_l2::jwt::get_jwt::{{closure}}::hba16f438fc74a9a9
[INFO] [stdout]                                at /opt/rustwide/workdir/src/jwt.rs:31:6
[INFO] [stdout]   26:     0x5742481e7b2c - test_l2::jwt::test_token_lifetime_has_expired::{{closure}}::h1f3efc9f2c5d3f81
[INFO] [stdout]                                at /opt/rustwide/workdir/src/jwt.rs:85:25
[INFO] [stdout]   27:     0x5742480e32f5 - <core::pin::Pin<P> as core::future::future::Future>::poll::h2b7cccf0412778b6
[INFO] [stdout]                                at /rustc/90b35a6239c3d8bdabc530a6a0816f7ff89a0aaf/library/core/src/future/future.rs:123:9
[INFO] [stdout]   28:     0x5742480e356d - <core::pin::Pin<P> as core::future::future::Future>::poll::h6aef052cb4b9d38a
[INFO] [stdout]                                at /rustc/90b35a6239c3d8bdabc530a6a0816f7ff89a0aaf/library/core/src/future/future.rs:123:9
[INFO] [stdout]   29:     0x574248144f0f - tokio::runtime::scheduler::current_thread::CoreGuard::block_on::{{closure}}::{{closure}}::{{closure}}::ha31b5b0dcdc02fa3
[INFO] [stdout]                                at /opt/rustwide/cargo-home/registry/src/index.crates.io-6f17d22bba15001f/tokio-1.39.2/src/runtime/scheduler/current_thread/mod.rs:673:57
[INFO] [stdout]   30:     0x574248144bf6 - tokio::runtime::coop::with_budget::h5b7111d39fdf8cfb
[INFO] [stdout]                                at /opt/rustwide/cargo-home/registry/src/index.crates.io-6f17d22bba15001f/tokio-1.39.2/src/runtime/coop.rs:107:5
[INFO] [stdout]   31:     0x574248144bf6 - tokio::runtime::coop::budget::hca7340c860058541
[INFO] [stdout]                                at /opt/rustwide/cargo-home/registry/src/index.crates.io-6f17d22bba15001f/tokio-1.39.2/src/runtime/coop.rs:73:5
[INFO] [stdout]   32:     0x574248144bf6 - tokio::runtime::scheduler::current_thread::CoreGuard::block_on::{{closure}}::{{closure}}::h39fa5baab122370b
[INFO] [stdout]                                at /opt/rustwide/cargo-home/registry/src/index.crates.io-6f17d22bba15001f/tokio-1.39.2/src/runtime/scheduler/current_thread/mod.rs:673:25
[INFO] [stdout]   33:     0x57424813f02a - tokio::runtime::scheduler::current_thread::Context::enter::h124fe2437fb8a29b
[INFO] [stdout]                                at /opt/rustwide/cargo-home/registry/src/index.crates.io-6f17d22bba15001f/tokio-1.39.2/src/runtime/scheduler/current_thread/mod.rs:412:19
[INFO] [stdout]   34:     0x57424814268b - tokio::runtime::scheduler::current_thread::CoreGuard::block_on::{{closure}}::h22831d7bcf1c3652
[INFO] [stdout]                                at /opt/rustwide/cargo-home/registry/src/index.crates.io-6f17d22bba15001f/tokio-1.39.2/src/runtime/scheduler/current_thread/mod.rs:672:36
[INFO] [stdout]   35:     0x57424814227b - tokio::runtime::scheduler::current_thread::CoreGuard::enter::{{closure}}::hce11894f567bcb32
[INFO] [stdout]                                at /opt/rustwide/cargo-home/registry/src/index.crates.io-6f17d22bba15001f/tokio-1.39.2/src/runtime/scheduler/current_thread/mod.rs:751:68
[INFO] [stdout]   36:     0x57424820362a - tokio::runtime::context::scoped::Scoped<T>::set::h9f063797ceea79b0
[INFO] [stdout]                                at /opt/rustwide/cargo-home/registry/src/index.crates.io-6f17d22bba15001f/tokio-1.39.2/src/runtime/context/scoped.rs:40:9
[INFO] [stdout]   37:     0x57424819fa6a - tokio::runtime::context::set_scheduler::{{closure}}::h67e5ddbcfe8d4b84
[INFO] [stdout]                                at /opt/rustwide/cargo-home/registry/src/index.crates.io-6f17d22bba15001f/tokio-1.39.2/src/runtime/context.rs:180:26
[INFO] [stdout]   38:     0x57424814b9d1 - std::thread::local::LocalKey<T>::try_with::ha1885381a69993f7
[INFO] [stdout]                                at /rustc/90b35a6239c3d8bdabc530a6a0816f7ff89a0aaf/library/std/src/thread/local.rs:283:12
[INFO] [stdout]   39:     0x57424814a48d - std::thread::local::LocalKey<T>::with::hea41341aa3e9182c
[INFO] [stdout]                                at /rustc/90b35a6239c3d8bdabc530a6a0816f7ff89a0aaf/library/std/src/thread/local.rs:260:9
[INFO] [stdout]   40:     0x57424819f991 - tokio::runtime::context::set_scheduler::h97b8594f4e885fae
[INFO] [stdout]                                at /opt/rustwide/cargo-home/registry/src/index.crates.io-6f17d22bba15001f/tokio-1.39.2/src/runtime/context.rs:180:9
[INFO] [stdout]   41:     0x574248141319 - tokio::runtime::scheduler::current_thread::CoreGuard::enter::h2dd75d219cc3a7ba
[INFO] [stdout]                                at /opt/rustwide/cargo-home/registry/src/index.crates.io-6f17d22bba15001f/tokio-1.39.2/src/runtime/scheduler/current_thread/mod.rs:751:27
[INFO] [stdout]   42:     0x574248142403 - tokio::runtime::scheduler::current_thread::CoreGuard::block_on::hd7d5a97ac22a62d5
[INFO] [stdout]                                at /opt/rustwide/cargo-home/registry/src/index.crates.io-6f17d22bba15001f/tokio-1.39.2/src/runtime/scheduler/current_thread/mod.rs:660:19
[INFO] [stdout]   43:     0x57424813e380 - tokio::runtime::scheduler::current_thread::CurrentThread::block_on::{{closure}}::h76b54e1d9eb3343f
[INFO] [stdout]                                at /opt/rustwide/cargo-home/registry/src/index.crates.io-6f17d22bba15001f/tokio-1.39.2/src/runtime/scheduler/current_thread/mod.rs:180:28
[INFO] [stdout]   44:     0x574248223d46 - tokio::runtime::context::runtime::enter_runtime::hcbe5ec2bbf4cd0cf
[INFO] [stdout]                                at /opt/rustwide/cargo-home/registry/src/index.crates.io-6f17d22bba15001f/tokio-1.39.2/src/runtime/context/runtime.rs:65:16
[INFO] [stdout]   45:     0x57424813d5a1 - tokio::runtime::scheduler::current_thread::CurrentThread::block_on::h4a314e3812c96221
[INFO] [stdout]                                at /opt/rustwide/cargo-home/registry/src/index.crates.io-6f17d22bba15001f/tokio-1.39.2/src/runtime/scheduler/current_thread/mod.rs:168:9
[INFO] [stdout]   46:     0x574248153b09 - tokio::runtime::runtime::Runtime::block_on_inner::h00454a70eace2d87
[INFO] [stdout]                                at /opt/rustwide/cargo-home/registry/src/index.crates.io-6f17d22bba15001f/tokio-1.39.2/src/runtime/runtime.rs:361:47
[INFO] [stdout]   47:     0x574248154115 - tokio::runtime::runtime::Runtime::block_on::ha738ac03ce10b489
[INFO] [stdout]                                at /opt/rustwide/cargo-home/registry/src/index.crates.io-6f17d22bba15001f/tokio-1.39.2/src/runtime/runtime.rs:335:13
[INFO] [stdout]   48:     0x5742481e78c0 - test_l2::jwt::test_token_lifetime_has_expired::h15e207b36b1c152e
[INFO] [stdout]                                at /opt/rustwide/workdir/src/jwt.rs:113:5
[INFO] [stdout]   49:     0x5742481e7767 - test_l2::jwt::test_token_lifetime_has_expired::{{closure}}::heee10c3cef96b026
[INFO] [stdout]                                at /opt/rustwide/workdir/src/jwt.rs:82:47
[INFO] [stdout]   50:     0x5742480b0d76 - core::ops::function::FnOnce::call_once::he8e6f5b18e8db666
[INFO] [stdout]                                at /rustc/90b35a6239c3d8bdabc530a6a0816f7ff89a0aaf/library/core/src/ops/function.rs:250:5
[INFO] [stdout]   51:     0x5742482656db - core::ops::function::FnOnce::call_once::h109cf8051a59b34e
[INFO] [stdout]                                at /rustc/90b35a6239c3d8bdabc530a6a0816f7ff89a0aaf/library/core/src/ops/function.rs:250:5
[INFO] [stdout]   52:     0x5742482656db - test::__rust_begin_short_backtrace::hf4fff89d377446ba
[INFO] [stdout]                                at /rustc/90b35a6239c3d8bdabc530a6a0816f7ff89a0aaf/library/test/src/lib.rs:621:18
[INFO] [stdout]   53:     0x574248264f17 - test::run_test_in_process::{{closure}}::h0e39181dd7ee5a43
[INFO] [stdout]                                at /rustc/90b35a6239c3d8bdabc530a6a0816f7ff89a0aaf/library/test/src/lib.rs:644:60
[INFO] [stdout]   54:     0x574248264f17 - <core::panic::unwind_safe::AssertUnwindSafe<F> as core::ops::function::FnOnce<()>>::call_once::hc5a66a30f0bdfd1f
[INFO] [stdout]                                at /rustc/90b35a6239c3d8bdabc530a6a0816f7ff89a0aaf/library/core/src/panic/unwind_safe.rs:272:9
[INFO] [stdout]   55:     0x574248264f17 - std::panicking::try::do_call::h873b7cf639554a5e
[INFO] [stdout]                                at /rustc/90b35a6239c3d8bdabc530a6a0816f7ff89a0aaf/library/std/src/panicking.rs:557:40
[INFO] [stdout]   56:     0x574248264f17 - std::panicking::try::hdb19862fad9c8bd1
[INFO] [stdout]                                at /rustc/90b35a6239c3d8bdabc530a6a0816f7ff89a0aaf/library/std/src/panicking.rs:520:19
[INFO] [stdout]   57:     0x574248264f17 - std::panic::catch_unwind::h281fe732d236d260
[INFO] [stdout]                                at /rustc/90b35a6239c3d8bdabc530a6a0816f7ff89a0aaf/library/std/src/panic.rs:358:14
[INFO] [stdout]   58:     0x574248264f17 - test::run_test_in_process::h949b6df8457ed338
[INFO] [stdout]                                at /rustc/90b35a6239c3d8bdabc530a6a0816f7ff89a0aaf/library/test/src/lib.rs:644:27
[INFO] [stdout]   59:     0x574248264f17 - test::run_test::{{closure}}::h52c556a6d4740e10
[INFO] [stdout]                                at /rustc/90b35a6239c3d8bdabc530a6a0816f7ff89a0aaf/library/test/src/lib.rs:565:43
[INFO] [stdout]   60:     0x57424822a1f4 - test::run_test::{{closure}}::h4237f6381c45ccb9
[INFO] [stdout]                                at /rustc/90b35a6239c3d8bdabc530a6a0816f7ff89a0aaf/library/test/src/lib.rs:595:41
[INFO] [stdout]   61:     0x57424822a1f4 - std::sys::backtrace::__rust_begin_short_backtrace::h505c97a579eca628
[INFO] [stdout]                                at /rustc/90b35a6239c3d8bdabc530a6a0816f7ff89a0aaf/library/std/src/sys/backtrace.rs:154:18
[INFO] [stdout]   62:     0x57424822d8be - std::thread::Builder::spawn_unchecked_::{{closure}}::{{closure}}::h9e86b2e2bc107ea3
[INFO] [stdout]                                at /rustc/90b35a6239c3d8bdabc530a6a0816f7ff89a0aaf/library/std/src/thread/mod.rs:538:17
[INFO] [stdout]   63:     0x57424822d8be - <core::panic::unwind_safe::AssertUnwindSafe<F> as core::ops::function::FnOnce<()>>::call_once::h8b06ddb275ff4a25
[INFO] [stdout]                                at /rustc/90b35a6239c3d8bdabc530a6a0816f7ff89a0aaf/library/core/src/panic/unwind_safe.rs:272:9
[INFO] [stdout]   64:     0x57424822d8be - std::panicking::try::do_call::hb26ecd7cd9a9355d
[INFO] [stdout]                                at /rustc/90b35a6239c3d8bdabc530a6a0816f7ff89a0aaf/library/std/src/panicking.rs:557:40
[INFO] [stdout]   65:     0x57424822d8be - std::panicking::try::h8ddeca9d705f9069
[INFO] [stdout]                                at /rustc/90b35a6239c3d8bdabc530a6a0816f7ff89a0aaf/library/std/src/panicking.rs:520:19
[INFO] [stdout]   66:     0x57424822d8be - std::panic::catch_unwind::h49e1c33078844c46
[INFO] [stdout]                                at /rustc/90b35a6239c3d8bdabc530a6a0816f7ff89a0aaf/library/std/src/panic.rs:358:14
[INFO] [stdout]   67:     0x57424822d8be - std::thread::Builder::spawn_unchecked_::{{closure}}::h6073db6ff56ad35d
[INFO] [stdout]                                at /rustc/90b35a6239c3d8bdabc530a6a0816f7ff89a0aaf/library/std/src/thread/mod.rs:537:30
[INFO] [stdout]   68:     0x57424822d8be - core::ops::function::FnOnce::call_once{{vtable.shim}}::h2c5a5f3779c774f1
[INFO] [stdout]                                at /rustc/90b35a6239c3d8bdabc530a6a0816f7ff89a0aaf/library/core/src/ops/function.rs:250:5
[INFO] [stdout]   69:     0x574248bcb43b - <alloc::boxed::Box<F,A> as core::ops::function::FnOnce<Args>>::call_once::hf75717d9f28faebf
[INFO] [stdout]                                at /rustc/90b35a6239c3d8bdabc530a6a0816f7ff89a0aaf/library/alloc/src/boxed.rs:2454:9
[INFO] [stdout]   70:     0x574248bcb43b - <alloc::boxed::Box<F,A> as core::ops::function::FnOnce<Args>>::call_once::h7bd883a5f3c5f3c1
[INFO] [stdout]                                at /rustc/90b35a6239c3d8bdabc530a6a0816f7ff89a0aaf/library/alloc/src/boxed.rs:2454:9
[INFO] [stdout]   71:     0x574248bcb43b - std::sys::pal::unix::thread::Thread::new::thread_start::hcc78f3943333fa94
[INFO] [stdout]                                at /rustc/90b35a6239c3d8bdabc530a6a0816f7ff89a0aaf/library/std/src/sys/pal/unix/thread.rs:105:17
[INFO] [stdout]   72:     0x7c4e79093ac3 - <unknown>
[INFO] [stdout]   73:     0x7c4e79124a04 - clone
[INFO] [stdout]   74:                0x0 - <unknown>
[INFO] [stdout] 
[INFO] [stdout] ---- test_deposit_zero stdout ----
[INFO] [stdout] thread 'test_deposit_zero' panicked at src/jwt.rs:26:18:
[INFO] [stdout] called `Result::unwrap()` on an `Err` value: При чтении JWT "engine.jwt" произошла ошибка
[INFO] [stdout] 
[INFO] [stdout] Caused by:
[INFO] [stdout]     No such file or directory (os error 2)
[INFO] [stdout] 
[INFO] [stdout] Location:
[INFO] [stdout]     src/jwt.rs:25:18
[INFO] [stdout] stack backtrace:
[INFO] [stdout]    0:     0x574248bc536a - std::backtrace_rs::backtrace::libunwind::trace::h5a5b8284f2d0c266
[INFO] [stdout]                                at /rustc/90b35a6239c3d8bdabc530a6a0816f7ff89a0aaf/library/std/src/../../backtrace/src/backtrace/libunwind.rs:116:5
[INFO] [stdout]    1:     0x574248bc536a - std::backtrace_rs::backtrace::trace_unsynchronized::h76d4f1c9b0b875e3
[INFO] [stdout]                                at /rustc/90b35a6239c3d8bdabc530a6a0816f7ff89a0aaf/library/std/src/../../backtrace/src/backtrace/mod.rs:66:5
[INFO] [stdout]    2:     0x574248bc536a - std::sys::backtrace::_print_fmt::hc4546b8364a537c6
[INFO] [stdout]                                at /rustc/90b35a6239c3d8bdabc530a6a0816f7ff89a0aaf/library/std/src/sys/backtrace.rs:66:9
[INFO] [stdout]    3:     0x574248bc536a - <std::sys::backtrace::BacktraceLock::print::DisplayBacktrace as core::fmt::Display>::fmt::h5b6bd5631a6d1f6b
[INFO] [stdout]                                at /rustc/90b35a6239c3d8bdabc530a6a0816f7ff89a0aaf/library/std/src/sys/backtrace.rs:39:26
[INFO] [stdout]    4:     0x574248bef823 - core::fmt::rt::Argument::fmt::h270f6602a2b96f62
[INFO] [stdout]                                at /rustc/90b35a6239c3d8bdabc530a6a0816f7ff89a0aaf/library/core/src/fmt/rt.rs:177:76
[INFO] [stdout]    5:     0x574248bef823 - core::fmt::write::h7550c97b06c86515
[INFO] [stdout]                                at /rustc/90b35a6239c3d8bdabc530a6a0816f7ff89a0aaf/library/core/src/fmt/mod.rs:1186:21
[INFO] [stdout]    6:     0x574248bc19a3 - std::io::Write::write_fmt::h509ff860e5956e5e
[INFO] [stdout]                                at /rustc/90b35a6239c3d8bdabc530a6a0816f7ff89a0aaf/library/std/src/io/mod.rs:1839:15
[INFO] [stdout]    7:     0x574248bc51b2 - std::sys::backtrace::BacktraceLock::print::h2395ccd2c84ba3aa
[INFO] [stdout]                                at /rustc/90b35a6239c3d8bdabc530a6a0816f7ff89a0aaf/library/std/src/sys/backtrace.rs:42:9
[INFO] [stdout]    8:     0x574248bc67ca - std::panicking::default_hook::{{closure}}::he19d4c7230e07961
[INFO] [stdout]                                at /rustc/90b35a6239c3d8bdabc530a6a0816f7ff89a0aaf/library/std/src/panicking.rs:268:22
[INFO] [stdout]    9:     0x574248bc65d4 - std::panicking::default_hook::hf614597d3c67bbdb
[INFO] [stdout]                                at /rustc/90b35a6239c3d8bdabc530a6a0816f7ff89a0aaf/library/std/src/panicking.rs:292:9
[INFO] [stdout]   10:     0x574248260d19 - <alloc::boxed::Box<F,A> as core::ops::function::Fn<Args>>::call::h39b51ce4599c23d1
[INFO] [stdout]                                at /rustc/90b35a6239c3d8bdabc530a6a0816f7ff89a0aaf/library/alloc/src/boxed.rs:2468:9
[INFO] [stdout]   11:     0x574248260d19 - test::test_main::{{closure}}::he977ae839a582784
[INFO] [stdout]                                at /rustc/90b35a6239c3d8bdabc530a6a0816f7ff89a0aaf/library/test/src/lib.rs:133:21
[INFO] [stdout]   12:     0x574248bc6e68 - <alloc::boxed::Box<F,A> as core::ops::function::Fn<Args>>::call::h9455091b6b06f9fb
[INFO] [stdout]                                at /rustc/90b35a6239c3d8bdabc530a6a0816f7ff89a0aaf/library/alloc/src/boxed.rs:2468:9
[INFO] [stdout]   13:     0x574248bc6e68 - std::panicking::rust_panic_with_hook::h8942133a8b252070
[INFO] [stdout]                                at /rustc/90b35a6239c3d8bdabc530a6a0816f7ff89a0aaf/library/std/src/panicking.rs:809:13
[INFO] [stdout]   14:     0x574248bc6c2a - std::panicking::begin_panic_handler::{{closure}}::hb5f5963570096b29
[INFO] [stdout]                                at /rustc/90b35a6239c3d8bdabc530a6a0816f7ff89a0aaf/library/std/src/panicking.rs:674:13
[INFO] [stdout]   15:     0x574248bc5849 - std::sys::backtrace::__rust_end_short_backtrace::h6208cedc1922feda
[INFO] [stdout]                                at /rustc/90b35a6239c3d8bdabc530a6a0816f7ff89a0aaf/library/std/src/sys/backtrace.rs:170:18
[INFO] [stdout]   16:     0x574248bc68bc - rust_begin_unwind
[INFO] [stdout]                                at /rustc/90b35a6239c3d8bdabc530a6a0816f7ff89a0aaf/library/std/src/panicking.rs:665:5
[INFO] [stdout]   17:     0x5742480af420 - core::panicking::panic_fmt::h0c3082644d1bf418
[INFO] [stdout]                                at /rustc/90b35a6239c3d8bdabc530a6a0816f7ff89a0aaf/library/core/src/panicking.rs:74:14
[INFO] [stdout]   18:     0x5742480af906 - core::result::unwrap_failed::hd20b4aa073bda1e2
[INFO] [stdout]                                at /rustc/90b35a6239c3d8bdabc530a6a0816f7ff89a0aaf/library/core/src/result.rs:1700:5
[INFO] [stdout]   19:     0x5742481dfedf - core::result::Result<T,E>::unwrap::hd6e5144b40493c5a
[INFO] [stdout]                                at /rustc/90b35a6239c3d8bdabc530a6a0816f7ff89a0aaf/library/core/src/result.rs:1104:23
[INFO] [stdout]   20:     0x5742481dfedf - test_l2::jwt::get_jwt::{{closure}}::{{closure}}::h01dfff2351f5ffe3
[INFO] [stdout]                                at /opt/rustwide/workdir/src/jwt.rs:24:14
[INFO] [stdout]   21:     0x574248206353 - async_once_cell::OnceCell<T>::get_or_init::{{closure}}::{{closure}}::he8d09938e533b23e
[INFO] [stdout]                                at /opt/rustwide/cargo-home/registry/src/index.crates.io-6f17d22bba15001f/async-once-cell-0.5.3/src/lib.rs:625:74
[INFO] [stdout]   22:     0x574248207099 - async_once_cell::OnceCell<T>::init_slow::{{closure}}::h3b83dff6e8a0a10f
[INFO] [stdout]                                at /opt/rustwide/cargo-home/registry/src/index.crates.io-6f17d22bba15001f/async-once-cell-0.5.3/src/lib.rs:686:38
[INFO] [stdout]   23:     0x5742482066b7 - async_once_cell::OnceCell<T>::get_or_try_init::{{closure}}::ha28999d2be8563f9
[INFO] [stdout]                                at /opt/rustwide/cargo-home/registry/src/index.crates.io-6f17d22bba15001f/async-once-cell-0.5.3/src/lib.rs:657:48
[INFO] [stdout]   24:     0x57424820614a - async_once_cell::OnceCell<T>::get_or_init::{{closure}}::he3c805a1bae4266c
[INFO] [stdout]                                at /opt/rustwide/cargo-home/registry/src/index.crates.io-6f17d22bba15001f/async-once-cell-0.5.3/src/lib.rs:625:84
[INFO] [stdout]   25:     0x5742481dfca3 - test_l2::jwt::get_jwt::{{closure}}::hba16f438fc74a9a9
[INFO] [stdout]                                at /opt/rustwide/workdir/src/jwt.rs:31:6
[INFO] [stdout]   26:     0x5742481a71a9 - test_l2::test_deposit_zero::{{closure}}::hda5ca83cb2bc04e6
[INFO] [stdout]                                at /opt/rustwide/workdir/src/lib.rs:48:25
[INFO] [stdout]   27:     0x5742480e32f5 - <core::pin::Pin<P> as core::future::future::Future>::poll::h2b7cccf0412778b6
[INFO] [stdout]                                at /rustc/90b35a6239c3d8bdabc530a6a0816f7ff89a0aaf/library/core/src/future/future.rs:123:9
[INFO] [stdout]   28:     0x5742480e356d - <core::pin::Pin<P> as core::future::future::Future>::poll::h6aef052cb4b9d38a
[INFO] [stdout]                                at /rustc/90b35a6239c3d8bdabc530a6a0816f7ff89a0aaf/library/core/src/future/future.rs:123:9
[INFO] [stdout]   29:     0x574248144f0f - tokio::runtime::scheduler::current_thread::CoreGuard::block_on::{{closure}}::{{closure}}::{{closure}}::ha31b5b0dcdc02fa3
[INFO] [stdout]                                at /opt/rustwide/cargo-home/registry/src/index.crates.io-6f17d22bba15001f/tokio-1.39.2/src/runtime/scheduler/current_thread/mod.rs:673:57
[INFO] [stdout]   30:     0x574248144bf6 - tokio::runtime::coop::with_budget::h5b7111d39fdf8cfb
[INFO] [stdout]                                at /opt/rustwide/cargo-home/registry/src/index.crates.io-6f17d22bba15001f/tokio-1.39.2/src/runtime/coop.rs:107:5
[INFO] [stdout]   31:     0x574248144bf6 - tokio::runtime::coop::budget::hca7340c860058541
[INFO] [stdout]                                at /opt/rustwide/cargo-home/registry/src/index.crates.io-6f17d22bba15001f/tokio-1.39.2/src/runtime/coop.rs:73:5
[INFO] [stdout]   32:     0x574248144bf6 - tokio::runtime::scheduler::current_thread::CoreGuard::block_on::{{closure}}::{{closure}}::h39fa5baab122370b
[INFO] [stdout]                                at /opt/rustwide/cargo-home/registry/src/index.crates.io-6f17d22bba15001f/tokio-1.39.2/src/runtime/scheduler/current_thread/mod.rs:673:25
[INFO] [stdout]   33:     0x57424813f02a - tokio::runtime::scheduler::current_thread::Context::enter::h124fe2437fb8a29b
[INFO] [stdout]                                at /opt/rustwide/cargo-home/registry/src/index.crates.io-6f17d22bba15001f/tokio-1.39.2/src/runtime/scheduler/current_thread/mod.rs:412:19
[INFO] [stdout]   34:     0x57424814268b - tokio::runtime::scheduler::current_thread::CoreGuard::block_on::{{closure}}::h22831d7bcf1c3652
[INFO] [stdout]                                at /opt/rustwide/cargo-home/registry/src/index.crates.io-6f17d22bba15001f/tokio-1.39.2/src/runtime/scheduler/current_thread/mod.rs:672:36
[INFO] [stdout]   35:     0x57424814227b - tokio::runtime::scheduler::current_thread::CoreGuard::enter::{{closure}}::hce11894f567bcb32
[INFO] [stdout]                                at /opt/rustwide/cargo-home/registry/src/index.crates.io-6f17d22bba15001f/tokio-1.39.2/src/runtime/scheduler/current_thread/mod.rs:751:68
[INFO] [stdout]   36:     0x57424820362a - tokio::runtime::context::scoped::Scoped<T>::set::h9f063797ceea79b0
[INFO] [stdout]                                at /opt/rustwide/cargo-home/registry/src/index.crates.io-6f17d22bba15001f/tokio-1.39.2/src/runtime/context/scoped.rs:40:9
[INFO] [stdout]   37:     0x57424819fa6a - tokio::runtime::context::set_scheduler::{{closure}}::h67e5ddbcfe8d4b84
[INFO] [stdout]                                at /opt/rustwide/cargo-home/registry/src/index.crates.io-6f17d22bba15001f/tokio-1.39.2/src/runtime/context.rs:180:26
[INFO] [stdout]   38:     0x57424814b9d1 - std::thread::local::LocalKey<T>::try_with::ha1885381a69993f7
[INFO] [stdout]                                at /rustc/90b35a6239c3d8bdabc530a6a0816f7ff89a0aaf/library/std/src/thread/local.rs:283:12
[INFO] [stdout]   39:     0x57424814a48d - std::thread::local::LocalKey<T>::with::hea41341aa3e9182c
[INFO] [stdout]                                at /rustc/90b35a6239c3d8bdabc530a6a0816f7ff89a0aaf/library/std/src/thread/local.rs:260:9
[INFO] [stdout]   40:     0x57424819f991 - tokio::runtime::context::set_scheduler::h97b8594f4e885fae
[INFO] [stdout]                                at /opt/rustwide/cargo-home/registry/src/index.crates.io-6f17d22bba15001f/tokio-1.39.2/src/runtime/context.rs:180:9
[INFO] [stdout]   41:     0x574248141319 - tokio::runtime::scheduler::current_thread::CoreGuard::enter::h2dd75d219cc3a7ba
[INFO] [stdout]                                at /opt/rustwide/cargo-home/registry/src/index.crates.io-6f17d22bba15001f/tokio-1.39.2/src/runtime/scheduler/current_thread/mod.rs:751:27
[INFO] [stdout]   42:     0x574248142403 - tokio::runtime::scheduler::current_thread::CoreGuard::block_on::hd7d5a97ac22a62d5
[INFO] [stdout]                                at /opt/rustwide/cargo-home/registry/src/index.crates.io-6f17d22bba15001f/tokio-1.39.2/src/runtime/scheduler/current_thread/mod.rs:660:19
[INFO] [stdout]   43:     0x57424813e380 - tokio::runtime::scheduler::current_thread::CurrentThread::block_on::{{closure}}::h76b54e1d9eb3343f
[INFO] [stdout]                                at /opt/rustwide/cargo-home/registry/src/index.crates.io-6f17d22bba15001f/tokio-1.39.2/src/runtime/scheduler/current_thread/mod.rs:180:28
[INFO] [stdout]   44:     0x574248223d46 - tokio::runtime::context::runtime::enter_runtime::hcbe5ec2bbf4cd0cf
[INFO] [stdout]                                at /opt/rustwide/cargo-home/registry/src/index.crates.io-6f17d22bba15001f/tokio-1.39.2/src/runtime/context/runtime.rs:65:16
[INFO] [stdout]   45:     0x57424813d5a1 - tokio::runtime::scheduler::current_thread::CurrentThread::block_on::h4a314e3812c96221
[INFO] [stdout]                                at /opt/rustwide/cargo-home/registry/src/index.crates.io-6f17d22bba15001f/tokio-1.39.2/src/runtime/scheduler/current_thread/mod.rs:168:9
[INFO] [stdout]   46:     0x574248153b09 - tokio::runtime::runtime::Runtime::block_on_inner::h00454a70eace2d87
[INFO] [stdout]                                at /opt/rustwide/cargo-home/registry/src/index.crates.io-6f17d22bba15001f/tokio-1.39.2/src/runtime/runtime.rs:361:47
[INFO] [stdout]   47:     0x574248154115 - tokio::runtime::runtime::Runtime::block_on::ha738ac03ce10b489
[INFO] [stdout]                                at /opt/rustwide/cargo-home/registry/src/index.crates.io-6f17d22bba15001f/tokio-1.39.2/src/runtime/runtime.rs:335:13
[INFO] [stdout]   48:     0x5742481a65f0 - test_l2::test_deposit_zero::h5397bd31549cd72c
[INFO] [stdout]                                at /opt/rustwide/workdir/src/lib.rs:75:5
[INFO] [stdout]   49:     0x5742481a6497 - test_l2::test_deposit_zero::{{closure}}::h260bd72d5dbffdcd
[INFO] [stdout]                                at /opt/rustwide/workdir/src/lib.rs:47:33
[INFO] [stdout]   50:     0x5742480b0726 - core::ops::function::FnOnce::call_once::h49e562a4b9a8d43f
[INFO] [stdout]                                at /rustc/90b35a6239c3d8bdabc530a6a0816f7ff89a0aaf/library/core/src/ops/function.rs:250:5
[INFO] [stdout]   51:     0x5742482656db - core::ops::function::FnOnce::call_once::h109cf8051a59b34e
[INFO] [stdout]                                at /rustc/90b35a6239c3d8bdabc530a6a0816f7ff89a0aaf/library/core/src/ops/function.rs:250:5
[INFO] [stdout]   52:     0x5742482656db - test::__rust_begin_short_backtrace::hf4fff89d377446ba
[INFO] [stdout]                                at /rustc/90b35a6239c3d8bdabc530a6a0816f7ff89a0aaf/library/test/src/lib.rs:621:18
[INFO] [stdout]   53:     0x574248264f17 - test::run_test_in_process::{{closure}}::h0e39181dd7ee5a43
[INFO] [stdout]                                at /rustc/90b35a6239c3d8bdabc530a6a0816f7ff89a0aaf/library/test/src/lib.rs:644:60
[INFO] [stdout]   54:     0x574248264f17 - <core::panic::unwind_safe::AssertUnwindSafe<F> as core::ops::function::FnOnce<()>>::call_once::hc5a66a30f0bdfd1f
[INFO] [stdout]                                at /rustc/90b35a6239c3d8bdabc530a6a0816f7ff89a0aaf/library/core/src/panic/unwind_safe.rs:272:9
[INFO] [stdout]   55:     0x574248264f17 - std::panicking::try::do_call::h873b7cf639554a5e
[INFO] [stdout]                                at /rustc/90b35a6239c3d8bdabc530a6a0816f7ff89a0aaf/library/std/src/panicking.rs:557:40
[INFO] [stdout]   56:     0x574248264f17 - std::panicking::try::hdb19862fad9c8bd1
[INFO] [stdout]                                at /rustc/90b35a6239c3d8bdabc530a6a0816f7ff89a0aaf/library/std/src/panicking.rs:520:19
[INFO] [stdout]   57:     0x574248264f17 - std::panic::catch_unwind::h281fe732d236d260
[INFO] [stdout]                                at /rustc/90b35a6239c3d8bdabc530a6a0816f7ff89a0aaf/library/std/src/panic.rs:358:14
[INFO] [stdout]   58:     0x574248264f17 - test::run_test_in_process::h949b6df8457ed338
[INFO] [stdout]                                at /rustc/90b35a6239c3d8bdabc530a6a0816f7ff89a0aaf/library/test/src/lib.rs:644:27
[INFO] [stdout]   59:     0x574248264f17 - test::run_test::{{closure}}::h52c556a6d4740e10
[INFO] [stdout]                                at /rustc/90b35a6239c3d8bdabc530a6a0816f7ff89a0aaf/library/test/src/lib.rs:565:43
[INFO] [stdout]   60:     0x57424822a1f4 - test::run_test::{{closure}}::h4237f6381c45ccb9
[INFO] [stdout]                                at /rustc/90b35a6239c3d8bdabc530a6a0816f7ff89a0aaf/library/test/src/lib.rs:595:41
[INFO] [stdout]   61:     0x57424822a1f4 - std::sys::backtrace::__rust_begin_short_backtrace::h505c97a579eca628
[INFO] [stdout]                                at /rustc/90b35a6239c3d8bdabc530a6a0816f7ff89a0aaf/library/std/src/sys/backtrace.rs:154:18
[INFO] [stdout]   62:     0x57424822d8be - std::thread::Builder::spawn_unchecked_::{{closure}}::{{closure}}::h9e86b2e2bc107ea3
[INFO] [stdout]                                at /rustc/90b35a6239c3d8bdabc530a6a0816f7ff89a0aaf/library/std/src/thread/mod.rs:538:17
[INFO] [stdout]   63:     0x57424822d8be - <core::panic::unwind_safe::AssertUnwindSafe<F> as core::ops::function::FnOnce<()>>::call_once::h8b06ddb275ff4a25
[INFO] [stdout]                                at /rustc/90b35a6239c3d8bdabc530a6a0816f7ff89a0aaf/library/core/src/panic/unwind_safe.rs:272:9
[INFO] [stdout]   64:     0x57424822d8be - std::panicking::try::do_call::hb26ecd7cd9a9355d
[INFO] [stdout]                                at /rustc/90b35a6239c3d8bdabc530a6a0816f7ff89a0aaf/library/std/src/panicking.rs:557:40
[INFO] [stdout]   65:     0x57424822d8be - std::panicking::try::h8ddeca9d705f9069
[INFO] [stdout]                                at /rustc/90b35a6239c3d8bdabc530a6a0816f7ff89a0aaf/library/std/src/panicking.rs:520:19
[INFO] [stdout]   66:     0x57424822d8be - std::panic::catch_unwind::h49e1c33078844c46
[INFO] [stdout]                                at /rustc/90b35a6239c3d8bdabc530a6a0816f7ff89a0aaf/library/std/src/panic.rs:358:14
[INFO] [stdout]   67:     0x57424822d8be - std::thread::Builder::spawn_unchecked_::{{closure}}::h6073db6ff56ad35d
[INFO] [stdout]                                at /rustc/90b35a6239c3d8bdabc530a6a0816f7ff89a0aaf/library/std/src/thread/mod.rs:537:30
[INFO] [stdout]   68:     0x57424822d8be - core::ops::function::FnOnce::call_once{{vtable.shim}}::h2c5a5f3779c774f1
[INFO] [stdout]                                at /rustc/90b35a6239c3d8bdabc530a6a0816f7ff89a0aaf/library/core/src/ops/function.rs:250:5
[INFO] [stdout]   69:     0x574248bcb43b - <alloc::boxed::Box<F,A> as core::ops::function::FnOnce<Args>>::call_once::hf75717d9f28faebf
[INFO] [stdout]                                at /rustc/90b35a6239c3d8bdabc530a6a0816f7ff89a0aaf/library/alloc/src/boxed.rs:2454:9
[INFO] [stdout]   70:     0x574248bcb43b - <alloc::boxed::Box<F,A> as core::ops::function::FnOnce<Args>>::call_once::h7bd883a5f3c5f3c1
[INFO] [stdout]                                at /rustc/90b35a6239c3d8bdabc530a6a0816f7ff89a0aaf/library/alloc/src/boxed.rs:2454:9
[INFO] [stdout]   71:     0x574248bcb43b - std::sys::pal::unix::thread::Thread::new::thread_start::hcc78f3943333fa94
[INFO] [stdout]                                at /rustc/90b35a6239c3d8bdabc530a6a0816f7ff89a0aaf/library/std/src/sys/pal/unix/thread.rs:105:17
[INFO] [stdout]   72:     0x7c4e79093ac3 - <unknown>
[INFO] [stdout]   73:     0x7c4e79124a04 - clone
[INFO] [stdout]   74:                0x0 - <unknown>
[INFO] [stdout] 
[INFO] [stdout] ---- jwt::test_auth_reqwest stdout ----
[INFO] [stdout] thread 'jwt::test_auth_reqwest' panicked at src/jwt.rs:26:18:
[INFO] [stdout] called `Result::unwrap()` on an `Err` value: При чтении JWT "engine.jwt" произошла ошибка
[INFO] [stdout] 
[INFO] [stdout] Caused by:
[INFO] [stdout]     No such file or directory (os error 2)
[INFO] [stdout] 
[INFO] [stdout] Location:
[INFO] [stdout]     src/jwt.rs:25:18
[INFO] [stdout] stack backtrace:
[INFO] [stdout]    0:     0x574248bc536a - std::backtrace_rs::backtrace::libunwind::trace::h5a5b8284f2d0c266
[INFO] [stdout]                                at /rustc/90b35a6239c3d8bdabc530a6a0816f7ff89a0aaf/library/std/src/../../backtrace/src/backtrace/libunwind.rs:116:5
[INFO] [stdout]    1:     0x574248bc536a - std::backtrace_rs::backtrace::trace_unsynchronized::h76d4f1c9b0b875e3
[INFO] [stdout]                                at /rustc/90b35a6239c3d8bdabc530a6a0816f7ff89a0aaf/library/std/src/../../backtrace/src/backtrace/mod.rs:66:5
[INFO] [stdout]    2:     0x574248bc536a - std::sys::backtrace::_print_fmt::hc4546b8364a537c6
[INFO] [stdout]                                at /rustc/90b35a6239c3d8bdabc530a6a0816f7ff89a0aaf/library/std/src/sys/backtrace.rs:66:9
[INFO] [stdout]    3:     0x574248bc536a - <std::sys::backtrace::BacktraceLock::print::DisplayBacktrace as core::fmt::Display>::fmt::h5b6bd5631a6d1f6b
[INFO] [stdout]                                at /rustc/90b35a6239c3d8bdabc530a6a0816f7ff89a0aaf/library/std/src/sys/backtrace.rs:39:26
[INFO] [stdout]    4:     0x574248bef823 - core::fmt::rt::Argument::fmt::h270f6602a2b96f62
[INFO] [stdout]                                at /rustc/90b35a6239c3d8bdabc530a6a0816f7ff89a0aaf/library/core/src/fmt/rt.rs:177:76
[INFO] [stdout]    5:     0x574248bef823 - core::fmt::write::h7550c97b06c86515
[INFO] [stdout]                                at /rustc/90b35a6239c3d8bdabc530a6a0816f7ff89a0aaf/library/core/src/fmt/mod.rs:1186:21
[INFO] [stdout]    6:     0x574248bc19a3 - std::io::Write::write_fmt::h509ff860e5956e5e
[INFO] [stdout]                                at /rustc/90b35a6239c3d8bdabc530a6a0816f7ff89a0aaf/library/std/src/io/mod.rs:1839:15
[INFO] [stdout]    7:     0x574248bc51b2 - std::sys::backtrace::BacktraceLock::print::h2395ccd2c84ba3aa
[INFO] [stdout]                                at /rustc/90b35a6239c3d8bdabc530a6a0816f7ff89a0aaf/library/std/src/sys/backtrace.rs:42:9
[INFO] [stdout]    8:     0x574248bc67ca - std::panicking::default_hook::{{closure}}::he19d4c7230e07961
[INFO] [stdout]                                at /rustc/90b35a6239c3d8bdabc530a6a0816f7ff89a0aaf/library/std/src/panicking.rs:268:22
[INFO] [stdout]    9:     0x574248bc65d4 - std::panicking::default_hook::hf614597d3c67bbdb
[INFO] [stdout]                                at /rustc/90b35a6239c3d8bdabc530a6a0816f7ff89a0aaf/library/std/src/panicking.rs:292:9
[INFO] [stdout]   10:     0x574248260d19 - <alloc::boxed::Box<F,A> as core::ops::function::Fn<Args>>::call::h39b51ce4599c23d1
[INFO] [stdout]                                at /rustc/90b35a6239c3d8bdabc530a6a0816f7ff89a0aaf/library/alloc/src/boxed.rs:2468:9
[INFO] [stdout]   11:     0x574248260d19 - test::test_main::{{closure}}::he977ae839a582784
[INFO] [stdout]                                at /rustc/90b35a6239c3d8bdabc530a6a0816f7ff89a0aaf/library/test/src/lib.rs:133:21
[INFO] [stdout]   12:     0x574248bc6e68 - <alloc::boxed::Box<F,A> as core::ops::function::Fn<Args>>::call::h9455091b6b06f9fb
[INFO] [stdout]                                at /rustc/90b35a6239c3d8bdabc530a6a0816f7ff89a0aaf/library/alloc/src/boxed.rs:2468:9
[INFO] [stdout]   13:     0x574248bc6e68 - std::panicking::rust_panic_with_hook::h8942133a8b252070
[INFO] [stdout]                                at /rustc/90b35a6239c3d8bdabc530a6a0816f7ff89a0aaf/library/std/src/panicking.rs:809:13
[INFO] [stdout]   14:     0x574248bc6c2a - std::panicking::begin_panic_handler::{{closure}}::hb5f5963570096b29
[INFO] [stdout]                                at /rustc/90b35a6239c3d8bdabc530a6a0816f7ff89a0aaf/library/std/src/panicking.rs:674:13
[INFO] [stdout]   15:     0x574248bc5849 - std::sys::backtrace::__rust_end_short_backtrace::h6208cedc1922feda
[INFO] [stdout]                                at /rustc/90b35a6239c3d8bdabc530a6a0816f7ff89a0aaf/library/std/src/sys/backtrace.rs:170:18
[INFO] [stdout]   16:     0x574248bc68bc - rust_begin_unwind
[INFO] [stdout]                                at /rustc/90b35a6239c3d8bdabc530a6a0816f7ff89a0aaf/library/std/src/panicking.rs:665:5
[INFO] [stdout]   17:     0x5742480af420 - core::panicking::panic_fmt::h0c3082644d1bf418
[INFO] [stdout]                                at /rustc/90b35a6239c3d8bdabc530a6a0816f7ff89a0aaf/library/core/src/panicking.rs:74:14
[INFO] [stdout]   18:     0x5742480af906 - core::result::unwrap_failed::hd20b4aa073bda1e2
[INFO] [stdout]                                at /rustc/90b35a6239c3d8bdabc530a6a0816f7ff89a0aaf/library/core/src/result.rs:1700:5
[INFO] [stdout]   19:     0x5742481dfedf - core::result::Result<T,E>::unwrap::hd6e5144b40493c5a
[INFO] [stdout]                                at /rustc/90b35a6239c3d8bdabc530a6a0816f7ff89a0aaf/library/core/src/result.rs:1104:23
[INFO] [stdout]   20:     0x5742481dfedf - test_l2::jwt::get_jwt::{{closure}}::{{closure}}::h01dfff2351f5ffe3
[INFO] [stdout]                                at /opt/rustwide/workdir/src/jwt.rs:24:14
[INFO] [stdout]   21:     0x574248206353 - async_once_cell::OnceCell<T>::get_or_init::{{closure}}::{{closure}}::he8d09938e533b23e
[INFO] [stdout]                                at /opt/rustwide/cargo-home/registry/src/index.crates.io-6f17d22bba15001f/async-once-cell-0.5.3/src/lib.rs:625:74
[INFO] [stdout]   22:     0x574248206b8e - async_once_cell::OnceCell<T>::init_slow::{{closure}}::h3b83dff6e8a0a10f
[INFO] [stdout]                                at /opt/rustwide/cargo-home/registry/src/index.crates.io-6f17d22bba15001f/async-once-cell-0.5.3/src/lib.rs:673:34
[INFO] [stdout]   23:     0x5742482066b7 - async_once_cell::OnceCell<T>::get_or_try_init::{{closure}}::ha28999d2be8563f9
[INFO] [stdout]                                at /opt/rustwide/cargo-home/registry/src/index.crates.io-6f17d22bba15001f/async-once-cell-0.5.3/src/lib.rs:657:48
[INFO] [stdout]   24:     0x57424820614a - async_once_cell::OnceCell<T>::get_or_init::{{closure}}::he3c805a1bae4266c
[INFO] [stdout]                                at /opt/rustwide/cargo-home/registry/src/index.crates.io-6f17d22bba15001f/async-once-cell-0.5.3/src/lib.rs:625:84
[INFO] [stdout]   25:     0x5742481dfca3 - test_l2::jwt::get_jwt::{{closure}}::hba16f438fc74a9a9
[INFO] [stdout]                                at /opt/rustwide/workdir/src/jwt.rs:31:6
[INFO] [stdout]   26:     0x5742481e6cc8 - test_l2::jwt::test_auth_reqwest::{{closure}}::hcf42bea7c3fb0da6
[INFO] [stdout]                                at /opt/rustwide/workdir/src/jwt.rs:60:30
[INFO] [stdout]   27:     0x5742480e32f5 - <core::pin::Pin<P> as core::future::future::Future>::poll::h2b7cccf0412778b6
[INFO] [stdout]                                at /rustc/90b35a6239c3d8bdabc530a6a0816f7ff89a0aaf/library/core/src/future/future.rs:123:9
[INFO] [stdout]   28:     0x5742480e356d - <core::pin::Pin<P> as core::future::future::Future>::poll::h6aef052cb4b9d38a
[INFO] [stdout]                                at /rustc/90b35a6239c3d8bdabc530a6a0816f7ff89a0aaf/library/core/src/future/future.rs:123:9
[INFO] [stdout]   29:     0x574248144f0f - tokio::runtime::scheduler::current_thread::CoreGuard::block_on::{{closure}}::{{closure}}::{{closure}}::ha31b5b0dcdc02fa3
[INFO] [stdout]                                at /opt/rustwide/cargo-home/registry/src/index.crates.io-6f17d22bba15001f/tokio-1.39.2/src/runtime/scheduler/current_thread/mod.rs:673:57
[INFO] [stdout]   30:     0x574248144bf6 - tokio::runtime::coop::with_budget::h5b7111d39fdf8cfb
[INFO] [stdout]                                at /opt/rustwide/cargo-home/registry/src/index.crates.io-6f17d22bba15001f/tokio-1.39.2/src/runtime/coop.rs:107:5
[INFO] [stdout]   31:     0x574248144bf6 - tokio::runtime::coop::budget::hca7340c860058541
[INFO] [stdout]                                at /opt/rustwide/cargo-home/registry/src/index.crates.io-6f17d22bba15001f/tokio-1.39.2/src/runtime/coop.rs:73:5
[INFO] [stdout]   32:     0x574248144bf6 - tokio::runtime::scheduler::current_thread::CoreGuard::block_on::{{closure}}::{{closure}}::h39fa5baab122370b
[INFO] [stdout]                                at /opt/rustwide/cargo-home/registry/src/index.crates.io-6f17d22bba15001f/tokio-1.39.2/src/runtime/scheduler/current_thread/mod.rs:673:25
[INFO] [stdout]   33:     0x57424813f02a - tokio::runtime::scheduler::current_thread::Context::enter::h124fe2437fb8a29b
[INFO] [stdout]                                at /opt/rustwide/cargo-home/registry/src/index.crates.io-6f17d22bba15001f/tokio-1.39.2/src/runtime/scheduler/current_thread/mod.rs:412:19
[INFO] [stdout]   34:     0x57424814268b - tokio::runtime::scheduler::current_thread::CoreGuard::block_on::{{closure}}::h22831d7bcf1c3652
[INFO] [stdout]                                at /opt/rustwide/cargo-home/registry/src/index.crates.io-6f17d22bba15001f/tokio-1.39.2/src/runtime/scheduler/current_thread/mod.rs:672:36
[INFO] [stdout]   35:     0x57424814227b - tokio::runtime::scheduler::current_thread::CoreGuard::enter::{{closure}}::hce11894f567bcb32
[INFO] [stdout]                                at /opt/rustwide/cargo-home/registry/src/index.crates.io-6f17d22bba15001f/tokio-1.39.2/src/runtime/scheduler/current_thread/mod.rs:751:68
[INFO] [stdout]   36:     0x57424820362a - tokio::runtime::context::scoped::Scoped<T>::set::h9f063797ceea79b0
[INFO] [stdout]                                at /opt/rustwide/cargo-home/registry/src/index.crates.io-6f17d22bba15001f/tokio-1.39.2/src/runtime/context/scoped.rs:40:9
[INFO] [stdout]   37:     0x57424819fa6a - tokio::runtime::context::set_scheduler::{{closure}}::h67e5ddbcfe8d4b84
[INFO] [stdout]                                at /opt/rustwide/cargo-home/registry/src/index.crates.io-6f17d22bba15001f/tokio-1.39.2/src/runtime/context.rs:180:26
[INFO] [stdout]   38:     0x57424814b9d1 - std::thread::local::LocalKey<T>::try_with::ha1885381a69993f7
[INFO] [stdout]                                at /rustc/90b35a6239c3d8bdabc530a6a0816f7ff89a0aaf/library/std/src/thread/local.rs:283:12
[INFO] [stdout]   39:     0x57424814a48d - std::thread::local::LocalKey<T>::with::hea41341aa3e9182c
[INFO] [stdout]                                at /rustc/90b35a6239c3d8bdabc530a6a0816f7ff89a0aaf/library/std/src/thread/local.rs:260:9
[INFO] [stdout]   40:     0x57424819f991 - tokio::runtime::context::set_scheduler::h97b8594f4e885fae
[INFO] [stdout]                                at /opt/rustwide/cargo-home/registry/src/index.crates.io-6f17d22bba15001f/tokio-1.39.2/src/runtime/context.rs:180:9
[INFO] [stdout]   41:     0x574248141319 - tokio::runtime::scheduler::current_thread::CoreGuard::enter::h2dd75d219cc3a7ba
[INFO] [stdout]                                at /opt/rustwide/cargo-home/registry/src/index.crates.io-6f17d22bba15001f/tokio-1.39.2/src/runtime/scheduler/current_thread/mod.rs:751:27
[INFO] [stdout]   42:     0x574248142403 - tokio::runtime::scheduler::current_thread::CoreGuard::block_on::hd7d5a97ac22a62d5
[INFO] [stdout]                                at /opt/rustwide/cargo-home/registry/src/index.crates.io-6f17d22bba15001f/tokio-1.39.2/src/runtime/scheduler/current_thread/mod.rs:660:19
[INFO] [stdout]   43:     0x57424813e380 - tokio::runtime::scheduler::current_thread::CurrentThread::block_on::{{closure}}::h76b54e1d9eb3343f
[INFO] [stdout]                                at /opt/rustwide/cargo-home/registry/src/index.crates.io-6f17d22bba15001f/tokio-1.39.2/src/runtime/scheduler/current_thread/mod.rs:180:28
[INFO] [stdout]   44:     0x574248223d46 - tokio::runtime::context::runtime::enter_runtime::hcbe5ec2bbf4cd0cf
[INFO] [stdout]                                at /opt/rustwide/cargo-home/registry/src/index.crates.io-6f17d22bba15001f/tokio-1.39.2/src/runtime/context/runtime.rs:65:16
[INFO] [stdout]   45:     0x57424813d5a1 - tokio::runtime::scheduler::current_thread::CurrentThread::block_on::h4a314e3812c96221
[INFO] [stdout]                                at /opt/rustwide/cargo-home/registry/src/index.crates.io-6f17d22bba15001f/tokio-1.39.2/src/runtime/scheduler/current_thread/mod.rs:168:9
[INFO] [stdout]   46:     0x574248153b09 - tokio::runtime::runtime::Runtime::block_on_inner::h00454a70eace2d87
[INFO] [stdout]                                at /opt/rustwide/cargo-home/registry/src/index.crates.io-6f17d22bba15001f/tokio-1.39.2/src/runtime/runtime.rs:361:47
[INFO] [stdout]   47:     0x574248154115 - tokio::runtime::runtime::Runtime::block_on::ha738ac03ce10b489
[INFO] [stdout]                                at /opt/rustwide/cargo-home/registry/src/index.crates.io-6f17d22bba15001f/tokio-1.39.2/src/runtime/runtime.rs:335:13
[INFO] [stdout]   48:     0x5742481e6ad0 - test_l2::jwt::test_auth_reqwest::hb134caac037c46ea
[INFO] [stdout]                                at /opt/rustwide/workdir/src/jwt.rs:65:5
[INFO] [stdout]   49:     0x5742481e6977 - test_l2::jwt::test_auth_reqwest::{{closure}}::hf335096e44bba3d1
[INFO] [stdout]                                at /opt/rustwide/workdir/src/jwt.rs:58:33
[INFO] [stdout]   50:     0x5742480b0986 - core::ops::function::FnOnce::call_once::h7ab849c184bff26d
[INFO] [stdout]                                at /rustc/90b35a6239c3d8bdabc530a6a0816f7ff89a0aaf/library/core/src/ops/function.rs:250:5
[INFO] [stdout]   51:     0x5742482656db - core::ops::function::FnOnce::call_once::h109cf8051a59b34e
[INFO] [stdout]                                at /rustc/90b35a6239c3d8bdabc530a6a0816f7ff89a0aaf/library/core/src/ops/function.rs:250:5
[INFO] [stdout]   52:     0x5742482656db - test::__rust_begin_short_backtrace::hf4fff89d377446ba
[INFO] [stdout]                                at /rustc/90b35a6239c3d8bdabc530a6a0816f7ff89a0aaf/library/test/src/lib.rs:621:18
[INFO] [stdout]   53:     0x574248264f17 - test::run_test_in_process::{{closure}}::h0e39181dd7ee5a43
[INFO] [stdout]                                at /rustc/90b35a6239c3d8bdabc530a6a0816f7ff89a0aaf/library/test/src/lib.rs:644:60
[INFO] [stdout]   54:     0x574248264f17 - <core::panic::unwind_safe::AssertUnwindSafe<F> as core::ops::function::FnOnce<()>>::call_once::hc5a66a30f0bdfd1f
[INFO] [stdout]                                at /rustc/90b35a6239c3d8bdabc530a6a0816f7ff89a0aaf/library/core/src/panic/unwind_safe.rs:272:9
[INFO] [stdout]   55:     0x574248264f17 - std::panicking::try::do_call::h873b7cf639554a5e
[INFO] [stdout]                                at /rustc/90b35a6239c3d8bdabc530a6a0816f7ff89a0aaf/library/std/src/panicking.rs:557:40
[INFO] [stdout]   56:     0x574248264f17 - std::panicking::try::hdb19862fad9c8bd1
[INFO] [stdout]                                at /rustc/90b35a6239c3d8bdabc530a6a0816f7ff89a0aaf/library/std/src/panicking.rs:520:19
[INFO] [stdout]   57:     0x574248264f17 - std::panic::catch_unwind::h281fe732d236d260
[INFO] [stdout]                                at /rustc/90b35a6239c3d8bdabc530a6a0816f7ff89a0aaf/library/std/src/panic.rs:358:14
[INFO] [stdout]   58:     0x574248264f17 - test::run_test_in_process::h949b6df8457ed338
[INFO] [stdout]                                at /rustc/90b35a6239c3d8bdabc530a6a0816f7ff89a0aaf/library/test/src/lib.rs:644:27
[INFO] [stdout]   59:     0x574248264f17 - test::run_test::{{closure}}::h52c556a6d4740e10
[INFO] [stdout]                                at /rustc/90b35a6239c3d8bdabc530a6a0816f7ff89a0aaf/library/test/src/lib.rs:565:43
[INFO] [stdout]   60:     0x57424822a1f4 - test::run_test::{{closure}}::h4237f6381c45ccb9
[INFO] [stdout]                                at /rustc/90b35a6239c3d8bdabc530a6a0816f7ff89a0aaf/library/test/src/lib.rs:595:41
[INFO] [stdout]   61:     0x57424822a1f4 - std::sys::backtrace::__rust_begin_short_backtrace::h505c97a579eca628
[INFO] [stdout]                                at /rustc/90b35a6239c3d8bdabc530a6a0816f7ff89a0aaf/library/std/src/sys/backtrace.rs:154:18
[INFO] [stdout]   62:     0x57424822d8be - std::thread::Builder::spawn_unchecked_::{{closure}}::{{closure}}::h9e86b2e2bc107ea3
[INFO] [stdout]                                at /rustc/90b35a6239c3d8bdabc530a6a0816f7ff89a0aaf/library/std/src/thread/mod.rs:538:17
[INFO] [stdout]   63:     0x57424822d8be - <core::panic::unwind_safe::AssertUnwindSafe<F> as core::ops::function::FnOnce<()>>::call_once::h8b06ddb275ff4a25
[INFO] [stdout]                                at /rustc/90b35a6239c3d8bdabc530a6a0816f7ff89a0aaf/library/core/src/panic/unwind_safe.rs:272:9
[INFO] [stdout]   64:     0x57424822d8be - std::panicking::try::do_call::hb26ecd7cd9a9355d
[INFO] [stdout]                                at /rustc/90b35a6239c3d8bdabc530a6a0816f7ff89a0aaf/library/std/src/panicking.rs:557:40
[INFO] [stdout]   65:     0x57424822d8be - std::panicking::try::h8ddeca9d705f9069
[INFO] [stdout]                                at /rustc/90b35a6239c3d8bdabc530a6a0816f7ff89a0aaf/library/std/src/panicking.rs:520:19
[INFO] [stdout]   66:     0x57424822d8be - std::panic::catch_unwind::h49e1c33078844c46
[INFO] [stdout]                                at /rustc/90b35a6239c3d8bdabc530a6a0816f7ff89a0aaf/library/std/src/panic.rs:358:14
[INFO] [stdout]   67:     0x57424822d8be - std::thread::Builder::spawn_unchecked_::{{closure}}::h6073db6ff56ad35d
[INFO] [stdout]                                at /rustc/90b35a6239c3d8bdabc530a6a0816f7ff89a0aaf/library/std/src/thread/mod.rs:537:30
[INFO] [stdout]   68:     0x57424822d8be - core::ops::function::FnOnce::call_once{{vtable.shim}}::h2c5a5f3779c774f1
[INFO] [stdout]                                at /rustc/90b35a6239c3d8bdabc530a6a0816f7ff89a0aaf/library/core/src/ops/function.rs:250:5
[INFO] [stdout]   69:     0x574248bcb43b - <alloc::boxed::Box<F,A> as core::ops::function::FnOnce<Args>>::call_once::hf75717d9f28faebf
[INFO] [stdout]                                at /rustc/90b35a6239c3d8bdabc530a6a0816f7ff89a0aaf/library/alloc/src/boxed.rs:2454:9
[INFO] [stdout]   70:     0x574248bcb43b - <alloc::boxed::Box<F,A> as core::ops::function::FnOnce<Args>>::call_once::h7bd883a5f3c5f3c1
[INFO] [stdout]                                at /rustc/90b35a6239c3d8bdabc530a6a0816f7ff89a0aaf/library/alloc/src/boxed.rs:2454:9
[INFO] [stdout]   71:     0x574248bcb43b - std::sys::pal::unix::thread::Thread::new::thread_start::hcc78f3943333fa94
[INFO] [stdout]                                at /rustc/90b35a6239c3d8bdabc530a6a0816f7ff89a0aaf/library/std/src/sys/pal/unix/thread.rs:105:17
[INFO] [stdout]   72:     0x7c4e79093ac3 - <unknown>
[INFO] [stdout]   73:     0x7c4e79124a04 - clone
[INFO] [stdout]   74:                0x0 - <unknown>
[INFO] [stdout] 
[INFO] [stdout] ---- jwt::test_unauth stdout ----
[INFO] [stdout] thread 'jwt::test_unauth' panicked at src/jwt.rs:50:14:
[INFO] [stdout] called `Result::unwrap()` on an `Err` value: Ошибка при обращении на "http://localhost:9042"
[INFO] [stdout] 
[INFO] [stdout] Caused by:
[INFO] [stdout]    0: error sending request for url (http://localhost:9042/)
[INFO] [stdout]    1: client error (Connect)
[INFO] [stdout]    2: tcp connect error: Connection refused (os error 111)
[INFO] [stderr] error: test failed, to rerun pass `--lib`
[INFO] [stdout]    3: Connection refused (os error 111)
[INFO] [stdout] 
[INFO] [stdout] Location:
[INFO] [stdout]     src/jwt.rs:49:14
[INFO] [stdout] stack backtrace:
[INFO] [stdout]    0:     0x574248bc536a - std::backtrace_rs::backtrace::libunwind::trace::h5a5b8284f2d0c266
[INFO] [stdout]                                at /rustc/90b35a6239c3d8bdabc530a6a0816f7ff89a0aaf/library/std/src/../../backtrace/src/backtrace/libunwind.rs:116:5
[INFO] [stdout]    1:     0x574248bc536a - std::backtrace_rs::backtrace::trace_unsynchronized::h76d4f1c9b0b875e3
[INFO] [stdout]                                at /rustc/90b35a6239c3d8bdabc530a6a0816f7ff89a0aaf/library/std/src/../../backtrace/src/backtrace/mod.rs:66:5
[INFO] [stdout]    2:     0x574248bc536a - std::sys::backtrace::_print_fmt::hc4546b8364a537c6
[INFO] [stdout]                                at /rustc/90b35a6239c3d8bdabc530a6a0816f7ff89a0aaf/library/std/src/sys/backtrace.rs:66:9
[INFO] [stdout]    3:     0x574248bc536a - <std::sys::backtrace::BacktraceLock::print::DisplayBacktrace as core::fmt::Display>::fmt::h5b6bd5631a6d1f6b
[INFO] [stdout]                                at /rustc/90b35a6239c3d8bdabc530a6a0816f7ff89a0aaf/library/std/src/sys/backtrace.rs:39:26
[INFO] [stdout]    4:     0x574248bef823 - core::fmt::rt::Argument::fmt::h270f6602a2b96f62
[INFO] [stdout]                                at /rustc/90b35a6239c3d8bdabc530a6a0816f7ff89a0aaf/library/core/src/fmt/rt.rs:177:76
[INFO] [stdout]    5:     0x574248bef823 - core::fmt::write::h7550c97b06c86515
[INFO] [stdout]                                at /rustc/90b35a6239c3d8bdabc530a6a0816f7ff89a0aaf/library/core/src/fmt/mod.rs:1186:21
[INFO] [stdout]    6:     0x574248bc19a3 - std::io::Write::write_fmt::h509ff860e5956e5e
[INFO] [stdout]                                at /rustc/90b35a6239c3d8bdabc530a6a0816f7ff89a0aaf/library/std/src/io/mod.rs:1839:15
[INFO] [stdout]    7:     0x574248bc51b2 - std::sys::backtrace::BacktraceLock::print::h2395ccd2c84ba3aa
[INFO] [stdout]                                at /rustc/90b35a6239c3d8bdabc530a6a0816f7ff89a0aaf/library/std/src/sys/backtrace.rs:42:9
[INFO] [stdout]    8:     0x574248bc67ca - std::panicking::default_hook::{{closure}}::he19d4c7230e07961
[INFO] [stdout]                                at /rustc/90b35a6239c3d8bdabc530a6a0816f7ff89a0aaf/library/std/src/panicking.rs:268:22
[INFO] [stdout]    9:     0x574248bc65d4 - std::panicking::default_hook::hf614597d3c67bbdb
[INFO] [stdout]                                at /rustc/90b35a6239c3d8bdabc530a6a0816f7ff89a0aaf/library/std/src/panicking.rs:292:9
[INFO] [stdout]   10:     0x574248260d19 - <alloc::boxed::Box<F,A> as core::ops::function::Fn<Args>>::call::h39b51ce4599c23d1
[INFO] [stdout]                                at /rustc/90b35a6239c3d8bdabc530a6a0816f7ff89a0aaf/library/alloc/src/boxed.rs:2468:9
[INFO] [stdout]   11:     0x574248260d19 - test::test_main::{{closure}}::he977ae839a582784
[INFO] [stdout]                                at /rustc/90b35a6239c3d8bdabc530a6a0816f7ff89a0aaf/library/test/src/lib.rs:133:21
[INFO] [stdout]   12:     0x574248bc6e68 - <alloc::boxed::Box<F,A> as core::ops::function::Fn<Args>>::call::h9455091b6b06f9fb
[INFO] [stdout]                                at /rustc/90b35a6239c3d8bdabc530a6a0816f7ff89a0aaf/library/alloc/src/boxed.rs:2468:9
[INFO] [stdout]   13:     0x574248bc6e68 - std::panicking::rust_panic_with_hook::h8942133a8b252070
[INFO] [stdout]                                at /rustc/90b35a6239c3d8bdabc530a6a0816f7ff89a0aaf/library/std/src/panicking.rs:809:13
[INFO] [stdout]   14:     0x574248bc6c2a - std::panicking::begin_panic_handler::{{closure}}::hb5f5963570096b29
[INFO] [stdout]                                at /rustc/90b35a6239c3d8bdabc530a6a0816f7ff89a0aaf/library/std/src/panicking.rs:674:13
[INFO] [stdout]   15:     0x574248bc5849 - std::sys::backtrace::__rust_end_short_backtrace::h6208cedc1922feda
[INFO] [stdout]                                at /rustc/90b35a6239c3d8bdabc530a6a0816f7ff89a0aaf/library/std/src/sys/backtrace.rs:170:18
[INFO] [stdout]   16:     0x574248bc68bc - rust_begin_unwind
[INFO] [stdout]                                at /rustc/90b35a6239c3d8bdabc530a6a0816f7ff89a0aaf/library/std/src/panicking.rs:665:5
[INFO] [stdout]   17:     0x5742480af420 - core::panicking::panic_fmt::h0c3082644d1bf418
[INFO] [stdout]                                at /rustc/90b35a6239c3d8bdabc530a6a0816f7ff89a0aaf/library/core/src/panicking.rs:74:14
[INFO] [stdout]   18:     0x5742480af906 - core::result::unwrap_failed::hd20b4aa073bda1e2
[INFO] [stdout]                                at /rustc/90b35a6239c3d8bdabc530a6a0816f7ff89a0aaf/library/core/src/result.rs:1700:5
[INFO] [stdout]   19:     0x5742481e66ee - core::result::Result<T,E>::unwrap::h2039ebaefea0514a
[INFO] [stdout]                                at /rustc/90b35a6239c3d8bdabc530a6a0816f7ff89a0aaf/library/core/src/result.rs:1104:23
[INFO] [stdout]   20:     0x5742481e66ee - test_l2::jwt::test_unauth::{{closure}}::h2b120d75060d6f60
[INFO] [stdout]                                at /opt/rustwide/workdir/src/jwt.rs:47:9
[INFO] [stdout]   21:     0x5742480e3252 - <core::pin::Pin<P> as core::future::future::Future>::poll::h07d5b3053ae13a54
[INFO] [stdout]                                at /rustc/90b35a6239c3d8bdabc530a6a0816f7ff89a0aaf/library/core/src/future/future.rs:123:9
[INFO] [stdout]   22:     0x5742480e368d - <core::pin::Pin<P> as core::future::future::Future>::poll::h9225db20735cac6c
[INFO] [stdout]                                at /rustc/90b35a6239c3d8bdabc530a6a0816f7ff89a0aaf/library/core/src/future/future.rs:123:9
[INFO] [stdout]   23:     0x574248144f4f - tokio::runtime::scheduler::current_thread::CoreGuard::block_on::{{closure}}::{{closure}}::{{closure}}::hca9db494cf91e2f3
[INFO] [stdout]                                at /opt/rustwide/cargo-home/registry/src/index.crates.io-6f17d22bba15001f/tokio-1.39.2/src/runtime/scheduler/current_thread/mod.rs:673:57
[INFO] [stdout]   24:     0x574248144855 - tokio::runtime::coop::with_budget::hcbb0423702d4b58c
[INFO] [stdout]                                at /opt/rustwide/cargo-home/registry/src/index.crates.io-6f17d22bba15001f/tokio-1.39.2/src/runtime/coop.rs:107:5
[INFO] [stdout]   25:     0x574248144855 - tokio::runtime::coop::budget::h3ef6c47e3029e831
[INFO] [stdout]                                at /opt/rustwide/cargo-home/registry/src/index.crates.io-6f17d22bba15001f/tokio-1.39.2/src/runtime/coop.rs:73:5
[INFO] [stdout]   26:     0x574248144855 - tokio::runtime::scheduler::current_thread::CoreGuard::block_on::{{closure}}::{{closure}}::h14db1c26a5fd09ad
[INFO] [stdout]                                at /opt/rustwide/cargo-home/registry/src/index.crates.io-6f17d22bba15001f/tokio-1.39.2/src/runtime/scheduler/current_thread/mod.rs:673:25
[INFO] [stdout]   27:     0x57424813f690 - tokio::runtime::scheduler::current_thread::Context::enter::h73a34a7ec0bf924c
[INFO] [stdout]                                at /opt/rustwide/cargo-home/registry/src/index.crates.io-6f17d22bba15001f/tokio-1.39.2/src/runtime/scheduler/current_thread/mod.rs:412:19
[INFO] [stdout]   28:     0x57424814385b - tokio::runtime::scheduler::current_thread::CoreGuard::block_on::{{closure}}::h60519587e110bc9f
[INFO] [stdout]                                at /opt/rustwide/cargo-home/registry/src/index.crates.io-6f17d22bba15001f/tokio-1.39.2/src/runtime/scheduler/current_thread/mod.rs:672:36
[INFO] [stdout]   29:     0x574248142234 - tokio::runtime::scheduler::current_thread::CoreGuard::enter::{{closure}}::h6098a924f8615fa0
[INFO] [stdout]                                at /opt/rustwide/cargo-home/registry/src/index.crates.io-6f17d22bba15001f/tokio-1.39.2/src/runtime/scheduler/current_thread/mod.rs:751:68
[INFO] [stdout]   30:     0x5742482034cb - tokio::runtime::context::scoped::Scoped<T>::set::h2d85e9cd30cf31f4
[INFO] [stdout]                                at /opt/rustwide/cargo-home/registry/src/index.crates.io-6f17d22bba15001f/tokio-1.39.2/src/runtime/context/scoped.rs:40:9
[INFO] [stdout]   31:     0x57424819fa19 - tokio::runtime::context::set_scheduler::{{closure}}::h16af46191e1757c2
[INFO] [stdout]                                at /opt/rustwide/cargo-home/registry/src/index.crates.io-6f17d22bba15001f/tokio-1.39.2/src/runtime/context.rs:180:26
[INFO] [stdout]   32:     0x57424814b50d - std::thread::local::LocalKey<T>::try_with::h792565f9e6414a58
[INFO] [stdout]                                at /rustc/90b35a6239c3d8bdabc530a6a0816f7ff89a0aaf/library/std/src/thread/local.rs:283:12
[INFO] [stdout]   33:     0x57424814a1ea - std::thread::local::LocalKey<T>::with::h1576ef1d27250b8b
[INFO] [stdout]                                at /rustc/90b35a6239c3d8bdabc530a6a0816f7ff89a0aaf/library/std/src/thread/local.rs:260:9
[INFO] [stdout]   34:     0x57424819f9cd - tokio::runtime::context::set_scheduler::had750a2baee24555
[INFO] [stdout]                                at /opt/rustwide/cargo-home/registry/src/index.crates.io-6f17d22bba15001f/tokio-1.39.2/src/runtime/context.rs:180:9
[INFO] [stdout]   35:     0x574248141fe0 - tokio::runtime::scheduler::current_thread::CoreGuard::enter::he797ba86b638685d
[INFO] [stdout]                                at /opt/rustwide/cargo-home/registry/src/index.crates.io-6f17d22bba15001f/tokio-1.39.2/src/runtime/scheduler/current_thread/mod.rs:751:27
[INFO] [stdout]   36:     0x5742481422d3 - tokio::runtime::scheduler::current_thread::CoreGuard::block_on::h2817268d76d24243
[INFO] [stdout]                                at /opt/rustwide/cargo-home/registry/src/index.crates.io-6f17d22bba15001f/tokio-1.39.2/src/runtime/scheduler/current_thread/mod.rs:660:19
[INFO] [stdout]   37:     0x57424813d9fa - tokio::runtime::scheduler::current_thread::CurrentThread::block_on::{{closure}}::h25471cb0389479aa
[INFO] [stdout]                                at /opt/rustwide/cargo-home/registry/src/index.crates.io-6f17d22bba15001f/tokio-1.39.2/src/runtime/scheduler/current_thread/mod.rs:180:28
[INFO] [stdout]   38:     0x574248223426 - tokio::runtime::context::runtime::enter_runtime::h2127698ea07c7251
[INFO] [stdout]                                at /opt/rustwide/cargo-home/registry/src/index.crates.io-6f17d22bba15001f/tokio-1.39.2/src/runtime/context/runtime.rs:65:16
[INFO] [stdout]   39:     0x57424813d7b1 - tokio::runtime::scheduler::current_thread::CurrentThread::block_on::hb1db36840dd3ee9f
[INFO] [stdout]                                at /opt/rustwide/cargo-home/registry/src/index.crates.io-6f17d22bba15001f/tokio-1.39.2/src/runtime/scheduler/current_thread/mod.rs:168:9
[INFO] [stdout]   40:     0x574248153c5d - tokio::runtime::runtime::Runtime::block_on_inner::h0dbb4ee6e6a96df4
[INFO] [stdout]                                at /opt/rustwide/cargo-home/registry/src/index.crates.io-6f17d22bba15001f/tokio-1.39.2/src/runtime/runtime.rs:361:47
[INFO] [stdout]   41:     0x574248153fb5 - tokio::runtime::runtime::Runtime::block_on::h7c257c41d4df5830
[INFO] [stdout]                                at /opt/rustwide/cargo-home/registry/src/index.crates.io-6f17d22bba15001f/tokio-1.39.2/src/runtime/runtime.rs:335:13
[INFO] [stdout]   42:     0x5742481e6421 - test_l2::jwt::test_unauth::h8f40f5d77f076bbb
[INFO] [stdout]                                at /opt/rustwide/workdir/src/jwt.rs:46:5
[INFO] [stdout]   43:     0x5742481e62c7 - test_l2::jwt::test_unauth::{{closure}}::h0b87a7e53def5132
[INFO] [stdout]                                at /opt/rustwide/workdir/src/jwt.rs:45:23
[INFO] [stdout]   44:     0x5742480b0b86 - core::ops::function::FnOnce::call_once::hc064a24540887db1
[INFO] [stdout]                                at /rustc/90b35a6239c3d8bdabc530a6a0816f7ff89a0aaf/library/core/src/ops/function.rs:250:5
[INFO] [stdout]   45:     0x5742482656db - core::ops::function::FnOnce::call_once::h109cf8051a59b34e
[INFO] [stdout]                                at /rustc/90b35a6239c3d8bdabc530a6a0816f7ff89a0aaf/library/core/src/ops/function.rs:250:5
[INFO] [stdout]   46:     0x5742482656db - test::__rust_begin_short_backtrace::hf4fff89d377446ba
[INFO] [stdout]                                at /rustc/90b35a6239c3d8bdabc530a6a0816f7ff89a0aaf/library/test/src/lib.rs:621:18
[INFO] [stdout]   47:     0x574248264f17 - test::run_test_in_process::{{closure}}::h0e39181dd7ee5a43
[INFO] [stdout]                                at /rustc/90b35a6239c3d8bdabc530a6a0816f7ff89a0aaf/library/test/src/lib.rs:644:60
[INFO] [stdout]   48:     0x574248264f17 - <core::panic::unwind_safe::AssertUnwindSafe<F> as core::ops::function::FnOnce<()>>::call_once::hc5a66a30f0bdfd1f
[INFO] [stdout]                                at /rustc/90b35a6239c3d8bdabc530a6a0816f7ff89a0aaf/library/core/src/panic/unwind_safe.rs:272:9
[INFO] [stdout]   49:     0x574248264f17 - std::panicking::try::do_call::h873b7cf639554a5e
[INFO] [stdout]                                at /rustc/90b35a6239c3d8bdabc530a6a0816f7ff89a0aaf/library/std/src/panicking.rs:557:40
[INFO] [stdout]   50:     0x574248264f17 - std::panicking::try::hdb19862fad9c8bd1
[INFO] [stdout]                                at /rustc/90b35a6239c3d8bdabc530a6a0816f7ff89a0aaf/library/std/src/panicking.rs:520:19
[INFO] [stdout]   51:     0x574248264f17 - std::panic::catch_unwind::h281fe732d236d260
[INFO] [stdout]                                at /rustc/90b35a6239c3d8bdabc530a6a0816f7ff89a0aaf/library/std/src/panic.rs:358:14
[INFO] [stdout]   52:     0x574248264f17 - test::run_test_in_process::h949b6df8457ed338
[INFO] [stdout]                                at /rustc/90b35a6239c3d8bdabc530a6a0816f7ff89a0aaf/library/test/src/lib.rs:644:27
[INFO] [stdout]   53:     0x574248264f17 - test::run_test::{{closure}}::h52c556a6d4740e10
[INFO] [stdout]                                at /rustc/90b35a6239c3d8bdabc530a6a0816f7ff89a0aaf/library/test/src/lib.rs:565:43
[INFO] [stdout]   54:     0x57424822a1f4 - test::run_test::{{closure}}::h4237f6381c45ccb9
[INFO] [stdout]                                at /rustc/90b35a6239c3d8bdabc530a6a0816f7ff89a0aaf/library/test/src/lib.rs:595:41
[INFO] [stdout]   55:     0x57424822a1f4 - std::sys::backtrace::__rust_begin_short_backtrace::h505c97a579eca628
[INFO] [stdout]                                at /rustc/90b35a6239c3d8bdabc530a6a0816f7ff89a0aaf/library/std/src/sys/backtrace.rs:154:18
[INFO] [stdout]   56:     0x57424822d8be - std::thread::Builder::spawn_unchecked_::{{closure}}::{{closure}}::h9e86b2e2bc107ea3
[INFO] [stdout]                                at /rustc/90b35a6239c3d8bdabc530a6a0816f7ff89a0aaf/library/std/src/thread/mod.rs:538:17
[INFO] [stdout]   57:     0x57424822d8be - <core::panic::unwind_safe::AssertUnwindSafe<F> as core::ops::function::FnOnce<()>>::call_once::h8b06ddb275ff4a25
[INFO] [stdout]                                at /rustc/90b35a6239c3d8bdabc530a6a0816f7ff89a0aaf/library/core/src/panic/unwind_safe.rs:272:9
[INFO] [stdout]   58:     0x57424822d8be - std::panicking::try::do_call::hb26ecd7cd9a9355d
[INFO] [stdout]                                at /rustc/90b35a6239c3d8bdabc530a6a0816f7ff89a0aaf/library/std/src/panicking.rs:557:40
[INFO] [stdout]   59:     0x57424822d8be - std::panicking::try::h8ddeca9d705f9069
[INFO] [stdout]                                at /rustc/90b35a6239c3d8bdabc530a6a0816f7ff89a0aaf/library/std/src/panicking.rs:520:19
[INFO] [stdout]   60:     0x57424822d8be - std::panic::catch_unwind::h49e1c33078844c46
[INFO] [stdout]                                at /rustc/90b35a6239c3d8bdabc530a6a0816f7ff89a0aaf/library/std/src/panic.rs:358:14
[INFO] [stdout]   61:     0x57424822d8be - std::thread::Builder::spawn_unchecked_::{{closure}}::h6073db6ff56ad35d
[INFO] [stdout]                                at /rustc/90b35a6239c3d8bdabc530a6a0816f7ff89a0aaf/library/std/src/thread/mod.rs:537:30
[INFO] [stdout]   62:     0x57424822d8be - core::ops::function::FnOnce::call_once{{vtable.shim}}::h2c5a5f3779c774f1
[INFO] [stdout]                                at /rustc/90b35a6239c3d8bdabc530a6a0816f7ff89a0aaf/library/core/src/ops/function.rs:250:5
[INFO] [stdout]   63:     0x574248bcb43b - <alloc::boxed::Box<F,A> as core::ops::function::FnOnce<Args>>::call_once::hf75717d9f28faebf
[INFO] [stdout]                                at /rustc/90b35a6239c3d8bdabc530a6a0816f7ff89a0aaf/library/alloc/src/boxed.rs:2454:9
[INFO] [stdout]   64:     0x574248bcb43b - <alloc::boxed::Box<F,A> as core::ops::function::FnOnce<Args>>::call_once::h7bd883a5f3c5f3c1
[INFO] [stdout]                                at /rustc/90b35a6239c3d8bdabc530a6a0816f7ff89a0aaf/library/alloc/src/boxed.rs:2454:9
[INFO] [stdout]   65:     0x574248bcb43b - std::sys::pal::unix::thread::Thread::new::thread_start::hcc78f3943333fa94
[INFO] [stdout]                                at /rustc/90b35a6239c3d8bdabc530a6a0816f7ff89a0aaf/library/std/src/sys/pal/unix/thread.rs:105:17
[INFO] [stdout]   66:     0x7c4e79093ac3 - <unknown>
[INFO] [stdout]   67:     0x7c4e79124a04 - clone
[INFO] [stdout]   68:                0x0 - <unknown>
[INFO] [stdout] 
[INFO] [stdout] 
[INFO] [stdout] failures:
[INFO] [stdout]     jwt::test_auth_reqwest
[INFO] [stdout]     jwt::test_invalid_jwt
[INFO] [stdout]     jwt::test_jsonrpsee
[INFO] [stdout]     jwt::test_token_lifetime_has_expired
[INFO] [stdout]     jwt::test_unauth
[INFO] [stdout]     test_deposit
[INFO] [stdout]     test_deposit_zero
[INFO] [stdout] 
[INFO] [stdout] test result: FAILED. 0 passed; 7 failed; 2 ignored; 0 measured; 0 filtered out; finished in 0.14s
[INFO] [stdout] 
[INFO] running `Command { std: "docker" "inspect" "3cbcc532b0bbb2741c5349d7ea32443634e411590345d8b13b5ecff1c9bdaf2f", kill_on_drop: false }`
[INFO] running `Command { std: "docker" "rm" "-f" "3cbcc532b0bbb2741c5349d7ea32443634e411590345d8b13b5ecff1c9bdaf2f", kill_on_drop: false }`
[INFO] [stdout] 3cbcc532b0bbb2741c5349d7ea32443634e411590345d8b13b5ecff1c9bdaf2f
