[INFO] cloning repository https://github.com/vivekascoder/tiny_lang
[INFO] running `Command { std: "git" "-c" "credential.helper=" "-c" "credential.helper=/workspace/cargo-home/bin/git-credential-null" "clone" "--bare" "https://github.com/vivekascoder/tiny_lang" "/workspace/cache/git-repos/https%3A%2F%2Fgithub.com%2Fvivekascoder%2Ftiny_lang", kill_on_drop: false }`
[INFO] [stderr] Cloning into bare repository '/workspace/cache/git-repos/https%3A%2F%2Fgithub.com%2Fvivekascoder%2Ftiny_lang'...
[INFO] running `Command { std: "git" "rev-parse" "HEAD", kill_on_drop: false }`
[INFO] [stdout] 019e467d3d17a2125f5f7446cda77f411b5282ff
[INFO] testing vivekascoder/tiny_lang against 1.83.0 for beta-1.84.0-4-retry
[INFO] running `Command { std: "git" "clone" "/workspace/cache/git-repos/https%3A%2F%2Fgithub.com%2Fvivekascoder%2Ftiny_lang" "/workspace/builds/worker-7-tc1/source", kill_on_drop: false }`
[INFO] [stderr] Cloning into '/workspace/builds/worker-7-tc1/source'...
[INFO] [stderr] done.
[INFO] validating manifest of git repo https://github.com/vivekascoder/tiny_lang on toolchain 1.83.0
[INFO] running `Command { std: CARGO_HOME="/workspace/cargo-home" RUSTUP_HOME="/workspace/rustup-home" "/workspace/cargo-home/bin/cargo" "+1.83.0" "metadata" "--manifest-path" "Cargo.toml" "--no-deps", kill_on_drop: false }`
[INFO] started tweaking git repo https://github.com/vivekascoder/tiny_lang
[INFO] finished tweaking git repo https://github.com/vivekascoder/tiny_lang
[INFO] tweaked toml for git repo https://github.com/vivekascoder/tiny_lang written to /workspace/builds/worker-7-tc1/source/Cargo.toml
[INFO] crate git repo https://github.com/vivekascoder/tiny_lang already has a lockfile, it will not be regenerated
[INFO] running `Command { std: CARGO_HOME="/workspace/cargo-home" RUSTUP_HOME="/workspace/rustup-home" "/workspace/cargo-home/bin/cargo" "+1.83.0" "fetch" "--manifest-path" "Cargo.toml", kill_on_drop: false }`
[INFO] [stderr] warning: unused manifest key: package.about
[INFO] [stderr]     Updating git repository `https://github.com/TheDan64/inkwell`
[INFO] [stderr]  Downloading crates ...
[INFO] [stderr]   Downloaded llvm-sys v150.1.2
[INFO] [stderr]   Downloaded insta v1.30.0
[INFO] running `Command { std: "docker" "create" "-v" "/var/lib/crater-agent-workspace/builds/worker-7-tc1/target:/opt/rustwide/target:rw,Z" "-v" "/var/lib/crater-agent-workspace/builds/worker-7-tc1/source:/opt/rustwide/workdir:ro,Z" "-v" "/var/lib/crater-agent-workspace/cargo-home:/opt/rustwide/cargo-home:ro,Z" "-v" "/var/lib/crater-agent-workspace/rustup-home:/opt/rustwide/rustup-home:ro,Z" "-e" "SOURCE_DIR=/opt/rustwide/workdir" "-e" "CARGO_TARGET_DIR=/opt/rustwide/target" "-e" "CARGO_HOME=/opt/rustwide/cargo-home" "-e" "RUSTUP_HOME=/opt/rustwide/rustup-home" "-w" "/opt/rustwide/workdir" "-m" "1610612736" "--user" "0:0" "--network" "none" "ghcr.io/rust-lang/crates-build-env/linux@sha256:f3a9d4ad9d972b27faf3965f35b62e55ba32bbce8f20bc8fe909558a86702fde" "/opt/rustwide/cargo-home/bin/cargo" "+1.83.0" "metadata" "--no-deps" "--format-version=1", kill_on_drop: false }`
[INFO] [stdout] 036c492b69e620223616947c1dc29e98cf860c010f030056629e5bec7a7bf836
[INFO] running `Command { std: "docker" "start" "-a" "036c492b69e620223616947c1dc29e98cf860c010f030056629e5bec7a7bf836", kill_on_drop: false }`
[INFO] running `Command { std: "docker" "inspect" "036c492b69e620223616947c1dc29e98cf860c010f030056629e5bec7a7bf836", kill_on_drop: false }`
[INFO] running `Command { std: "docker" "rm" "-f" "036c492b69e620223616947c1dc29e98cf860c010f030056629e5bec7a7bf836", kill_on_drop: false }`
[INFO] [stdout] 036c492b69e620223616947c1dc29e98cf860c010f030056629e5bec7a7bf836
[INFO] running `Command { std: "docker" "create" "-v" "/var/lib/crater-agent-workspace/builds/worker-7-tc1/target:/opt/rustwide/target:rw,Z" "-v" "/var/lib/crater-agent-workspace/builds/worker-7-tc1/source:/opt/rustwide/workdir:ro,Z" "-v" "/var/lib/crater-agent-workspace/cargo-home:/opt/rustwide/cargo-home:ro,Z" "-v" "/var/lib/crater-agent-workspace/rustup-home:/opt/rustwide/rustup-home:ro,Z" "-e" "SOURCE_DIR=/opt/rustwide/workdir" "-e" "CARGO_TARGET_DIR=/opt/rustwide/target" "-e" "CARGO_INCREMENTAL=0" "-e" "RUST_BACKTRACE=full" "-e" "RUSTFLAGS=--cap-lints=warn" "-e" "RUSTDOCFLAGS=--cap-lints=warn" "-e" "CARGO_HOME=/opt/rustwide/cargo-home" "-e" "RUSTUP_HOME=/opt/rustwide/rustup-home" "-w" "/opt/rustwide/workdir" "-m" "1610612736" "--user" "0:0" "--network" "none" "ghcr.io/rust-lang/crates-build-env/linux@sha256:f3a9d4ad9d972b27faf3965f35b62e55ba32bbce8f20bc8fe909558a86702fde" "/opt/rustwide/cargo-home/bin/cargo" "+1.83.0" "build" "--frozen" "--message-format=json", kill_on_drop: false }`
[INFO] [stdout] 2071c7b9e16b498a560d595504364bd910f46f5c09f8bb5c2c60f2456a9567c7
[INFO] running `Command { std: "docker" "start" "-a" "2071c7b9e16b498a560d595504364bd910f46f5c09f8bb5c2c60f2456a9567c7", kill_on_drop: false }`
[INFO] [stderr] warning: unused manifest key: package.about
[INFO] [stderr]    Compiling cc v1.0.79
[INFO] [stderr]    Compiling proc-macro2 v1.0.64
[INFO] [stderr]    Compiling libc v0.2.147
[INFO] [stderr]    Compiling memchr v2.5.0
[INFO] [stderr]    Compiling quote v1.0.29
[INFO] [stderr]    Compiling unicode-ident v1.0.10
[INFO] [stderr]    Compiling cfg-if v1.0.0
[INFO] [stderr]    Compiling semver v1.0.18
[INFO] [stderr]    Compiling regex-syntax v0.7.2
[INFO] [stderr]    Compiling rustix v0.38.3
[INFO] [stderr]    Compiling bitflags v2.3.3
[INFO] [stderr]    Compiling linux-raw-sys v0.4.3
[INFO] [stderr]    Compiling lazy_static v1.4.0
[INFO] [stderr]    Compiling once_cell v1.18.0
[INFO] [stderr]    Compiling version_check v0.9.4
[INFO] [stderr]    Compiling autocfg v1.1.0
[INFO] [stderr]    Compiling parking_lot_core v0.9.8
[INFO] [stderr]    Compiling utf8parse v0.2.1
[INFO] [stderr]    Compiling colorchoice v1.0.0
[INFO] [stderr]    Compiling anstyle-parse v0.2.1
[INFO] [stderr]    Compiling scopeguard v1.2.0
[INFO] [stderr]    Compiling anstyle-query v1.0.0
[INFO] [stderr]    Compiling smallvec v1.11.0
[INFO] [stderr]    Compiling regex-syntax v0.6.29
[INFO] [stderr]    Compiling beef v0.5.2
[INFO] [stderr]    Compiling fnv v1.0.7
[INFO] [stderr]    Compiling anstyle v1.0.1
[INFO] [stderr]    Compiling inkwell v0.2.0 (https://github.com/TheDan64/inkwell?branch=master#ec963b95)
[INFO] [stderr]    Compiling anyhow v1.0.71
[INFO] [stderr]    Compiling ahash v0.7.6
[INFO] [stderr]    Compiling strsim v0.10.0
[INFO] [stderr]    Compiling heck v0.4.1
[INFO] [stderr]    Compiling lock_api v0.4.10
[INFO] [stderr]    Compiling clap_lex v0.5.0
[INFO] [stderr]    Compiling humantime v2.1.0
[INFO] [stderr]    Compiling log v0.4.19
[INFO] [stderr]    Compiling yansi v0.5.1
[INFO] [stderr]    Compiling either v1.9.0
[INFO] [stderr]    Compiling unicode-width v0.1.10
[INFO] [stderr]    Compiling termcolor v1.2.0
[INFO] [stderr]    Compiling ariadne v0.3.0
[INFO] [stderr]    Compiling aho-corasick v1.0.2
[INFO] [stderr]    Compiling psm v0.1.21
[INFO] [stderr]    Compiling stacker v0.1.15
[INFO] [stderr]    Compiling syn v2.0.25
[INFO] [stderr]    Compiling getrandom v0.2.10
[INFO] [stderr]    Compiling is-terminal v0.4.9
[INFO] [stderr]    Compiling anstream v0.3.2
[INFO] [stderr]    Compiling parking_lot v0.12.1
[INFO] [stderr]    Compiling hashbrown v0.12.3
[INFO] [stderr]    Compiling clap_builder v4.3.11
[INFO] [stderr]    Compiling regex v1.8.4
[INFO] [stderr]    Compiling chumsky v0.9.2
[INFO] [stderr]    Compiling env_logger v0.10.0
[INFO] [stderr]    Compiling llvm-sys v150.1.2
[INFO] [stderr]    Compiling logos-codegen v0.13.0
[INFO] [stderr]    Compiling inkwell_internals v0.8.0 (https://github.com/TheDan64/inkwell?branch=master#ec963b95)
[INFO] [stderr]    Compiling clap_derive v4.3.2
[INFO] [stderr]    Compiling logos-derive v0.13.0
[INFO] [stderr]    Compiling logos v0.13.0
[INFO] [stderr]    Compiling clap v4.3.11
[INFO] [stderr]    Compiling tiny_lang v0.1.0 (/opt/rustwide/workdir)
[INFO] [stdout] warning: unused import: `crate::scope`
[INFO] [stdout]  --> src/codegen/llvm.rs:4:5
[INFO] [stdout]   |
[INFO] [stdout] 4 | use crate::scope;
[INFO] [stdout]   |     ^^^^^^^^^^^^
[INFO] [stdout]   |
[INFO] [stdout]   = note: `#[warn(unused_imports)]` on by default
[INFO] [stdout] 
[INFO] [stdout] 
[INFO] [stdout] warning: unused import: `AnyTypeEnum`
[INFO] [stdout]   --> src/codegen/llvm.rs:11:22
[INFO] [stdout]    |
[INFO] [stdout] 11 | use inkwell::types::{AnyTypeEnum, BasicType, BasicTypeEnum, StructType};
[INFO] [stdout]    |                      ^^^^^^^^^^^
[INFO] [stdout] 
[INFO] [stdout] 
[INFO] [stdout] warning: unused import: `StructValue`
[INFO] [stdout]   --> src/codegen/llvm.rs:13:47
[INFO] [stdout]    |
[INFO] [stdout] 13 | use inkwell::values::{BasicMetadataValueEnum, StructValue};
[INFO] [stdout]    |                                               ^^^^^^^^^^^
[INFO] [stdout] 
[INFO] [stdout] 
[INFO] [stdout] warning: unused import: `chumsky::prelude::*`
[INFO] [stdout]  --> src/parser/chumsky_parser.rs:1:5
[INFO] [stdout]   |
[INFO] [stdout] 1 | use chumsky::prelude::*;
[INFO] [stdout]   |     ^^^^^^^^^^^^^^^^^^^
[INFO] [stdout] 
[INFO] [stdout] 
[INFO] [stdout] warning: unused import: `std::borrow::BorrowMut`
[INFO] [stdout]   --> src/codegen/llvm.rs:23:5
[INFO] [stdout]    |
[INFO] [stdout] 23 | use std::borrow::BorrowMut;
[INFO] [stdout]    |     ^^^^^^^^^^^^^^^^^^^^^^
[INFO] [stdout] 
[INFO] [stdout] 
[INFO] [stdout] warning: unused import: `chumsky::chain::Chain`
[INFO] [stdout]  --> src/codegen/llvm.rs:7:5
[INFO] [stdout]   |
[INFO] [stdout] 7 | use chumsky::chain::Chain;
[INFO] [stdout]   |     ^^^^^^^^^^^^^^^^^^^^^
[INFO] [stdout] 
[INFO] [stdout] 
[INFO] [stdout] warning: unused import: `AnyValue`
[INFO] [stdout]   --> src/codegen/llvm.rs:12:23
[INFO] [stdout]    |
[INFO] [stdout] 12 | use inkwell::values::{AnyValue, IntValue};
[INFO] [stdout]    |                       ^^^^^^^^
[INFO] [stdout] 
[INFO] [stdout] 
[INFO] [stdout] warning: unused variable: `i`
[INFO] [stdout]    --> src/code.rs:285:13
[INFO] [stdout]     |
[INFO] [stdout] 285 |         for i in self.instructions.iter() {
[INFO] [stdout]     |             ^ help: if this is intentional, prefix it with an underscore: `_i`
[INFO] [stdout]     |
[INFO] [stdout]     = note: `#[warn(unused_variables)]` on by default
[INFO] [stdout] 
[INFO] [stdout] 
[INFO] [stdout] warning: unused variable: `p`
[INFO] [stdout]    --> src/codegen/llvm.rs:264:26
[INFO] [stdout]     |
[INFO] [stdout] 264 |             Expr::Prefix(p, expr) => {
[INFO] [stdout]     |                          ^ help: if this is intentional, prefix it with an underscore: `_p`
[INFO] [stdout] 
[INFO] [stdout] 
[INFO] [stdout] warning: unused variable: `expr`
[INFO] [stdout]    --> src/codegen/llvm.rs:264:29
[INFO] [stdout]     |
[INFO] [stdout] 264 |             Expr::Prefix(p, expr) => {
[INFO] [stdout]     |                             ^^^^ help: if this is intentional, prefix it with an underscore: `_expr`
[INFO] [stdout] 
[INFO] [stdout] 
[INFO] [stdout] warning: unused variable: `fns`
[INFO] [stdout]    --> src/codegen/llvm.rs:428:13
[INFO] [stdout]     |
[INFO] [stdout] 428 |         let fns = self.fns.as_ref().borrow();
[INFO] [stdout]     |             ^^^ help: if this is intentional, prefix it with an underscore: `_fns`
[INFO] [stdout] 
[INFO] [stdout] 
[INFO] [stdout] warning: unreachable pattern
[INFO] [stdout]    --> src/codegen/llvm.rs:632:13
[INFO] [stdout]     |
[INFO] [stdout] 632 |             _ => unimplemented!(),
[INFO] [stdout]     |             ^ no value can reach this
[INFO] [stdout]     |
[INFO] [stdout] note: multiple earlier patterns match some of the same values
[INFO] [stdout]    --> src/codegen/llvm.rs:632:13
[INFO] [stdout]     |
[INFO] [stdout] 607 |             Type::UnsignedInteger => self.builder.build_alloca(self.ctx.i32_type(), ""),
[INFO] [stdout]     |             --------------------- matches some of the same values
[INFO] [stdout] 608 |             Type::SignedInteger => self.builder.build_alloca(self.ctx.i32_type(), ""),
[INFO] [stdout]     |             ------------------- matches some of the same values
[INFO] [stdout] 609 |             Type::Bool => self.builder.build_alloca(self.ctx.bool_type(), ""),
[INFO] [stdout]     |             ---------- matches some of the same values
[INFO] [stdout] 610 |             Type::Char => self.builder.build_alloca(self.ctx.i8_type(), ""),
[INFO] [stdout]     |             ---------- matches some of the same values
[INFO] [stdout] ...
[INFO] [stdout] 632 |             _ => unimplemented!(),
[INFO] [stdout]     |             ^ ...and 3 other patterns collectively make this unreachable
[INFO] [stdout]     = note: `#[warn(unreachable_patterns)]` on by default
[INFO] [stdout] 
[INFO] [stdout] 
[INFO] [stdout] warning: unused variable: `fn_val`
[INFO] [stdout]    --> src/codegen/llvm.rs:860:21
[INFO] [stdout]     |
[INFO] [stdout] 860 |                 let fn_val = self.compile_fn(f)?;
[INFO] [stdout]     |                     ^^^^^^ help: if this is intentional, prefix it with an underscore: `_fn_val`
[INFO] [stdout] 
[INFO] [stdout] 
[INFO] [stdout] warning: unused variable: `operator`
[INFO] [stdout]    --> src/interpreter.rs:171:32
[INFO] [stdout]     |
[INFO] [stdout] 171 |     fn eval_prefix_expr(&self, operator: Prefix, expr: Expr) -> Result<ExprResult> {
[INFO] [stdout]     |                                ^^^^^^^^ help: if this is intentional, prefix it with an underscore: `_operator`
[INFO] [stdout] 
[INFO] [stdout] 
[INFO] [stdout] warning: unused variable: `expr`
[INFO] [stdout]    --> src/interpreter.rs:171:50
[INFO] [stdout]     |
[INFO] [stdout] 171 |     fn eval_prefix_expr(&self, operator: Prefix, expr: Expr) -> Result<ExprResult> {
[INFO] [stdout]     |                                                  ^^^^ help: if this is intentional, prefix it with an underscore: `_expr`
[INFO] [stdout] 
[INFO] [stdout] 
[INFO] [stdout] warning: unused variable: `s`
[INFO] [stdout]    --> src/interpreter.rs:196:29
[INFO] [stdout]     |
[INFO] [stdout] 196 |             Literal::String(s) => unimplemented!("implement string support in ast interpreter."),
[INFO] [stdout]     |                             ^ help: if this is intentional, prefix it with an underscore: `_s`
[INFO] [stdout] 
[INFO] [stdout] 
[INFO] [stdout] warning: unused variable: `r`
[INFO] [stdout]    --> src/interpreter.rs:456:17
[INFO] [stdout]     |
[INFO] [stdout] 456 |             let r = self.eval_statement(statement)?;
[INFO] [stdout]     |                 ^ help: if this is intentional, prefix it with an underscore: `_r`
[INFO] [stdout] 
[INFO] [stdout] 
[INFO] [stdout] warning: field `len` is never read
[INFO] [stdout]    --> src/code.rs:181:5
[INFO] [stdout]     |
[INFO] [stdout] 179 | pub struct Instruction {
[INFO] [stdout]     |            ----------- field in this struct
[INFO] [stdout] 180 |     type_: OpCodeType,
[INFO] [stdout] 181 |     len: usize,
[INFO] [stdout]     |     ^^^
[INFO] [stdout]     |
[INFO] [stdout]     = note: `Instruction` has a derived impl for the trait `Debug`, but this is intentionally ignored during dead code analysis
[INFO] [stdout]     = note: `#[warn(dead_code)]` on by default
[INFO] [stdout] 
[INFO] [stdout] 
[INFO] [stdout] warning: struct `Compiler` is never constructed
[INFO] [stdout]    --> src/code.rs:220:8
[INFO] [stdout]     |
[INFO] [stdout] 220 | struct Compiler {
[INFO] [stdout]     |        ^^^^^^^^
[INFO] [stdout] 
[INFO] [stdout] 
[INFO] [stdout] warning: methods `add_constant`, `add_instruction`, and `compile` are never used
[INFO] [stdout]    --> src/code.rs:226:12
[INFO] [stdout]     |
[INFO] [stdout] 225 | impl Compiler {
[INFO] [stdout]     | ------------- methods in this implementation
[INFO] [stdout] 226 |     pub fn add_constant(&mut self, e: ExprResult) -> usize {
[INFO] [stdout]     |            ^^^^^^^^^^^^
[INFO] [stdout] ...
[INFO] [stdout] 231 |     pub fn add_instruction(&mut self, i: Instruction) -> usize {
[INFO] [stdout]     |            ^^^^^^^^^^^^^^^
[INFO] [stdout] ...
[INFO] [stdout] 237 |     pub fn compile(&mut self, program: Program) -> Result<()> {
[INFO] [stdout]     |            ^^^^^^^
[INFO] [stdout] 
[INFO] [stdout] 
[INFO] [stdout] warning: struct `VM` is never constructed
[INFO] [stdout]    --> src/code.rs:267:8
[INFO] [stdout]     |
[INFO] [stdout] 267 | struct VM {
[INFO] [stdout]     |        ^^
[INFO] [stdout] 
[INFO] [stdout] 
[INFO] [stdout] warning: associated items `new` and `run` are never used
[INFO] [stdout]    --> src/code.rs:275:12
[INFO] [stdout]     |
[INFO] [stdout] 274 | impl VM {
[INFO] [stdout]     | ------- associated items in this implementation
[INFO] [stdout] 275 |     pub fn new(instr: Bytes, consts: Vec<ExprResult>) -> Self {
[INFO] [stdout]     |            ^^^
[INFO] [stdout] ...
[INFO] [stdout] 284 |     pub fn run(&mut self) -> Result<()> {
[INFO] [stdout]     |            ^^^
[INFO] [stdout] 
[INFO] [stdout] 
[INFO] [stdout] warning: method `i8_llvm_str` is never used
[INFO] [stdout]    --> src/codegen/llvm.rs:133:8
[INFO] [stdout]     |
[INFO] [stdout] 73  | impl<'ctx, 'f> LLVMCodeGen<'ctx, 'f> {
[INFO] [stdout]     | ------------------------------------ method in this implementation
[INFO] [stdout] ...
[INFO] [stdout] 133 |     fn i8_llvm_str(&self, v: &str) -> Vec<IntValue> {
[INFO] [stdout]     |        ^^^^^^^^^^^
[INFO] [stdout] 
[INFO] [stdout] 
[INFO] [stdout] warning: method `keyword_to_type` is never used
[INFO] [stdout]    --> src/parser/mod.rs:183:8
[INFO] [stdout]     |
[INFO] [stdout] 16  | impl Parser {
[INFO] [stdout]     | ----------- method in this implementation
[INFO] [stdout] ...
[INFO] [stdout] 183 |     fn keyword_to_type(&mut self, tok: &TokenType) -> Result<Type> {
[INFO] [stdout]     |        ^^^^^^^^^^^^^^^
[INFO] [stdout] 
[INFO] [stdout] 
[INFO] [stdout] warning: enum `Cond` is never used
[INFO] [stdout]  --> src/tiny_ir/mod.rs:6:6
[INFO] [stdout]   |
[INFO] [stdout] 6 | enum Cond {
[INFO] [stdout]   |      ^^^^
[INFO] [stdout] 
[INFO] [stdout] 
[INFO] [stdout] warning: enum `BinOp` is never used
[INFO] [stdout]   --> src/tiny_ir/mod.rs:16:6
[INFO] [stdout]    |
[INFO] [stdout] 16 | enum BinOp {
[INFO] [stdout]    |      ^^^^^
[INFO] [stdout] 
[INFO] [stdout] 
[INFO] [stdout] warning: enum `Instr` is never used
[INFO] [stdout]   --> src/tiny_ir/mod.rs:25:6
[INFO] [stdout]    |
[INFO] [stdout] 25 | enum Instr {
[INFO] [stdout]    |      ^^^^^
[INFO] [stdout] 
[INFO] [stdout] 
[INFO] [stdout] warning: struct `Block` is never constructed
[INFO] [stdout]   --> src/tiny_ir/mod.rs:64:8
[INFO] [stdout]    |
[INFO] [stdout] 64 | struct Block {
[INFO] [stdout]    |        ^^^^^
[INFO] [stdout] 
[INFO] [stdout] 
[INFO] [stdout] warning: struct `IrFunction` is never constructed
[INFO] [stdout]   --> src/tiny_ir/mod.rs:68:8
[INFO] [stdout]    |
[INFO] [stdout] 68 | struct IrFunction {
[INFO] [stdout]    |        ^^^^^^^^^^
[INFO] [stdout] 
[INFO] [stdout] 
[INFO] [stdout] warning: struct `TinyIR` is never constructed
[INFO] [stdout]   --> src/tiny_ir/mod.rs:74:8
[INFO] [stdout]    |
[INFO] [stdout] 74 | struct TinyIR {
[INFO] [stdout]    |        ^^^^^^
[INFO] [stdout] 
[INFO] [stdout] 
[INFO] [stdout] warning: associated items `new` and `ast_to_tiny_ir` are never used
[INFO] [stdout]   --> src/tiny_ir/mod.rs:79:8
[INFO] [stdout]    |
[INFO] [stdout] 78 | impl TinyIR {
[INFO] [stdout]    | ----------- associated items in this implementation
[INFO] [stdout] 79 |     fn new(program: Program) -> Self {
[INFO] [stdout]    |        ^^^
[INFO] [stdout] ...
[INFO] [stdout] 83 |     fn ast_to_tiny_ir(&self) -> IrFunction {
[INFO] [stdout]    |        ^^^^^^^^^^^^^^
[INFO] [stdout] 
[INFO] [stdout] 
[INFO] [stderr]     Finished `dev` profile [unoptimized + debuginfo] target(s) in 25.67s
[INFO] running `Command { std: "docker" "inspect" "2071c7b9e16b498a560d595504364bd910f46f5c09f8bb5c2c60f2456a9567c7", kill_on_drop: false }`
[INFO] running `Command { std: "docker" "rm" "-f" "2071c7b9e16b498a560d595504364bd910f46f5c09f8bb5c2c60f2456a9567c7", kill_on_drop: false }`
[INFO] [stdout] 2071c7b9e16b498a560d595504364bd910f46f5c09f8bb5c2c60f2456a9567c7
[INFO] running `Command { std: "docker" "create" "-v" "/var/lib/crater-agent-workspace/builds/worker-7-tc1/target:/opt/rustwide/target:rw,Z" "-v" "/var/lib/crater-agent-workspace/builds/worker-7-tc1/source:/opt/rustwide/workdir:ro,Z" "-v" "/var/lib/crater-agent-workspace/cargo-home:/opt/rustwide/cargo-home:ro,Z" "-v" "/var/lib/crater-agent-workspace/rustup-home:/opt/rustwide/rustup-home:ro,Z" "-e" "SOURCE_DIR=/opt/rustwide/workdir" "-e" "CARGO_TARGET_DIR=/opt/rustwide/target" "-e" "CARGO_INCREMENTAL=0" "-e" "RUST_BACKTRACE=full" "-e" "RUSTFLAGS=--cap-lints=warn" "-e" "RUSTDOCFLAGS=--cap-lints=warn" "-e" "CARGO_HOME=/opt/rustwide/cargo-home" "-e" "RUSTUP_HOME=/opt/rustwide/rustup-home" "-w" "/opt/rustwide/workdir" "-m" "1610612736" "--user" "0:0" "--network" "none" "ghcr.io/rust-lang/crates-build-env/linux@sha256:f3a9d4ad9d972b27faf3965f35b62e55ba32bbce8f20bc8fe909558a86702fde" "/opt/rustwide/cargo-home/bin/cargo" "+1.83.0" "test" "--frozen" "--no-run" "--message-format=json", kill_on_drop: false }`
[INFO] [stdout] 12e770a880b28d5e3cdfe775f59f91c16c45883ff443999bb2e3cdf7390cf8ed
[INFO] running `Command { std: "docker" "start" "-a" "12e770a880b28d5e3cdfe775f59f91c16c45883ff443999bb2e3cdf7390cf8ed", kill_on_drop: false }`
[INFO] [stderr] warning: unused manifest key: package.about
[INFO] [stderr]    Compiling lazy_static v1.4.0
[INFO] [stderr]    Compiling serde v1.0.171
[INFO] [stderr]    Compiling linked-hash-map v0.5.6
[INFO] [stderr]    Compiling similar v2.2.1
[INFO] [stderr]    Compiling console v0.15.7
[INFO] [stderr]    Compiling llvm-sys v150.1.2
[INFO] [stderr]    Compiling yaml-rust v0.4.5
[INFO] [stderr]    Compiling inkwell v0.2.0 (https://github.com/TheDan64/inkwell?branch=master#ec963b95)
[INFO] [stderr]    Compiling tiny_lang v0.1.0 (/opt/rustwide/workdir)
[INFO] [stdout] warning: unused import: `crate::scope`
[INFO] [stdout]  --> src/codegen/llvm.rs:4:5
[INFO] [stdout]   |
[INFO] [stdout] 4 | use crate::scope;
[INFO] [stdout]   |     ^^^^^^^^^^^^
[INFO] [stdout]   |
[INFO] [stdout]   = note: `#[warn(unused_imports)]` on by default
[INFO] [stdout] 
[INFO] [stdout] 
[INFO] [stdout] warning: unused import: `AnyTypeEnum`
[INFO] [stdout]   --> src/codegen/llvm.rs:11:22
[INFO] [stdout]    |
[INFO] [stdout] 11 | use inkwell::types::{AnyTypeEnum, BasicType, BasicTypeEnum, StructType};
[INFO] [stdout]    |                      ^^^^^^^^^^^
[INFO] [stdout] 
[INFO] [stdout] 
[INFO] [stdout] warning: unused import: `StructValue`
[INFO] [stdout]   --> src/codegen/llvm.rs:13:47
[INFO] [stdout]    |
[INFO] [stdout] 13 | use inkwell::values::{BasicMetadataValueEnum, StructValue};
[INFO] [stdout]    |                                               ^^^^^^^^^^^
[INFO] [stdout] 
[INFO] [stdout] 
[INFO] [stdout] warning: unused import: `chumsky::prelude::*`
[INFO] [stdout]  --> src/parser/chumsky_parser.rs:1:5
[INFO] [stdout]   |
[INFO] [stdout] 1 | use chumsky::prelude::*;
[INFO] [stdout]   |     ^^^^^^^^^^^^^^^^^^^
[INFO] [stdout] 
[INFO] [stdout] 
[INFO] [stderr]    Compiling insta v1.30.0
[INFO] [stdout] warning: unused import: `std::borrow::BorrowMut`
[INFO] [stdout]   --> src/codegen/llvm.rs:23:5
[INFO] [stdout]    |
[INFO] [stdout] 23 | use std::borrow::BorrowMut;
[INFO] [stdout]    |     ^^^^^^^^^^^^^^^^^^^^^^
[INFO] [stdout] 
[INFO] [stdout] 
[INFO] [stdout] warning: unused import: `chumsky::chain::Chain`
[INFO] [stdout]  --> src/codegen/llvm.rs:7:5
[INFO] [stdout]   |
[INFO] [stdout] 7 | use chumsky::chain::Chain;
[INFO] [stdout]   |     ^^^^^^^^^^^^^^^^^^^^^
[INFO] [stdout] 
[INFO] [stdout] 
[INFO] [stdout] warning: unused import: `AnyValue`
[INFO] [stdout]   --> src/codegen/llvm.rs:12:23
[INFO] [stdout]    |
[INFO] [stdout] 12 | use inkwell::values::{AnyValue, IntValue};
[INFO] [stdout]    |                       ^^^^^^^^
[INFO] [stdout] 
[INFO] [stdout] 
[INFO] [stdout] warning: unused variable: `i`
[INFO] [stdout]    --> src/code.rs:285:13
[INFO] [stdout]     |
[INFO] [stdout] 285 |         for i in self.instructions.iter() {
[INFO] [stdout]     |             ^ help: if this is intentional, prefix it with an underscore: `_i`
[INFO] [stdout]     |
[INFO] [stdout]     = note: `#[warn(unused_variables)]` on by default
[INFO] [stdout] 
[INFO] [stdout] 
[INFO] [stdout] warning: unused variable: `p`
[INFO] [stdout]    --> src/codegen/llvm.rs:264:26
[INFO] [stdout]     |
[INFO] [stdout] 264 |             Expr::Prefix(p, expr) => {
[INFO] [stdout]     |                          ^ help: if this is intentional, prefix it with an underscore: `_p`
[INFO] [stdout] 
[INFO] [stdout] 
[INFO] [stdout] warning: unused variable: `expr`
[INFO] [stdout]    --> src/codegen/llvm.rs:264:29
[INFO] [stdout]     |
[INFO] [stdout] 264 |             Expr::Prefix(p, expr) => {
[INFO] [stdout]     |                             ^^^^ help: if this is intentional, prefix it with an underscore: `_expr`
[INFO] [stdout] 
[INFO] [stdout] 
[INFO] [stdout] warning: unused variable: `fns`
[INFO] [stdout]    --> src/codegen/llvm.rs:428:13
[INFO] [stdout]     |
[INFO] [stdout] 428 |         let fns = self.fns.as_ref().borrow();
[INFO] [stdout]     |             ^^^ help: if this is intentional, prefix it with an underscore: `_fns`
[INFO] [stdout] 
[INFO] [stdout] 
[INFO] [stdout] warning: unreachable pattern
[INFO] [stdout]    --> src/codegen/llvm.rs:632:13
[INFO] [stdout]     |
[INFO] [stdout] 632 |             _ => unimplemented!(),
[INFO] [stdout]     |             ^ no value can reach this
[INFO] [stdout]     |
[INFO] [stdout] note: multiple earlier patterns match some of the same values
[INFO] [stdout]    --> src/codegen/llvm.rs:632:13
[INFO] [stdout]     |
[INFO] [stdout] 607 |             Type::UnsignedInteger => self.builder.build_alloca(self.ctx.i32_type(), ""),
[INFO] [stdout]     |             --------------------- matches some of the same values
[INFO] [stdout] 608 |             Type::SignedInteger => self.builder.build_alloca(self.ctx.i32_type(), ""),
[INFO] [stdout]     |             ------------------- matches some of the same values
[INFO] [stdout] 609 |             Type::Bool => self.builder.build_alloca(self.ctx.bool_type(), ""),
[INFO] [stdout]     |             ---------- matches some of the same values
[INFO] [stdout] 610 |             Type::Char => self.builder.build_alloca(self.ctx.i8_type(), ""),
[INFO] [stdout]     |             ---------- matches some of the same values
[INFO] [stdout] ...
[INFO] [stdout] 632 |             _ => unimplemented!(),
[INFO] [stdout]     |             ^ ...and 3 other patterns collectively make this unreachable
[INFO] [stdout]     = note: `#[warn(unreachable_patterns)]` on by default
[INFO] [stdout] 
[INFO] [stdout] 
[INFO] [stdout] warning: unused variable: `fn_val`
[INFO] [stdout]    --> src/codegen/llvm.rs:860:21
[INFO] [stdout]     |
[INFO] [stdout] 860 |                 let fn_val = self.compile_fn(f)?;
[INFO] [stdout]     |                     ^^^^^^ help: if this is intentional, prefix it with an underscore: `_fn_val`
[INFO] [stdout] 
[INFO] [stdout] 
[INFO] [stdout] warning: unused variable: `operator`
[INFO] [stdout]    --> src/interpreter.rs:171:32
[INFO] [stdout]     |
[INFO] [stdout] 171 |     fn eval_prefix_expr(&self, operator: Prefix, expr: Expr) -> Result<ExprResult> {
[INFO] [stdout]     |                                ^^^^^^^^ help: if this is intentional, prefix it with an underscore: `_operator`
[INFO] [stdout] 
[INFO] [stdout] 
[INFO] [stdout] warning: unused variable: `expr`
[INFO] [stdout]    --> src/interpreter.rs:171:50
[INFO] [stdout]     |
[INFO] [stdout] 171 |     fn eval_prefix_expr(&self, operator: Prefix, expr: Expr) -> Result<ExprResult> {
[INFO] [stdout]     |                                                  ^^^^ help: if this is intentional, prefix it with an underscore: `_expr`
[INFO] [stdout] 
[INFO] [stdout] 
[INFO] [stdout] warning: unused variable: `s`
[INFO] [stdout]    --> src/interpreter.rs:196:29
[INFO] [stdout]     |
[INFO] [stdout] 196 |             Literal::String(s) => unimplemented!("implement string support in ast interpreter."),
[INFO] [stdout]     |                             ^ help: if this is intentional, prefix it with an underscore: `_s`
[INFO] [stdout] 
[INFO] [stdout] 
[INFO] [stdout] warning: unused variable: `r`
[INFO] [stdout]    --> src/interpreter.rs:456:17
[INFO] [stdout]     |
[INFO] [stdout] 456 |             let r = self.eval_statement(statement)?;
[INFO] [stdout]     |                 ^ help: if this is intentional, prefix it with an underscore: `_r`
[INFO] [stdout] 
[INFO] [stdout] 
[INFO] [stdout] warning: field `len` is never read
[INFO] [stdout]    --> src/code.rs:181:5
[INFO] [stdout]     |
[INFO] [stdout] 179 | pub struct Instruction {
[INFO] [stdout]     |            ----------- field in this struct
[INFO] [stdout] 180 |     type_: OpCodeType,
[INFO] [stdout] 181 |     len: usize,
[INFO] [stdout]     |     ^^^
[INFO] [stdout]     |
[INFO] [stdout]     = note: `Instruction` has a derived impl for the trait `Debug`, but this is intentionally ignored during dead code analysis
[INFO] [stdout]     = note: `#[warn(dead_code)]` on by default
[INFO] [stdout] 
[INFO] [stdout] 
[INFO] [stdout] warning: struct `Compiler` is never constructed
[INFO] [stdout]    --> src/code.rs:220:8
[INFO] [stdout]     |
[INFO] [stdout] 220 | struct Compiler {
[INFO] [stdout]     |        ^^^^^^^^
[INFO] [stdout] 
[INFO] [stdout] 
[INFO] [stdout] warning: methods `add_constant`, `add_instruction`, and `compile` are never used
[INFO] [stdout]    --> src/code.rs:226:12
[INFO] [stdout]     |
[INFO] [stdout] 225 | impl Compiler {
[INFO] [stdout]     | ------------- methods in this implementation
[INFO] [stdout] 226 |     pub fn add_constant(&mut self, e: ExprResult) -> usize {
[INFO] [stdout]     |            ^^^^^^^^^^^^
[INFO] [stdout] ...
[INFO] [stdout] 231 |     pub fn add_instruction(&mut self, i: Instruction) -> usize {
[INFO] [stdout]     |            ^^^^^^^^^^^^^^^
[INFO] [stdout] ...
[INFO] [stdout] 237 |     pub fn compile(&mut self, program: Program) -> Result<()> {
[INFO] [stdout]     |            ^^^^^^^
[INFO] [stdout] 
[INFO] [stdout] 
[INFO] [stdout] warning: struct `VM` is never constructed
[INFO] [stdout]    --> src/code.rs:267:8
[INFO] [stdout]     |
[INFO] [stdout] 267 | struct VM {
[INFO] [stdout]     |        ^^
[INFO] [stdout] 
[INFO] [stdout] 
[INFO] [stdout] warning: associated items `new` and `run` are never used
[INFO] [stdout]    --> src/code.rs:275:12
[INFO] [stdout]     |
[INFO] [stdout] 274 | impl VM {
[INFO] [stdout]     | ------- associated items in this implementation
[INFO] [stdout] 275 |     pub fn new(instr: Bytes, consts: Vec<ExprResult>) -> Self {
[INFO] [stdout]     |            ^^^
[INFO] [stdout] ...
[INFO] [stdout] 284 |     pub fn run(&mut self) -> Result<()> {
[INFO] [stdout]     |            ^^^
[INFO] [stdout] 
[INFO] [stdout] 
[INFO] [stdout] warning: method `i8_llvm_str` is never used
[INFO] [stdout]    --> src/codegen/llvm.rs:133:8
[INFO] [stdout]     |
[INFO] [stdout] 73  | impl<'ctx, 'f> LLVMCodeGen<'ctx, 'f> {
[INFO] [stdout]     | ------------------------------------ method in this implementation
[INFO] [stdout] ...
[INFO] [stdout] 133 |     fn i8_llvm_str(&self, v: &str) -> Vec<IntValue> {
[INFO] [stdout]     |        ^^^^^^^^^^^
[INFO] [stdout] 
[INFO] [stdout] 
[INFO] [stdout] warning: method `keyword_to_type` is never used
[INFO] [stdout]    --> src/parser/mod.rs:183:8
[INFO] [stdout]     |
[INFO] [stdout] 16  | impl Parser {
[INFO] [stdout]     | ----------- method in this implementation
[INFO] [stdout] ...
[INFO] [stdout] 183 |     fn keyword_to_type(&mut self, tok: &TokenType) -> Result<Type> {
[INFO] [stdout]     |        ^^^^^^^^^^^^^^^
[INFO] [stdout] 
[INFO] [stdout] 
[INFO] [stdout] warning: enum `Cond` is never used
[INFO] [stdout]  --> src/tiny_ir/mod.rs:6:6
[INFO] [stdout]   |
[INFO] [stdout] 6 | enum Cond {
[INFO] [stdout]   |      ^^^^
[INFO] [stdout] 
[INFO] [stdout] 
[INFO] [stdout] warning: enum `BinOp` is never used
[INFO] [stdout]   --> src/tiny_ir/mod.rs:16:6
[INFO] [stdout]    |
[INFO] [stdout] 16 | enum BinOp {
[INFO] [stdout]    |      ^^^^^
[INFO] [stdout] 
[INFO] [stdout] 
[INFO] [stdout] warning: enum `Instr` is never used
[INFO] [stdout]   --> src/tiny_ir/mod.rs:25:6
[INFO] [stdout]    |
[INFO] [stdout] 25 | enum Instr {
[INFO] [stdout]    |      ^^^^^
[INFO] [stdout] 
[INFO] [stdout] 
[INFO] [stdout] warning: struct `Block` is never constructed
[INFO] [stdout]   --> src/tiny_ir/mod.rs:64:8
[INFO] [stdout]    |
[INFO] [stdout] 64 | struct Block {
[INFO] [stdout]    |        ^^^^^
[INFO] [stdout] 
[INFO] [stdout] 
[INFO] [stdout] warning: struct `IrFunction` is never constructed
[INFO] [stdout]   --> src/tiny_ir/mod.rs:68:8
[INFO] [stdout]    |
[INFO] [stdout] 68 | struct IrFunction {
[INFO] [stdout]    |        ^^^^^^^^^^
[INFO] [stdout] 
[INFO] [stdout] 
[INFO] [stdout] warning: struct `TinyIR` is never constructed
[INFO] [stdout]   --> src/tiny_ir/mod.rs:74:8
[INFO] [stdout]    |
[INFO] [stdout] 74 | struct TinyIR {
[INFO] [stdout]    |        ^^^^^^
[INFO] [stdout] 
[INFO] [stdout] 
[INFO] [stdout] warning: associated items `new` and `ast_to_tiny_ir` are never used
[INFO] [stdout]   --> src/tiny_ir/mod.rs:79:8
[INFO] [stdout]    |
[INFO] [stdout] 78 | impl TinyIR {
[INFO] [stdout]    | ----------- associated items in this implementation
[INFO] [stdout] 79 |     fn new(program: Program) -> Self {
[INFO] [stdout]    |        ^^^
[INFO] [stdout] ...
[INFO] [stdout] 83 |     fn ast_to_tiny_ir(&self) -> IrFunction {
[INFO] [stdout]    |        ^^^^^^^^^^^^^^
[INFO] [stdout] 
[INFO] [stdout] 
[INFO] [stdout] warning: unused import: `crate::scope`
[INFO] [stdout]  --> src/codegen/llvm.rs:4:5
[INFO] [stdout]   |
[INFO] [stdout] 4 | use crate::scope;
[INFO] [stdout]   |     ^^^^^^^^^^^^
[INFO] [stdout]   |
[INFO] [stdout]   = note: `#[warn(unused_imports)]` on by default
[INFO] [stdout] 
[INFO] [stdout] 
[INFO] [stdout] warning: unused import: `AnyTypeEnum`
[INFO] [stdout]   --> src/codegen/llvm.rs:11:22
[INFO] [stdout]    |
[INFO] [stdout] 11 | use inkwell::types::{AnyTypeEnum, BasicType, BasicTypeEnum, StructType};
[INFO] [stdout]    |                      ^^^^^^^^^^^
[INFO] [stdout] 
[INFO] [stdout] 
[INFO] [stdout] warning: unused import: `StructValue`
[INFO] [stdout]   --> src/codegen/llvm.rs:13:47
[INFO] [stdout]    |
[INFO] [stdout] 13 | use inkwell::values::{BasicMetadataValueEnum, StructValue};
[INFO] [stdout]    |                                               ^^^^^^^^^^^
[INFO] [stdout] 
[INFO] [stdout] 
[INFO] [stdout] warning: unused imports: `AsTypeRef`, `AsValueRef`, `BasicValue`, `PointerValue`, and `context`
[INFO] [stdout]    --> src/codegen/llvm.rs:952:9
[INFO] [stdout]     |
[INFO] [stdout] 952 |         context,
[INFO] [stdout]     |         ^^^^^^^
[INFO] [stdout] 953 |         passes::PassManagerSubType,
[INFO] [stdout] 954 |         types::{AsTypeRef, BasicMetadataTypeEnum, BasicType},
[INFO] [stdout]     |                 ^^^^^^^^^
[INFO] [stdout] 955 |         values::{AnyValue, AsValueRef, BasicMetadataValueEnum, BasicValue, PointerValue},
[INFO] [stdout]     |                            ^^^^^^^^^^                          ^^^^^^^^^^  ^^^^^^^^^^^^
[INFO] [stdout] 
[INFO] [stdout] 
[INFO] [stdout] warning: unused imports: `ast::Token`, `lexer::Lexer`, and `logos_lexer::LexError`
[INFO] [stdout]    --> src/codegen/llvm.rs:960:9
[INFO] [stdout]     |
[INFO] [stdout] 960 |         ast::Token,
[INFO] [stdout]     |         ^^^^^^^^^^
[INFO] [stdout] 961 |         lexer::{lexer::Lexer, logos_lexer::LexError},
[INFO] [stdout]     |                 ^^^^^^^^^^^^  ^^^^^^^^^^^^^^^^^^^^^
[INFO] [stdout] 
[INFO] [stdout] 
[INFO] [stdout] warning: unused import: `chumsky::prelude::*`
[INFO] [stdout]  --> src/parser/chumsky_parser.rs:1:5
[INFO] [stdout]   |
[INFO] [stdout] 1 | use chumsky::prelude::*;
[INFO] [stdout]   |     ^^^^^^^^^^^^^^^^^^^
[INFO] [stdout] 
[INFO] [stdout] 
[INFO] [stdout] warning: unused import: `std::borrow::BorrowMut`
[INFO] [stdout]   --> src/codegen/llvm.rs:23:5
[INFO] [stdout]    |
[INFO] [stdout] 23 | use std::borrow::BorrowMut;
[INFO] [stdout]    |     ^^^^^^^^^^^^^^^^^^^^^^
[INFO] [stdout] 
[INFO] [stdout] 
[INFO] [stdout] warning: unused import: `chumsky::chain::Chain`
[INFO] [stdout]  --> src/codegen/llvm.rs:7:5
[INFO] [stdout]   |
[INFO] [stdout] 7 | use chumsky::chain::Chain;
[INFO] [stdout]   |     ^^^^^^^^^^^^^^^^^^^^^
[INFO] [stdout] 
[INFO] [stdout] 
[INFO] [stdout] warning: unused import: `AnyValue`
[INFO] [stdout]   --> src/codegen/llvm.rs:12:23
[INFO] [stdout]    |
[INFO] [stdout] 12 | use inkwell::values::{AnyValue, IntValue};
[INFO] [stdout]    |                       ^^^^^^^^
[INFO] [stdout] 
[INFO] [stdout] 
[INFO] [stdout] warning: unused import: `passes::PassManagerSubType`
[INFO] [stdout]    --> src/codegen/llvm.rs:953:9
[INFO] [stdout]     |
[INFO] [stdout] 953 |         passes::PassManagerSubType,
[INFO] [stdout]     |         ^^^^^^^^^^^^^^^^^^^^^^^^^^
[INFO] [stdout] 
[INFO] [stdout] 
[INFO] [stdout] warning: unused import: `BasicType`
[INFO] [stdout]    --> src/codegen/llvm.rs:954:51
[INFO] [stdout]     |
[INFO] [stdout] 954 |         types::{AsTypeRef, BasicMetadataTypeEnum, BasicType},
[INFO] [stdout]     |                                                   ^^^^^^^^^
[INFO] [stdout] 
[INFO] [stdout] 
[INFO] [stdout] warning: unused variable: `i`
[INFO] [stdout]    --> src/code.rs:285:13
[INFO] [stdout]     |
[INFO] [stdout] 285 |         for i in self.instructions.iter() {
[INFO] [stdout]     |             ^ help: if this is intentional, prefix it with an underscore: `_i`
[INFO] [stdout]     |
[INFO] [stdout]     = note: `#[warn(unused_variables)]` on by default
[INFO] [stdout] 
[INFO] [stdout] 
[INFO] [stdout] warning: unused variable: `p`
[INFO] [stdout]    --> src/codegen/llvm.rs:264:26
[INFO] [stdout]     |
[INFO] [stdout] 264 |             Expr::Prefix(p, expr) => {
[INFO] [stdout]     |                          ^ help: if this is intentional, prefix it with an underscore: `_p`
[INFO] [stdout] 
[INFO] [stdout] 
[INFO] [stdout] warning: unused variable: `expr`
[INFO] [stdout]    --> src/codegen/llvm.rs:264:29
[INFO] [stdout]     |
[INFO] [stdout] 264 |             Expr::Prefix(p, expr) => {
[INFO] [stdout]     |                             ^^^^ help: if this is intentional, prefix it with an underscore: `_expr`
[INFO] [stdout] 
[INFO] [stdout] 
[INFO] [stdout] warning: unused variable: `fns`
[INFO] [stdout]    --> src/codegen/llvm.rs:428:13
[INFO] [stdout]     |
[INFO] [stdout] 428 |         let fns = self.fns.as_ref().borrow();
[INFO] [stdout]     |             ^^^ help: if this is intentional, prefix it with an underscore: `_fns`
[INFO] [stdout] 
[INFO] [stdout] 
[INFO] [stdout] warning: unreachable pattern
[INFO] [stdout]    --> src/codegen/llvm.rs:632:13
[INFO] [stdout]     |
[INFO] [stdout] 632 |             _ => unimplemented!(),
[INFO] [stdout]     |             ^ no value can reach this
[INFO] [stdout]     |
[INFO] [stdout] note: multiple earlier patterns match some of the same values
[INFO] [stdout]    --> src/codegen/llvm.rs:632:13
[INFO] [stdout]     |
[INFO] [stdout] 607 |             Type::UnsignedInteger => self.builder.build_alloca(self.ctx.i32_type(), ""),
[INFO] [stdout]     |             --------------------- matches some of the same values
[INFO] [stdout] 608 |             Type::SignedInteger => self.builder.build_alloca(self.ctx.i32_type(), ""),
[INFO] [stdout]     |             ------------------- matches some of the same values
[INFO] [stdout] 609 |             Type::Bool => self.builder.build_alloca(self.ctx.bool_type(), ""),
[INFO] [stdout]     |             ---------- matches some of the same values
[INFO] [stdout] 610 |             Type::Char => self.builder.build_alloca(self.ctx.i8_type(), ""),
[INFO] [stdout]     |             ---------- matches some of the same values
[INFO] [stdout] ...
[INFO] [stdout] 632 |             _ => unimplemented!(),
[INFO] [stdout]     |             ^ ...and 3 other patterns collectively make this unreachable
[INFO] [stdout]     = note: `#[warn(unreachable_patterns)]` on by default
[INFO] [stdout] 
[INFO] [stdout] 
[INFO] [stdout] warning: unused variable: `fn_val`
[INFO] [stdout]    --> src/codegen/llvm.rs:860:21
[INFO] [stdout]     |
[INFO] [stdout] 860 |                 let fn_val = self.compile_fn(f)?;
[INFO] [stdout]     |                     ^^^^^^ help: if this is intentional, prefix it with an underscore: `_fn_val`
[INFO] [stdout] 
[INFO] [stdout] 
[INFO] [stdout] warning: unused variable: `instr_val`
[INFO] [stdout]     --> src/codegen/llvm.rs:1076:13
[INFO] [stdout]      |
[INFO] [stdout] 1076 |         let instr_val = builder.build_store(ptr, ctx.i64_type().const_int(345, false));
[INFO] [stdout]      |             ^^^^^^^^^ help: if this is intentional, prefix it with an underscore: `_instr_val`
[INFO] [stdout] 
[INFO] [stdout] 
[INFO] [stdout] warning: unused variable: `puts_fn`
[INFO] [stdout]     --> src/codegen/llvm.rs:1173:13
[INFO] [stdout]      |
[INFO] [stdout] 1173 |         let puts_fn = module.add_function("puts", puts_fn_type, None);
[INFO] [stdout]      |             ^^^^^^^ help: if this is intentional, prefix it with an underscore: `_puts_fn`
[INFO] [stdout] 
[INFO] [stdout] 
[INFO] [stdout] warning: unused variable: `operator`
[INFO] [stdout]    --> src/interpreter.rs:171:32
[INFO] [stdout]     |
[INFO] [stdout] 171 |     fn eval_prefix_expr(&self, operator: Prefix, expr: Expr) -> Result<ExprResult> {
[INFO] [stdout]     |                                ^^^^^^^^ help: if this is intentional, prefix it with an underscore: `_operator`
[INFO] [stdout] 
[INFO] [stdout] 
[INFO] [stdout] warning: unused variable: `expr`
[INFO] [stdout]    --> src/interpreter.rs:171:50
[INFO] [stdout]     |
[INFO] [stdout] 171 |     fn eval_prefix_expr(&self, operator: Prefix, expr: Expr) -> Result<ExprResult> {
[INFO] [stdout]     |                                                  ^^^^ help: if this is intentional, prefix it with an underscore: `_expr`
[INFO] [stdout] 
[INFO] [stdout] 
[INFO] [stdout] warning: unused variable: `s`
[INFO] [stdout]    --> src/interpreter.rs:196:29
[INFO] [stdout]     |
[INFO] [stdout] 196 |             Literal::String(s) => unimplemented!("implement string support in ast interpreter."),
[INFO] [stdout]     |                             ^ help: if this is intentional, prefix it with an underscore: `_s`
[INFO] [stdout] 
[INFO] [stdout] 
[INFO] [stdout] warning: unused variable: `r`
[INFO] [stdout]    --> src/interpreter.rs:456:17
[INFO] [stdout]     |
[INFO] [stdout] 456 |             let r = self.eval_statement(statement)?;
[INFO] [stdout]     |                 ^ help: if this is intentional, prefix it with an underscore: `_r`
[INFO] [stdout] 
[INFO] [stdout] 
[INFO] [stdout] warning: field `len` is never read
[INFO] [stdout]    --> src/code.rs:181:5
[INFO] [stdout]     |
[INFO] [stdout] 179 | pub struct Instruction {
[INFO] [stdout]     |            ----------- field in this struct
[INFO] [stdout] 180 |     type_: OpCodeType,
[INFO] [stdout] 181 |     len: usize,
[INFO] [stdout]     |     ^^^
[INFO] [stdout]     |
[INFO] [stdout]     = note: `Instruction` has a derived impl for the trait `Debug`, but this is intentionally ignored during dead code analysis
[INFO] [stdout]     = note: `#[warn(dead_code)]` on by default
[INFO] [stdout] 
[INFO] [stdout] 
[INFO] [stdout] warning: struct `Compiler` is never constructed
[INFO] [stdout]    --> src/code.rs:220:8
[INFO] [stdout]     |
[INFO] [stdout] 220 | struct Compiler {
[INFO] [stdout]     |        ^^^^^^^^
[INFO] [stdout] 
[INFO] [stdout] 
[INFO] [stdout] warning: methods `add_constant`, `add_instruction`, and `compile` are never used
[INFO] [stdout]    --> src/code.rs:226:12
[INFO] [stdout]     |
[INFO] [stdout] 225 | impl Compiler {
[INFO] [stdout]     | ------------- methods in this implementation
[INFO] [stdout] 226 |     pub fn add_constant(&mut self, e: ExprResult) -> usize {
[INFO] [stdout]     |            ^^^^^^^^^^^^
[INFO] [stdout] ...
[INFO] [stdout] 231 |     pub fn add_instruction(&mut self, i: Instruction) -> usize {
[INFO] [stdout]     |            ^^^^^^^^^^^^^^^
[INFO] [stdout] ...
[INFO] [stdout] 237 |     pub fn compile(&mut self, program: Program) -> Result<()> {
[INFO] [stdout]     |            ^^^^^^^
[INFO] [stdout] 
[INFO] [stdout] 
[INFO] [stdout] warning: struct `VM` is never constructed
[INFO] [stdout]    --> src/code.rs:267:8
[INFO] [stdout]     |
[INFO] [stdout] 267 | struct VM {
[INFO] [stdout]     |        ^^
[INFO] [stdout] 
[INFO] [stdout] 
[INFO] [stdout] warning: associated items `new` and `run` are never used
[INFO] [stdout]    --> src/code.rs:275:12
[INFO] [stdout]     |
[INFO] [stdout] 274 | impl VM {
[INFO] [stdout]     | ------- associated items in this implementation
[INFO] [stdout] 275 |     pub fn new(instr: Bytes, consts: Vec<ExprResult>) -> Self {
[INFO] [stdout]     |            ^^^
[INFO] [stdout] ...
[INFO] [stdout] 284 |     pub fn run(&mut self) -> Result<()> {
[INFO] [stdout]     |            ^^^
[INFO] [stdout] 
[INFO] [stdout] 
[INFO] [stdout] warning: method `i8_llvm_str` is never used
[INFO] [stdout]    --> src/codegen/llvm.rs:133:8
[INFO] [stdout]     |
[INFO] [stdout] 73  | impl<'ctx, 'f> LLVMCodeGen<'ctx, 'f> {
[INFO] [stdout]     | ------------------------------------ method in this implementation
[INFO] [stdout] ...
[INFO] [stdout] 133 |     fn i8_llvm_str(&self, v: &str) -> Vec<IntValue> {
[INFO] [stdout]     |        ^^^^^^^^^^^
[INFO] [stdout] 
[INFO] [stdout] 
[INFO] [stdout] warning: method `keyword_to_type` is never used
[INFO] [stdout]    --> src/parser/mod.rs:183:8
[INFO] [stdout]     |
[INFO] [stdout] 16  | impl Parser {
[INFO] [stdout]     | ----------- method in this implementation
[INFO] [stdout] ...
[INFO] [stdout] 183 |     fn keyword_to_type(&mut self, tok: &TokenType) -> Result<Type> {
[INFO] [stdout]     |        ^^^^^^^^^^^^^^^
[INFO] [stdout] 
[INFO] [stdout] 
[INFO] [stdout] warning: enum `Cond` is never used
[INFO] [stdout]  --> src/tiny_ir/mod.rs:6:6
[INFO] [stdout]   |
[INFO] [stdout] 6 | enum Cond {
[INFO] [stdout]   |      ^^^^
[INFO] [stdout] 
[INFO] [stdout] 
[INFO] [stdout] warning: enum `BinOp` is never used
[INFO] [stdout]   --> src/tiny_ir/mod.rs:16:6
[INFO] [stdout]    |
[INFO] [stdout] 16 | enum BinOp {
[INFO] [stdout]    |      ^^^^^
[INFO] [stdout] 
[INFO] [stdout] 
[INFO] [stdout] warning: enum `Instr` is never used
[INFO] [stdout]   --> src/tiny_ir/mod.rs:25:6
[INFO] [stdout]    |
[INFO] [stdout] 25 | enum Instr {
[INFO] [stdout]    |      ^^^^^
[INFO] [stdout] 
[INFO] [stdout] 
[INFO] [stdout] warning: struct `Block` is never constructed
[INFO] [stdout]   --> src/tiny_ir/mod.rs:64:8
[INFO] [stdout]    |
[INFO] [stdout] 64 | struct Block {
[INFO] [stdout]    |        ^^^^^
[INFO] [stdout] 
[INFO] [stdout] 
[INFO] [stdout] warning: struct `IrFunction` is never constructed
[INFO] [stdout]   --> src/tiny_ir/mod.rs:68:8
[INFO] [stdout]    |
[INFO] [stdout] 68 | struct IrFunction {
[INFO] [stdout]    |        ^^^^^^^^^^
[INFO] [stdout] 
[INFO] [stdout] 
[INFO] [stdout] warning: struct `TinyIR` is never constructed
[INFO] [stdout]   --> src/tiny_ir/mod.rs:74:8
[INFO] [stdout]    |
[INFO] [stdout] 74 | struct TinyIR {
[INFO] [stdout]    |        ^^^^^^
[INFO] [stdout] 
[INFO] [stdout] 
[INFO] [stdout] warning: associated items `new` and `ast_to_tiny_ir` are never used
[INFO] [stdout]   --> src/tiny_ir/mod.rs:79:8
[INFO] [stdout]    |
[INFO] [stdout] 78 | impl TinyIR {
[INFO] [stdout]    | ----------- associated items in this implementation
[INFO] [stdout] 79 |     fn new(program: Program) -> Self {
[INFO] [stdout]    |        ^^^
[INFO] [stdout] ...
[INFO] [stdout] 83 |     fn ast_to_tiny_ir(&self) -> IrFunction {
[INFO] [stdout]    |        ^^^^^^^^^^^^^^
[INFO] [stdout] 
[INFO] [stdout] 
[INFO] [stdout] warning: variable `OpConstant` should have a snake case name
[INFO] [stdout]    --> src/code.rs:302:13
[INFO] [stdout]     |
[INFO] [stdout] 302 |         let OpConstant = Instruction::new(OpCodeType::OpConstant, 2, vec![34, 34]).unwrap();
[INFO] [stdout]     |             ^^^^^^^^^^ help: convert the identifier to snake case: `op_constant`
[INFO] [stdout]     |
[INFO] [stdout]     = note: `#[warn(non_snake_case)]` on by default
[INFO] [stdout] 
[INFO] [stdout] 
[INFO] [stderr]     Finished `test` profile [unoptimized + debuginfo] target(s) in 18.94s
[INFO] running `Command { std: "docker" "inspect" "12e770a880b28d5e3cdfe775f59f91c16c45883ff443999bb2e3cdf7390cf8ed", kill_on_drop: false }`
[INFO] running `Command { std: "docker" "rm" "-f" "12e770a880b28d5e3cdfe775f59f91c16c45883ff443999bb2e3cdf7390cf8ed", kill_on_drop: false }`
[INFO] [stdout] 12e770a880b28d5e3cdfe775f59f91c16c45883ff443999bb2e3cdf7390cf8ed
[INFO] running `Command { std: "docker" "create" "-v" "/var/lib/crater-agent-workspace/builds/worker-7-tc1/target:/opt/rustwide/target:rw,Z" "-v" "/var/lib/crater-agent-workspace/builds/worker-7-tc1/source:/opt/rustwide/workdir:ro,Z" "-v" "/var/lib/crater-agent-workspace/cargo-home:/opt/rustwide/cargo-home:ro,Z" "-v" "/var/lib/crater-agent-workspace/rustup-home:/opt/rustwide/rustup-home:ro,Z" "-e" "SOURCE_DIR=/opt/rustwide/workdir" "-e" "CARGO_TARGET_DIR=/opt/rustwide/target" "-e" "CARGO_INCREMENTAL=0" "-e" "RUST_BACKTRACE=full" "-e" "RUSTFLAGS=--cap-lints=warn" "-e" "RUSTDOCFLAGS=--cap-lints=warn" "-e" "CARGO_HOME=/opt/rustwide/cargo-home" "-e" "RUSTUP_HOME=/opt/rustwide/rustup-home" "-w" "/opt/rustwide/workdir" "-m" "1610612736" "--user" "0:0" "--network" "none" "ghcr.io/rust-lang/crates-build-env/linux@sha256:f3a9d4ad9d972b27faf3965f35b62e55ba32bbce8f20bc8fe909558a86702fde" "/opt/rustwide/cargo-home/bin/cargo" "+1.83.0" "test" "--frozen", kill_on_drop: false }`
[INFO] [stdout] 968e0d01ce27f601df686cfc5cc22540dfe1d31e7723e9d47f3002c0c766dcd7
[INFO] running `Command { std: "docker" "start" "-a" "968e0d01ce27f601df686cfc5cc22540dfe1d31e7723e9d47f3002c0c766dcd7", kill_on_drop: false }`
[INFO] [stderr] warning: unused manifest key: package.about
[INFO] [stderr] warning: unused import: `crate::scope`
[INFO] [stderr]  --> src/codegen/llvm.rs:4:5
[INFO] [stderr]   |
[INFO] [stderr] 4 | use crate::scope;
[INFO] [stderr]   |     ^^^^^^^^^^^^
[INFO] [stderr]   |
[INFO] [stderr]   = note: `#[warn(unused_imports)]` on by default
[INFO] [stderr] 
[INFO] [stderr] warning: unused import: `AnyTypeEnum`
[INFO] [stderr]   --> src/codegen/llvm.rs:11:22
[INFO] [stderr]    |
[INFO] [stderr] 11 | use inkwell::types::{AnyTypeEnum, BasicType, BasicTypeEnum, StructType};
[INFO] [stderr]    |                      ^^^^^^^^^^^
[INFO] [stderr] 
[INFO] [stderr] warning: unused import: `StructValue`
[INFO] [stderr]   --> src/codegen/llvm.rs:13:47
[INFO] [stderr]    |
[INFO] [stderr] 13 | use inkwell::values::{BasicMetadataValueEnum, StructValue};
[INFO] [stderr]    |                                               ^^^^^^^^^^^
[INFO] [stderr] 
[INFO] [stderr] warning: unused import: `chumsky::prelude::*`
[INFO] [stderr]  --> src/parser/chumsky_parser.rs:1:5
[INFO] [stderr]   |
[INFO] [stderr] 1 | use chumsky::prelude::*;
[INFO] [stderr]   |     ^^^^^^^^^^^^^^^^^^^
[INFO] [stderr] 
[INFO] [stderr] warning: unused import: `std::borrow::BorrowMut`
[INFO] [stderr]   --> src/codegen/llvm.rs:23:5
[INFO] [stderr]    |
[INFO] [stderr] 23 | use std::borrow::BorrowMut;
[INFO] [stderr]    |     ^^^^^^^^^^^^^^^^^^^^^^
[INFO] [stderr] 
[INFO] [stderr] warning: unused import: `chumsky::chain::Chain`
[INFO] [stderr]  --> src/codegen/llvm.rs:7:5
[INFO] [stderr]   |
[INFO] [stderr] 7 | use chumsky::chain::Chain;
[INFO] [stderr]   |     ^^^^^^^^^^^^^^^^^^^^^
[INFO] [stderr] 
[INFO] [stderr] warning: unused import: `AnyValue`
[INFO] [stderr]   --> src/codegen/llvm.rs:12:23
[INFO] [stderr]    |
[INFO] [stderr] 12 | use inkwell::values::{AnyValue, IntValue};
[INFO] [stderr]    |                       ^^^^^^^^
[INFO] [stderr] 
[INFO] [stderr] warning: unused variable: `i`
[INFO] [stderr]    --> src/code.rs:285:13
[INFO] [stderr]     |
[INFO] [stderr] 285 |         for i in self.instructions.iter() {
[INFO] [stderr]     |             ^ help: if this is intentional, prefix it with an underscore: `_i`
[INFO] [stderr]     |
[INFO] [stderr]     = note: `#[warn(unused_variables)]` on by default
[INFO] [stderr] 
[INFO] [stderr] warning: unused variable: `p`
[INFO] [stderr]    --> src/codegen/llvm.rs:264:26
[INFO] [stderr]     |
[INFO] [stderr] 264 |             Expr::Prefix(p, expr) => {
[INFO] [stderr]     |                          ^ help: if this is intentional, prefix it with an underscore: `_p`
[INFO] [stderr] 
[INFO] [stderr] warning: unused variable: `expr`
[INFO] [stderr]    --> src/codegen/llvm.rs:264:29
[INFO] [stderr]     |
[INFO] [stderr] 264 |             Expr::Prefix(p, expr) => {
[INFO] [stderr]     |                             ^^^^ help: if this is intentional, prefix it with an underscore: `_expr`
[INFO] [stderr] 
[INFO] [stderr] warning: unused variable: `fns`
[INFO] [stderr]    --> src/codegen/llvm.rs:428:13
[INFO] [stderr]     |
[INFO] [stderr] 428 |         let fns = self.fns.as_ref().borrow();
[INFO] [stderr]     |             ^^^ help: if this is intentional, prefix it with an underscore: `_fns`
[INFO] [stderr] 
[INFO] [stderr] warning: unreachable pattern
[INFO] [stderr]    --> src/codegen/llvm.rs:632:13
[INFO] [stderr]     |
[INFO] [stderr] 632 |             _ => unimplemented!(),
[INFO] [stderr]     |             ^ no value can reach this
[INFO] [stderr]     |
[INFO] [stderr] note: multiple earlier patterns match some of the same values
[INFO] [stderr]    --> src/codegen/llvm.rs:632:13
[INFO] [stderr]     |
[INFO] [stderr] 607 |             Type::UnsignedInteger => self.builder.build_alloca(self.ctx.i32_type(), ""),
[INFO] [stderr]     |             --------------------- matches some of the same values
[INFO] [stderr] 608 |             Type::SignedInteger => self.builder.build_alloca(self.ctx.i32_type(), ""),
[INFO] [stderr]     |             ------------------- matches some of the same values
[INFO] [stderr] 609 |             Type::Bool => self.builder.build_alloca(self.ctx.bool_type(), ""),
[INFO] [stderr]     |             ---------- matches some of the same values
[INFO] [stderr] 610 |             Type::Char => self.builder.build_alloca(self.ctx.i8_type(), ""),
[INFO] [stderr]     |             ---------- matches some of the same values
[INFO] [stderr] ...
[INFO] [stderr] 632 |             _ => unimplemented!(),
[INFO] [stderr]     |             ^ ...and 3 other patterns collectively make this unreachable
[INFO] [stderr]     = note: `#[warn(unreachable_patterns)]` on by default
[INFO] [stderr] 
[INFO] [stderr] warning: unused variable: `fn_val`
[INFO] [stderr]    --> src/codegen/llvm.rs:860:21
[INFO] [stderr]     |
[INFO] [stderr] 860 |                 let fn_val = self.compile_fn(f)?;
[INFO] [stderr]     |                     ^^^^^^ help: if this is intentional, prefix it with an underscore: `_fn_val`
[INFO] [stderr] 
[INFO] [stderr] warning: unused variable: `operator`
[INFO] [stderr]    --> src/interpreter.rs:171:32
[INFO] [stderr]     |
[INFO] [stderr] 171 |     fn eval_prefix_expr(&self, operator: Prefix, expr: Expr) -> Result<ExprResult> {
[INFO] [stderr]     |                                ^^^^^^^^ help: if this is intentional, prefix it with an underscore: `_operator`
[INFO] [stderr] 
[INFO] [stderr] warning: unused variable: `expr`
[INFO] [stderr]    --> src/interpreter.rs:171:50
[INFO] [stderr]     |
[INFO] [stderr] 171 |     fn eval_prefix_expr(&self, operator: Prefix, expr: Expr) -> Result<ExprResult> {
[INFO] [stderr]     |                                                  ^^^^ help: if this is intentional, prefix it with an underscore: `_expr`
[INFO] [stderr] 
[INFO] [stderr] warning: unused variable: `s`
[INFO] [stderr]    --> src/interpreter.rs:196:29
[INFO] [stderr]     |
[INFO] [stderr] 196 |             Literal::String(s) => unimplemented!("implement string support in ast interpreter."),
[INFO] [stderr]     |                             ^ help: if this is intentional, prefix it with an underscore: `_s`
[INFO] [stderr] 
[INFO] [stderr] warning: unused variable: `r`
[INFO] [stderr]    --> src/interpreter.rs:456:17
[INFO] [stderr]     |
[INFO] [stderr] 456 |             let r = self.eval_statement(statement)?;
[INFO] [stderr]     |                 ^ help: if this is intentional, prefix it with an underscore: `_r`
[INFO] [stderr] 
[INFO] [stderr] warning: field `len` is never read
[INFO] [stderr]    --> src/code.rs:181:5
[INFO] [stderr]     |
[INFO] [stderr] 179 | pub struct Instruction {
[INFO] [stderr]     |            ----------- field in this struct
[INFO] [stderr] 180 |     type_: OpCodeType,
[INFO] [stderr] 181 |     len: usize,
[INFO] [stderr]     |     ^^^
[INFO] [stderr]     |
[INFO] [stderr]     = note: `Instruction` has a derived impl for the trait `Debug`, but this is intentionally ignored during dead code analysis
[INFO] [stderr]     = note: `#[warn(dead_code)]` on by default
[INFO] [stderr] 
[INFO] [stderr] warning: struct `Compiler` is never constructed
[INFO] [stderr]    --> src/code.rs:220:8
[INFO] [stderr]     |
[INFO] [stderr] 220 | struct Compiler {
[INFO] [stderr]     |        ^^^^^^^^
[INFO] [stderr] 
[INFO] [stderr] warning: methods `add_constant`, `add_instruction`, and `compile` are never used
[INFO] [stderr]    --> src/code.rs:226:12
[INFO] [stderr]     |
[INFO] [stderr] 225 | impl Compiler {
[INFO] [stderr]     | ------------- methods in this implementation
[INFO] [stderr] 226 |     pub fn add_constant(&mut self, e: ExprResult) -> usize {
[INFO] [stderr]     |            ^^^^^^^^^^^^
[INFO] [stderr] ...
[INFO] [stderr] 231 |     pub fn add_instruction(&mut self, i: Instruction) -> usize {
[INFO] [stderr]     |            ^^^^^^^^^^^^^^^
[INFO] [stderr] ...
[INFO] [stderr] 237 |     pub fn compile(&mut self, program: Program) -> Result<()> {
[INFO] [stderr]     |            ^^^^^^^
[INFO] [stderr] 
[INFO] [stderr] warning: struct `VM` is never constructed
[INFO] [stderr]    --> src/code.rs:267:8
[INFO] [stderr]     |
[INFO] [stderr] 267 | struct VM {
[INFO] [stderr]     |        ^^
[INFO] [stderr] 
[INFO] [stderr] warning: associated items `new` and `run` are never used
[INFO] [stderr]    --> src/code.rs:275:12
[INFO] [stderr]     |
[INFO] [stderr] 274 | impl VM {
[INFO] [stderr]     | ------- associated items in this implementation
[INFO] [stderr] 275 |     pub fn new(instr: Bytes, consts: Vec<ExprResult>) -> Self {
[INFO] [stderr]     |            ^^^
[INFO] [stderr] ...
[INFO] [stderr] 284 |     pub fn run(&mut self) -> Result<()> {
[INFO] [stderr]     |            ^^^
[INFO] [stderr] 
[INFO] [stderr] warning: method `i8_llvm_str` is never used
[INFO] [stderr]    --> src/codegen/llvm.rs:133:8
[INFO] [stderr]     |
[INFO] [stderr] 73  | impl<'ctx, 'f> LLVMCodeGen<'ctx, 'f> {
[INFO] [stderr]     | ------------------------------------ method in this implementation
[INFO] [stderr] ...
[INFO] [stderr] 133 |     fn i8_llvm_str(&self, v: &str) -> Vec<IntValue> {
[INFO] [stderr]     |        ^^^^^^^^^^^
[INFO] [stderr] 
[INFO] [stderr] warning: method `keyword_to_type` is never used
[INFO] [stderr]    --> src/parser/mod.rs:183:8
[INFO] [stderr]     |
[INFO] [stderr] 16  | impl Parser {
[INFO] [stderr]     | ----------- method in this implementation
[INFO] [stderr] ...
[INFO] [stderr] 183 |     fn keyword_to_type(&mut self, tok: &TokenType) -> Result<Type> {
[INFO] [stderr]     |        ^^^^^^^^^^^^^^^
[INFO] [stderr] 
[INFO] [stderr] warning: enum `Cond` is never used
[INFO] [stderr]  --> src/tiny_ir/mod.rs:6:6
[INFO] [stderr]   |
[INFO] [stderr] 6 | enum Cond {
[INFO] [stderr]   |      ^^^^
[INFO] [stderr] 
[INFO] [stderr] warning: enum `BinOp` is never used
[INFO] [stderr]   --> src/tiny_ir/mod.rs:16:6
[INFO] [stderr]    |
[INFO] [stderr] 16 | enum BinOp {
[INFO] [stderr]    |      ^^^^^
[INFO] [stderr] 
[INFO] [stderr] warning: enum `Instr` is never used
[INFO] [stderr]   --> src/tiny_ir/mod.rs:25:6
[INFO] [stderr]    |
[INFO] [stderr] 25 | enum Instr {
[INFO] [stderr]    |      ^^^^^
[INFO] [stderr] 
[INFO] [stderr] warning: struct `Block` is never constructed
[INFO] [stderr]   --> src/tiny_ir/mod.rs:64:8
[INFO] [stderr]    |
[INFO] [stderr] 64 | struct Block {
[INFO] [stderr]    |        ^^^^^
[INFO] [stderr] 
[INFO] [stderr] warning: struct `IrFunction` is never constructed
[INFO] [stderr]   --> src/tiny_ir/mod.rs:68:8
[INFO] [stderr]    |
[INFO] [stderr] 68 | struct IrFunction {
[INFO] [stderr]    |        ^^^^^^^^^^
[INFO] [stderr] 
[INFO] [stderr] warning: struct `TinyIR` is never constructed
[INFO] [stderr]   --> src/tiny_ir/mod.rs:74:8
[INFO] [stderr]    |
[INFO] [stderr] 74 | struct TinyIR {
[INFO] [stderr]    |        ^^^^^^
[INFO] [stderr] 
[INFO] [stderr] warning: associated items `new` and `ast_to_tiny_ir` are never used
[INFO] [stderr]   --> src/tiny_ir/mod.rs:79:8
[INFO] [stderr]    |
[INFO] [stderr] 78 | impl TinyIR {
[INFO] [stderr]    | ----------- associated items in this implementation
[INFO] [stderr] 79 |     fn new(program: Program) -> Self {
[INFO] [stderr]    |        ^^^
[INFO] [stderr] ...
[INFO] [stderr] 83 |     fn ast_to_tiny_ir(&self) -> IrFunction {
[INFO] [stderr]    |        ^^^^^^^^^^^^^^
[INFO] [stderr] 
[INFO] [stderr] warning: unused imports: `AsTypeRef`, `AsValueRef`, `BasicValue`, `PointerValue`, and `context`
[INFO] [stderr]    --> src/codegen/llvm.rs:952:9
[INFO] [stderr]     |
[INFO] [stderr] 952 |         context,
[INFO] [stderr]     |         ^^^^^^^
[INFO] [stderr] 953 |         passes::PassManagerSubType,
[INFO] [stderr] 954 |         types::{AsTypeRef, BasicMetadataTypeEnum, BasicType},
[INFO] [stderr]     |                 ^^^^^^^^^
[INFO] [stderr] 955 |         values::{AnyValue, AsValueRef, BasicMetadataValueEnum, BasicValue, PointerValue},
[INFO] [stderr]     |                            ^^^^^^^^^^                          ^^^^^^^^^^  ^^^^^^^^^^^^
[INFO] [stderr] 
[INFO] [stderr] warning: unused imports: `ast::Token`, `lexer::Lexer`, and `logos_lexer::LexError`
[INFO] [stderr]    --> src/codegen/llvm.rs:960:9
[INFO] [stderr]     |
[INFO] [stderr] 960 |         ast::Token,
[INFO] [stderr]     |         ^^^^^^^^^^
[INFO] [stderr] 961 |         lexer::{lexer::Lexer, logos_lexer::LexError},
[INFO] [stderr]     |                 ^^^^^^^^^^^^  ^^^^^^^^^^^^^^^^^^^^^
[INFO] [stderr] 
[INFO] [stderr] warning: unused import: `passes::PassManagerSubType`
[INFO] [stderr]    --> src/codegen/llvm.rs:953:9
[INFO] [stderr]     |
[INFO] [stderr] 953 |         passes::PassManagerSubType,
[INFO] [stderr]     |         ^^^^^^^^^^^^^^^^^^^^^^^^^^
[INFO] [stderr] 
[INFO] [stderr] warning: unused import: `BasicType`
[INFO] [stderr]    --> src/codegen/llvm.rs:954:51
[INFO] [stderr]     |
[INFO] [stderr] 954 |         types::{AsTypeRef, BasicMetadataTypeEnum, BasicType},
[INFO] [stderr]     |                                                   ^^^^^^^^^
[INFO] [stderr] 
[INFO] [stderr] warning: unused variable: `instr_val`
[INFO] [stderr]     --> src/codegen/llvm.rs:1076:13
[INFO] [stderr]      |
[INFO] [stderr] 1076 |         let instr_val = builder.build_store(ptr, ctx.i64_type().const_int(345, false));
[INFO] [stderr]      |             ^^^^^^^^^ help: if this is intentional, prefix it with an underscore: `_instr_val`
[INFO] [stderr] 
[INFO] [stderr] warning: unused variable: `puts_fn`
[INFO] [stderr]     --> src/codegen/llvm.rs:1173:13
[INFO] [stderr]      |
[INFO] [stderr] 1173 |         let puts_fn = module.add_function("puts", puts_fn_type, None);
[INFO] [stderr]      |             ^^^^^^^ help: if this is intentional, prefix it with an underscore: `_puts_fn`
[INFO] [stderr] 
[INFO] [stderr] warning: variable `OpConstant` should have a snake case name
[INFO] [stderr]    --> src/code.rs:302:13
[INFO] [stderr]     |
[INFO] [stderr] 302 |         let OpConstant = Instruction::new(OpCodeType::OpConstant, 2, vec![34, 34]).unwrap();
[INFO] [stderr]     |             ^^^^^^^^^^ help: convert the identifier to snake case: `op_constant`
[INFO] [stderr]     |
[INFO] [stderr]     = note: `#[warn(non_snake_case)]` on by default
[INFO] [stderr] 
[INFO] [stderr] warning: `tiny_lang` (lib) generated 31 warnings (run `cargo fix --lib -p tiny_lang` to apply 4 suggestions)
[INFO] [stderr] warning: `tiny_lang` (lib test) generated 38 warnings (31 duplicates) (run `cargo fix --lib -p tiny_lang --tests` to apply 2 suggestions)
[INFO] [stderr]     Finished `test` profile [unoptimized + debuginfo] target(s) in 0.21s
[INFO] [stderr]      Running unittests src/lib.rs (/opt/rustwide/target/debug/deps/tiny_lang-141ab3739b35bf7a)
[INFO] [stdout] 
[INFO] [stdout] running 40 tests
[INFO] [stdout] test code::tests::test_opcode ... ok
[INFO] [stdout] test codegen::llvm::tests::test_cranelift_codegen ... ok
[INFO] [stdout] test tests::test_interpreter::does_interpreter_starts ... ok
[INFO] [stdout] test codegen::llvm::tests::test_rust_string_bytes ... ok
[INFO] [stdout] test tests::test_interpreter::does_if_eval_works ... ok
[INFO] [stdout] test tests::test_logos_lexer::test_logos_lexer ... ok
[INFO] [stdout] test codegen::llvm::tests::test_conditional_branch ... ok
[INFO] [stdout] test codegen::llvm::tests::test_llvm_infix_codegen ... ok
[INFO] [stdout] test tests::test_interpreter::test_is_type_expr_result_same ... ok
[INFO] [stdout] test codegen::llvm::tests::test_expr_codegen ... ok
[INFO] [stdout] test tests::test_interpreter::does_assignment_works ... ok
[INFO] [stdout] test tests::test_lexer::test_function_declaration ... ok
[INFO] [stdout] test tests::test_lexer::test_lexing_let_syntax ... ok
[INFO] [stdout] test tests::test_lexer::test_lex_bitwise_operations ... ok
[INFO] [stdout] test tests::test_parser::test_function_and_call ... ok
[INFO] [stdout] test tests::test_lexer::test_lexing_char ... ok
[INFO] [stdout] test tests::test_lexer::test_function_decl_and_call ... ok
[INFO] [stdout] test tests::test_parser::test_function_call_parsing ... ok
[INFO] [stdout] test tests::test_parser::test_bitwise_shift_parsing ... ok
[INFO] [stdout] test tests::test_parser::test_char_parsing ... ok
[INFO] [stdout] test tests::test_parser::test_function_parsing ... ok
[INFO] [stdout] test tests::test_parser::test_char_parsing_dual ... ok
[INFO] [stdout] test tests::test_parser::test_expression_statement_infix ... ok
[INFO] [stdout] test tests::test_logos_lexer::test_function_decl_and_call_logos ... ok
[INFO] [stdout] test tests::test_parser::test_if_statement_parsing ... ok
[INFO] [stdout] test tests::test_parser::test_prefix_expression_parsing ... ok
[INFO] [stdout] test tests::test_parser::test_let_pointer_statement ... ok
[INFO] [stdout] test tests::test_parser::test_nested_function_call_parsing ... ok
[INFO] [stdout] test tests::test_parser::test_let_statement_parsing ... ok
[INFO] [stdout] test tests::test_parser::test_let_w_type_statement_parsing ... ok
[INFO] [stdout] test tests::test_parser::test_multiple_let_statement_parsing ... ok
[INFO] [stdout] test codegen::llvm::tests::test_codegen_str ... FAILED
[INFO] [stdout] test codegen::llvm::tests::test_codegen_function ... FAILED
[INFO] [stdout] test codegen::llvm::tests::test_inkwell_codegen ... FAILED
[INFO] [stdout] test tests::test_parser::test_struct_parsing ... FAILED
[INFO] [stdout] test tests::test_parser::test_struct_instance_parsing ... FAILED
[INFO] [stdout] test tests::test_parser::test_string_parsing ... FAILED
[INFO] [stdout] test tests::test_lexer::test_lexing_string ... FAILED
[INFO] [stdout] test tests::test_parser::test_while_and_assignement ... FAILED
[INFO] [stdout] test tests::test_parser::test_assignement_parsing ... FAILED
[INFO] [stdout] 
[INFO] [stdout] failures:
[INFO] [stdout] 
[INFO] [stdout] ---- codegen::llvm::tests::test_codegen_str stdout ----
[INFO] [stdout] thread 'codegen::llvm::tests::test_codegen_str' panicked at /opt/rustwide/cargo-home/registry/src/index.crates.io-6f17d22bba15001f/env_logger-0.10.0/src/lib.rs:1154:16:
[INFO] [stdout] env_logger::init should not be called after logger initialized: SetLoggerError(())
[INFO] [stdout] stack backtrace:
[INFO] [stdout]    0:     0x5b45aeae217a - std::backtrace_rs::backtrace::libunwind::trace::h5a5b8284f2d0c266
[INFO] [stdout]                                at /rustc/90b35a6239c3d8bdabc530a6a0816f7ff89a0aaf/library/std/src/../../backtrace/src/backtrace/libunwind.rs:116:5
[INFO] [stdout]    1:     0x5b45aeae217a - std::backtrace_rs::backtrace::trace_unsynchronized::h76d4f1c9b0b875e3
[INFO] [stdout]                                at /rustc/90b35a6239c3d8bdabc530a6a0816f7ff89a0aaf/library/std/src/../../backtrace/src/backtrace/mod.rs:66:5
[INFO] [stdout]    2:     0x5b45aeae217a - std::sys::backtrace::_print_fmt::hc4546b8364a537c6
[INFO] [stdout]                                at /rustc/90b35a6239c3d8bdabc530a6a0816f7ff89a0aaf/library/std/src/sys/backtrace.rs:66:9
[INFO] [stdout]    3:     0x5b45aeae217a - <std::sys::backtrace::BacktraceLock::print::DisplayBacktrace as core::fmt::Display>::fmt::h5b6bd5631a6d1f6b
[INFO] [stdout]                                at /rustc/90b35a6239c3d8bdabc530a6a0816f7ff89a0aaf/library/std/src/sys/backtrace.rs:39:26
[INFO] [stdout]    4:     0x5b45aeb0a793 - core::fmt::rt::Argument::fmt::h270f6602a2b96f62
[INFO] [stdout]                                at /rustc/90b35a6239c3d8bdabc530a6a0816f7ff89a0aaf/library/core/src/fmt/rt.rs:177:76
[INFO] [stdout]    5:     0x5b45aeb0a793 - core::fmt::write::h7550c97b06c86515
[INFO] [stdout]                                at /rustc/90b35a6239c3d8bdabc530a6a0816f7ff89a0aaf/library/core/src/fmt/mod.rs:1186:21
[INFO] [stdout]    6:     0x5b45aeadebc3 - std::io::Write::write_fmt::h509ff860e5956e5e
[INFO] [stdout]                                at /rustc/90b35a6239c3d8bdabc530a6a0816f7ff89a0aaf/library/std/src/io/mod.rs:1839:15
[INFO] [stdout]    7:     0x5b45aeae1fc2 - std::sys::backtrace::BacktraceLock::print::h2395ccd2c84ba3aa
[INFO] [stdout]                                at /rustc/90b35a6239c3d8bdabc530a6a0816f7ff89a0aaf/library/std/src/sys/backtrace.rs:42:9
[INFO] [stdout]    8:     0x5b45aeae35da - std::panicking::default_hook::{{closure}}::he19d4c7230e07961
[INFO] [stdout]                                at /rustc/90b35a6239c3d8bdabc530a6a0816f7ff89a0aaf/library/std/src/panicking.rs:268:22
[INFO] [stdout]    9:     0x5b45aeae33e4 - std::panicking::default_hook::hf614597d3c67bbdb
[INFO] [stdout]                                at /rustc/90b35a6239c3d8bdabc530a6a0816f7ff89a0aaf/library/std/src/panicking.rs:292:9
[INFO] [stdout]   10:     0x5b45ae8e3c99 - <alloc::boxed::Box<F,A> as core::ops::function::Fn<Args>>::call::h39b51ce4599c23d1
[INFO] [stdout]                                at /rustc/90b35a6239c3d8bdabc530a6a0816f7ff89a0aaf/library/alloc/src/boxed.rs:2468:9
[INFO] [stdout]   11:     0x5b45ae8e3c99 - test::test_main::{{closure}}::he977ae839a582784
[INFO] [stdout]                                at /rustc/90b35a6239c3d8bdabc530a6a0816f7ff89a0aaf/library/test/src/lib.rs:133:21
[INFO] [stdout]   12:     0x5b45aeae3c78 - <alloc::boxed::Box<F,A> as core::ops::function::Fn<Args>>::call::h9455091b6b06f9fb
[INFO] [stdout]                                at /rustc/90b35a6239c3d8bdabc530a6a0816f7ff89a0aaf/library/alloc/src/boxed.rs:2468:9
[INFO] [stdout]   13:     0x5b45aeae3c78 - std::panicking::rust_panic_with_hook::h8942133a8b252070
[INFO] [stdout]                                at /rustc/90b35a6239c3d8bdabc530a6a0816f7ff89a0aaf/library/std/src/panicking.rs:809:13
[INFO] [stdout]   14:     0x5b45aeae3a3a - std::panicking::begin_panic_handler::{{closure}}::hb5f5963570096b29
[INFO] [stdout]                                at /rustc/90b35a6239c3d8bdabc530a6a0816f7ff89a0aaf/library/std/src/panicking.rs:674:13
[INFO] [stdout]   15:     0x5b45aeae2659 - std::sys::backtrace::__rust_end_short_backtrace::h6208cedc1922feda
[INFO] [stdout]                                at /rustc/90b35a6239c3d8bdabc530a6a0816f7ff89a0aaf/library/std/src/sys/backtrace.rs:170:18
[INFO] [stdout]   16:     0x5b45aeae36cc - rust_begin_unwind
[INFO] [stdout]                                at /rustc/90b35a6239c3d8bdabc530a6a0816f7ff89a0aaf/library/std/src/panicking.rs:665:5
[INFO] [stdout]   17:     0x5b45ae7961e0 - core::panicking::panic_fmt::h0c3082644d1bf418
[INFO] [stdout]                                at /rustc/90b35a6239c3d8bdabc530a6a0816f7ff89a0aaf/library/core/src/panicking.rs:74:14
[INFO] [stdout]   18:     0x5b45ae796666 - core::result::unwrap_failed::hd20b4aa073bda1e2
[INFO] [stdout]                                at /rustc/90b35a6239c3d8bdabc530a6a0816f7ff89a0aaf/library/core/src/result.rs:1700:5
[INFO] [stdout]   19:     0x5b45ae90bede - core::result::Result<T,E>::expect::hb7b59e8a700bc3dd
[INFO] [stdout]                                at /rustc/90b35a6239c3d8bdabc530a6a0816f7ff89a0aaf/library/core/src/result.rs:1061:23
[INFO] [stdout]   20:     0x5b45ae8f1ff9 - env_logger::init::ha8930fd7a680e6da
[INFO] [stdout]                                at /opt/rustwide/cargo-home/registry/src/index.crates.io-6f17d22bba15001f/env_logger-0.10.0/src/lib.rs:1154:5
[INFO] [stdout]   21:     0x5b45ae7ea1f8 - tiny_lang::codegen::llvm::tests::test_codegen_str::hd6f27bd4dde5fa06
[INFO] [stdout]                                at /opt/rustwide/workdir/src/codegen/llvm.rs:1000:9
[INFO] [stdout]   22:     0x5b45ae7ea1a7 - tiny_lang::codegen::llvm::tests::test_codegen_str::{{closure}}::h52d70cfa181486ef
[INFO] [stdout]                                at /opt/rustwide/workdir/src/codegen/llvm.rs:999:30
[INFO] [stdout]   23:     0x5b45ae7d5166 - core::ops::function::FnOnce::call_once::h615f7a33b759a8de
[INFO] [stdout]                                at /rustc/90b35a6239c3d8bdabc530a6a0816f7ff89a0aaf/library/core/src/ops/function.rs:250:5
[INFO] [stdout]   24:     0x5b45ae8e865b - core::ops::function::FnOnce::call_once::h109cf8051a59b34e
[INFO] [stdout]                                at /rustc/90b35a6239c3d8bdabc530a6a0816f7ff89a0aaf/library/core/src/ops/function.rs:250:5
[INFO] [stdout]   25:     0x5b45ae8e865b - test::__rust_begin_short_backtrace::hf4fff89d377446ba
[INFO] [stdout]                                at /rustc/90b35a6239c3d8bdabc530a6a0816f7ff89a0aaf/library/test/src/lib.rs:621:18
[INFO] [stdout]   26:     0x5b45ae8e7e97 - test::run_test_in_process::{{closure}}::h0e39181dd7ee5a43
[INFO] [stdout]                                at /rustc/90b35a6239c3d8bdabc530a6a0816f7ff89a0aaf/library/test/src/lib.rs:644:60
[INFO] [stdout]   27:     0x5b45ae8e7e97 - <core::panic::unwind_safe::AssertUnwindSafe<F> as core::ops::function::FnOnce<()>>::call_once::hc5a66a30f0bdfd1f
[INFO] [stdout]                                at /rustc/90b35a6239c3d8bdabc530a6a0816f7ff89a0aaf/library/core/src/panic/unwind_safe.rs:272:9
[INFO] [stdout]   28:     0x5b45ae8e7e97 - std::panicking::try::do_call::h873b7cf639554a5e
[INFO] [stdout]                                at /rustc/90b35a6239c3d8bdabc530a6a0816f7ff89a0aaf/library/std/src/panicking.rs:557:40
[INFO] [stdout]   29:     0x5b45ae8e7e97 - std::panicking::try::hdb19862fad9c8bd1
[INFO] [stdout]                                at /rustc/90b35a6239c3d8bdabc530a6a0816f7ff89a0aaf/library/std/src/panicking.rs:520:19
[INFO] [stdout]   30:     0x5b45ae8e7e97 - std::panic::catch_unwind::h281fe732d236d260
[INFO] [stdout]                                at /rustc/90b35a6239c3d8bdabc530a6a0816f7ff89a0aaf/library/std/src/panic.rs:358:14
[INFO] [stdout]   31:     0x5b45ae8e7e97 - test::run_test_in_process::h949b6df8457ed338
[INFO] [stdout]                                at /rustc/90b35a6239c3d8bdabc530a6a0816f7ff89a0aaf/library/test/src/lib.rs:644:27
[INFO] [stdout]   32:     0x5b45ae8e7e97 - test::run_test::{{closure}}::h52c556a6d4740e10
[INFO] [stdout]                                at /rustc/90b35a6239c3d8bdabc530a6a0816f7ff89a0aaf/library/test/src/lib.rs:565:43
[INFO] [stdout]   33:     0x5b45ae8ad174 - test::run_test::{{closure}}::h4237f6381c45ccb9
[INFO] [stdout]                                at /rustc/90b35a6239c3d8bdabc530a6a0816f7ff89a0aaf/library/test/src/lib.rs:595:41
[INFO] [stdout]   34:     0x5b45ae8ad174 - std::sys::backtrace::__rust_begin_short_backtrace::h505c97a579eca628
[INFO] [stdout]                                at /rustc/90b35a6239c3d8bdabc530a6a0816f7ff89a0aaf/library/std/src/sys/backtrace.rs:154:18
[INFO] [stdout]   35:     0x5b45ae8b083e - std::thread::Builder::spawn_unchecked_::{{closure}}::{{closure}}::h9e86b2e2bc107ea3
[INFO] [stdout]                                at /rustc/90b35a6239c3d8bdabc530a6a0816f7ff89a0aaf/library/std/src/thread/mod.rs:538:17
[INFO] [stdout]   36:     0x5b45ae8b083e - <core::panic::unwind_safe::AssertUnwindSafe<F> as core::ops::function::FnOnce<()>>::call_once::h8b06ddb275ff4a25
[INFO] [stdout]                                at /rustc/90b35a6239c3d8bdabc530a6a0816f7ff89a0aaf/library/core/src/panic/unwind_safe.rs:272:9
[INFO] [stdout]   37:     0x5b45ae8b083e - std::panicking::try::do_call::hb26ecd7cd9a9355d
[INFO] [stdout]                                at /rustc/90b35a6239c3d8bdabc530a6a0816f7ff89a0aaf/library/std/src/panicking.rs:557:40
[INFO] [stdout]   38:     0x5b45ae8b083e - std::panicking::try::h8ddeca9d705f9069
[INFO] [stdout]                                at /rustc/90b35a6239c3d8bdabc530a6a0816f7ff89a0aaf/library/std/src/panicking.rs:520:19
[INFO] [stdout]   39:     0x5b45ae8b083e - std::panic::catch_unwind::h49e1c33078844c46
[INFO] [stdout]                                at /rustc/90b35a6239c3d8bdabc530a6a0816f7ff89a0aaf/library/std/src/panic.rs:358:14
[INFO] [stdout]   40:     0x5b45ae8b083e - std::thread::Builder::spawn_unchecked_::{{closure}}::h6073db6ff56ad35d
[INFO] [stdout]                                at /rustc/90b35a6239c3d8bdabc530a6a0816f7ff89a0aaf/library/std/src/thread/mod.rs:537:30
[INFO] [stdout]   41:     0x5b45ae8b083e - core::ops::function::FnOnce::call_once{{vtable.shim}}::h2c5a5f3779c774f1
[INFO] [stdout]                                at /rustc/90b35a6239c3d8bdabc530a6a0816f7ff89a0aaf/library/core/src/ops/function.rs:250:5
[INFO] [stdout]   42:     0x5b45aeae7cfb - <alloc::boxed::Box<F,A> as core::ops::function::FnOnce<Args>>::call_once::hf75717d9f28faebf
[INFO] [stdout]                                at /rustc/90b35a6239c3d8bdabc530a6a0816f7ff89a0aaf/library/alloc/src/boxed.rs:2454:9
[INFO] [stdout]   43:     0x5b45aeae7cfb - <alloc::boxed::Box<F,A> as core::ops::function::FnOnce<Args>>::call_once::h7bd883a5f3c5f3c1
[INFO] [stdout]                                at /rustc/90b35a6239c3d8bdabc530a6a0816f7ff89a0aaf/library/alloc/src/boxed.rs:2454:9
[INFO] [stdout]   44:     0x5b45aeae7cfb - std::sys::pal::unix::thread::Thread::new::thread_start::hcc78f3943333fa94
[INFO] [stdout]                                at /rustc/90b35a6239c3d8bdabc530a6a0816f7ff89a0aaf/library/std/src/sys/pal/unix/thread.rs:105:17
[INFO] [stdout]   45:     0x74dcc8c6dac3 - <unknown>
[INFO] [stdout]   46:     0x74dcc8cfea04 - clone
[INFO] [stdout]   47:                0x0 - <unknown>
[INFO] [stdout] 
[INFO] [stdout] ---- codegen::llvm::tests::test_codegen_function stdout ----
[INFO] [stdout] [Function(Function { name: "main", params: [], return_type: Some(UnsignedInteger), body: [Expr(Call(FunctionCall { parameters: [Literal(UnsignedInteger(353))], name: "printf" })), Return(Literal(UnsignedInteger(0)))] })]
[INFO] [stdout] thread 'codegen::llvm::tests::test_codegen_function' panicked at src/codegen/llvm.rs:995:47:
[INFO] [stdout] called `Result::unwrap()` on an `Err` value: function isn't declared yet.
[INFO] [stdout] stack backtrace:
[INFO] [stdout]    0:     0x5b45aeae217a - std::backtrace_rs::backtrace::libunwind::trace::h5a5b8284f2d0c266
[INFO] [stdout]                                at /rustc/90b35a6239c3d8bdabc530a6a0816f7ff89a0aaf/library/std/src/../../backtrace/src/backtrace/libunwind.rs:116:5
[INFO] [stdout]    1:     0x5b45aeae217a - std::backtrace_rs::backtrace::trace_unsynchronized::h76d4f1c9b0b875e3
[INFO] [stdout]                                at /rustc/90b35a6239c3d8bdabc530a6a0816f7ff89a0aaf/library/std/src/../../backtrace/src/backtrace/mod.rs:66:5
[INFO] [stdout]    2:     0x5b45aeae217a - std::sys::backtrace::_print_fmt::hc4546b8364a537c6
[INFO] [stdout]                                at /rustc/90b35a6239c3d8bdabc530a6a0816f7ff89a0aaf/library/std/src/sys/backtrace.rs:66:9
[INFO] [stdout]    3:     0x5b45aeae217a - <std::sys::backtrace::BacktraceLock::print::DisplayBacktrace as core::fmt::Display>::fmt::h5b6bd5631a6d1f6b
[INFO] [stdout]                                at /rustc/90b35a6239c3d8bdabc530a6a0816f7ff89a0aaf/library/std/src/sys/backtrace.rs:39:26
[INFO] [stdout]    4:     0x5b45aeb0a793 - core::fmt::rt::Argument::fmt::h270f6602a2b96f62
[INFO] [stdout]                                at /rustc/90b35a6239c3d8bdabc530a6a0816f7ff89a0aaf/library/core/src/fmt/rt.rs:177:76
[INFO] [stdout]    5:     0x5b45aeb0a793 - core::fmt::write::h7550c97b06c86515
[INFO] [stdout]                                at /rustc/90b35a6239c3d8bdabc530a6a0816f7ff89a0aaf/library/core/src/fmt/mod.rs:1186:21
[INFO] [stdout]    6:     0x5b45aeadebc3 - std::io::Write::write_fmt::h509ff860e5956e5e
[INFO] [stdout]                                at /rustc/90b35a6239c3d8bdabc530a6a0816f7ff89a0aaf/library/std/src/io/mod.rs:1839:15
[INFO] [stdout]    7:     0x5b45aeae1fc2 - std::sys::backtrace::BacktraceLock::print::h2395ccd2c84ba3aa
[INFO] [stdout]                                at /rustc/90b35a6239c3d8bdabc530a6a0816f7ff89a0aaf/library/std/src/sys/backtrace.rs:42:9
[INFO] [stdout]    8:     0x5b45aeae35da - std::panicking::default_hook::{{closure}}::he19d4c7230e07961
[INFO] [stdout]                                at /rustc/90b35a6239c3d8bdabc530a6a0816f7ff89a0aaf/library/std/src/panicking.rs:268:22
[INFO] [stdout]    9:     0x5b45aeae33e4 - std::panicking::default_hook::hf614597d3c67bbdb
[INFO] [stdout]                                at /rustc/90b35a6239c3d8bdabc530a6a0816f7ff89a0aaf/library/std/src/panicking.rs:292:9
[INFO] [stdout]   10:     0x5b45ae8e3c99 - <alloc::boxed::Box<F,A> as core::ops::function::Fn<Args>>::call::h39b51ce4599c23d1
[INFO] [stdout]                                at /rustc/90b35a6239c3d8bdabc530a6a0816f7ff89a0aaf/library/alloc/src/boxed.rs:2468:9
[INFO] [stdout]   11:     0x5b45ae8e3c99 - test::test_main::{{closure}}::he977ae839a582784
[INFO] [stdout]                                at /rustc/90b35a6239c3d8bdabc530a6a0816f7ff89a0aaf/library/test/src/lib.rs:133:21
[INFO] [stdout]   12:     0x5b45aeae3c78 - <alloc::boxed::Box<F,A> as core::ops::function::Fn<Args>>::call::h9455091b6b06f9fb
[INFO] [stdout]                                at /rustc/90b35a6239c3d8bdabc530a6a0816f7ff89a0aaf/library/alloc/src/boxed.rs:2468:9
[INFO] [stdout]   13:     0x5b45aeae3c78 - std::panicking::rust_panic_with_hook::h8942133a8b252070
[INFO] [stdout]                                at /rustc/90b35a6239c3d8bdabc530a6a0816f7ff89a0aaf/library/std/src/panicking.rs:809:13
[INFO] [stdout]   14:     0x5b45aeae3a3a - std::panicking::begin_panic_handler::{{closure}}::hb5f5963570096b29
[INFO] [stdout]                                at /rustc/90b35a6239c3d8bdabc530a6a0816f7ff89a0aaf/library/std/src/panicking.rs:674:13
[INFO] [stdout]   15:     0x5b45aeae2659 - std::sys::backtrace::__rust_end_short_backtrace::h6208cedc1922feda
[INFO] [stdout]                                at /rustc/90b35a6239c3d8bdabc530a6a0816f7ff89a0aaf/library/std/src/sys/backtrace.rs:170:18
[INFO] [stdout]   16:     0x5b45aeae36cc - rust_begin_unwind
[INFO] [stdout]                                at /rustc/90b35a6239c3d8bdabc530a6a0816f7ff89a0aaf/library/std/src/panicking.rs:665:5
[INFO] [stdout]   17:     0x5b45ae7961e0 - core::panicking::panic_fmt::h0c3082644d1bf418
[INFO] [stdout]                                at /rustc/90b35a6239c3d8bdabc530a6a0816f7ff89a0aaf/library/core/src/panicking.rs:74:14
[INFO] [stdout]   18:     0x5b45ae796666 - core::result::unwrap_failed::hd20b4aa073bda1e2
[INFO] [stdout]                                at /rustc/90b35a6239c3d8bdabc530a6a0816f7ff89a0aaf/library/core/src/result.rs:1700:5
[INFO] [stdout]   19:     0x5b45ae7e9fcf - core::result::Result<T,E>::unwrap::h218a3fd8eb50146c
[INFO] [stdout]                                at /rustc/90b35a6239c3d8bdabc530a6a0816f7ff89a0aaf/library/core/src/result.rs:1104:23
[INFO] [stdout]   20:     0x5b45ae7e9fcf - tiny_lang::codegen::llvm::tests::test_codegen_function::h867951cdbad7beb8
[INFO] [stdout]                                at /opt/rustwide/workdir/src/codegen/llvm.rs:995:24
[INFO] [stdout]   21:     0x5b45ae7e9c07 - tiny_lang::codegen::llvm::tests::test_codegen_function::{{closure}}::h83c6810b818f269b
[INFO] [stdout]                                at /opt/rustwide/workdir/src/codegen/llvm.rs:981:35
[INFO] [stdout]   22:     0x5b45ae7d4d36 - core::ops::function::FnOnce::call_once::h0e75023a43c4f348
[INFO] [stdout]                                at /rustc/90b35a6239c3d8bdabc530a6a0816f7ff89a0aaf/library/core/src/ops/function.rs:250:5
[INFO] [stdout]   23:     0x5b45ae8e865b - core::ops::function::FnOnce::call_once::h109cf8051a59b34e
[INFO] [stdout]                                at /rustc/90b35a6239c3d8bdabc530a6a0816f7ff89a0aaf/library/core/src/ops/function.rs:250:5
[INFO] [stdout]   24:     0x5b45ae8e865b - test::__rust_begin_short_backtrace::hf4fff89d377446ba
[INFO] [stdout]                                at /rustc/90b35a6239c3d8bdabc530a6a0816f7ff89a0aaf/library/test/src/lib.rs:621:18
[INFO] [stdout]   25:     0x5b45ae8e7e97 - test::run_test_in_process::{{closure}}::h0e39181dd7ee5a43
[INFO] [stdout]                                at /rustc/90b35a6239c3d8bdabc530a6a0816f7ff89a0aaf/library/test/src/lib.rs:644:60
[INFO] [stdout]   26:     0x5b45ae8e7e97 - <core::panic::unwind_safe::AssertUnwindSafe<F> as core::ops::function::FnOnce<()>>::call_once::hc5a66a30f0bdfd1f
[INFO] [stdout]                                at /rustc/90b35a6239c3d8bdabc530a6a0816f7ff89a0aaf/library/core/src/panic/unwind_safe.rs:272:9
[INFO] [stdout]   27:     0x5b45ae8e7e97 - std::panicking::try::do_call::h873b7cf639554a5e
[INFO] [stdout]                                at /rustc/90b35a6239c3d8bdabc530a6a0816f7ff89a0aaf/library/std/src/panicking.rs:557:40
[INFO] [stdout]   28:     0x5b45ae8e7e97 - std::panicking::try::hdb19862fad9c8bd1
[INFO] [stdout]                                at /rustc/90b35a6239c3d8bdabc530a6a0816f7ff89a0aaf/library/std/src/panicking.rs:520:19
[INFO] [stdout]   29:     0x5b45ae8e7e97 - std::panic::catch_unwind::h281fe732d236d260
[INFO] [stdout]                                at /rustc/90b35a6239c3d8bdabc530a6a0816f7ff89a0aaf/library/std/src/panic.rs:358:14
[INFO] [stdout]   30:     0x5b45ae8e7e97 - test::run_test_in_process::h949b6df8457ed338
[INFO] [stdout]                                at /rustc/90b35a6239c3d8bdabc530a6a0816f7ff89a0aaf/library/test/src/lib.rs:644:27
[INFO] [stdout]   31:     0x5b45ae8e7e97 - test::run_test::{{closure}}::h52c556a6d4740e10
[INFO] [stdout]                                at /rustc/90b35a6239c3d8bdabc530a6a0816f7ff89a0aaf/library/test/src/lib.rs:565:43
[INFO] [stdout]   32:     0x5b45ae8ad174 - test::run_test::{{closure}}::h4237f6381c45ccb9
[INFO] [stdout]                                at /rustc/90b35a6239c3d8bdabc530a6a0816f7ff89a0aaf/library/test/src/lib.rs:595:41
[INFO] [stdout]   33:     0x5b45ae8ad174 - std::sys::backtrace::__rust_begin_short_backtrace::h505c97a579eca628
[INFO] [stdout]                                at /rustc/90b35a6239c3d8bdabc530a6a0816f7ff89a0aaf/library/std/src/sys/backtrace.rs:154:18
[INFO] [stdout]   34:     0x5b45ae8b083e - std::thread::Builder::spawn_unchecked_::{{closure}}::{{closure}}::h9e86b2e2bc107ea3
[INFO] [stdout]                                at /rustc/90b35a6239c3d8bdabc530a6a0816f7ff89a0aaf/library/std/src/thread/mod.rs:538:17
[INFO] [stdout]   35:     0x5b45ae8b083e - <core::panic::unwind_safe::AssertUnwindSafe<F> as core::ops::function::FnOnce<()>>::call_once::h8b06ddb275ff4a25
[INFO] [stdout]                                at /rustc/90b35a6239c3d8bdabc530a6a0816f7ff89a0aaf/library/core/src/panic/unwind_safe.rs:272:9
[INFO] [stdout]   36:     0x5b45ae8b083e - std::panicking::try::do_call::hb26ecd7cd9a9355d
[INFO] [stdout]                                at /rustc/90b35a6239c3d8bdabc530a6a0816f7ff89a0aaf/library/std/src/panicking.rs:557:40
[INFO] [stdout]   37:     0x5b45ae8b083e - std::panicking::try::h8ddeca9d705f9069
[INFO] [stdout]                                at /rustc/90b35a6239c3d8bdabc530a6a0816f7ff89a0aaf/library/std/src/panicking.rs:520:19
[INFO] [stdout]   38:     0x5b45ae8b083e - std::panic::catch_unwind::h49e1c33078844c46
[INFO] [stdout]                                at /rustc/90b35a6239c3d8bdabc530a6a0816f7ff89a0aaf/library/std/src/panic.rs:358:14
[INFO] [stdout]   39:     0x5b45ae8b083e - std::thread::Builder::spawn_unchecked_::{{closure}}::h6073db6ff56ad35d
[INFO] [stdout]                                at /rustc/90b35a6239c3d8bdabc530a6a0816f7ff89a0aaf/library/std/src/thread/mod.rs:537:30
[INFO] [stdout]   40:     0x5b45ae8b083e - core::ops::function::FnOnce::call_once{{vtable.shim}}::h2c5a5f3779c774f1
[INFO] [stdout]                                at /rustc/90b35a6239c3d8bdabc530a6a0816f7ff89a0aaf/library/core/src/ops/function.rs:250:5
[INFO] [stdout]   41:     0x5b45aeae7cfb - <alloc::boxed::Box<F,A> as core::ops::function::FnOnce<Args>>::call_once::hf75717d9f28faebf
[INFO] [stdout]                                at /rustc/90b35a6239c3d8bdabc530a6a0816f7ff89a0aaf/library/alloc/src/boxed.rs:2454:9
[INFO] [stdout]   42:     0x5b45aeae7cfb - <alloc::boxed::Box<F,A> as core::ops::function::FnOnce<Args>>::call_once::h7bd883a5f3c5f3c1
[INFO] [stdout]                                at /rustc/90b35a6239c3d8bdabc530a6a0816f7ff89a0aaf/library/alloc/src/boxed.rs:2454:9
[INFO] [stdout]   43:     0x5b45aeae7cfb - std::sys::pal::unix::thread::Thread::new::thread_start::hcc78f3943333fa94
[INFO] [stdout]                                at /rustc/90b35a6239c3d8bdabc530a6a0816f7ff89a0aaf/library/std/src/sys/pal/unix/thread.rs:105:17
[INFO] [stdout]   44:     0x74dcc8c6dac3 - <unknown>
[INFO] [stdout]   45:     0x74dcc8cfea04 - clone
[INFO] [stdout]   46:                0x0 - <unknown>
[INFO] [stdout] 
[INFO] [stdout] ---- codegen::llvm::tests::test_inkwell_codegen stdout ----
[INFO] [stdout] thread 'codegen::llvm::tests::test_inkwell_codegen' panicked at src/codegen/llvm.rs:1194:25:
[INFO] [stdout] module verification error.: "Global variable initializer type does not match global variable type!\nptr @sf\n"
[INFO] [stdout] stack backtrace:
[INFO] [stdout]    0:     0x5b45aeae217a - std::backtrace_rs::backtrace::libunwind::trace::h5a5b8284f2d0c266
[INFO] [stdout]                                at /rustc/90b35a6239c3d8bdabc530a6a0816f7ff89a0aaf/library/std/src/../../backtrace/src/backtrace/libunwind.rs:116:5
[INFO] [stdout]    1:     0x5b45aeae217a - std::backtrace_rs::backtrace::trace_unsynchronized::h76d4f1c9b0b875e3
[INFO] [stdout]                                at /rustc/90b35a6239c3d8bdabc530a6a0816f7ff89a0aaf/library/std/src/../../backtrace/src/backtrace/mod.rs:66:5
[INFO] [stdout]    2:     0x5b45aeae217a - std::sys::backtrace::_print_fmt::hc4546b8364a537c6
[INFO] [stdout]                                at /rustc/90b35a6239c3d8bdabc530a6a0816f7ff89a0aaf/library/std/src/sys/backtrace.rs:66:9
[INFO] [stdout]    3:     0x5b45aeae217a - <std::sys::backtrace::BacktraceLock::print::DisplayBacktrace as core::fmt::Display>::fmt::h5b6bd5631a6d1f6b
[INFO] [stdout]                                at /rustc/90b35a6239c3d8bdabc530a6a0816f7ff89a0aaf/library/std/src/sys/backtrace.rs:39:26
[INFO] [stdout]    4:     0x5b45aeb0a793 - core::fmt::rt::Argument::fmt::h270f6602a2b96f62
[INFO] [stdout]                                at /rustc/90b35a6239c3d8bdabc530a6a0816f7ff89a0aaf/library/core/src/fmt/rt.rs:177:76
[INFO] [stdout]    5:     0x5b45aeb0a793 - core::fmt::write::h7550c97b06c86515
[INFO] [stdout]                                at /rustc/90b35a6239c3d8bdabc530a6a0816f7ff89a0aaf/library/core/src/fmt/mod.rs:1186:21
[INFO] [stdout]    6:     0x5b45aeadebc3 - std::io::Write::write_fmt::h509ff860e5956e5e
[INFO] [stdout]                                at /rustc/90b35a6239c3d8bdabc530a6a0816f7ff89a0aaf/library/std/src/io/mod.rs:1839:15
[INFO] [stdout]    7:     0x5b45aeae1fc2 - std::sys::backtrace::BacktraceLock::print::h2395ccd2c84ba3aa
[INFO] [stdout]                                at /rustc/90b35a6239c3d8bdabc530a6a0816f7ff89a0aaf/library/std/src/sys/backtrace.rs:42:9
[INFO] [stdout]    8:     0x5b45aeae35da - std::panicking::default_hook::{{closure}}::he19d4c7230e07961
[INFO] [stdout]                                at /rustc/90b35a6239c3d8bdabc530a6a0816f7ff89a0aaf/library/std/src/panicking.rs:268:22
[INFO] [stdout]    9:     0x5b45aeae33e4 - std::panicking::default_hook::hf614597d3c67bbdb
[INFO] [stdout]                                at /rustc/90b35a6239c3d8bdabc530a6a0816f7ff89a0aaf/library/std/src/panicking.rs:292:9
[INFO] [stdout]   10:     0x5b45ae8e3c99 - <alloc::boxed::Box<F,A> as core::ops::function::Fn<Args>>::call::h39b51ce4599c23d1
[INFO] [stdout]                                at /rustc/90b35a6239c3d8bdabc530a6a0816f7ff89a0aaf/library/alloc/src/boxed.rs:2468:9
[INFO] [stdout]   11:     0x5b45ae8e3c99 - test::test_main::{{closure}}::he977ae839a582784
[INFO] [stdout]                                at /rustc/90b35a6239c3d8bdabc530a6a0816f7ff89a0aaf/library/test/src/lib.rs:133:21
[INFO] [stdout]   12:     0x5b45aeae3c78 - <alloc::boxed::Box<F,A> as core::ops::function::Fn<Args>>::call::h9455091b6b06f9fb
[INFO] [stdout]                                at /rustc/90b35a6239c3d8bdabc530a6a0816f7ff89a0aaf/library/alloc/src/boxed.rs:2468:9
[INFO] [stdout]   13:     0x5b45aeae3c78 - std::panicking::rust_panic_with_hook::h8942133a8b252070
[INFO] [stdout]                                at /rustc/90b35a6239c3d8bdabc530a6a0816f7ff89a0aaf/library/std/src/panicking.rs:809:13
[INFO] [stdout]   14:     0x5b45aeae3a3a - std::panicking::begin_panic_handler::{{closure}}::hb5f5963570096b29
[INFO] [stdout]                                at /rustc/90b35a6239c3d8bdabc530a6a0816f7ff89a0aaf/library/std/src/panicking.rs:674:13
[INFO] [stdout]   15:     0x5b45aeae2659 - std::sys::backtrace::__rust_end_short_backtrace::h6208cedc1922feda
[INFO] [stdout]                                at /rustc/90b35a6239c3d8bdabc530a6a0816f7ff89a0aaf/library/std/src/sys/backtrace.rs:170:18
[INFO] [stdout]   16:     0x5b45aeae36cc - rust_begin_unwind
[INFO] [stdout]                                at /rustc/90b35a6239c3d8bdabc530a6a0816f7ff89a0aaf/library/std/src/panicking.rs:665:5
[INFO] [stdout]   17:     0x5b45ae7961e0 - core::panicking::panic_fmt::h0c3082644d1bf418
[INFO] [stdout]                                at /rustc/90b35a6239c3d8bdabc530a6a0816f7ff89a0aaf/library/core/src/panicking.rs:74:14
[INFO] [stdout]   18:     0x5b45ae796666 - core::result::unwrap_failed::hd20b4aa073bda1e2
[INFO] [stdout]                                at /rustc/90b35a6239c3d8bdabc530a6a0816f7ff89a0aaf/library/core/src/result.rs:1700:5
[INFO] [stdout]   19:     0x5b45ae7ee990 - core::result::Result<T,E>::expect::h83fcaea0d36c839f
[INFO] [stdout]                                at /rustc/90b35a6239c3d8bdabc530a6a0816f7ff89a0aaf/library/core/src/result.rs:1061:23
[INFO] [stdout]   20:     0x5b45ae7ec462 - tiny_lang::codegen::llvm::tests::test_inkwell_codegen::hdb4c5624c7722094
[INFO] [stdout]                                at /opt/rustwide/workdir/src/codegen/llvm.rs:1194:9
[INFO] [stdout]   21:     0x5b45ae7ebbf7 - tiny_lang::codegen::llvm::tests::test_inkwell_codegen::{{closure}}::h3a91d8cd8fb60b83
[INFO] [stdout]                                at /opt/rustwide/workdir/src/codegen/llvm.rs:1129:30
[INFO] [stdout]   22:     0x5b45ae7d56b6 - core::ops::function::FnOnce::call_once::ha5c73bb8158ebf88
[INFO] [stdout]                                at /rustc/90b35a6239c3d8bdabc530a6a0816f7ff89a0aaf/library/core/src/ops/function.rs:250:5
[INFO] [stdout]   23:     0x5b45ae8e865b - core::ops::function::FnOnce::call_once::h109cf8051a59b34e
[INFO] [stdout]                                at /rustc/90b35a6239c3d8bdabc530a6a0816f7ff89a0aaf/library/core/src/ops/function.rs:250:5
[INFO] [stdout]   24:     0x5b45ae8e865b - test::__rust_begin_short_backtrace::hf4fff89d377446ba
[INFO] [stdout]                                at /rustc/90b35a6239c3d8bdabc530a6a0816f7ff89a0aaf/library/test/src/lib.rs:621:18
[INFO] [stdout]   25:     0x5b45ae8e7e97 - test::run_test_in_process::{{closure}}::h0e39181dd7ee5a43
[INFO] [stdout]                                at /rustc/90b35a6239c3d8bdabc530a6a0816f7ff89a0aaf/library/test/src/lib.rs:644:60
[INFO] [stdout]   26:     0x5b45ae8e7e97 - <core::panic::unwind_safe::AssertUnwindSafe<F> as core::ops::function::FnOnce<()>>::call_once::hc5a66a30f0bdfd1f
[INFO] [stdout]                                at /rustc/90b35a6239c3d8bdabc530a6a0816f7ff89a0aaf/library/core/src/panic/unwind_safe.rs:272:9
[INFO] [stdout]   27:     0x5b45ae8e7e97 - std::panicking::try::do_call::h873b7cf639554a5e
[INFO] [stdout]                                at /rustc/90b35a6239c3d8bdabc530a6a0816f7ff89a0aaf/library/std/src/panicking.rs:557:40
[INFO] [stdout]   28:     0x5b45ae8e7e97 - std::panicking::try::hdb19862fad9c8bd1
[INFO] [stdout]                                at /rustc/90b35a6239c3d8bdabc530a6a0816f7ff89a0aaf/library/std/src/panicking.rs:520:19
[INFO] [stdout]   29:     0x5b45ae8e7e97 - std::panic::catch_unwind::h281fe732d236d260
[INFO] [stdout]                                at /rustc/90b35a6239c3d8bdabc530a6a0816f7ff89a0aaf/library/std/src/panic.rs:358:14
[INFO] [stdout]   30:     0x5b45ae8e7e97 - test::run_test_in_process::h949b6df8457ed338
[INFO] [stdout]                                at /rustc/90b35a6239c3d8bdabc530a6a0816f7ff89a0aaf/library/test/src/lib.rs:644:27
[INFO] [stdout]   31:     0x5b45ae8e7e97 - test::run_test::{{closure}}::h52c556a6d4740e10
[INFO] [stdout]                                at /rustc/90b35a6239c3d8bdabc530a6a0816f7ff89a0aaf/library/test/src/lib.rs:565:43
[INFO] [stdout]   32:     0x5b45ae8ad174 - test::run_test::{{closure}}::h4237f6381c45ccb9
[INFO] [stdout]                                at /rustc/90b35a6239c3d8bdabc530a6a0816f7ff89a0aaf/library/test/src/lib.rs:595:41
[INFO] [stdout]   33:     0x5b45ae8ad174 - std::sys::backtrace::__rust_begin_short_backtrace::h505c97a579eca628
[INFO] [stdout]                                at /rustc/90b35a6239c3d8bdabc530a6a0816f7ff89a0aaf/library/std/src/sys/backtrace.rs:154:18
[INFO] [stdout]   34:     0x5b45ae8b083e - std::thread::Builder::spawn_unchecked_::{{closure}}::{{closure}}::h9e86b2e2bc107ea3
[INFO] [stdout]                                at /rustc/90b35a6239c3d8bdabc530a6a0816f7ff89a0aaf/library/std/src/thread/mod.rs:538:17
[INFO] [stdout]   35:     0x5b45ae8b083e - <core::panic::unwind_safe::AssertUnwindSafe<F> as core::ops::function::FnOnce<()>>::call_once::h8b06ddb275ff4a25
[INFO] [stdout]                                at /rustc/90b35a6239c3d8bdabc530a6a0816f7ff89a0aaf/library/core/src/panic/unwind_safe.rs:272:9
[INFO] [stdout]   36:     0x5b45ae8b083e - std::panicking::try::do_call::hb26ecd7cd9a9355d
[INFO] [stdout]                                at /rustc/90b35a6239c3d8bdabc530a6a0816f7ff89a0aaf/library/std/src/panicking.rs:557:40
[INFO] [stdout]   37:     0x5b45ae8b083e - std::panicking::try::h8ddeca9d705f9069
[INFO] [stdout]                                at /rustc/90b35a6239c3d8bdabc530a6a0816f7ff89a0aaf/library/std/src/panicking.rs:520:19
[INFO] [stdout]   38:     0x5b45ae8b083e - std::panic::catch_unwind::h49e1c33078844c46
[INFO] [stdout]                                at /rustc/90b35a6239c3d8bdabc530a6a0816f7ff89a0aaf/library/std/src/panic.rs:358:14
[INFO] [stdout]   39:     0x5b45ae8b083e - std::thread::Builder::spawn_unchecked_::{{closure}}::h6073db6ff56ad35d
[INFO] [stdout]                                at /rustc/90b35a6239c3d8bdabc530a6a0816f7ff89a0aaf/library/std/src/thread/mod.rs:537:30
[INFO] [stdout]   40:     0x5b45ae8b083e - core::ops::function::FnOnce::call_once{{vtable.shim}}::h2c5a5f3779c774f1
[INFO] [stdout]                                at /rustc/90b35a6239c3d8bdabc530a6a0816f7ff89a0aaf/library/core/src/ops/function.rs:250:5
[INFO] [stdout]   41:     0x5b45aeae7cfb - <alloc::boxed::Box<F,A> as core::ops::function::FnOnce<Args>>::call_once::hf75717d9f28faebf
[INFO] [stdout]                                at /rustc/90b35a6239c3d8bdabc530a6a0816f7ff89a0aaf/library/alloc/src/boxed.rs:2454:9
[INFO] [stdout]   42:     0x5b45aeae7cfb - <alloc::boxed::Box<F,A> as core::ops::function::FnOnce<Args>>::call_once::h7bd883a5f3c5f3c1
[INFO] [stdout]                                at /rustc/90b35a6239c3d8bdabc530a6a0816f7ff89a0aaf/library/alloc/src/boxed.rs:2454:9
[INFO] [stdout]   43:     0x5b45aeae7cfb - std::sys::pal::unix::thread::Thread::new::thread_start::hcc78f3943333fa94
[INFO] [stdout]                                at /rustc/90b35a6239c3d8bdabc530a6a0816f7ff89a0aaf/library/std/src/sys/pal/unix/thread.rs:105:17
[INFO] [stdout]   44:     0x74dcc8c6dac3 - <unknown>
[INFO] [stdout]   45:     0x74dcc8cfea04 - clone
[INFO] [stdout]   46:                0x0 - <unknown>
[INFO] [stdout] 
[INFO] [stdout] ---- tests::test_parser::test_struct_parsing stdout ----
[INFO] [stdout] thread 'tests::test_parser::test_struct_parsing' panicked at /opt/rustwide/cargo-home/registry/src/index.crates.io-6f17d22bba15001f/env_logger-0.10.0/src/lib.rs:1154:16:
[INFO] [stdout] env_logger::init should not be called after logger initialized: SetLoggerError(())
[INFO] [stdout] stack backtrace:
[INFO] [stdout]    0:     0x5b45aeae217a - std::backtrace_rs::backtrace::libunwind::trace::h5a5b8284f2d0c266
[INFO] [stdout]                                at /rustc/90b35a6239c3d8bdabc530a6a0816f7ff89a0aaf/library/std/src/../../backtrace/src/backtrace/libunwind.rs:116:5
[INFO] [stdout]    1:     0x5b45aeae217a - std::backtrace_rs::backtrace::trace_unsynchronized::h76d4f1c9b0b875e3
[INFO] [stdout]                                at /rustc/90b35a6239c3d8bdabc530a6a0816f7ff89a0aaf/library/std/src/../../backtrace/src/backtrace/mod.rs:66:5
[INFO] [stdout]    2:     0x5b45aeae217a - std::sys::backtrace::_print_fmt::hc4546b8364a537c6
[INFO] [stdout]                                at /rustc/90b35a6239c3d8bdabc530a6a0816f7ff89a0aaf/library/std/src/sys/backtrace.rs:66:9
[INFO] [stdout]    3:     0x5b45aeae217a - <std::sys::backtrace::BacktraceLock::print::DisplayBacktrace as core::fmt::Display>::fmt::h5b6bd5631a6d1f6b
[INFO] [stdout]                                at /rustc/90b35a6239c3d8bdabc530a6a0816f7ff89a0aaf/library/std/src/sys/backtrace.rs:39:26
[INFO] [stdout]    4:     0x5b45aeb0a793 - core::fmt::rt::Argument::fmt::h270f6602a2b96f62
[INFO] [stdout]                                at /rustc/90b35a6239c3d8bdabc530a6a0816f7ff89a0aaf/library/core/src/fmt/rt.rs:177:76
[INFO] [stdout]    5:     0x5b45aeb0a793 - core::fmt::write::h7550c97b06c86515
[INFO] [stdout]                                at /rustc/90b35a6239c3d8bdabc530a6a0816f7ff89a0aaf/library/core/src/fmt/mod.rs:1186:21
[INFO] [stdout]    6:     0x5b45aeadebc3 - std::io::Write::write_fmt::h509ff860e5956e5e
[INFO] [stdout]                                at /rustc/90b35a6239c3d8bdabc530a6a0816f7ff89a0aaf/library/std/src/io/mod.rs:1839:15
[INFO] [stdout]    7:     0x5b45aeae1fc2 - std::sys::backtrace::BacktraceLock::print::h2395ccd2c84ba3aa
[INFO] [stdout]                                at /rustc/90b35a6239c3d8bdabc530a6a0816f7ff89a0aaf/library/std/src/sys/backtrace.rs:42:9
[INFO] [stdout]    8:     0x5b45aeae35da - std::panicking::default_hook::{{closure}}::he19d4c7230e07961
[INFO] [stdout]                                at /rustc/90b35a6239c3d8bdabc530a6a0816f7ff89a0aaf/library/std/src/panicking.rs:268:22
[INFO] [stdout]    9:     0x5b45aeae33e4 - std::panicking::default_hook::hf614597d3c67bbdb
[INFO] [stdout]                                at /rustc/90b35a6239c3d8bdabc530a6a0816f7ff89a0aaf/library/std/src/panicking.rs:292:9
[INFO] [stdout]   10:     0x5b45ae8e3c99 - <alloc::boxed::Box<F,A> as core::ops::function::Fn<Args>>::call::h39b51ce4599c23d1
[INFO] [stdout]                                at /rustc/90b35a6239c3d8bdabc530a6a0816f7ff89a0aaf/library/alloc/src/boxed.rs:2468:9
[INFO] [stdout]   11:     0x5b45ae8e3c99 - test::test_main::{{closure}}::he977ae839a582784
[INFO] [stdout]                                at /rustc/90b35a6239c3d8bdabc530a6a0816f7ff89a0aaf/library/test/src/lib.rs:133:21
[INFO] [stdout]   12:     0x5b45aeae3c78 - <alloc::boxed::Box<F,A> as core::ops::function::Fn<Args>>::call::h9455091b6b06f9fb
[INFO] [stdout]                                at /rustc/90b35a6239c3d8bdabc530a6a0816f7ff89a0aaf/library/alloc/src/boxed.rs:2468:9
[INFO] [stdout]   13:     0x5b45aeae3c78 - std::panicking::rust_panic_with_hook::h8942133a8b252070
[INFO] [stdout]                                at /rustc/90b35a6239c3d8bdabc530a6a0816f7ff89a0aaf/library/std/src/panicking.rs:809:13
[INFO] [stdout]   14:     0x5b45aeae3a3a - std::panicking::begin_panic_handler::{{closure}}::hb5f5963570096b29
[INFO] [stdout]                                at /rustc/90b35a6239c3d8bdabc530a6a0816f7ff89a0aaf/library/std/src/panicking.rs:674:13
[INFO] [stdout]   15:     0x5b45aeae2659 - std::sys::backtrace::__rust_end_short_backtrace::h6208cedc1922feda
[INFO] [stdout]                                at /rustc/90b35a6239c3d8bdabc530a6a0816f7ff89a0aaf/library/std/src/sys/backtrace.rs:170:18
[INFO] [stdout]   16:     0x5b45aeae36cc - rust_begin_unwind
[INFO] [stdout]                                at /rustc/90b35a6239c3d8bdabc530a6a0816f7ff89a0aaf/library/std/src/panicking.rs:665:5
[INFO] [stdout]   17:     0x5b45ae7961e0 - core::panicking::panic_fmt::h0c3082644d1bf418
[INFO] [stdout]                                at /rustc/90b35a6239c3d8bdabc530a6a0816f7ff89a0aaf/library/core/src/panicking.rs:74:14
[INFO] [stdout]   18:     0x5b45ae796666 - core::result::unwrap_failed::hd20b4aa073bda1e2
[INFO] [stdout]                                at /rustc/90b35a6239c3d8bdabc530a6a0816f7ff89a0aaf/library/core/src/result.rs:1700:5
[INFO] [stdout]   19:     0x5b45ae90bede - core::result::Result<T,E>::expect::hb7b59e8a700bc3dd
[INFO] [stdout]                                at /rustc/90b35a6239c3d8bdabc530a6a0816f7ff89a0aaf/library/core/src/result.rs:1061:23
[INFO] [stdout]   20:     0x5b45ae8f1ff9 - env_logger::init::ha8930fd7a680e6da
[INFO] [stdout]                                at /opt/rustwide/cargo-home/registry/src/index.crates.io-6f17d22bba15001f/env_logger-0.10.0/src/lib.rs:1154:5
[INFO] [stdout]   21:     0x5b45ae7fd1fb - tiny_lang::tests::test_parser::test_struct_parsing::h15a3c92990293732
[INFO] [stdout]                                at /opt/rustwide/workdir/src/tests/test_parser.rs:77:5
[INFO] [stdout]   22:     0x5b45ae7fd1a7 - tiny_lang::tests::test_parser::test_struct_parsing::{{closure}}::h13b1a9f54428d2de
[INFO] [stdout]                                at /opt/rustwide/workdir/src/tests/test_parser.rs:76:25
[INFO] [stdout]   23:     0x5b45ae7d4ee6 - core::ops::function::FnOnce::call_once::h26eff5b0fad0a756
[INFO] [stdout]                                at /rustc/90b35a6239c3d8bdabc530a6a0816f7ff89a0aaf/library/core/src/ops/function.rs:250:5
[INFO] [stdout]   24:     0x5b45ae8e865b - core::ops::function::FnOnce::call_once::h109cf8051a59b34e
[INFO] [stdout]                                at /rustc/90b35a6239c3d8bdabc530a6a0816f7ff89a0aaf/library/core/src/ops/function.rs:250:5
[INFO] [stdout]   25:     0x5b45ae8e865b - test::__rust_begin_short_backtrace::hf4fff89d377446ba
[INFO] [stdout]                                at /rustc/90b35a6239c3d8bdabc530a6a0816f7ff89a0aaf/library/test/src/lib.rs:621:18
[INFO] [stdout]   26:     0x5b45ae8e7e97 - test::run_test_in_process::{{closure}}::h0e39181dd7ee5a43
[INFO] [stdout]                                at /rustc/90b35a6239c3d8bdabc530a6a0816f7ff89a0aaf/library/test/src/lib.rs:644:60
[INFO] [stdout]   27:     0x5b45ae8e7e97 - <core::panic::unwind_safe::AssertUnwindSafe<F> as core::ops::function::FnOnce<()>>::call_once::hc5a66a30f0bdfd1f
[INFO] [stdout]                                at /rustc/90b35a6239c3d8bdabc530a6a0816f7ff89a0aaf/library/core/src/panic/unwind_safe.rs:272:9
[INFO] [stdout]   28:     0x5b45ae8e7e97 - std::panicking::try::do_call::h873b7cf639554a5e
[INFO] [stdout]                                at /rustc/90b35a6239c3d8bdabc530a6a0816f7ff89a0aaf/library/std/src/panicking.rs:557:40
[INFO] [stdout]   29:     0x5b45ae8e7e97 - std::panicking::try::hdb19862fad9c8bd1
[INFO] [stdout]                                at /rustc/90b35a6239c3d8bdabc530a6a0816f7ff89a0aaf/library/std/src/panicking.rs:520:19
[INFO] [stdout]   30:     0x5b45ae8e7e97 - std::panic::catch_unwind::h281fe732d236d260
[INFO] [stdout]                                at /rustc/90b35a6239c3d8bdabc530a6a0816f7ff89a0aaf/library/std/src/panic.rs:358:14
[INFO] [stdout]   31:     0x5b45ae8e7e97 - test::run_test_in_process::h949b6df8457ed338
[INFO] [stdout]                                at /rustc/90b35a6239c3d8bdabc530a6a0816f7ff89a0aaf/library/test/src/lib.rs:644:27
[INFO] [stdout]   32:     0x5b45ae8e7e97 - test::run_test::{{closure}}::h52c556a6d4740e10
[INFO] [stdout]                                at /rustc/90b35a6239c3d8bdabc530a6a0816f7ff89a0aaf/library/test/src/lib.rs:565:43
[INFO] [stdout]   33:     0x5b45ae8ad174 - test::run_test::{{closure}}::h4237f6381c45ccb9
[INFO] [stdout]                                at /rustc/90b35a6239c3d8bdabc530a6a0816f7ff89a0aaf/library/test/src/lib.rs:595:41
[INFO] [stdout]   34:     0x5b45ae8ad174 - std::sys::backtrace::__rust_begin_short_backtrace::h505c97a579eca628
[INFO] [stdout]                                at /rustc/90b35a6239c3d8bdabc530a6a0816f7ff89a0aaf/library/std/src/sys/backtrace.rs:154:18
[INFO] [stdout]   35:     0x5b45ae8b083e - std::thread::Builder::spawn_unchecked_::{{closure}}::{{closure}}::h9e86b2e2bc107ea3
[INFO] [stdout]                                at /rustc/90b35a6239c3d8bdabc530a6a0816f7ff89a0aaf/library/std/src/thread/mod.rs:538:17
[INFO] [stdout]   36:     0x5b45ae8b083e - <core::panic::unwind_safe::AssertUnwindSafe<F> as core::ops::function::FnOnce<()>>::call_once::h8b06ddb275ff4a25
[INFO] [stdout]                                at /rustc/90b35a6239c3d8bdabc530a6a0816f7ff89a0aaf/library/core/src/panic/unwind_safe.rs:272:9
[INFO] [stdout]   37:     0x5b45ae8b083e - std::panicking::try::do_call::hb26ecd7cd9a9355d
[INFO] [stdout]                                at /rustc/90b35a6239c3d8bdabc530a6a0816f7ff89a0aaf/library/std/src/panicking.rs:557:40
[INFO] [stdout]   38:     0x5b45ae8b083e - std::panicking::try::h8ddeca9d705f9069
[INFO] [stdout]                                at /rustc/90b35a6239c3d8bdabc530a6a0816f7ff89a0aaf/library/std/src/panicking.rs:520:19
[INFO] [stdout]   39:     0x5b45ae8b083e - std::panic::catch_unwind::h49e1c33078844c46
[INFO] [stdout]                                at /rustc/90b35a6239c3d8bdabc530a6a0816f7ff89a0aaf/library/std/src/panic.rs:358:14
[INFO] [stdout]   40:     0x5b45ae8b083e - std::thread::Builder::spawn_unchecked_::{{closure}}::h6073db6ff56ad35d
[INFO] [stdout]                                at /rustc/90b35a6239c3d8bdabc530a6a0816f7ff89a0aaf/library/std/src/thread/mod.rs:537:30
[INFO] [stdout]   41:     0x5b45ae8b083e - core::ops::function::FnOnce::call_once{{vtable.shim}}::h2c5a5f3779c774f1
[INFO] [stdout]                                at /rustc/90b35a6239c3d8bdabc530a6a0816f7ff89a0aaf/library/core/src/ops/function.rs:250:5
[INFO] [stdout]   42:     0x5b45aeae7cfb - <alloc::boxed::Box<F,A> as core::ops::function::FnOnce<Args>>::call_once::hf75717d9f28faebf
[INFO] [stdout]                                at /rustc/90b35a6239c3d8bdabc530a6a0816f7ff89a0aaf/library/alloc/src/boxed.rs:2454:9
[INFO] [stdout]   43:     0x5b45aeae7cfb - <alloc::boxed::Box<F,A> as core::ops::function::FnOnce<Args>>::call_once::h7bd883a5f3c5f3c1
[INFO] [stdout]                                at /rustc/90b35a6239c3d8bdabc530a6a0816f7ff89a0aaf/library/alloc/src/boxed.rs:2454:9
[INFO] [stdout]   44:     0x5b45aeae7cfb - std::sys::pal::unix::thread::Thread::new::thread_start::hcc78f3943333fa94
[INFO] [stdout]                                at /rustc/90b35a6239c3d8bdabc530a6a0816f7ff89a0aaf/library/std/src/sys/pal/unix/thread.rs:105:17
[INFO] [stdout]   45:     0x74dcc8c6dac3 - <unknown>
[INFO] [stdout]   46:     0x74dcc8cfea04 - clone
[INFO] [stdout]   47:                0x0 - <unknown>
[INFO] [stdout] 
[INFO] [stdout] ---- tests::test_parser::test_struct_instance_parsing stdout ----
[INFO] [stdout] thread 'tests::test_parser::test_struct_instance_parsing' panicked at /opt/rustwide/cargo-home/registry/src/index.crates.io-6f17d22bba15001f/env_logger-0.10.0/src/lib.rs:1154:16:
[INFO] [stdout] env_logger::init should not be called after logger initialized: SetLoggerError(())
[INFO] [stdout] stack backtrace:
[INFO] [stdout]    0:     0x5b45aeae217a - std::backtrace_rs::backtrace::libunwind::trace::h5a5b8284f2d0c266
[INFO] [stdout]                                at /rustc/90b35a6239c3d8bdabc530a6a0816f7ff89a0aaf/library/std/src/../../backtrace/src/backtrace/libunwind.rs:116:5
[INFO] [stdout]    1:     0x5b45aeae217a - std::backtrace_rs::backtrace::trace_unsynchronized::h76d4f1c9b0b875e3
[INFO] [stdout]                                at /rustc/90b35a6239c3d8bdabc530a6a0816f7ff89a0aaf/library/std/src/../../backtrace/src/backtrace/mod.rs:66:5
[INFO] [stdout]    2:     0x5b45aeae217a - std::sys::backtrace::_print_fmt::hc4546b8364a537c6
[INFO] [stdout]                                at /rustc/90b35a6239c3d8bdabc530a6a0816f7ff89a0aaf/library/std/src/sys/backtrace.rs:66:9
[INFO] [stdout]    3:     0x5b45aeae217a - <std::sys::backtrace::BacktraceLock::print::DisplayBacktrace as core::fmt::Display>::fmt::h5b6bd5631a6d1f6b
[INFO] [stdout]                                at /rustc/90b35a6239c3d8bdabc530a6a0816f7ff89a0aaf/library/std/src/sys/backtrace.rs:39:26
[INFO] [stdout]    4:     0x5b45aeb0a793 - core::fmt::rt::Argument::fmt::h270f6602a2b96f62
[INFO] [stdout]                                at /rustc/90b35a6239c3d8bdabc530a6a0816f7ff89a0aaf/library/core/src/fmt/rt.rs:177:76
[INFO] [stdout]    5:     0x5b45aeb0a793 - core::fmt::write::h7550c97b06c86515
[INFO] [stdout]                                at /rustc/90b35a6239c3d8bdabc530a6a0816f7ff89a0aaf/library/core/src/fmt/mod.rs:1186:21
[INFO] [stdout]    6:     0x5b45aeadebc3 - std::io::Write::write_fmt::h509ff860e5956e5e
[INFO] [stdout]                                at /rustc/90b35a6239c3d8bdabc530a6a0816f7ff89a0aaf/library/std/src/io/mod.rs:1839:15
[INFO] [stdout]    7:     0x5b45aeae1fc2 - std::sys::backtrace::BacktraceLock::print::h2395ccd2c84ba3aa
[INFO] [stdout]                                at /rustc/90b35a6239c3d8bdabc530a6a0816f7ff89a0aaf/library/std/src/sys/backtrace.rs:42:9
[INFO] [stdout]    8:     0x5b45aeae35da - std::panicking::default_hook::{{closure}}::he19d4c7230e07961
[INFO] [stdout]                                at /rustc/90b35a6239c3d8bdabc530a6a0816f7ff89a0aaf/library/std/src/panicking.rs:268:22
[INFO] [stdout]    9:     0x5b45aeae33e4 - std::panicking::default_hook::hf614597d3c67bbdb
[INFO] [stdout]                                at /rustc/90b35a6239c3d8bdabc530a6a0816f7ff89a0aaf/library/std/src/panicking.rs:292:9
[INFO] [stdout]   10:     0x5b45ae8e3c99 - <alloc::boxed::Box<F,A> as core::ops::function::Fn<Args>>::call::h39b51ce4599c23d1
[INFO] [stdout]                                at /rustc/90b35a6239c3d8bdabc530a6a0816f7ff89a0aaf/library/alloc/src/boxed.rs:2468:9
[INFO] [stdout]   11:     0x5b45ae8e3c99 - test::test_main::{{closure}}::he977ae839a582784
[INFO] [stdout]                                at /rustc/90b35a6239c3d8bdabc530a6a0816f7ff89a0aaf/library/test/src/lib.rs:133:21
[INFO] [stdout]   12:     0x5b45aeae3c78 - <alloc::boxed::Box<F,A> as core::ops::function::Fn<Args>>::call::h9455091b6b06f9fb
[INFO] [stdout]                                at /rustc/90b35a6239c3d8bdabc530a6a0816f7ff89a0aaf/library/alloc/src/boxed.rs:2468:9
[INFO] [stdout]   13:     0x5b45aeae3c78 - std::panicking::rust_panic_with_hook::h8942133a8b252070
[INFO] [stdout]                                at /rustc/90b35a6239c3d8bdabc530a6a0816f7ff89a0aaf/library/std/src/panicking.rs:809:13
[INFO] [stdout]   14:     0x5b45aeae3a3a - std::panicking::begin_panic_handler::{{closure}}::hb5f5963570096b29
[INFO] [stdout]                                at /rustc/90b35a6239c3d8bdabc530a6a0816f7ff89a0aaf/library/std/src/panicking.rs:674:13
[INFO] [stdout]   15:     0x5b45aeae2659 - std::sys::backtrace::__rust_end_short_backtrace::h6208cedc1922feda
[INFO] [stdout]                                at /rustc/90b35a6239c3d8bdabc530a6a0816f7ff89a0aaf/library/std/src/sys/backtrace.rs:170:18
[INFO] [stdout]   16:     0x5b45aeae36cc - rust_begin_unwind
[INFO] [stdout]                                at /rustc/90b35a6239c3d8bdabc530a6a0816f7ff89a0aaf/library/std/src/panicking.rs:665:5
[INFO] [stdout]   17:     0x5b45ae7961e0 - core::panicking::panic_fmt::h0c3082644d1bf418
[INFO] [stdout]                                at /rustc/90b35a6239c3d8bdabc530a6a0816f7ff89a0aaf/library/core/src/panicking.rs:74:14
[INFO] [stdout]   18:     0x5b45ae796666 - core::result::unwrap_failed::hd20b4aa073bda1e2
[INFO] [stdout]                                at /rustc/90b35a6239c3d8bdabc530a6a0816f7ff89a0aaf/library/core/src/result.rs:1700:5
[INFO] [stdout]   19:     0x5b45ae90bede - core::result::Result<T,E>::expect::hb7b59e8a700bc3dd
[INFO] [stdout]                                at /rustc/90b35a6239c3d8bdabc530a6a0816f7ff89a0aaf/library/core/src/result.rs:1061:23
[INFO] [stdout]   20:     0x5b45ae8f1ff9 - env_logger::init::ha8930fd7a680e6da
[INFO] [stdout]                                at /opt/rustwide/cargo-home/registry/src/index.crates.io-6f17d22bba15001f/env_logger-0.10.0/src/lib.rs:1154:5
[INFO] [stdout]   21:     0x5b45ae7fd97b - tiny_lang::tests::test_parser::test_struct_instance_parsing::h4169bd0d82262d7e
[INFO] [stdout]                                at /opt/rustwide/workdir/src/tests/test_parser.rs:90:5
[INFO] [stdout]   22:     0x5b45ae7fd927 - tiny_lang::tests::test_parser::test_struct_instance_parsing::{{closure}}::h9b478218c3dab58e
[INFO] [stdout]                                at /opt/rustwide/workdir/src/tests/test_parser.rs:89:34
[INFO] [stdout]   23:     0x5b45ae7d4f26 - core::ops::function::FnOnce::call_once::h35e13268929c78d6
[INFO] [stdout]                                at /rustc/90b35a6239c3d8bdabc530a6a0816f7ff89a0aaf/library/core/src/ops/function.rs:250:5
[INFO] [stdout]   24:     0x5b45ae8e865b - core::ops::function::FnOnce::call_once::h109cf8051a59b34e
[INFO] [stdout]                                at /rustc/90b35a6239c3d8bdabc530a6a0816f7ff89a0aaf/library/core/src/ops/function.rs:250:5
[INFO] [stdout]   25:     0x5b45ae8e865b - test::__rust_begin_short_backtrace::hf4fff89d377446ba
[INFO] [stdout]                                at /rustc/90b35a6239c3d8bdabc530a6a0816f7ff89a0aaf/library/test/src/lib.rs:621:18
[INFO] [stdout]   26:     0x5b45ae8e7e97 - test::run_test_in_process::{{closure}}::h0e39181dd7ee5a43
[INFO] [stdout]                                at /rustc/90b35a6239c3d8bdabc530a6a0816f7ff89a0aaf/library/test/src/lib.rs:644:60
[INFO] [stdout]   27:     0x5b45ae8e7e97 - <core::panic::unwind_safe::AssertUnwindSafe<F> as core::ops::function::FnOnce<()>>::call_once::hc5a66a30f0bdfd1f
[INFO] [stdout]                                at /rustc/90b35a6239c3d8bdabc530a6a0816f7ff89a0aaf/library/core/src/panic/unwind_safe.rs:272:9
[INFO] [stdout]   28:     0x5b45ae8e7e97 - std::panicking::try::do_call::h873b7cf639554a5e
[INFO] [stdout]                                at /rustc/90b35a6239c3d8bdabc530a6a0816f7ff89a0aaf/library/std/src/panicking.rs:557:40
[INFO] [stdout]   29:     0x5b45ae8e7e97 - std::panicking::try::hdb19862fad9c8bd1
[INFO] [stdout]                                at /rustc/90b35a6239c3d8bdabc530a6a0816f7ff89a0aaf/library/std/src/panicking.rs:520:19
[INFO] [stdout]   30:     0x5b45ae8e7e97 - std::panic::catch_unwind::h281fe732d236d260
[INFO] [stdout]                                at /rustc/90b35a6239c3d8bdabc530a6a0816f7ff89a0aaf/library/std/src/panic.rs:358:14
[INFO] [stdout]   31:     0x5b45ae8e7e97 - test::run_test_in_process::h949b6df8457ed338
[INFO] [stdout]                                at /rustc/90b35a6239c3d8bdabc530a6a0816f7ff89a0aaf/library/test/src/lib.rs:644:27
[INFO] [stdout]   32:     0x5b45ae8e7e97 - test::run_test::{{closure}}::h52c556a6d4740e10
[INFO] [stdout]                                at /rustc/90b35a6239c3d8bdabc530a6a0816f7ff89a0aaf/library/test/src/lib.rs:565:43
[INFO] [stdout]   33:     0x5b45ae8ad174 - test::run_test::{{closure}}::h4237f6381c45ccb9
[INFO] [stdout]                                at /rustc/90b35a6239c3d8bdabc530a6a0816f7ff89a0aaf/library/test/src/lib.rs:595:41
[INFO] [stdout]   34:     0x5b45ae8ad174 - std::sys::backtrace::__rust_begin_short_backtrace::h505c97a579eca628
[INFO] [stdout]                                at /rustc/90b35a6239c3d8bdabc530a6a0816f7ff89a0aaf/library/std/src/sys/backtrace.rs:154:18
[INFO] [stdout]   35:     0x5b45ae8b083e - std::thread::Builder::spawn_unchecked_::{{closure}}::{{closure}}::h9e86b2e2bc107ea3
[INFO] [stdout]                                at /rustc/90b35a6239c3d8bdabc530a6a0816f7ff89a0aaf/library/std/src/thread/mod.rs:538:17
[INFO] [stdout]   36:     0x5b45ae8b083e - <core::panic::unwind_safe::AssertUnwindSafe<F> as core::ops::function::FnOnce<()>>::call_once::h8b06ddb275ff4a25
[INFO] [stdout]                                at /rustc/90b35a6239c3d8bdabc530a6a0816f7ff89a0aaf/library/core/src/panic/unwind_safe.rs:272:9
[INFO] [stdout]   37:     0x5b45ae8b083e - std::panicking::try::do_call::hb26ecd7cd9a9355d
[INFO] [stdout]                                at /rustc/90b35a6239c3d8bdabc530a6a0816f7ff89a0aaf/library/std/src/panicking.rs:557:40
[INFO] [stdout]   38:     0x5b45ae8b083e - std::panicking::try::h8ddeca9d705f9069
[INFO] [stdout]                                at /rustc/90b35a6239c3d8bdabc530a6a0816f7ff89a0aaf/library/std/src/panicking.rs:520:19
[INFO] [stdout]   39:     0x5b45ae8b083e - std::panic::catch_unwind::h49e1c33078844c46
[INFO] [stdout]                                at /rustc/90b35a6239c3d8bdabc530a6a0816f7ff89a0aaf/library/std/src/panic.rs:358:14
[INFO] [stdout]   40:     0x5b45ae8b083e - std::thread::Builder::spawn_unchecked_::{{closure}}::h6073db6ff56ad35d
[INFO] [stdout]                                at /rustc/90b35a6239c3d8bdabc530a6a0816f7ff89a0aaf/library/std/src/thread/mod.rs:537:30
[INFO] [stdout]   41:     0x5b45ae8b083e - core::ops::function::FnOnce::call_once{{vtable.shim}}::h2c5a5f3779c774f1
[INFO] [stderr] error: test failed, to rerun pass `--lib`
[INFO] [stdout]                                at /rustc/90b35a6239c3d8bdabc530a6a0816f7ff89a0aaf/library/core/src/ops/function.rs:250:5
[INFO] [stdout]   42:     0x5b45aeae7cfb - <alloc::boxed::Box<F,A> as core::ops::function::FnOnce<Args>>::call_once::hf75717d9f28faebf
[INFO] [stdout]                                at /rustc/90b35a6239c3d8bdabc530a6a0816f7ff89a0aaf/library/alloc/src/boxed.rs:2454:9
[INFO] [stdout]   43:     0x5b45aeae7cfb - <alloc::boxed::Box<F,A> as core::ops::function::FnOnce<Args>>::call_once::h7bd883a5f3c5f3c1
[INFO] [stdout]                                at /rustc/90b35a6239c3d8bdabc530a6a0816f7ff89a0aaf/library/alloc/src/boxed.rs:2454:9
[INFO] [stdout]   44:     0x5b45aeae7cfb - std::sys::pal::unix::thread::Thread::new::thread_start::hcc78f3943333fa94
[INFO] [stdout]                                at /rustc/90b35a6239c3d8bdabc530a6a0816f7ff89a0aaf/library/std/src/sys/pal/unix/thread.rs:105:17
[INFO] [stdout]   45:     0x74dcc8c6dac3 - <unknown>
[INFO] [stdout]   46:     0x74dcc8cfea04 - clone
[INFO] [stdout]   47:                0x0 - <unknown>
[INFO] [stdout] 
[INFO] [stdout] ---- tests::test_parser::test_string_parsing stdout ----
[INFO] [stdout] ━━━━━━━━━━━━━━━━━━━━━━━━━━━━━━━ Snapshot Summary ━━━━━━━━━━━━━━━━━━━━━━━━━━━━━━━
[INFO] [stdout] Snapshot file: src/tests/snapshots/tiny_lang__tests__test_parser__string_parsing.snap
[INFO] [stdout] Snapshot: string_parsing
[INFO] [stdout] Source: src/tests/test_parser.rs:17
[INFO] [stdout] ────────────────────────────────────────────────────────────────────────────────
[INFO] [stdout] Expression: Parser::new("", code).parse()
[INFO] [stdout] ────────────────────────────────────────────────────────────────────────────────
[INFO] [stdout] +new results
[INFO] [stdout] ────────────┬───────────────────────────────────────────────────────────────────
[INFO] [stdout]           0 │+Ok(
[INFO] [stdout]           1 │+    [
[INFO] [stdout]           2 │+        Let(
[INFO] [stdout]           3 │+            Ident(
[INFO] [stdout]           4 │+                "something",
[INFO] [stdout]           5 │+            ),
[INFO] [stdout]           6 │+            None,
[INFO] [stdout]           7 │+            Literal(
[INFO] [stdout]           8 │+                String(
[INFO] [stdout]           9 │+                    "vivek",
[INFO] [stdout]          10 │+                ),
[INFO] [stdout]          11 │+            ),
[INFO] [stdout]          12 │+        ),
[INFO] [stdout]          13 │+    ],
[INFO] [stdout]          14 │+)
[INFO] [stdout] ────────────┴───────────────────────────────────────────────────────────────────
[INFO] [stdout] thread 'tests::test_parser::test_string_parsing' panicked at src/tests/test_parser.rs:17:5:
[INFO] [stdout] called `Result::unwrap()` on an `Err` value: Os { code: 30, kind: ReadOnlyFilesystem, message: "Read-only file system" }
[INFO] [stdout] stack backtrace:
[INFO] [stdout]    0:     0x5b45aeae217a - std::backtrace_rs::backtrace::libunwind::trace::h5a5b8284f2d0c266
[INFO] [stdout]                                at /rustc/90b35a6239c3d8bdabc530a6a0816f7ff89a0aaf/library/std/src/../../backtrace/src/backtrace/libunwind.rs:116:5
[INFO] [stdout]    1:     0x5b45aeae217a - std::backtrace_rs::backtrace::trace_unsynchronized::h76d4f1c9b0b875e3
[INFO] [stdout]                                at /rustc/90b35a6239c3d8bdabc530a6a0816f7ff89a0aaf/library/std/src/../../backtrace/src/backtrace/mod.rs:66:5
[INFO] [stdout]    2:     0x5b45aeae217a - std::sys::backtrace::_print_fmt::hc4546b8364a537c6
[INFO] [stdout]                                at /rustc/90b35a6239c3d8bdabc530a6a0816f7ff89a0aaf/library/std/src/sys/backtrace.rs:66:9
[INFO] [stdout]    3:     0x5b45aeae217a - <std::sys::backtrace::BacktraceLock::print::DisplayBacktrace as core::fmt::Display>::fmt::h5b6bd5631a6d1f6b
[INFO] [stdout]                                at /rustc/90b35a6239c3d8bdabc530a6a0816f7ff89a0aaf/library/std/src/sys/backtrace.rs:39:26
[INFO] [stdout]    4:     0x5b45aeb0a793 - core::fmt::rt::Argument::fmt::h270f6602a2b96f62
[INFO] [stdout]                                at /rustc/90b35a6239c3d8bdabc530a6a0816f7ff89a0aaf/library/core/src/fmt/rt.rs:177:76
[INFO] [stdout]    5:     0x5b45aeb0a793 - core::fmt::write::h7550c97b06c86515
[INFO] [stdout]                                at /rustc/90b35a6239c3d8bdabc530a6a0816f7ff89a0aaf/library/core/src/fmt/mod.rs:1186:21
[INFO] [stdout]    6:     0x5b45aeadebc3 - std::io::Write::write_fmt::h509ff860e5956e5e
[INFO] [stdout]                                at /rustc/90b35a6239c3d8bdabc530a6a0816f7ff89a0aaf/library/std/src/io/mod.rs:1839:15
[INFO] [stdout]    7:     0x5b45aeae1fc2 - std::sys::backtrace::BacktraceLock::print::h2395ccd2c84ba3aa
[INFO] [stdout]                                at /rustc/90b35a6239c3d8bdabc530a6a0816f7ff89a0aaf/library/std/src/sys/backtrace.rs:42:9
[INFO] [stdout]    8:     0x5b45aeae35da - std::panicking::default_hook::{{closure}}::he19d4c7230e07961
[INFO] [stdout]                                at /rustc/90b35a6239c3d8bdabc530a6a0816f7ff89a0aaf/library/std/src/panicking.rs:268:22
[INFO] [stdout]    9:     0x5b45aeae33e4 - std::panicking::default_hook::hf614597d3c67bbdb
[INFO] [stdout]                                at /rustc/90b35a6239c3d8bdabc530a6a0816f7ff89a0aaf/library/std/src/panicking.rs:292:9
[INFO] [stdout]   10:     0x5b45ae8e3c99 - <alloc::boxed::Box<F,A> as core::ops::function::Fn<Args>>::call::h39b51ce4599c23d1
[INFO] [stdout]                                at /rustc/90b35a6239c3d8bdabc530a6a0816f7ff89a0aaf/library/alloc/src/boxed.rs:2468:9
[INFO] [stdout]   11:     0x5b45ae8e3c99 - test::test_main::{{closure}}::he977ae839a582784
[INFO] [stdout]                                at /rustc/90b35a6239c3d8bdabc530a6a0816f7ff89a0aaf/library/test/src/lib.rs:133:21
[INFO] [stdout]   12:     0x5b45aeae3c78 - <alloc::boxed::Box<F,A> as core::ops::function::Fn<Args>>::call::h9455091b6b06f9fb
[INFO] [stdout]                                at /rustc/90b35a6239c3d8bdabc530a6a0816f7ff89a0aaf/library/alloc/src/boxed.rs:2468:9
[INFO] [stdout]   13:     0x5b45aeae3c78 - std::panicking::rust_panic_with_hook::h8942133a8b252070
[INFO] [stdout]                                at /rustc/90b35a6239c3d8bdabc530a6a0816f7ff89a0aaf/library/std/src/panicking.rs:809:13
[INFO] [stdout]   14:     0x5b45aeae3a3a - std::panicking::begin_panic_handler::{{closure}}::hb5f5963570096b29
[INFO] [stdout]                                at /rustc/90b35a6239c3d8bdabc530a6a0816f7ff89a0aaf/library/std/src/panicking.rs:674:13
[INFO] [stdout]   15:     0x5b45aeae2659 - std::sys::backtrace::__rust_end_short_backtrace::h6208cedc1922feda
[INFO] [stdout]                                at /rustc/90b35a6239c3d8bdabc530a6a0816f7ff89a0aaf/library/std/src/sys/backtrace.rs:170:18
[INFO] [stdout]   16:     0x5b45aeae36cc - rust_begin_unwind
[INFO] [stdout]                                at /rustc/90b35a6239c3d8bdabc530a6a0816f7ff89a0aaf/library/std/src/panicking.rs:665:5
[INFO] [stdout]   17:     0x5b45ae7961e0 - core::panicking::panic_fmt::h0c3082644d1bf418
[INFO] [stdout]                                at /rustc/90b35a6239c3d8bdabc530a6a0816f7ff89a0aaf/library/core/src/panicking.rs:74:14
[INFO] [stdout]   18:     0x5b45ae796666 - core::result::unwrap_failed::hd20b4aa073bda1e2
[INFO] [stdout]                                at /rustc/90b35a6239c3d8bdabc530a6a0816f7ff89a0aaf/library/core/src/result.rs:1700:5
[INFO] [stdout]   19:     0x5b45ae7f9ceb - core::result::Result<T,E>::unwrap::h71f733defcb8388c
[INFO] [stdout]                                at /rustc/90b35a6239c3d8bdabc530a6a0816f7ff89a0aaf/library/core/src/result.rs:1104:23
[INFO] [stdout]   20:     0x5b45ae7f9ceb - tiny_lang::tests::test_parser::test_string_parsing::hd080236a7356eb25
[INFO] [stdout]                                at /opt/rustwide/workdir/src/tests/test_parser.rs:17:5
[INFO] [stdout]   21:     0x5b45ae7f9667 - tiny_lang::tests::test_parser::test_string_parsing::{{closure}}::h61e24171c13c1172
[INFO] [stdout]                                at /opt/rustwide/workdir/src/tests/test_parser.rs:14:25
[INFO] [stdout]   22:     0x5b45ae7d5636 - core::ops::function::FnOnce::call_once::ha24feb7580505d1c
[INFO] [stdout]                                at /rustc/90b35a6239c3d8bdabc530a6a0816f7ff89a0aaf/library/core/src/ops/function.rs:250:5
[INFO] [stdout]   23:     0x5b45ae8e865b - core::ops::function::FnOnce::call_once::h109cf8051a59b34e
[INFO] [stdout]                                at /rustc/90b35a6239c3d8bdabc530a6a0816f7ff89a0aaf/library/core/src/ops/function.rs:250:5
[INFO] [stdout]   24:     0x5b45ae8e865b - test::__rust_begin_short_backtrace::hf4fff89d377446ba
[INFO] [stdout]                                at /rustc/90b35a6239c3d8bdabc530a6a0816f7ff89a0aaf/library/test/src/lib.rs:621:18
[INFO] [stdout]   25:     0x5b45ae8e7e97 - test::run_test_in_process::{{closure}}::h0e39181dd7ee5a43
[INFO] [stdout]                                at /rustc/90b35a6239c3d8bdabc530a6a0816f7ff89a0aaf/library/test/src/lib.rs:644:60
[INFO] [stdout]   26:     0x5b45ae8e7e97 - <core::panic::unwind_safe::AssertUnwindSafe<F> as core::ops::function::FnOnce<()>>::call_once::hc5a66a30f0bdfd1f
[INFO] [stdout]                                at /rustc/90b35a6239c3d8bdabc530a6a0816f7ff89a0aaf/library/core/src/panic/unwind_safe.rs:272:9
[INFO] [stdout]   27:     0x5b45ae8e7e97 - std::panicking::try::do_call::h873b7cf639554a5e
[INFO] [stdout]                                at /rustc/90b35a6239c3d8bdabc530a6a0816f7ff89a0aaf/library/std/src/panicking.rs:557:40
[INFO] [stdout]   28:     0x5b45ae8e7e97 - std::panicking::try::hdb19862fad9c8bd1
[INFO] [stdout]                                at /rustc/90b35a6239c3d8bdabc530a6a0816f7ff89a0aaf/library/std/src/panicking.rs:520:19
[INFO] [stdout]   29:     0x5b45ae8e7e97 - std::panic::catch_unwind::h281fe732d236d260
[INFO] [stdout]                                at /rustc/90b35a6239c3d8bdabc530a6a0816f7ff89a0aaf/library/std/src/panic.rs:358:14
[INFO] [stdout]   30:     0x5b45ae8e7e97 - test::run_test_in_process::h949b6df8457ed338
[INFO] [stdout]                                at /rustc/90b35a6239c3d8bdabc530a6a0816f7ff89a0aaf/library/test/src/lib.rs:644:27
[INFO] [stdout]   31:     0x5b45ae8e7e97 - test::run_test::{{closure}}::h52c556a6d4740e10
[INFO] [stdout]                                at /rustc/90b35a6239c3d8bdabc530a6a0816f7ff89a0aaf/library/test/src/lib.rs:565:43
[INFO] [stdout]   32:     0x5b45ae8ad174 - test::run_test::{{closure}}::h4237f6381c45ccb9
[INFO] [stdout]                                at /rustc/90b35a6239c3d8bdabc530a6a0816f7ff89a0aaf/library/test/src/lib.rs:595:41
[INFO] [stdout]   33:     0x5b45ae8ad174 - std::sys::backtrace::__rust_begin_short_backtrace::h505c97a579eca628
[INFO] [stdout]                                at /rustc/90b35a6239c3d8bdabc530a6a0816f7ff89a0aaf/library/std/src/sys/backtrace.rs:154:18
[INFO] [stdout]   34:     0x5b45ae8b083e - std::thread::Builder::spawn_unchecked_::{{closure}}::{{closure}}::h9e86b2e2bc107ea3
[INFO] [stdout]                                at /rustc/90b35a6239c3d8bdabc530a6a0816f7ff89a0aaf/library/std/src/thread/mod.rs:538:17
[INFO] [stdout]   35:     0x5b45ae8b083e - <core::panic::unwind_safe::AssertUnwindSafe<F> as core::ops::function::FnOnce<()>>::call_once::h8b06ddb275ff4a25
[INFO] [stdout]                                at /rustc/90b35a6239c3d8bdabc530a6a0816f7ff89a0aaf/library/core/src/panic/unwind_safe.rs:272:9
[INFO] [stdout]   36:     0x5b45ae8b083e - std::panicking::try::do_call::hb26ecd7cd9a9355d
[INFO] [stdout]                                at /rustc/90b35a6239c3d8bdabc530a6a0816f7ff89a0aaf/library/std/src/panicking.rs:557:40
[INFO] [stdout]   37:     0x5b45ae8b083e - std::panicking::try::h8ddeca9d705f9069
[INFO] [stdout]                                at /rustc/90b35a6239c3d8bdabc530a6a0816f7ff89a0aaf/library/std/src/panicking.rs:520:19
[INFO] [stdout]   38:     0x5b45ae8b083e - std::panic::catch_unwind::h49e1c33078844c46
[INFO] [stdout]                                at /rustc/90b35a6239c3d8bdabc530a6a0816f7ff89a0aaf/library/std/src/panic.rs:358:14
[INFO] [stdout]   39:     0x5b45ae8b083e - std::thread::Builder::spawn_unchecked_::{{closure}}::h6073db6ff56ad35d
[INFO] [stdout]                                at /rustc/90b35a6239c3d8bdabc530a6a0816f7ff89a0aaf/library/std/src/thread/mod.rs:537:30
[INFO] [stdout]   40:     0x5b45ae8b083e - core::ops::function::FnOnce::call_once{{vtable.shim}}::h2c5a5f3779c774f1
[INFO] [stdout]                                at /rustc/90b35a6239c3d8bdabc530a6a0816f7ff89a0aaf/library/core/src/ops/function.rs:250:5
[INFO] [stdout]   41:     0x5b45aeae7cfb - <alloc::boxed::Box<F,A> as core::ops::function::FnOnce<Args>>::call_once::hf75717d9f28faebf
[INFO] [stdout]                                at /rustc/90b35a6239c3d8bdabc530a6a0816f7ff89a0aaf/library/alloc/src/boxed.rs:2454:9
[INFO] [stdout]   42:     0x5b45aeae7cfb - <alloc::boxed::Box<F,A> as core::ops::function::FnOnce<Args>>::call_once::h7bd883a5f3c5f3c1
[INFO] [stdout]                                at /rustc/90b35a6239c3d8bdabc530a6a0816f7ff89a0aaf/library/alloc/src/boxed.rs:2454:9
[INFO] [stdout]   43:     0x5b45aeae7cfb - std::sys::pal::unix::thread::Thread::new::thread_start::hcc78f3943333fa94
[INFO] [stdout]                                at /rustc/90b35a6239c3d8bdabc530a6a0816f7ff89a0aaf/library/std/src/sys/pal/unix/thread.rs:105:17
[INFO] [stdout]   44:     0x74dcc8c6dac3 - <unknown>
[INFO] [stdout]   45:     0x74dcc8cfea04 - clone
[INFO] [stdout]   46:                0x0 - <unknown>
[INFO] [stdout] 
[INFO] [stdout] ---- tests::test_lexer::test_lexing_string stdout ----
[INFO] [stdout] ━━━━━━━━━━━━━━━━━━━━━━━━━━━━━━━ Snapshot Summary ━━━━━━━━━━━━━━━━━━━━━━━━━━━━━━━
[INFO] [stdout] Snapshot file: src/tests/snapshots/tiny_lang__tests__test_lexer__lexing_string.snap
[INFO] [stdout] Snapshot: lexing_string
[INFO] [stdout] Source: src/tests/test_lexer.rs:22
[INFO] [stdout] ────────────────────────────────────────────────────────────────────────────────
[INFO] [stdout] Expression: Lexer::new("", source).into_iter().collect::<Vec<Token>>()
[INFO] [stdout] ────────────────────────────────────────────────────────────────────────────────
[INFO] [stdout] -old snapshot
[INFO] [stdout] +new results
[INFO] [stdout] ────────────┬───────────────────────────────────────────────────────────────────
[INFO] [stdout]     0     0 │ [
[INFO] [stdout]     1     1 │     Token {
[INFO] [stdout]     2     2 │         type_: String(
[INFO] [stdout]     3       │-            "\"str",
[INFO] [stdout]           3 │+            "str",
[INFO] [stdout]     4     4 │         ),
[INFO] [stdout]     5     5 │         pos: (
[INFO] [stdout]     6     6 │             0,
[INFO] [stdout]     7     7 │             5,
[INFO] [stdout] ────────────┴───────────────────────────────────────────────────────────────────
[INFO] [stdout] thread 'tests::test_lexer::test_lexing_string' panicked at src/tests/test_lexer.rs:22:5:
[INFO] [stdout] called `Result::unwrap()` on an `Err` value: Os { code: 30, kind: ReadOnlyFilesystem, message: "Read-only file system" }
[INFO] [stdout] stack backtrace:
[INFO] [stdout]    0:     0x5b45aeae217a - std::backtrace_rs::backtrace::libunwind::trace::h5a5b8284f2d0c266
[INFO] [stdout]                                at /rustc/90b35a6239c3d8bdabc530a6a0816f7ff89a0aaf/library/std/src/../../backtrace/src/backtrace/libunwind.rs:116:5
[INFO] [stdout]    1:     0x5b45aeae217a - std::backtrace_rs::backtrace::trace_unsynchronized::h76d4f1c9b0b875e3
[INFO] [stdout]                                at /rustc/90b35a6239c3d8bdabc530a6a0816f7ff89a0aaf/library/std/src/../../backtrace/src/backtrace/mod.rs:66:5
[INFO] [stdout]    2:     0x5b45aeae217a - std::sys::backtrace::_print_fmt::hc4546b8364a537c6
[INFO] [stdout]                                at /rustc/90b35a6239c3d8bdabc530a6a0816f7ff89a0aaf/library/std/src/sys/backtrace.rs:66:9
[INFO] [stdout]    3:     0x5b45aeae217a - <std::sys::backtrace::BacktraceLock::print::DisplayBacktrace as core::fmt::Display>::fmt::h5b6bd5631a6d1f6b
[INFO] [stdout]                                at /rustc/90b35a6239c3d8bdabc530a6a0816f7ff89a0aaf/library/std/src/sys/backtrace.rs:39:26
[INFO] [stdout]    4:     0x5b45aeb0a793 - core::fmt::rt::Argument::fmt::h270f6602a2b96f62
[INFO] [stdout]                                at /rustc/90b35a6239c3d8bdabc530a6a0816f7ff89a0aaf/library/core/src/fmt/rt.rs:177:76
[INFO] [stdout]    5:     0x5b45aeb0a793 - core::fmt::write::h7550c97b06c86515
[INFO] [stdout]                                at /rustc/90b35a6239c3d8bdabc530a6a0816f7ff89a0aaf/library/core/src/fmt/mod.rs:1186:21
[INFO] [stdout]    6:     0x5b45aeadebc3 - std::io::Write::write_fmt::h509ff860e5956e5e
[INFO] [stdout]                                at /rustc/90b35a6239c3d8bdabc530a6a0816f7ff89a0aaf/library/std/src/io/mod.rs:1839:15
[INFO] [stdout]    7:     0x5b45aeae1fc2 - std::sys::backtrace::BacktraceLock::print::h2395ccd2c84ba3aa
[INFO] [stdout]                                at /rustc/90b35a6239c3d8bdabc530a6a0816f7ff89a0aaf/library/std/src/sys/backtrace.rs:42:9
[INFO] [stdout]    8:     0x5b45aeae35da - std::panicking::default_hook::{{closure}}::he19d4c7230e07961
[INFO] [stdout]                                at /rustc/90b35a6239c3d8bdabc530a6a0816f7ff89a0aaf/library/std/src/panicking.rs:268:22
[INFO] [stdout]    9:     0x5b45aeae33e4 - std::panicking::default_hook::hf614597d3c67bbdb
[INFO] [stdout]                                at /rustc/90b35a6239c3d8bdabc530a6a0816f7ff89a0aaf/library/std/src/panicking.rs:292:9
[INFO] [stdout]   10:     0x5b45ae8e3c99 - <alloc::boxed::Box<F,A> as core::ops::function::Fn<Args>>::call::h39b51ce4599c23d1
[INFO] [stdout]                                at /rustc/90b35a6239c3d8bdabc530a6a0816f7ff89a0aaf/library/alloc/src/boxed.rs:2468:9
[INFO] [stdout]   11:     0x5b45ae8e3c99 - test::test_main::{{closure}}::he977ae839a582784
[INFO] [stdout]                                at /rustc/90b35a6239c3d8bdabc530a6a0816f7ff89a0aaf/library/test/src/lib.rs:133:21
[INFO] [stdout]   12:     0x5b45aeae3c78 - <alloc::boxed::Box<F,A> as core::ops::function::Fn<Args>>::call::h9455091b6b06f9fb
[INFO] [stdout]                                at /rustc/90b35a6239c3d8bdabc530a6a0816f7ff89a0aaf/library/alloc/src/boxed.rs:2468:9
[INFO] [stdout]   13:     0x5b45aeae3c78 - std::panicking::rust_panic_with_hook::h8942133a8b252070
[INFO] [stdout]                                at /rustc/90b35a6239c3d8bdabc530a6a0816f7ff89a0aaf/library/std/src/panicking.rs:809:13
[INFO] [stdout]   14:     0x5b45aeae3a3a - std::panicking::begin_panic_handler::{{closure}}::hb5f5963570096b29
[INFO] [stdout]                                at /rustc/90b35a6239c3d8bdabc530a6a0816f7ff89a0aaf/library/std/src/panicking.rs:674:13
[INFO] [stdout]   15:     0x5b45aeae2659 - std::sys::backtrace::__rust_end_short_backtrace::h6208cedc1922feda
[INFO] [stdout]                                at /rustc/90b35a6239c3d8bdabc530a6a0816f7ff89a0aaf/library/std/src/sys/backtrace.rs:170:18
[INFO] [stdout]   16:     0x5b45aeae36cc - rust_begin_unwind
[INFO] [stdout]                                at /rustc/90b35a6239c3d8bdabc530a6a0816f7ff89a0aaf/library/std/src/panicking.rs:665:5
[INFO] [stdout]   17:     0x5b45ae7961e0 - core::panicking::panic_fmt::h0c3082644d1bf418
[INFO] [stdout]                                at /rustc/90b35a6239c3d8bdabc530a6a0816f7ff89a0aaf/library/core/src/panicking.rs:74:14
[INFO] [stdout]   18:     0x5b45ae796666 - core::result::unwrap_failed::hd20b4aa073bda1e2
[INFO] [stdout]                                at /rustc/90b35a6239c3d8bdabc530a6a0816f7ff89a0aaf/library/core/src/result.rs:1700:5
[INFO] [stdout]   19:     0x5b45ae7da1b1 - core::result::Result<T,E>::unwrap::h71f733defcb8388c
[INFO] [stdout]                                at /rustc/90b35a6239c3d8bdabc530a6a0816f7ff89a0aaf/library/core/src/result.rs:1104:23
[INFO] [stdout]   20:     0x5b45ae7da1b1 - tiny_lang::tests::test_lexer::test_lexing_string::hdf366824b25fef7a
[INFO] [stdout]                                at /opt/rustwide/workdir/src/tests/test_lexer.rs:22:5
[INFO] [stdout]   21:     0x5b45ae7d9b87 - tiny_lang::tests::test_lexer::test_lexing_string::{{closure}}::h3e0a90356299eb10
[INFO] [stdout]                                at /opt/rustwide/workdir/src/tests/test_lexer.rs:19:24
[INFO] [stdout]   22:     0x5b45ae7d5a06 - core::ops::function::FnOnce::call_once::hcb68ec560b543f14
[INFO] [stdout]                                at /rustc/90b35a6239c3d8bdabc530a6a0816f7ff89a0aaf/library/core/src/ops/function.rs:250:5
[INFO] [stdout]   23:     0x5b45ae8e865b - core::ops::function::FnOnce::call_once::h109cf8051a59b34e
[INFO] [stdout]                                at /rustc/90b35a6239c3d8bdabc530a6a0816f7ff89a0aaf/library/core/src/ops/function.rs:250:5
[INFO] [stdout]   24:     0x5b45ae8e865b - test::__rust_begin_short_backtrace::hf4fff89d377446ba
[INFO] [stdout]                                at /rustc/90b35a6239c3d8bdabc530a6a0816f7ff89a0aaf/library/test/src/lib.rs:621:18
[INFO] [stdout]   25:     0x5b45ae8e7e97 - test::run_test_in_process::{{closure}}::h0e39181dd7ee5a43
[INFO] [stdout]                                at /rustc/90b35a6239c3d8bdabc530a6a0816f7ff89a0aaf/library/test/src/lib.rs:644:60
[INFO] [stdout]   26:     0x5b45ae8e7e97 - <core::panic::unwind_safe::AssertUnwindSafe<F> as core::ops::function::FnOnce<()>>::call_once::hc5a66a30f0bdfd1f
[INFO] [stdout]                                at /rustc/90b35a6239c3d8bdabc530a6a0816f7ff89a0aaf/library/core/src/panic/unwind_safe.rs:272:9
[INFO] [stdout]   27:     0x5b45ae8e7e97 - std::panicking::try::do_call::h873b7cf639554a5e
[INFO] [stdout]                                at /rustc/90b35a6239c3d8bdabc530a6a0816f7ff89a0aaf/library/std/src/panicking.rs:557:40
[INFO] [stdout]   28:     0x5b45ae8e7e97 - std::panicking::try::hdb19862fad9c8bd1
[INFO] [stdout]                                at /rustc/90b35a6239c3d8bdabc530a6a0816f7ff89a0aaf/library/std/src/panicking.rs:520:19
[INFO] [stdout]   29:     0x5b45ae8e7e97 - std::panic::catch_unwind::h281fe732d236d260
[INFO] [stdout]                                at /rustc/90b35a6239c3d8bdabc530a6a0816f7ff89a0aaf/library/std/src/panic.rs:358:14
[INFO] [stdout]   30:     0x5b45ae8e7e97 - test::run_test_in_process::h949b6df8457ed338
[INFO] [stdout]                                at /rustc/90b35a6239c3d8bdabc530a6a0816f7ff89a0aaf/library/test/src/lib.rs:644:27
[INFO] [stdout]   31:     0x5b45ae8e7e97 - test::run_test::{{closure}}::h52c556a6d4740e10
[INFO] [stdout]                                at /rustc/90b35a6239c3d8bdabc530a6a0816f7ff89a0aaf/library/test/src/lib.rs:565:43
[INFO] [stdout]   32:     0x5b45ae8ad174 - test::run_test::{{closure}}::h4237f6381c45ccb9
[INFO] [stdout]                                at /rustc/90b35a6239c3d8bdabc530a6a0816f7ff89a0aaf/library/test/src/lib.rs:595:41
[INFO] [stdout]   33:     0x5b45ae8ad174 - std::sys::backtrace::__rust_begin_short_backtrace::h505c97a579eca628
[INFO] [stdout]                                at /rustc/90b35a6239c3d8bdabc530a6a0816f7ff89a0aaf/library/std/src/sys/backtrace.rs:154:18
[INFO] [stdout]   34:     0x5b45ae8b083e - std::thread::Builder::spawn_unchecked_::{{closure}}::{{closure}}::h9e86b2e2bc107ea3
[INFO] [stdout]                                at /rustc/90b35a6239c3d8bdabc530a6a0816f7ff89a0aaf/library/std/src/thread/mod.rs:538:17
[INFO] [stdout]   35:     0x5b45ae8b083e - <core::panic::unwind_safe::AssertUnwindSafe<F> as core::ops::function::FnOnce<()>>::call_once::h8b06ddb275ff4a25
[INFO] [stdout]                                at /rustc/90b35a6239c3d8bdabc530a6a0816f7ff89a0aaf/library/core/src/panic/unwind_safe.rs:272:9
[INFO] [stdout]   36:     0x5b45ae8b083e - std::panicking::try::do_call::hb26ecd7cd9a9355d
[INFO] [stdout]                                at /rustc/90b35a6239c3d8bdabc530a6a0816f7ff89a0aaf/library/std/src/panicking.rs:557:40
[INFO] [stdout]   37:     0x5b45ae8b083e - std::panicking::try::h8ddeca9d705f9069
[INFO] [stdout]                                at /rustc/90b35a6239c3d8bdabc530a6a0816f7ff89a0aaf/library/std/src/panicking.rs:520:19
[INFO] [stdout]   38:     0x5b45ae8b083e - std::panic::catch_unwind::h49e1c33078844c46
[INFO] [stdout]                                at /rustc/90b35a6239c3d8bdabc530a6a0816f7ff89a0aaf/library/std/src/panic.rs:358:14
[INFO] [stdout]   39:     0x5b45ae8b083e - std::thread::Builder::spawn_unchecked_::{{closure}}::h6073db6ff56ad35d
[INFO] [stdout]                                at /rustc/90b35a6239c3d8bdabc530a6a0816f7ff89a0aaf/library/std/src/thread/mod.rs:537:30
[INFO] [stdout]   40:     0x5b45ae8b083e - core::ops::function::FnOnce::call_once{{vtable.shim}}::h2c5a5f3779c774f1
[INFO] [stdout]                                at /rustc/90b35a6239c3d8bdabc530a6a0816f7ff89a0aaf/library/core/src/ops/function.rs:250:5
[INFO] [stdout]   41:     0x5b45aeae7cfb - <alloc::boxed::Box<F,A> as core::ops::function::FnOnce<Args>>::call_once::hf75717d9f28faebf
[INFO] [stdout]                                at /rustc/90b35a6239c3d8bdabc530a6a0816f7ff89a0aaf/library/alloc/src/boxed.rs:2454:9
[INFO] [stdout]   42:     0x5b45aeae7cfb - <alloc::boxed::Box<F,A> as core::ops::function::FnOnce<Args>>::call_once::h7bd883a5f3c5f3c1
[INFO] [stdout]                                at /rustc/90b35a6239c3d8bdabc530a6a0816f7ff89a0aaf/library/alloc/src/boxed.rs:2454:9
[INFO] [stdout]   43:     0x5b45aeae7cfb - std::sys::pal::unix::thread::Thread::new::thread_start::hcc78f3943333fa94
[INFO] [stdout]                                at /rustc/90b35a6239c3d8bdabc530a6a0816f7ff89a0aaf/library/std/src/sys/pal/unix/thread.rs:105:17
[INFO] [stdout]   44:     0x74dcc8c6dac3 - <unknown>
[INFO] [stdout]   45:     0x74dcc8cfea04 - clone
[INFO] [stdout]   46:                0x0 - <unknown>
[INFO] [stdout] 
[INFO] [stdout] ---- tests::test_parser::test_while_and_assignement stdout ----
[INFO] [stdout] ━━━━━━━━━━━━━━━━━━━━━━━━━━━━━━━ Snapshot Summary ━━━━━━━━━━━━━━━━━━━━━━━━━━━━━━━
[INFO] [stdout] Snapshot file: src/tests/snapshots/tiny_lang__tests__test_parser__while_and_assignement.snap
[INFO] [stdout] Snapshot: while_and_assignement
[INFO] [stdout] Source: src/tests/test_parser.rs:183
[INFO] [stdout] ────────────────────────────────────────────────────────────────────────────────
[INFO] [stdout] Expression: &ast
[INFO] [stdout] ────────────────────────────────────────────────────────────────────────────────
[INFO] [stdout] -old snapshot
[INFO] [stdout] +new results
[INFO] [stdout] ────────────┬───────────────────────────────────────────────────────────────────
[INFO] [stdout]    70    70 │                                     1,
[INFO] [stdout]    71    71 │                                 ),
[INFO] [stdout]    72    72 │                             ),
[INFO] [stdout]    73    73 │                         ),
[INFO] [stdout]          74 │+                        false,
[INFO] [stdout]    74    75 │                     ),
[INFO] [stdout]    75    76 │                 ],
[INFO] [stdout]    76    77 │             },
[INFO] [stdout]    77    78 │         ),
[INFO] [stdout] ────────────┴───────────────────────────────────────────────────────────────────
[INFO] [stdout] thread 'tests::test_parser::test_while_and_assignement' panicked at src/tests/test_parser.rs:183:5:
[INFO] [stdout] called `Result::unwrap()` on an `Err` value: Os { code: 30, kind: ReadOnlyFilesystem, message: "Read-only file system" }
[INFO] [stdout] stack backtrace:
[INFO] [stdout]    0:     0x5b45aeae217a - std::backtrace_rs::backtrace::libunwind::trace::h5a5b8284f2d0c266
[INFO] [stdout]                                at /rustc/90b35a6239c3d8bdabc530a6a0816f7ff89a0aaf/library/std/src/../../backtrace/src/backtrace/libunwind.rs:116:5
[INFO] [stdout]    1:     0x5b45aeae217a - std::backtrace_rs::backtrace::trace_unsynchronized::h76d4f1c9b0b875e3
[INFO] [stdout]                                at /rustc/90b35a6239c3d8bdabc530a6a0816f7ff89a0aaf/library/std/src/../../backtrace/src/backtrace/mod.rs:66:5
[INFO] [stdout]    2:     0x5b45aeae217a - std::sys::backtrace::_print_fmt::hc4546b8364a537c6
[INFO] [stdout]                                at /rustc/90b35a6239c3d8bdabc530a6a0816f7ff89a0aaf/library/std/src/sys/backtrace.rs:66:9
[INFO] [stdout]    3:     0x5b45aeae217a - <std::sys::backtrace::BacktraceLock::print::DisplayBacktrace as core::fmt::Display>::fmt::h5b6bd5631a6d1f6b
[INFO] [stdout]                                at /rustc/90b35a6239c3d8bdabc530a6a0816f7ff89a0aaf/library/std/src/sys/backtrace.rs:39:26
[INFO] [stdout]    4:     0x5b45aeb0a793 - core::fmt::rt::Argument::fmt::h270f6602a2b96f62
[INFO] [stdout]                                at /rustc/90b35a6239c3d8bdabc530a6a0816f7ff89a0aaf/library/core/src/fmt/rt.rs:177:76
[INFO] [stdout]    5:     0x5b45aeb0a793 - core::fmt::write::h7550c97b06c86515
[INFO] [stdout]                                at /rustc/90b35a6239c3d8bdabc530a6a0816f7ff89a0aaf/library/core/src/fmt/mod.rs:1186:21
[INFO] [stdout]    6:     0x5b45aeadebc3 - std::io::Write::write_fmt::h509ff860e5956e5e
[INFO] [stdout]                                at /rustc/90b35a6239c3d8bdabc530a6a0816f7ff89a0aaf/library/std/src/io/mod.rs:1839:15
[INFO] [stdout]    7:     0x5b45aeae1fc2 - std::sys::backtrace::BacktraceLock::print::h2395ccd2c84ba3aa
[INFO] [stdout]                                at /rustc/90b35a6239c3d8bdabc530a6a0816f7ff89a0aaf/library/std/src/sys/backtrace.rs:42:9
[INFO] [stdout]    8:     0x5b45aeae35da - std::panicking::default_hook::{{closure}}::he19d4c7230e07961
[INFO] [stdout]                                at /rustc/90b35a6239c3d8bdabc530a6a0816f7ff89a0aaf/library/std/src/panicking.rs:268:22
[INFO] [stdout]    9:     0x5b45aeae33e4 - std::panicking::default_hook::hf614597d3c67bbdb
[INFO] [stdout]                                at /rustc/90b35a6239c3d8bdabc530a6a0816f7ff89a0aaf/library/std/src/panicking.rs:292:9
[INFO] [stdout]   10:     0x5b45ae8e3c99 - <alloc::boxed::Box<F,A> as core::ops::function::Fn<Args>>::call::h39b51ce4599c23d1
[INFO] [stdout]                                at /rustc/90b35a6239c3d8bdabc530a6a0816f7ff89a0aaf/library/alloc/src/boxed.rs:2468:9
[INFO] [stdout]   11:     0x5b45ae8e3c99 - test::test_main::{{closure}}::he977ae839a582784
[INFO] [stdout]                                at /rustc/90b35a6239c3d8bdabc530a6a0816f7ff89a0aaf/library/test/src/lib.rs:133:21
[INFO] [stdout]   12:     0x5b45aeae3c78 - <alloc::boxed::Box<F,A> as core::ops::function::Fn<Args>>::call::h9455091b6b06f9fb
[INFO] [stdout]                                at /rustc/90b35a6239c3d8bdabc530a6a0816f7ff89a0aaf/library/alloc/src/boxed.rs:2468:9
[INFO] [stdout]   13:     0x5b45aeae3c78 - std::panicking::rust_panic_with_hook::h8942133a8b252070
[INFO] [stdout]                                at /rustc/90b35a6239c3d8bdabc530a6a0816f7ff89a0aaf/library/std/src/panicking.rs:809:13
[INFO] [stdout]   14:     0x5b45aeae3a3a - std::panicking::begin_panic_handler::{{closure}}::hb5f5963570096b29
[INFO] [stdout]                                at /rustc/90b35a6239c3d8bdabc530a6a0816f7ff89a0aaf/library/std/src/panicking.rs:674:13
[INFO] [stdout]   15:     0x5b45aeae2659 - std::sys::backtrace::__rust_end_short_backtrace::h6208cedc1922feda
[INFO] [stdout]                                at /rustc/90b35a6239c3d8bdabc530a6a0816f7ff89a0aaf/library/std/src/sys/backtrace.rs:170:18
[INFO] [stdout]   16:     0x5b45aeae36cc - rust_begin_unwind
[INFO] [stdout]                                at /rustc/90b35a6239c3d8bdabc530a6a0816f7ff89a0aaf/library/std/src/panicking.rs:665:5
[INFO] [stdout]   17:     0x5b45ae7961e0 - core::panicking::panic_fmt::h0c3082644d1bf418
[INFO] [stdout]                                at /rustc/90b35a6239c3d8bdabc530a6a0816f7ff89a0aaf/library/core/src/panicking.rs:74:14
[INFO] [stdout]   18:     0x5b45ae796666 - core::result::unwrap_failed::hd20b4aa073bda1e2
[INFO] [stdout]                                at /rustc/90b35a6239c3d8bdabc530a6a0816f7ff89a0aaf/library/core/src/result.rs:1700:5
[INFO] [stdout]   19:     0x5b45ae8010e0 - core::result::Result<T,E>::unwrap::h71f733defcb8388c
[INFO] [stdout]                                at /rustc/90b35a6239c3d8bdabc530a6a0816f7ff89a0aaf/library/core/src/result.rs:1104:23
[INFO] [stdout]   20:     0x5b45ae8010e0 - tiny_lang::tests::test_parser::test_while_and_assignement::h91d266cee0d57602
[INFO] [stdout]                                at /opt/rustwide/workdir/src/tests/test_parser.rs:183:5
[INFO] [stdout]   21:     0x5b45ae800807 - tiny_lang::tests::test_parser::test_while_and_assignement::{{closure}}::h82659aec5bff1a18
[INFO] [stdout]                                at /opt/rustwide/workdir/src/tests/test_parser.rs:167:32
[INFO] [stdout]   22:     0x5b45ae7d5006 - core::ops::function::FnOnce::call_once::h4ccb4e6eb70a1e83
[INFO] [stdout]                                at /rustc/90b35a6239c3d8bdabc530a6a0816f7ff89a0aaf/library/core/src/ops/function.rs:250:5
[INFO] [stdout]   23:     0x5b45ae8e865b - core::ops::function::FnOnce::call_once::h109cf8051a59b34e
[INFO] [stdout]                                at /rustc/90b35a6239c3d8bdabc530a6a0816f7ff89a0aaf/library/core/src/ops/function.rs:250:5
[INFO] [stdout]   24:     0x5b45ae8e865b - test::__rust_begin_short_backtrace::hf4fff89d377446ba
[INFO] [stdout]                                at /rustc/90b35a6239c3d8bdabc530a6a0816f7ff89a0aaf/library/test/src/lib.rs:621:18
[INFO] [stdout]   25:     0x5b45ae8e7e97 - test::run_test_in_process::{{closure}}::h0e39181dd7ee5a43
[INFO] [stdout]                                at /rustc/90b35a6239c3d8bdabc530a6a0816f7ff89a0aaf/library/test/src/lib.rs:644:60
[INFO] [stdout]   26:     0x5b45ae8e7e97 - <core::panic::unwind_safe::AssertUnwindSafe<F> as core::ops::function::FnOnce<()>>::call_once::hc5a66a30f0bdfd1f
[INFO] [stdout]                                at /rustc/90b35a6239c3d8bdabc530a6a0816f7ff89a0aaf/library/core/src/panic/unwind_safe.rs:272:9
[INFO] [stdout]   27:     0x5b45ae8e7e97 - std::panicking::try::do_call::h873b7cf639554a5e
[INFO] [stdout]                                at /rustc/90b35a6239c3d8bdabc530a6a0816f7ff89a0aaf/library/std/src/panicking.rs:557:40
[INFO] [stdout]   28:     0x5b45ae8e7e97 - std::panicking::try::hdb19862fad9c8bd1
[INFO] [stdout]                                at /rustc/90b35a6239c3d8bdabc530a6a0816f7ff89a0aaf/library/std/src/panicking.rs:520:19
[INFO] [stdout]   29:     0x5b45ae8e7e97 - std::panic::catch_unwind::h281fe732d236d260
[INFO] [stdout]                                at /rustc/90b35a6239c3d8bdabc530a6a0816f7ff89a0aaf/library/std/src/panic.rs:358:14
[INFO] [stdout]   30:     0x5b45ae8e7e97 - test::run_test_in_process::h949b6df8457ed338
[INFO] [stdout]                                at /rustc/90b35a6239c3d8bdabc530a6a0816f7ff89a0aaf/library/test/src/lib.rs:644:27
[INFO] [stdout]   31:     0x5b45ae8e7e97 - test::run_test::{{closure}}::h52c556a6d4740e10
[INFO] [stdout]                                at /rustc/90b35a6239c3d8bdabc530a6a0816f7ff89a0aaf/library/test/src/lib.rs:565:43
[INFO] [stdout]   32:     0x5b45ae8ad174 - test::run_test::{{closure}}::h4237f6381c45ccb9
[INFO] [stdout]                                at /rustc/90b35a6239c3d8bdabc530a6a0816f7ff89a0aaf/library/test/src/lib.rs:595:41
[INFO] [stdout]   33:     0x5b45ae8ad174 - std::sys::backtrace::__rust_begin_short_backtrace::h505c97a579eca628
[INFO] [stdout]                                at /rustc/90b35a6239c3d8bdabc530a6a0816f7ff89a0aaf/library/std/src/sys/backtrace.rs:154:18
[INFO] [stdout]   34:     0x5b45ae8b083e - std::thread::Builder::spawn_unchecked_::{{closure}}::{{closure}}::h9e86b2e2bc107ea3
[INFO] [stdout]                                at /rustc/90b35a6239c3d8bdabc530a6a0816f7ff89a0aaf/library/std/src/thread/mod.rs:538:17
[INFO] [stdout]   35:     0x5b45ae8b083e - <core::panic::unwind_safe::AssertUnwindSafe<F> as core::ops::function::FnOnce<()>>::call_once::h8b06ddb275ff4a25
[INFO] [stdout]                                at /rustc/90b35a6239c3d8bdabc530a6a0816f7ff89a0aaf/library/core/src/panic/unwind_safe.rs:272:9
[INFO] [stdout]   36:     0x5b45ae8b083e - std::panicking::try::do_call::hb26ecd7cd9a9355d
[INFO] [stdout]                                at /rustc/90b35a6239c3d8bdabc530a6a0816f7ff89a0aaf/library/std/src/panicking.rs:557:40
[INFO] [stdout]   37:     0x5b45ae8b083e - std::panicking::try::h8ddeca9d705f9069
[INFO] [stdout]                                at /rustc/90b35a6239c3d8bdabc530a6a0816f7ff89a0aaf/library/std/src/panicking.rs:520:19
[INFO] [stdout]   38:     0x5b45ae8b083e - std::panic::catch_unwind::h49e1c33078844c46
[INFO] [stdout]                                at /rustc/90b35a6239c3d8bdabc530a6a0816f7ff89a0aaf/library/std/src/panic.rs:358:14
[INFO] [stdout]   39:     0x5b45ae8b083e - std::thread::Builder::spawn_unchecked_::{{closure}}::h6073db6ff56ad35d
[INFO] [stdout]                                at /rustc/90b35a6239c3d8bdabc530a6a0816f7ff89a0aaf/library/std/src/thread/mod.rs:537:30
[INFO] [stdout]   40:     0x5b45ae8b083e - core::ops::function::FnOnce::call_once{{vtable.shim}}::h2c5a5f3779c774f1
[INFO] [stdout]                                at /rustc/90b35a6239c3d8bdabc530a6a0816f7ff89a0aaf/library/core/src/ops/function.rs:250:5
[INFO] [stdout]   41:     0x5b45aeae7cfb - <alloc::boxed::Box<F,A> as core::ops::function::FnOnce<Args>>::call_once::hf75717d9f28faebf
[INFO] [stdout]                                at /rustc/90b35a6239c3d8bdabc530a6a0816f7ff89a0aaf/library/alloc/src/boxed.rs:2454:9
[INFO] [stdout]   42:     0x5b45aeae7cfb - <alloc::boxed::Box<F,A> as core::ops::function::FnOnce<Args>>::call_once::h7bd883a5f3c5f3c1
[INFO] [stdout]                                at /rustc/90b35a6239c3d8bdabc530a6a0816f7ff89a0aaf/library/alloc/src/boxed.rs:2454:9
[INFO] [stdout]   43:     0x5b45aeae7cfb - std::sys::pal::unix::thread::Thread::new::thread_start::hcc78f3943333fa94
[INFO] [stdout]                                at /rustc/90b35a6239c3d8bdabc530a6a0816f7ff89a0aaf/library/std/src/sys/pal/unix/thread.rs:105:17
[INFO] [stdout]   44:     0x74dcc8c6dac3 - <unknown>
[INFO] [stdout]   45:     0x74dcc8cfea04 - clone
[INFO] [stdout]   46:                0x0 - <unknown>
[INFO] [stdout] 
[INFO] [stdout] ---- tests::test_parser::test_assignement_parsing stdout ----
[INFO] [stdout] ━━━━━━━━━━━━━━━━━━━━━━━━━━━━━━━ Snapshot Summary ━━━━━━━━━━━━━━━━━━━━━━━━━━━━━━━
[INFO] [stdout] Snapshot file: src/tests/snapshots/tiny_lang__tests__test_parser__assignement_parsing.snap
[INFO] [stdout] Snapshot: assignement_parsing
[INFO] [stdout] Source: src/tests/test_parser.rs:196
[INFO] [stdout] ────────────────────────────────────────────────────────────────────────────────
[INFO] [stdout] Expression: &ast
[INFO] [stdout] ────────────────────────────────────────────────────────────────────────────────
[INFO] [stdout] -old snapshot
[INFO] [stdout] +new results
[INFO] [stdout] ────────────┬───────────────────────────────────────────────────────────────────
[INFO] [stdout]    18    18 │                 UnsignedInteger(
[INFO] [stdout]    19    19 │                     0,
[INFO] [stdout]    20    20 │                 ),
[INFO] [stdout]    21    21 │             ),
[INFO] [stdout]          22 │+            false,
[INFO] [stdout]    22    23 │         ),
[INFO] [stdout]    23    24 │         Expr(
[INFO] [stdout]    24    25 │             Call(
[INFO] [stdout]    25    26 │                 FunctionCall {
[INFO] [stdout] ────────────┴───────────────────────────────────────────────────────────────────
[INFO] [stdout] thread 'tests::test_parser::test_assignement_parsing' panicked at src/tests/test_parser.rs:196:5:
[INFO] [stdout] called `Result::unwrap()` on an `Err` value: Os { code: 30, kind: ReadOnlyFilesystem, message: "Read-only file system" }
[INFO] [stdout] stack backtrace:
[INFO] [stdout]    0:     0x5b45aeae217a - std::backtrace_rs::backtrace::libunwind::trace::h5a5b8284f2d0c266
[INFO] [stdout]                                at /rustc/90b35a6239c3d8bdabc530a6a0816f7ff89a0aaf/library/std/src/../../backtrace/src/backtrace/libunwind.rs:116:5
[INFO] [stdout]    1:     0x5b45aeae217a - std::backtrace_rs::backtrace::trace_unsynchronized::h76d4f1c9b0b875e3
[INFO] [stdout]                                at /rustc/90b35a6239c3d8bdabc530a6a0816f7ff89a0aaf/library/std/src/../../backtrace/src/backtrace/mod.rs:66:5
[INFO] [stdout]    2:     0x5b45aeae217a - std::sys::backtrace::_print_fmt::hc4546b8364a537c6
[INFO] [stdout]                                at /rustc/90b35a6239c3d8bdabc530a6a0816f7ff89a0aaf/library/std/src/sys/backtrace.rs:66:9
[INFO] [stdout]    3:     0x5b45aeae217a - <std::sys::backtrace::BacktraceLock::print::DisplayBacktrace as core::fmt::Display>::fmt::h5b6bd5631a6d1f6b
[INFO] [stdout]                                at /rustc/90b35a6239c3d8bdabc530a6a0816f7ff89a0aaf/library/std/src/sys/backtrace.rs:39:26
[INFO] [stdout]    4:     0x5b45aeb0a793 - core::fmt::rt::Argument::fmt::h270f6602a2b96f62
[INFO] [stdout]                                at /rustc/90b35a6239c3d8bdabc530a6a0816f7ff89a0aaf/library/core/src/fmt/rt.rs:177:76
[INFO] [stdout]    5:     0x5b45aeb0a793 - core::fmt::write::h7550c97b06c86515
[INFO] [stdout]                                at /rustc/90b35a6239c3d8bdabc530a6a0816f7ff89a0aaf/library/core/src/fmt/mod.rs:1186:21
[INFO] [stdout]    6:     0x5b45aeadebc3 - std::io::Write::write_fmt::h509ff860e5956e5e
[INFO] [stdout]                                at /rustc/90b35a6239c3d8bdabc530a6a0816f7ff89a0aaf/library/std/src/io/mod.rs:1839:15
[INFO] [stdout]    7:     0x5b45aeae1fc2 - std::sys::backtrace::BacktraceLock::print::h2395ccd2c84ba3aa
[INFO] [stdout]                                at /rustc/90b35a6239c3d8bdabc530a6a0816f7ff89a0aaf/library/std/src/sys/backtrace.rs:42:9
[INFO] [stdout]    8:     0x5b45aeae35da - std::panicking::default_hook::{{closure}}::he19d4c7230e07961
[INFO] [stdout]                                at /rustc/90b35a6239c3d8bdabc530a6a0816f7ff89a0aaf/library/std/src/panicking.rs:268:22
[INFO] [stdout]    9:     0x5b45aeae33e4 - std::panicking::default_hook::hf614597d3c67bbdb
[INFO] [stdout]                                at /rustc/90b35a6239c3d8bdabc530a6a0816f7ff89a0aaf/library/std/src/panicking.rs:292:9
[INFO] [stdout]   10:     0x5b45ae8e3c99 - <alloc::boxed::Box<F,A> as core::ops::function::Fn<Args>>::call::h39b51ce4599c23d1
[INFO] [stdout]                                at /rustc/90b35a6239c3d8bdabc530a6a0816f7ff89a0aaf/library/alloc/src/boxed.rs:2468:9
[INFO] [stdout]   11:     0x5b45ae8e3c99 - test::test_main::{{closure}}::he977ae839a582784
[INFO] [stdout]                                at /rustc/90b35a6239c3d8bdabc530a6a0816f7ff89a0aaf/library/test/src/lib.rs:133:21
[INFO] [stdout]   12:     0x5b45aeae3c78 - <alloc::boxed::Box<F,A> as core::ops::function::Fn<Args>>::call::h9455091b6b06f9fb
[INFO] [stdout]                                at /rustc/90b35a6239c3d8bdabc530a6a0816f7ff89a0aaf/library/alloc/src/boxed.rs:2468:9
[INFO] [stdout]   13:     0x5b45aeae3c78 - std::panicking::rust_panic_with_hook::h8942133a8b252070
[INFO] [stdout]                                at /rustc/90b35a6239c3d8bdabc530a6a0816f7ff89a0aaf/library/std/src/panicking.rs:809:13
[INFO] [stdout]   14:     0x5b45aeae3a3a - std::panicking::begin_panic_handler::{{closure}}::hb5f5963570096b29
[INFO] [stdout]                                at /rustc/90b35a6239c3d8bdabc530a6a0816f7ff89a0aaf/library/std/src/panicking.rs:674:13
[INFO] [stdout]   15:     0x5b45aeae2659 - std::sys::backtrace::__rust_end_short_backtrace::h6208cedc1922feda
[INFO] [stdout]                                at /rustc/90b35a6239c3d8bdabc530a6a0816f7ff89a0aaf/library/std/src/sys/backtrace.rs:170:18
[INFO] [stdout]   16:     0x5b45aeae36cc - rust_begin_unwind
[INFO] [stdout]                                at /rustc/90b35a6239c3d8bdabc530a6a0816f7ff89a0aaf/library/std/src/panicking.rs:665:5
[INFO] [stdout]   17:     0x5b45ae7961e0 - core::panicking::panic_fmt::h0c3082644d1bf418
[INFO] [stdout]                                at /rustc/90b35a6239c3d8bdabc530a6a0816f7ff89a0aaf/library/core/src/panicking.rs:74:14
[INFO] [stdout]   18:     0x5b45ae796666 - core::result::unwrap_failed::hd20b4aa073bda1e2
[INFO] [stdout]                                at /rustc/90b35a6239c3d8bdabc530a6a0816f7ff89a0aaf/library/core/src/result.rs:1700:5
[INFO] [stdout]   19:     0x5b45ae801ac0 - core::result::Result<T,E>::unwrap::h71f733defcb8388c
[INFO] [stdout]                                at /rustc/90b35a6239c3d8bdabc530a6a0816f7ff89a0aaf/library/core/src/result.rs:1104:23
[INFO] [stdout]   20:     0x5b45ae801ac0 - tiny_lang::tests::test_parser::test_assignement_parsing::hc913a2bdd9f53462
[INFO] [stdout]                                at /opt/rustwide/workdir/src/tests/test_parser.rs:196:5
[INFO] [stdout]   21:     0x5b45ae8011e7 - tiny_lang::tests::test_parser::test_assignement_parsing::{{closure}}::h25440f5947ad6ca5
[INFO] [stdout]                                at /opt/rustwide/workdir/src/tests/test_parser.rs:187:30
[INFO] [stdout]   22:     0x5b45ae7d51a6 - core::ops::function::FnOnce::call_once::h63235257eeee27cd
[INFO] [stdout]                                at /rustc/90b35a6239c3d8bdabc530a6a0816f7ff89a0aaf/library/core/src/ops/function.rs:250:5
[INFO] [stdout]   23:     0x5b45ae8e865b - core::ops::function::FnOnce::call_once::h109cf8051a59b34e
[INFO] [stdout]                                at /rustc/90b35a6239c3d8bdabc530a6a0816f7ff89a0aaf/library/core/src/ops/function.rs:250:5
[INFO] [stdout]   24:     0x5b45ae8e865b - test::__rust_begin_short_backtrace::hf4fff89d377446ba
[INFO] [stdout]                                at /rustc/90b35a6239c3d8bdabc530a6a0816f7ff89a0aaf/library/test/src/lib.rs:621:18
[INFO] [stdout]   25:     0x5b45ae8e7e97 - test::run_test_in_process::{{closure}}::h0e39181dd7ee5a43
[INFO] [stdout]                                at /rustc/90b35a6239c3d8bdabc530a6a0816f7ff89a0aaf/library/test/src/lib.rs:644:60
[INFO] [stdout]   26:     0x5b45ae8e7e97 - <core::panic::unwind_safe::AssertUnwindSafe<F> as core::ops::function::FnOnce<()>>::call_once::hc5a66a30f0bdfd1f
[INFO] [stdout]                                at /rustc/90b35a6239c3d8bdabc530a6a0816f7ff89a0aaf/library/core/src/panic/unwind_safe.rs:272:9
[INFO] [stdout]   27:     0x5b45ae8e7e97 - std::panicking::try::do_call::h873b7cf639554a5e
[INFO] [stdout]                                at /rustc/90b35a6239c3d8bdabc530a6a0816f7ff89a0aaf/library/std/src/panicking.rs:557:40
[INFO] [stdout]   28:     0x5b45ae8e7e97 - std::panicking::try::hdb19862fad9c8bd1
[INFO] [stdout]                                at /rustc/90b35a6239c3d8bdabc530a6a0816f7ff89a0aaf/library/std/src/panicking.rs:520:19
[INFO] [stdout]   29:     0x5b45ae8e7e97 - std::panic::catch_unwind::h281fe732d236d260
[INFO] [stdout]                                at /rustc/90b35a6239c3d8bdabc530a6a0816f7ff89a0aaf/library/std/src/panic.rs:358:14
[INFO] [stdout]   30:     0x5b45ae8e7e97 - test::run_test_in_process::h949b6df8457ed338
[INFO] [stdout]                                at /rustc/90b35a6239c3d8bdabc530a6a0816f7ff89a0aaf/library/test/src/lib.rs:644:27
[INFO] [stdout]   31:     0x5b45ae8e7e97 - test::run_test::{{closure}}::h52c556a6d4740e10
[INFO] [stdout]                                at /rustc/90b35a6239c3d8bdabc530a6a0816f7ff89a0aaf/library/test/src/lib.rs:565:43
[INFO] [stdout]   32:     0x5b45ae8ad174 - test::run_test::{{closure}}::h4237f6381c45ccb9
[INFO] [stdout]                                at /rustc/90b35a6239c3d8bdabc530a6a0816f7ff89a0aaf/library/test/src/lib.rs:595:41
[INFO] [stdout]   33:     0x5b45ae8ad174 - std::sys::backtrace::__rust_begin_short_backtrace::h505c97a579eca628
[INFO] [stdout]                                at /rustc/90b35a6239c3d8bdabc530a6a0816f7ff89a0aaf/library/std/src/sys/backtrace.rs:154:18
[INFO] [stdout]   34:     0x5b45ae8b083e - std::thread::Builder::spawn_unchecked_::{{closure}}::{{closure}}::h9e86b2e2bc107ea3
[INFO] [stdout]                                at /rustc/90b35a6239c3d8bdabc530a6a0816f7ff89a0aaf/library/std/src/thread/mod.rs:538:17
[INFO] [stdout]   35:     0x5b45ae8b083e - <core::panic::unwind_safe::AssertUnwindSafe<F> as core::ops::function::FnOnce<()>>::call_once::h8b06ddb275ff4a25
[INFO] [stdout]                                at /rustc/90b35a6239c3d8bdabc530a6a0816f7ff89a0aaf/library/core/src/panic/unwind_safe.rs:272:9
[INFO] [stdout]   36:     0x5b45ae8b083e - std::panicking::try::do_call::hb26ecd7cd9a9355d
[INFO] [stdout]                                at /rustc/90b35a6239c3d8bdabc530a6a0816f7ff89a0aaf/library/std/src/panicking.rs:557:40
[INFO] [stdout]   37:     0x5b45ae8b083e - std::panicking::try::h8ddeca9d705f9069
[INFO] [stdout]                                at /rustc/90b35a6239c3d8bdabc530a6a0816f7ff89a0aaf/library/std/src/panicking.rs:520:19
[INFO] [stdout]   38:     0x5b45ae8b083e - std::panic::catch_unwind::h49e1c33078844c46
[INFO] [stdout]                                at /rustc/90b35a6239c3d8bdabc530a6a0816f7ff89a0aaf/library/std/src/panic.rs:358:14
[INFO] [stdout]   39:     0x5b45ae8b083e - std::thread::Builder::spawn_unchecked_::{{closure}}::h6073db6ff56ad35d
[INFO] [stdout]                                at /rustc/90b35a6239c3d8bdabc530a6a0816f7ff89a0aaf/library/std/src/thread/mod.rs:537:30
[INFO] [stdout]   40:     0x5b45ae8b083e - core::ops::function::FnOnce::call_once{{vtable.shim}}::h2c5a5f3779c774f1
[INFO] [stdout]                                at /rustc/90b35a6239c3d8bdabc530a6a0816f7ff89a0aaf/library/core/src/ops/function.rs:250:5
[INFO] [stdout]   41:     0x5b45aeae7cfb - <alloc::boxed::Box<F,A> as core::ops::function::FnOnce<Args>>::call_once::hf75717d9f28faebf
[INFO] [stdout]                                at /rustc/90b35a6239c3d8bdabc530a6a0816f7ff89a0aaf/library/alloc/src/boxed.rs:2454:9
[INFO] [stdout]   42:     0x5b45aeae7cfb - <alloc::boxed::Box<F,A> as core::ops::function::FnOnce<Args>>::call_once::h7bd883a5f3c5f3c1
[INFO] [stdout]                                at /rustc/90b35a6239c3d8bdabc530a6a0816f7ff89a0aaf/library/alloc/src/boxed.rs:2454:9
[INFO] [stdout]   43:     0x5b45aeae7cfb - std::sys::pal::unix::thread::Thread::new::thread_start::hcc78f3943333fa94
[INFO] [stdout]                                at /rustc/90b35a6239c3d8bdabc530a6a0816f7ff89a0aaf/library/std/src/sys/pal/unix/thread.rs:105:17
[INFO] [stdout]   44:     0x74dcc8c6dac3 - <unknown>
[INFO] [stdout]   45:     0x74dcc8cfea04 - clone
[INFO] [stdout]   46:                0x0 - <unknown>
[INFO] [stdout] 
[INFO] [stdout] 
[INFO] [stdout] failures:
[INFO] [stdout]     codegen::llvm::tests::test_codegen_function
[INFO] [stdout]     codegen::llvm::tests::test_codegen_str
[INFO] [stdout]     codegen::llvm::tests::test_inkwell_codegen
[INFO] [stdout]     tests::test_lexer::test_lexing_string
[INFO] [stdout]     tests::test_parser::test_assignement_parsing
[INFO] [stdout]     tests::test_parser::test_string_parsing
[INFO] [stdout]     tests::test_parser::test_struct_instance_parsing
[INFO] [stdout]     tests::test_parser::test_struct_parsing
[INFO] [stdout]     tests::test_parser::test_while_and_assignement
[INFO] [stdout] 
[INFO] [stdout] test result: FAILED. 31 passed; 9 failed; 0 ignored; 0 measured; 0 filtered out; finished in 2.39s
[INFO] [stdout] 
[INFO] running `Command { std: "docker" "inspect" "968e0d01ce27f601df686cfc5cc22540dfe1d31e7723e9d47f3002c0c766dcd7", kill_on_drop: false }`
[INFO] running `Command { std: "docker" "rm" "-f" "968e0d01ce27f601df686cfc5cc22540dfe1d31e7723e9d47f3002c0c766dcd7", kill_on_drop: false }`
[INFO] [stdout] 968e0d01ce27f601df686cfc5cc22540dfe1d31e7723e9d47f3002c0c766dcd7
