[INFO] cloning repository https://github.com/vivekascoder/meelf
[INFO] running `Command { std: "git" "-c" "credential.helper=" "-c" "credential.helper=/workspace/cargo-home/bin/git-credential-null" "clone" "--bare" "https://github.com/vivekascoder/meelf" "/workspace/cache/git-repos/https%3A%2F%2Fgithub.com%2Fvivekascoder%2Fmeelf", kill_on_drop: false }`
[INFO] [stderr] Cloning into bare repository '/workspace/cache/git-repos/https%3A%2F%2Fgithub.com%2Fvivekascoder%2Fmeelf'...
[INFO] running `Command { std: "git" "rev-parse" "HEAD", kill_on_drop: false }`
[INFO] [stdout] b3cca2710c7b4fb856961c957633a156984fab06
[INFO] testing vivekascoder/meelf against 1.83.0 for beta-1.84.0-4-retry
[INFO] running `Command { std: "git" "clone" "/workspace/cache/git-repos/https%3A%2F%2Fgithub.com%2Fvivekascoder%2Fmeelf" "/workspace/builds/worker-6-tc1/source", kill_on_drop: false }`
[INFO] [stderr] Cloning into '/workspace/builds/worker-6-tc1/source'...
[INFO] [stderr] done.
[INFO] validating manifest of git repo https://github.com/vivekascoder/meelf on toolchain 1.83.0
[INFO] running `Command { std: CARGO_HOME="/workspace/cargo-home" RUSTUP_HOME="/workspace/rustup-home" "/workspace/cargo-home/bin/cargo" "+1.83.0" "metadata" "--manifest-path" "Cargo.toml" "--no-deps", kill_on_drop: false }`
[INFO] started tweaking git repo https://github.com/vivekascoder/meelf
[INFO] finished tweaking git repo https://github.com/vivekascoder/meelf
[INFO] tweaked toml for git repo https://github.com/vivekascoder/meelf written to /workspace/builds/worker-6-tc1/source/Cargo.toml
[INFO] crate git repo https://github.com/vivekascoder/meelf already has a lockfile, it will not be regenerated
[INFO] running `Command { std: CARGO_HOME="/workspace/cargo-home" RUSTUP_HOME="/workspace/rustup-home" "/workspace/cargo-home/bin/cargo" "+1.83.0" "fetch" "--manifest-path" "Cargo.toml", kill_on_drop: false }`
[INFO] [stderr]     Updating crates.io index
[INFO] [stderr]  Downloading crates ...
[INFO] [stderr]   Downloaded path-tree v0.7.1
[INFO] running `Command { std: "docker" "create" "-v" "/var/lib/crater-agent-workspace/builds/worker-6-tc1/target:/opt/rustwide/target:rw,Z" "-v" "/var/lib/crater-agent-workspace/builds/worker-6-tc1/source:/opt/rustwide/workdir:ro,Z" "-v" "/var/lib/crater-agent-workspace/cargo-home:/opt/rustwide/cargo-home:ro,Z" "-v" "/var/lib/crater-agent-workspace/rustup-home:/opt/rustwide/rustup-home:ro,Z" "-e" "SOURCE_DIR=/opt/rustwide/workdir" "-e" "CARGO_TARGET_DIR=/opt/rustwide/target" "-e" "CARGO_HOME=/opt/rustwide/cargo-home" "-e" "RUSTUP_HOME=/opt/rustwide/rustup-home" "-w" "/opt/rustwide/workdir" "-m" "1610612736" "--user" "0:0" "--network" "none" "ghcr.io/rust-lang/crates-build-env/linux@sha256:f3a9d4ad9d972b27faf3965f35b62e55ba32bbce8f20bc8fe909558a86702fde" "/opt/rustwide/cargo-home/bin/cargo" "+1.83.0" "metadata" "--no-deps" "--format-version=1", kill_on_drop: false }`
[INFO] [stdout] 8a4f34e2886d48df7229bbff9f944d348237af85d4f539bd35cbe66bbd4881f5
[INFO] running `Command { std: "docker" "start" "-a" "8a4f34e2886d48df7229bbff9f944d348237af85d4f539bd35cbe66bbd4881f5", kill_on_drop: false }`
[INFO] running `Command { std: "docker" "inspect" "8a4f34e2886d48df7229bbff9f944d348237af85d4f539bd35cbe66bbd4881f5", kill_on_drop: false }`
[INFO] running `Command { std: "docker" "rm" "-f" "8a4f34e2886d48df7229bbff9f944d348237af85d4f539bd35cbe66bbd4881f5", kill_on_drop: false }`
[INFO] [stdout] 8a4f34e2886d48df7229bbff9f944d348237af85d4f539bd35cbe66bbd4881f5
[INFO] running `Command { std: "docker" "create" "-v" "/var/lib/crater-agent-workspace/builds/worker-6-tc1/target:/opt/rustwide/target:rw,Z" "-v" "/var/lib/crater-agent-workspace/builds/worker-6-tc1/source:/opt/rustwide/workdir:ro,Z" "-v" "/var/lib/crater-agent-workspace/cargo-home:/opt/rustwide/cargo-home:ro,Z" "-v" "/var/lib/crater-agent-workspace/rustup-home:/opt/rustwide/rustup-home:ro,Z" "-e" "SOURCE_DIR=/opt/rustwide/workdir" "-e" "CARGO_TARGET_DIR=/opt/rustwide/target" "-e" "CARGO_INCREMENTAL=0" "-e" "RUST_BACKTRACE=full" "-e" "RUSTFLAGS=--cap-lints=warn" "-e" "RUSTDOCFLAGS=--cap-lints=warn" "-e" "CARGO_HOME=/opt/rustwide/cargo-home" "-e" "RUSTUP_HOME=/opt/rustwide/rustup-home" "-w" "/opt/rustwide/workdir" "-m" "1610612736" "--user" "0:0" "--network" "none" "ghcr.io/rust-lang/crates-build-env/linux@sha256:f3a9d4ad9d972b27faf3965f35b62e55ba32bbce8f20bc8fe909558a86702fde" "/opt/rustwide/cargo-home/bin/cargo" "+1.83.0" "build" "--frozen" "--message-format=json", kill_on_drop: false }`
[INFO] [stdout] d6dcdbb206837a4dd07ed73061019a834a61a0118f883c4bb52c8a472993cd87
[INFO] running `Command { std: "docker" "start" "-a" "d6dcdbb206837a4dd07ed73061019a834a61a0118f883c4bb52c8a472993cd87", kill_on_drop: false }`
[INFO] [stderr]    Compiling libc v0.2.139
[INFO] [stderr]    Compiling proc-macro2 v1.0.50
[INFO] [stderr]    Compiling autocfg v1.1.0
[INFO] [stderr]    Compiling unicode-ident v1.0.6
[INFO] [stderr]    Compiling quote v1.0.23
[INFO] [stderr]    Compiling syn v1.0.107
[INFO] [stderr]    Compiling log v0.4.17
[INFO] [stderr]    Compiling parking_lot_core v0.9.6
[INFO] [stderr]    Compiling smallvec v1.10.0
[INFO] [stderr]    Compiling scopeguard v1.1.0
[INFO] [stderr]    Compiling memchr v2.5.0
[INFO] [stderr]    Compiling async-trait v0.1.64
[INFO] [stderr]    Compiling anyhow v1.0.69
[INFO] [stderr]    Compiling pin-project-lite v0.2.9
[INFO] [stderr]    Compiling bytes v1.4.0
[INFO] [stderr]    Compiling matchit v0.7.0
[INFO] [stderr]    Compiling path-tree v0.7.1
[INFO] [stderr]    Compiling lock_api v0.4.9
[INFO] [stderr]    Compiling tokio v1.25.0
[INFO] [stderr]    Compiling signal-hook-registry v1.4.0
[INFO] [stderr]    Compiling socket2 v0.4.7
[INFO] [stderr]    Compiling num_cpus v1.15.0
[INFO] [stderr]    Compiling mio v0.8.5
[INFO] [stderr]    Compiling parking_lot v0.12.1
[INFO] [stderr]    Compiling tokio-macros v1.8.2
[INFO] [stderr]    Compiling meelf v0.1.0 (/opt/rustwide/workdir)
[INFO] [stdout] warning: unused import: `super::path_params::PathParams`
[INFO] [stdout]  --> src/http/request.rs:1:5
[INFO] [stdout]   |
[INFO] [stdout] 1 | use super::path_params::PathParams;
[INFO] [stdout]   |     ^^^^^^^^^^^^^^^^^^^^^^^^^^^^^^
[INFO] [stdout]   |
[INFO] [stdout]   = note: `#[warn(unused_imports)]` on by default
[INFO] [stdout] 
[INFO] [stdout] 
[INFO] [stdout] warning: unused variable: `f`
[INFO] [stdout]   --> src/http/path_params.rs:17:19
[INFO] [stdout]    |
[INFO] [stdout] 17 |     fn fmt(&self, f: &mut std::fmt::Formatter<'_>) -> std::fmt::Result {
[INFO] [stdout]    |                   ^ help: if this is intentional, prefix it with an underscore: `_f`
[INFO] [stdout]    |
[INFO] [stdout]    = note: `#[warn(unused_variables)]` on by default
[INFO] [stdout] 
[INFO] [stdout] 
[INFO] [stdout] warning: struct `PathParams` is never constructed
[INFO] [stdout]  --> src/http/path_params.rs:7:12
[INFO] [stdout]   |
[INFO] [stdout] 7 | pub struct PathParams {
[INFO] [stdout]   |            ^^^^^^^^^^
[INFO] [stdout]   |
[INFO] [stdout]   = note: `PathParams` has a derived impl for the trait `Debug`, but this is intentionally ignored during dead code analysis
[INFO] [stdout]   = note: `#[warn(dead_code)]` on by default
[INFO] [stdout] 
[INFO] [stdout] 
[INFO] [stdout] warning: variant `ValueParseError` is never constructed
[INFO] [stdout]   --> src/http/path_params.rs:13:5
[INFO] [stdout]    |
[INFO] [stdout] 12 | pub enum UrlParseError {
[INFO] [stdout]    |          ------------- variant in this enum
[INFO] [stdout] 13 |     ValueParseError,
[INFO] [stdout]    |     ^^^^^^^^^^^^^^^
[INFO] [stdout]    |
[INFO] [stdout]    = note: `UrlParseError` has a derived impl for the trait `Debug`, but this is intentionally ignored during dead code analysis
[INFO] [stdout] 
[INFO] [stdout] 
[INFO] [stdout] warning: associated items `new`, `parse`, and `is_eq` are never used
[INFO] [stdout]   --> src/http/path_params.rs:26:12
[INFO] [stdout]    |
[INFO] [stdout] 25 | impl PathParams {
[INFO] [stdout]    | --------------- associated items in this implementation
[INFO] [stdout] 26 |     pub fn new(path: String) -> Self {
[INFO] [stdout]    |            ^^^
[INFO] [stdout] ...
[INFO] [stdout] 30 |     pub fn parse(&mut self, url: String) -> Result<HashMap<String, String>, UrlParseError> {
[INFO] [stdout]    |            ^^^^^
[INFO] [stdout] ...
[INFO] [stdout] 57 |     pub fn is_eq(&self, url: String) -> bool {
[INFO] [stdout]    |            ^^^^^
[INFO] [stdout] 
[INFO] [stdout] 
[INFO] [stdout] warning: fields `method`, `headers`, `query_params`, and `path_params` are never read
[INFO] [stdout]   --> src/http/request.rs:75:9
[INFO] [stdout]    |
[INFO] [stdout] 74 | pub struct Request {
[INFO] [stdout]    |            ------- fields in this struct
[INFO] [stdout] 75 |     pub method: Method,
[INFO] [stdout]    |         ^^^^^^
[INFO] [stdout] ...
[INFO] [stdout] 78 |     pub headers: HashMap<String, String>,
[INFO] [stdout]    |         ^^^^^^^
[INFO] [stdout] 79 |     pub query_params: HashMap<String, String>,
[INFO] [stdout]    |         ^^^^^^^^^^^^
[INFO] [stdout] 80 |     pub path_params: HashMap<String, String>,
[INFO] [stdout]    |         ^^^^^^^^^^^
[INFO] [stdout]    |
[INFO] [stdout]    = note: `Request` has a derived impl for the trait `Debug`, but this is intentionally ignored during dead code analysis
[INFO] [stdout] 
[INFO] [stdout] 
[INFO] [stderr]     Finished `dev` profile [unoptimized + debuginfo] target(s) in 20.34s
[INFO] running `Command { std: "docker" "inspect" "d6dcdbb206837a4dd07ed73061019a834a61a0118f883c4bb52c8a472993cd87", kill_on_drop: false }`
[INFO] running `Command { std: "docker" "rm" "-f" "d6dcdbb206837a4dd07ed73061019a834a61a0118f883c4bb52c8a472993cd87", kill_on_drop: false }`
[INFO] [stdout] d6dcdbb206837a4dd07ed73061019a834a61a0118f883c4bb52c8a472993cd87
[INFO] running `Command { std: "docker" "create" "-v" "/var/lib/crater-agent-workspace/builds/worker-6-tc1/target:/opt/rustwide/target:rw,Z" "-v" "/var/lib/crater-agent-workspace/builds/worker-6-tc1/source:/opt/rustwide/workdir:ro,Z" "-v" "/var/lib/crater-agent-workspace/cargo-home:/opt/rustwide/cargo-home:ro,Z" "-v" "/var/lib/crater-agent-workspace/rustup-home:/opt/rustwide/rustup-home:ro,Z" "-e" "SOURCE_DIR=/opt/rustwide/workdir" "-e" "CARGO_TARGET_DIR=/opt/rustwide/target" "-e" "CARGO_INCREMENTAL=0" "-e" "RUST_BACKTRACE=full" "-e" "RUSTFLAGS=--cap-lints=warn" "-e" "RUSTDOCFLAGS=--cap-lints=warn" "-e" "CARGO_HOME=/opt/rustwide/cargo-home" "-e" "RUSTUP_HOME=/opt/rustwide/rustup-home" "-w" "/opt/rustwide/workdir" "-m" "1610612736" "--user" "0:0" "--network" "none" "ghcr.io/rust-lang/crates-build-env/linux@sha256:f3a9d4ad9d972b27faf3965f35b62e55ba32bbce8f20bc8fe909558a86702fde" "/opt/rustwide/cargo-home/bin/cargo" "+1.83.0" "test" "--frozen" "--no-run" "--message-format=json", kill_on_drop: false }`
[INFO] [stdout] 4bd63225a35f0778f09b6eea0e04ed67f463c2e1395638a52d4f52008b347f40
[INFO] running `Command { std: "docker" "start" "-a" "4bd63225a35f0778f09b6eea0e04ed67f463c2e1395638a52d4f52008b347f40", kill_on_drop: false }`
[INFO] [stderr]    Compiling meelf v0.1.0 (/opt/rustwide/workdir)
[INFO] [stdout] warning: unused import: `super::path_params::PathParams`
[INFO] [stdout]  --> src/http/request.rs:1:5
[INFO] [stdout]   |
[INFO] [stdout] 1 | use super::path_params::PathParams;
[INFO] [stdout]   |     ^^^^^^^^^^^^^^^^^^^^^^^^^^^^^^
[INFO] [stdout]   |
[INFO] [stdout]   = note: `#[warn(unused_imports)]` on by default
[INFO] [stdout] 
[INFO] [stdout] 
[INFO] [stdout] warning: unused variable: `f`
[INFO] [stdout]   --> src/http/path_params.rs:17:19
[INFO] [stdout]    |
[INFO] [stdout] 17 |     fn fmt(&self, f: &mut std::fmt::Formatter<'_>) -> std::fmt::Result {
[INFO] [stdout]    |                   ^ help: if this is intentional, prefix it with an underscore: `_f`
[INFO] [stdout]    |
[INFO] [stdout]    = note: `#[warn(unused_variables)]` on by default
[INFO] [stdout] 
[INFO] [stdout] 
[INFO] [stdout] warning: fields `method`, `headers`, `query_params`, and `path_params` are never read
[INFO] [stdout]   --> src/http/request.rs:75:9
[INFO] [stdout]    |
[INFO] [stdout] 74 | pub struct Request {
[INFO] [stdout]    |            ------- fields in this struct
[INFO] [stdout] 75 |     pub method: Method,
[INFO] [stdout]    |         ^^^^^^
[INFO] [stdout] ...
[INFO] [stdout] 78 |     pub headers: HashMap<String, String>,
[INFO] [stdout]    |         ^^^^^^^
[INFO] [stdout] 79 |     pub query_params: HashMap<String, String>,
[INFO] [stdout]    |         ^^^^^^^^^^^^
[INFO] [stdout] 80 |     pub path_params: HashMap<String, String>,
[INFO] [stdout]    |         ^^^^^^^^^^^
[INFO] [stdout]    |
[INFO] [stdout]    = note: `Request` has a derived impl for the trait `Debug`, but this is intentionally ignored during dead code analysis
[INFO] [stdout]    = note: `#[warn(dead_code)]` on by default
[INFO] [stdout] 
[INFO] [stdout] 
[INFO] [stderr]     Finished `test` profile [unoptimized + debuginfo] target(s) in 1.21s
[INFO] running `Command { std: "docker" "inspect" "4bd63225a35f0778f09b6eea0e04ed67f463c2e1395638a52d4f52008b347f40", kill_on_drop: false }`
[INFO] running `Command { std: "docker" "rm" "-f" "4bd63225a35f0778f09b6eea0e04ed67f463c2e1395638a52d4f52008b347f40", kill_on_drop: false }`
[INFO] [stdout] 4bd63225a35f0778f09b6eea0e04ed67f463c2e1395638a52d4f52008b347f40
[INFO] running `Command { std: "docker" "create" "-v" "/var/lib/crater-agent-workspace/builds/worker-6-tc1/target:/opt/rustwide/target:rw,Z" "-v" "/var/lib/crater-agent-workspace/builds/worker-6-tc1/source:/opt/rustwide/workdir:ro,Z" "-v" "/var/lib/crater-agent-workspace/cargo-home:/opt/rustwide/cargo-home:ro,Z" "-v" "/var/lib/crater-agent-workspace/rustup-home:/opt/rustwide/rustup-home:ro,Z" "-e" "SOURCE_DIR=/opt/rustwide/workdir" "-e" "CARGO_TARGET_DIR=/opt/rustwide/target" "-e" "CARGO_INCREMENTAL=0" "-e" "RUST_BACKTRACE=full" "-e" "RUSTFLAGS=--cap-lints=warn" "-e" "RUSTDOCFLAGS=--cap-lints=warn" "-e" "CARGO_HOME=/opt/rustwide/cargo-home" "-e" "RUSTUP_HOME=/opt/rustwide/rustup-home" "-w" "/opt/rustwide/workdir" "-m" "1610612736" "--user" "0:0" "--network" "none" "ghcr.io/rust-lang/crates-build-env/linux@sha256:f3a9d4ad9d972b27faf3965f35b62e55ba32bbce8f20bc8fe909558a86702fde" "/opt/rustwide/cargo-home/bin/cargo" "+1.83.0" "test" "--frozen", kill_on_drop: false }`
[INFO] [stdout] 182c7867172a67ecc17e3633efc612fd35baaab674ef43e6e6b33399c9817a47
[INFO] running `Command { std: "docker" "start" "-a" "182c7867172a67ecc17e3633efc612fd35baaab674ef43e6e6b33399c9817a47", kill_on_drop: false }`
[INFO] [stderr] warning: unused import: `super::path_params::PathParams`
[INFO] [stderr]  --> src/http/request.rs:1:5
[INFO] [stderr]   |
[INFO] [stderr] 1 | use super::path_params::PathParams;
[INFO] [stderr]   |     ^^^^^^^^^^^^^^^^^^^^^^^^^^^^^^
[INFO] [stderr]   |
[INFO] [stderr]   = note: `#[warn(unused_imports)]` on by default
[INFO] [stderr] 
[INFO] [stderr] warning: unused variable: `f`
[INFO] [stderr]   --> src/http/path_params.rs:17:19
[INFO] [stderr]    |
[INFO] [stderr] 17 |     fn fmt(&self, f: &mut std::fmt::Formatter<'_>) -> std::fmt::Result {
[INFO] [stderr]    |                   ^ help: if this is intentional, prefix it with an underscore: `_f`
[INFO] [stderr]    |
[INFO] [stderr]    = note: `#[warn(unused_variables)]` on by default
[INFO] [stderr] 
[INFO] [stderr] warning: fields `method`, `headers`, `query_params`, and `path_params` are never read
[INFO] [stderr]   --> src/http/request.rs:75:9
[INFO] [stderr]    |
[INFO] [stderr] 74 | pub struct Request {
[INFO] [stderr]    |            ------- fields in this struct
[INFO] [stderr] 75 |     pub method: Method,
[INFO] [stderr]    |         ^^^^^^
[INFO] [stderr] ...
[INFO] [stderr] 78 |     pub headers: HashMap<String, String>,
[INFO] [stderr]    |         ^^^^^^^
[INFO] [stderr] 79 |     pub query_params: HashMap<String, String>,
[INFO] [stderr]    |         ^^^^^^^^^^^^
[INFO] [stderr] 80 |     pub path_params: HashMap<String, String>,
[INFO] [stderr]    |         ^^^^^^^^^^^
[INFO] [stderr]    |
[INFO] [stderr]    = note: `Request` has a derived impl for the trait `Debug`, but this is intentionally ignored during dead code analysis
[INFO] [stderr]    = note: `#[warn(dead_code)]` on by default
[INFO] [stderr] 
[INFO] [stderr] warning: `meelf` (bin "meelf" test) generated 3 warnings (run `cargo fix --bin "meelf" --tests` to apply 1 suggestion)
[INFO] [stderr]     Finished `test` profile [unoptimized + debuginfo] target(s) in 0.05s
[INFO] [stderr]      Running unittests src/main.rs (/opt/rustwide/target/debug/deps/meelf-4070a5e84966578b)
[INFO] [stdout] 
[INFO] [stdout] running 1 test
[INFO] [stdout] test http::path_params::tests::parse_url ... FAILED
[INFO] [stdout] 
[INFO] [stdout] failures:
[INFO] [stdout] 
[INFO] [stdout] ---- http::path_params::tests::parse_url stdout ----
[INFO] [stdout] Ok({"user": "vivekascoder", "key": "jumba", "ip": "127.0.0.1"})
[INFO] [stdout] i: 1
[INFO] [stdout] i: 1
[INFO] [stdout] i: 2
[INFO] [stdout] i: 3
[INFO] [stdout] i: 4
[INFO] [stdout] i: 5
[INFO] [stdout] i: 15
[INFO] [stdout] i: 15
[INFO] [stdout] i: 16
[INFO] [stdout] i: 17
[INFO] [stdout] i: 18
[INFO] [stdout] i: 20
[INFO] [stdout] i: 20
[INFO] [stdout] i: 21
[INFO] [stdout] i: 22
[INFO] [stdout] is_eq: true
[INFO] [stdout] thread 'http::path_params::tests::parse_url' panicked at src/http/path_params.rs:111:9:
[INFO] [stdout] assertion failed: false
[INFO] [stdout] stack backtrace:
[INFO] [stdout]    0:     0x62a93a81d3ea - std::backtrace_rs::backtrace::libunwind::trace::h5a5b8284f2d0c266
[INFO] [stdout]                                at /rustc/90b35a6239c3d8bdabc530a6a0816f7ff89a0aaf/library/std/src/../../backtrace/src/backtrace/libunwind.rs:116:5
[INFO] [stdout]    1:     0x62a93a81d3ea - std::backtrace_rs::backtrace::trace_unsynchronized::h76d4f1c9b0b875e3
[INFO] [stdout]                                at /rustc/90b35a6239c3d8bdabc530a6a0816f7ff89a0aaf/library/std/src/../../backtrace/src/backtrace/mod.rs:66:5
[INFO] [stdout]    2:     0x62a93a81d3ea - std::sys::backtrace::_print_fmt::hc4546b8364a537c6
[INFO] [stdout]                                at /rustc/90b35a6239c3d8bdabc530a6a0816f7ff89a0aaf/library/std/src/sys/backtrace.rs:66:9
[INFO] [stdout]    3:     0x62a93a81d3ea - <std::sys::backtrace::BacktraceLock::print::DisplayBacktrace as core::fmt::Display>::fmt::h5b6bd5631a6d1f6b
[INFO] [stdout]                                at /rustc/90b35a6239c3d8bdabc530a6a0816f7ff89a0aaf/library/std/src/sys/backtrace.rs:39:26
[INFO] [stdout]    4:     0x62a93a842b23 - core::fmt::rt::Argument::fmt::h270f6602a2b96f62
[INFO] [stdout]                                at /rustc/90b35a6239c3d8bdabc530a6a0816f7ff89a0aaf/library/core/src/fmt/rt.rs:177:76
[INFO] [stdout]    5:     0x62a93a842b23 - core::fmt::write::h7550c97b06c86515
[INFO] [stdout]                                at /rustc/90b35a6239c3d8bdabc530a6a0816f7ff89a0aaf/library/core/src/fmt/mod.rs:1186:21
[INFO] [stdout]    6:     0x62a93a81a5b3 - std::io::Write::write_fmt::h509ff860e5956e5e
[INFO] [stdout]                                at /rustc/90b35a6239c3d8bdabc530a6a0816f7ff89a0aaf/library/std/src/io/mod.rs:1839:15
[INFO] [stdout]    7:     0x62a93a81d232 - std::sys::backtrace::BacktraceLock::print::h2395ccd2c84ba3aa
[INFO] [stdout]                                at /rustc/90b35a6239c3d8bdabc530a6a0816f7ff89a0aaf/library/std/src/sys/backtrace.rs:42:9
[INFO] [stdout]    8:     0x62a93a81e84a - std::panicking::default_hook::{{closure}}::he19d4c7230e07961
[INFO] [stdout]                                at /rustc/90b35a6239c3d8bdabc530a6a0816f7ff89a0aaf/library/std/src/panicking.rs:268:22
[INFO] [stdout]    9:     0x62a93a81e654 - std::panicking::default_hook::hf614597d3c67bbdb
[INFO] [stdout]                                at /rustc/90b35a6239c3d8bdabc530a6a0816f7ff89a0aaf/library/std/src/panicking.rs:292:9
[INFO] [stdout]   10:     0x62a93a7e4a99 - <alloc::boxed::Box<F,A> as core::ops::function::Fn<Args>>::call::h39b51ce4599c23d1
[INFO] [stdout]                                at /rustc/90b35a6239c3d8bdabc530a6a0816f7ff89a0aaf/library/alloc/src/boxed.rs:2468:9
[INFO] [stdout]   11:     0x62a93a7e4a99 - test::test_main::{{closure}}::he977ae839a582784
[INFO] [stdout]                                at /rustc/90b35a6239c3d8bdabc530a6a0816f7ff89a0aaf/library/test/src/lib.rs:133:21
[INFO] [stdout]   12:     0x62a93a81eee8 - <alloc::boxed::Box<F,A> as core::ops::function::Fn<Args>>::call::h9455091b6b06f9fb
[INFO] [stdout]                                at /rustc/90b35a6239c3d8bdabc530a6a0816f7ff89a0aaf/library/alloc/src/boxed.rs:2468:9
[INFO] [stdout]   13:     0x62a93a81eee8 - std::panicking::rust_panic_with_hook::h8942133a8b252070
[INFO] [stdout]                                at /rustc/90b35a6239c3d8bdabc530a6a0816f7ff89a0aaf/library/std/src/panicking.rs:809:13
[INFO] [stdout]   14:     0x62a93a81ec76 - std::panicking::begin_panic_handler::{{closure}}::hb5f5963570096b29
[INFO] [stdout]                                at /rustc/90b35a6239c3d8bdabc530a6a0816f7ff89a0aaf/library/std/src/panicking.rs:667:13
[INFO] [stdout]   15:     0x62a93a81d8c9 - std::sys::backtrace::__rust_end_short_backtrace::h6208cedc1922feda
[INFO] [stdout]                                at /rustc/90b35a6239c3d8bdabc530a6a0816f7ff89a0aaf/library/std/src/sys/backtrace.rs:170:18
[INFO] [stdout]   16:     0x62a93a81e93c - rust_begin_unwind
[INFO] [stdout]                                at /rustc/90b35a6239c3d8bdabc530a6a0816f7ff89a0aaf/library/std/src/panicking.rs:665:5
[INFO] [stdout]   17:     0x62a93a7a5a60 - core::panicking::panic_fmt::h0c3082644d1bf418
[INFO] [stdout]                                at /rustc/90b35a6239c3d8bdabc530a6a0816f7ff89a0aaf/library/core/src/panicking.rs:74:14
[INFO] [stdout]   18:     0x62a93a7a5aec - core::panicking::panic::h957f98c65a3b3074
[INFO] [stdout]                                at /rustc/90b35a6239c3d8bdabc530a6a0816f7ff89a0aaf/library/core/src/panicking.rs:148:5
[INFO] [stdout]   19:     0x62a93a7ac74b - meelf::http::path_params::tests::parse_url::hbd8128744dcf41c6
[INFO] [stdout]                                at /opt/rustwide/workdir/src/http/path_params.rs:111:9
[INFO] [stdout]   20:     0x62a93a7ac427 - meelf::http::path_params::tests::parse_url::{{closure}}::h495810fed2f2db6e
[INFO] [stdout]                                at /opt/rustwide/workdir/src/http/path_params.rs:103:19
[INFO] [stdout]   21:     0x62a93a7a6be6 - core::ops::function::FnOnce::call_once::hd0e39ecebb3ec462
[INFO] [stdout]                                at /rustc/90b35a6239c3d8bdabc530a6a0816f7ff89a0aaf/library/core/src/ops/function.rs:250:5
[INFO] [stdout]   22:     0x62a93a7e945b - core::ops::function::FnOnce::call_once::h109cf8051a59b34e
[INFO] [stdout]                                at /rustc/90b35a6239c3d8bdabc530a6a0816f7ff89a0aaf/library/core/src/ops/function.rs:250:5
[INFO] [stdout]   23:     0x62a93a7e945b - test::__rust_begin_short_backtrace::hf4fff89d377446ba
[INFO] [stdout]                                at /rustc/90b35a6239c3d8bdabc530a6a0816f7ff89a0aaf/library/test/src/lib.rs:621:18
[INFO] [stdout]   24:     0x62a93a7e8c97 - test::run_test_in_process::{{closure}}::h0e39181dd7ee5a43
[INFO] [stdout]                                at /rustc/90b35a6239c3d8bdabc530a6a0816f7ff89a0aaf/library/test/src/lib.rs:644:60
[INFO] [stdout]   25:     0x62a93a7e8c97 - <core::panic::unwind_safe::AssertUnwindSafe<F> as core::ops::function::FnOnce<()>>::call_once::hc5a66a30f0bdfd1f
[INFO] [stdout]                                at /rustc/90b35a6239c3d8bdabc530a6a0816f7ff89a0aaf/library/core/src/panic/unwind_safe.rs:272:9
[INFO] [stdout]   26:     0x62a93a7e8c97 - std::panicking::try::do_call::h873b7cf639554a5e
[INFO] [stdout]                                at /rustc/90b35a6239c3d8bdabc530a6a0816f7ff89a0aaf/library/std/src/panicking.rs:557:40
[INFO] [stdout]   27:     0x62a93a7e8c97 - std::panicking::try::hdb19862fad9c8bd1
[INFO] [stdout]                                at /rustc/90b35a6239c3d8bdabc530a6a0816f7ff89a0aaf/library/std/src/panicking.rs:520:19
[INFO] [stdout]   28:     0x62a93a7e8c97 - std::panic::catch_unwind::h281fe732d236d260
[INFO] [stdout]                                at /rustc/90b35a6239c3d8bdabc530a6a0816f7ff89a0aaf/library/std/src/panic.rs:358:14
[INFO] [stdout]   29:     0x62a93a7e8c97 - test::run_test_in_process::h949b6df8457ed338
[INFO] [stdout]                                at /rustc/90b35a6239c3d8bdabc530a6a0816f7ff89a0aaf/library/test/src/lib.rs:644:27
[INFO] [stdout]   30:     0x62a93a7e8c97 - test::run_test::{{closure}}::h52c556a6d4740e10
[INFO] [stdout]                                at /rustc/90b35a6239c3d8bdabc530a6a0816f7ff89a0aaf/library/test/src/lib.rs:565:43
[INFO] [stdout]   31:     0x62a93a7adf74 - test::run_test::{{closure}}::h4237f6381c45ccb9
[INFO] [stdout]                                at /rustc/90b35a6239c3d8bdabc530a6a0816f7ff89a0aaf/library/test/src/lib.rs:595:41
[INFO] [stdout]   32:     0x62a93a7adf74 - std::sys::backtrace::__rust_begin_short_backtrace::h505c97a579eca628
[INFO] [stdout]                                at /rustc/90b35a6239c3d8bdabc530a6a0816f7ff89a0aaf/library/std/src/sys/backtrace.rs:154:18
[INFO] [stdout]   33:     0x62a93a7b163e - std::thread::Builder::spawn_unchecked_::{{closure}}::{{closure}}::h9e86b2e2bc107ea3
[INFO] [stdout]                                at /rustc/90b35a6239c3d8bdabc530a6a0816f7ff89a0aaf/library/std/src/thread/mod.rs:538:17
[INFO] [stdout]   34:     0x62a93a7b163e - <core::panic::unwind_safe::AssertUnwindSafe<F> as core::ops::function::FnOnce<()>>::call_once::h8b06ddb275ff4a25
[INFO] [stdout]                                at /rustc/90b35a6239c3d8bdabc530a6a0816f7ff89a0aaf/library/core/src/panic/unwind_safe.rs:272:9
[INFO] [stdout]   35:     0x62a93a7b163e - std::panicking::try::do_call::hb26ecd7cd9a9355d
[INFO] [stdout]                                at /rustc/90b35a6239c3d8bdabc530a6a0816f7ff89a0aaf/library/std/src/panicking.rs:557:40
[INFO] [stdout]   36:     0x62a93a7b163e - std::panicking::try::h8ddeca9d705f9069
[INFO] [stdout]                                at /rustc/90b35a6239c3d8bdabc530a6a0816f7ff89a0aaf/library/std/src/panicking.rs:520:19
[INFO] [stdout]   37:     0x62a93a7b163e - std::panic::catch_unwind::h49e1c33078844c46
[INFO] [stdout]                                at /rustc/90b35a6239c3d8bdabc530a6a0816f7ff89a0aaf/library/std/src/panic.rs:358:14
[INFO] [stdout]   38:     0x62a93a7b163e - std::thread::Builder::spawn_unchecked_::{{closure}}::h6073db6ff56ad35d
[INFO] [stdout]                                at /rustc/90b35a6239c3d8bdabc530a6a0816f7ff89a0aaf/library/std/src/thread/mod.rs:537:30
[INFO] [stdout]   39:     0x62a93a7b163e - core::ops::function::FnOnce::call_once{{vtable.shim}}::h2c5a5f3779c774f1
[INFO] [stdout]                                at /rustc/90b35a6239c3d8bdabc530a6a0816f7ff89a0aaf/library/core/src/ops/function.rs:250:5
[INFO] [stdout]   40:     0x62a93a822c3b - <alloc::boxed::Box<F,A> as core::ops::function::FnOnce<Args>>::call_once::hf75717d9f28faebf
[INFO] [stdout]                                at /rustc/90b35a6239c3d8bdabc530a6a0816f7ff89a0aaf/library/alloc/src/boxed.rs:2454:9
[INFO] [stdout]   41:     0x62a93a822c3b - <alloc::boxed::Box<F,A> as core::ops::function::FnOnce<Args>>::call_once::h7bd883a5f3c5f3c1
[INFO] [stdout]                                at /rustc/90b35a6239c3d8bdabc530a6a0816f7ff89a0aaf/library/alloc/src/boxed.rs:2454:9
[INFO] [stdout]   42:     0x62a93a822c3b - std::sys::pal::unix::thread::Thread::new::thread_start::hcc78f3943333fa94
[INFO] [stdout]                                at /rustc/90b35a6239c3d8bdabc530a6a0816f7ff89a0aaf/library/std/src/sys/pal/unix/thread.rs:105:17
[INFO] [stdout]   43:     0x71300332bac3 - <unknown>
[INFO] [stdout]   44:     0x7130033bca04 - clone
[INFO] [stdout]   45:                0x0 - <unknown>
[INFO] [stdout] 
[INFO] [stdout] 
[INFO] [stdout] failures:
[INFO] [stdout]     http::path_params::tests::parse_url
[INFO] [stdout] 
[INFO] [stdout] test result: FAILED. 0 passed; 1 failed; 0 ignored; 0 measured; 0 filtered out; finished in 0.05s
[INFO] [stdout] 
[INFO] [stderr] error: test failed, to rerun pass `--bin meelf`
[INFO] running `Command { std: "docker" "inspect" "182c7867172a67ecc17e3633efc612fd35baaab674ef43e6e6b33399c9817a47", kill_on_drop: false }`
[INFO] running `Command { std: "docker" "rm" "-f" "182c7867172a67ecc17e3633efc612fd35baaab674ef43e6e6b33399c9817a47", kill_on_drop: false }`
[INFO] [stdout] 182c7867172a67ecc17e3633efc612fd35baaab674ef43e6e6b33399c9817a47
