[INFO] cloning repository https://github.com/vinhtc27/redis
[INFO] running `Command { std: "git" "-c" "credential.helper=" "-c" "credential.helper=/workspace/cargo-home/bin/git-credential-null" "clone" "--bare" "https://github.com/vinhtc27/redis" "/workspace/cache/git-repos/https%3A%2F%2Fgithub.com%2Fvinhtc27%2Fredis", kill_on_drop: false }`
[INFO] [stderr] Cloning into bare repository '/workspace/cache/git-repos/https%3A%2F%2Fgithub.com%2Fvinhtc27%2Fredis'...
[INFO] running `Command { std: "git" "rev-parse" "HEAD", kill_on_drop: false }`
[INFO] [stdout] ff779b6339cc276b4f76d63d64855da98f397c38
[INFO] testing vinhtc27/redis against 1.83.0 for beta-1.84.0-4-retry
[INFO] running `Command { std: "git" "clone" "/workspace/cache/git-repos/https%3A%2F%2Fgithub.com%2Fvinhtc27%2Fredis" "/workspace/builds/worker-4-tc1/source", kill_on_drop: false }`
[INFO] [stderr] Cloning into '/workspace/builds/worker-4-tc1/source'...
[INFO] [stderr] done.
[INFO] validating manifest of git repo https://github.com/vinhtc27/redis on toolchain 1.83.0
[INFO] running `Command { std: CARGO_HOME="/workspace/cargo-home" RUSTUP_HOME="/workspace/rustup-home" "/workspace/cargo-home/bin/cargo" "+1.83.0" "metadata" "--manifest-path" "Cargo.toml" "--no-deps", kill_on_drop: false }`
[INFO] started tweaking git repo https://github.com/vinhtc27/redis
[INFO] finished tweaking git repo https://github.com/vinhtc27/redis
[INFO] tweaked toml for git repo https://github.com/vinhtc27/redis written to /workspace/builds/worker-4-tc1/source/Cargo.toml
[INFO] crate git repo https://github.com/vinhtc27/redis already has a lockfile, it will not be regenerated
[INFO] running `Command { std: CARGO_HOME="/workspace/cargo-home" RUSTUP_HOME="/workspace/rustup-home" "/workspace/cargo-home/bin/cargo" "+1.83.0" "fetch" "--manifest-path" "Cargo.toml", kill_on_drop: false }`
[INFO] running `Command { std: "docker" "create" "-v" "/var/lib/crater-agent-workspace/builds/worker-4-tc1/target:/opt/rustwide/target:rw,Z" "-v" "/var/lib/crater-agent-workspace/builds/worker-4-tc1/source:/opt/rustwide/workdir:ro,Z" "-v" "/var/lib/crater-agent-workspace/cargo-home:/opt/rustwide/cargo-home:ro,Z" "-v" "/var/lib/crater-agent-workspace/rustup-home:/opt/rustwide/rustup-home:ro,Z" "-e" "SOURCE_DIR=/opt/rustwide/workdir" "-e" "CARGO_TARGET_DIR=/opt/rustwide/target" "-e" "CARGO_HOME=/opt/rustwide/cargo-home" "-e" "RUSTUP_HOME=/opt/rustwide/rustup-home" "-w" "/opt/rustwide/workdir" "-m" "1610612736" "--user" "0:0" "--network" "none" "ghcr.io/rust-lang/crates-build-env/linux@sha256:f3a9d4ad9d972b27faf3965f35b62e55ba32bbce8f20bc8fe909558a86702fde" "/opt/rustwide/cargo-home/bin/cargo" "+1.83.0" "metadata" "--no-deps" "--format-version=1", kill_on_drop: false }`
[INFO] [stdout] 16a107ed1b7f11137ce10c6a13cbf9c7b7f1e51f8bd7f67917565cf56e47e520
[INFO] running `Command { std: "docker" "start" "-a" "16a107ed1b7f11137ce10c6a13cbf9c7b7f1e51f8bd7f67917565cf56e47e520", kill_on_drop: false }`
[INFO] running `Command { std: "docker" "inspect" "16a107ed1b7f11137ce10c6a13cbf9c7b7f1e51f8bd7f67917565cf56e47e520", kill_on_drop: false }`
[INFO] running `Command { std: "docker" "rm" "-f" "16a107ed1b7f11137ce10c6a13cbf9c7b7f1e51f8bd7f67917565cf56e47e520", kill_on_drop: false }`
[INFO] [stdout] 16a107ed1b7f11137ce10c6a13cbf9c7b7f1e51f8bd7f67917565cf56e47e520
[INFO] running `Command { std: "docker" "create" "-v" "/var/lib/crater-agent-workspace/builds/worker-4-tc1/target:/opt/rustwide/target:rw,Z" "-v" "/var/lib/crater-agent-workspace/builds/worker-4-tc1/source:/opt/rustwide/workdir:ro,Z" "-v" "/var/lib/crater-agent-workspace/cargo-home:/opt/rustwide/cargo-home:ro,Z" "-v" "/var/lib/crater-agent-workspace/rustup-home:/opt/rustwide/rustup-home:ro,Z" "-e" "SOURCE_DIR=/opt/rustwide/workdir" "-e" "CARGO_TARGET_DIR=/opt/rustwide/target" "-e" "CARGO_INCREMENTAL=0" "-e" "RUST_BACKTRACE=full" "-e" "RUSTFLAGS=--cap-lints=warn" "-e" "RUSTDOCFLAGS=--cap-lints=warn" "-e" "CARGO_HOME=/opt/rustwide/cargo-home" "-e" "RUSTUP_HOME=/opt/rustwide/rustup-home" "-w" "/opt/rustwide/workdir" "-m" "1610612736" "--user" "0:0" "--network" "none" "ghcr.io/rust-lang/crates-build-env/linux@sha256:f3a9d4ad9d972b27faf3965f35b62e55ba32bbce8f20bc8fe909558a86702fde" "/opt/rustwide/cargo-home/bin/cargo" "+1.83.0" "build" "--frozen" "--message-format=json", kill_on_drop: false }`
[INFO] [stdout] ab5a8d7c23a6a54031fe5fc7e86b9493f169ce1ab06e01d2ffea1c71ccdf6664
[INFO] running `Command { std: "docker" "start" "-a" "ab5a8d7c23a6a54031fe5fc7e86b9493f169ce1ab06e01d2ffea1c71ccdf6664", kill_on_drop: false }`
[INFO] [stderr]    Compiling libc v0.2.153
[INFO] [stderr]    Compiling proc-macro2 v1.0.79
[INFO] [stderr]    Compiling unicode-ident v1.0.12
[INFO] [stderr]    Compiling autocfg v1.2.0
[INFO] [stderr]    Compiling cfg-if v1.0.0
[INFO] [stderr]    Compiling parking_lot_core v0.9.10
[INFO] [stderr]    Compiling pin-project-lite v0.2.14
[INFO] [stderr]    Compiling scopeguard v1.2.0
[INFO] [stderr]    Compiling utf8parse v0.2.1
[INFO] [stderr]    Compiling smallvec v1.13.2
[INFO] [stderr]    Compiling anstyle-query v1.0.2
[INFO] [stderr]    Compiling anstyle v1.0.6
[INFO] [stderr]    Compiling colorchoice v1.0.0
[INFO] [stderr]    Compiling heck v0.5.0
[INFO] [stderr]    Compiling clap_lex v0.7.0
[INFO] [stderr]    Compiling ppv-lite86 v0.2.17
[INFO] [stderr]    Compiling futures-core v0.3.30
[INFO] [stderr]    Compiling bytes v1.6.0
[INFO] [stderr]    Compiling strsim v0.11.1
[INFO] [stderr]    Compiling anstyle-parse v0.2.3
[INFO] [stderr]    Compiling once_cell v1.19.0
[INFO] [stderr]    Compiling anstream v0.6.13
[INFO] [stderr]    Compiling tracing-core v0.1.32
[INFO] [stderr]    Compiling lock_api v0.4.12
[INFO] [stderr]    Compiling num-traits v0.2.18
[INFO] [stderr]    Compiling clap_builder v4.5.2
[INFO] [stderr]    Compiling quote v1.0.36
[INFO] [stderr]    Compiling syn v2.0.58
[INFO] [stderr]    Compiling getrandom v0.2.14
[INFO] [stderr]    Compiling num_cpus v1.16.0
[INFO] [stderr]    Compiling mio v0.8.11
[INFO] [stderr]    Compiling signal-hook-registry v1.4.2
[INFO] [stderr]    Compiling socket2 v0.5.7
[INFO] [stderr]    Compiling rand_core v0.6.4
[INFO] [stderr]    Compiling parking_lot v0.12.2
[INFO] [stderr]    Compiling rand_chacha v0.3.1
[INFO] [stderr]    Compiling rand v0.8.5
[INFO] [stderr]    Compiling atoi v2.0.0
[INFO] [stderr]    Compiling tokio-macros v2.2.0
[INFO] [stderr]    Compiling async-stream-impl v0.3.5
[INFO] [stderr]    Compiling clap_derive v4.5.4
[INFO] [stderr]    Compiling tracing-attributes v0.1.27
[INFO] [stderr]    Compiling async-stream v0.3.5
[INFO] [stderr]    Compiling tokio v1.37.0
[INFO] [stderr]    Compiling tracing v0.1.40
[INFO] [stderr]    Compiling clap v4.5.4
[INFO] [stderr]    Compiling tokio-stream v0.1.15
[INFO] [stderr]    Compiling redis v0.4.1 (/opt/rustwide/workdir)
[INFO] [stderr]     Finished `dev` profile [unoptimized + debuginfo] target(s) in 18.60s
[INFO] running `Command { std: "docker" "inspect" "ab5a8d7c23a6a54031fe5fc7e86b9493f169ce1ab06e01d2ffea1c71ccdf6664", kill_on_drop: false }`
[INFO] running `Command { std: "docker" "rm" "-f" "ab5a8d7c23a6a54031fe5fc7e86b9493f169ce1ab06e01d2ffea1c71ccdf6664", kill_on_drop: false }`
[INFO] [stdout] ab5a8d7c23a6a54031fe5fc7e86b9493f169ce1ab06e01d2ffea1c71ccdf6664
[INFO] running `Command { std: "docker" "create" "-v" "/var/lib/crater-agent-workspace/builds/worker-4-tc1/target:/opt/rustwide/target:rw,Z" "-v" "/var/lib/crater-agent-workspace/builds/worker-4-tc1/source:/opt/rustwide/workdir:ro,Z" "-v" "/var/lib/crater-agent-workspace/cargo-home:/opt/rustwide/cargo-home:ro,Z" "-v" "/var/lib/crater-agent-workspace/rustup-home:/opt/rustwide/rustup-home:ro,Z" "-e" "SOURCE_DIR=/opt/rustwide/workdir" "-e" "CARGO_TARGET_DIR=/opt/rustwide/target" "-e" "CARGO_INCREMENTAL=0" "-e" "RUST_BACKTRACE=full" "-e" "RUSTFLAGS=--cap-lints=warn" "-e" "RUSTDOCFLAGS=--cap-lints=warn" "-e" "CARGO_HOME=/opt/rustwide/cargo-home" "-e" "RUSTUP_HOME=/opt/rustwide/rustup-home" "-w" "/opt/rustwide/workdir" "-m" "1610612736" "--user" "0:0" "--network" "none" "ghcr.io/rust-lang/crates-build-env/linux@sha256:f3a9d4ad9d972b27faf3965f35b62e55ba32bbce8f20bc8fe909558a86702fde" "/opt/rustwide/cargo-home/bin/cargo" "+1.83.0" "test" "--frozen" "--no-run" "--message-format=json", kill_on_drop: false }`
[INFO] [stdout] b6d572232dbb7456c44399ac0faa0e4e0aec0bdd57ec1123192ff01d7ca6229e
[INFO] running `Command { std: "docker" "start" "-a" "b6d572232dbb7456c44399ac0faa0e4e0aec0bdd57ec1123192ff01d7ca6229e", kill_on_drop: false }`
[INFO] [stderr]    Compiling redis v0.4.1 (/opt/rustwide/workdir)
[INFO] [stderr]     Finished `test` profile [unoptimized + debuginfo] target(s) in 8.33s
[INFO] running `Command { std: "docker" "inspect" "b6d572232dbb7456c44399ac0faa0e4e0aec0bdd57ec1123192ff01d7ca6229e", kill_on_drop: false }`
[INFO] running `Command { std: "docker" "rm" "-f" "b6d572232dbb7456c44399ac0faa0e4e0aec0bdd57ec1123192ff01d7ca6229e", kill_on_drop: false }`
[INFO] [stdout] b6d572232dbb7456c44399ac0faa0e4e0aec0bdd57ec1123192ff01d7ca6229e
[INFO] running `Command { std: "docker" "create" "-v" "/var/lib/crater-agent-workspace/builds/worker-4-tc1/target:/opt/rustwide/target:rw,Z" "-v" "/var/lib/crater-agent-workspace/builds/worker-4-tc1/source:/opt/rustwide/workdir:ro,Z" "-v" "/var/lib/crater-agent-workspace/cargo-home:/opt/rustwide/cargo-home:ro,Z" "-v" "/var/lib/crater-agent-workspace/rustup-home:/opt/rustwide/rustup-home:ro,Z" "-e" "SOURCE_DIR=/opt/rustwide/workdir" "-e" "CARGO_TARGET_DIR=/opt/rustwide/target" "-e" "CARGO_INCREMENTAL=0" "-e" "RUST_BACKTRACE=full" "-e" "RUSTFLAGS=--cap-lints=warn" "-e" "RUSTDOCFLAGS=--cap-lints=warn" "-e" "CARGO_HOME=/opt/rustwide/cargo-home" "-e" "RUSTUP_HOME=/opt/rustwide/rustup-home" "-w" "/opt/rustwide/workdir" "-m" "1610612736" "--user" "0:0" "--network" "none" "ghcr.io/rust-lang/crates-build-env/linux@sha256:f3a9d4ad9d972b27faf3965f35b62e55ba32bbce8f20bc8fe909558a86702fde" "/opt/rustwide/cargo-home/bin/cargo" "+1.83.0" "test" "--frozen", kill_on_drop: false }`
[INFO] [stdout] 8debbbfa2d4d7b8f0e34b5ac137a124da7a4b0420ae8fed5921af73b150b4d75
[INFO] running `Command { std: "docker" "start" "-a" "8debbbfa2d4d7b8f0e34b5ac137a124da7a4b0420ae8fed5921af73b150b4d75", kill_on_drop: false }`
[INFO] [stderr]     Finished `test` profile [unoptimized + debuginfo] target(s) in 0.07s
[INFO] [stderr]      Running unittests src/lib.rs (/opt/rustwide/target/debug/deps/redis-17933b6cc008320d)
[INFO] [stdout] 
[INFO] [stdout] running 0 tests
[INFO] [stdout] 
[INFO] [stdout] test result: ok. 0 passed; 0 failed; 0 ignored; 0 measured; 0 filtered out; finished in 0.00s
[INFO] [stdout] 
[INFO] [stderr]      Running unittests src/main.rs (/opt/rustwide/target/debug/deps/redis_starter_rust-580724f5869300fe)
[INFO] [stdout] 
[INFO] [stdout] running 0 tests
[INFO] [stdout] 
[INFO] [stderr]      Running tests/buffered_client.rs (/opt/rustwide/target/debug/deps/buffered_client-4be10a644e4798ca)
[INFO] [stdout] test result: ok. 0 passed; 0 failed; 0 ignored; 0 measured; 0 filtered out; finished in 0.00s
[INFO] [stdout] 
[INFO] [stdout] 
[INFO] [stdout] running 1 test
[INFO] [stdout] test pool_key_value_get_set ... ok
[INFO] [stdout] 
[INFO] [stderr]      Running tests/client.rs (/opt/rustwide/target/debug/deps/client-e323ec38025d2d5d)
[INFO] [stdout] test result: ok. 1 passed; 0 failed; 0 ignored; 0 measured; 0 filtered out; finished in 0.01s
[INFO] [stdout] 
[INFO] [stdout] 
[INFO] [stdout] running 8 tests
[INFO] [stdout] test echo_with_message ... ok
[INFO] [stdout] test key_value_get_set ... ok
[INFO] [stdout] test ping_pong_with_message ... ok
[INFO] [stdout] test ping_pong_without_message ... ok
[INFO] [stdout] test info_with_replication_section ... ok
[INFO] [stdout] test receive_message_subscribed_channel ... ok
[INFO] [stdout] test receive_message_multiple_subscribed_channels ... ok
[INFO] [stdout] test unsubscribes_from_channels ... ok
[INFO] [stdout] 
[INFO] [stdout] test result: ok. 8 passed; 0 failed; 0 ignored; 0 measured; 0 filtered out; finished in 0.04s
[INFO] [stdout] 
[INFO] [stderr]      Running tests/server.rs (/opt/rustwide/target/debug/deps/server-fdf75f52c0eeac3e)
[INFO] [stdout] 
[INFO] [stdout] running 6 tests
[INFO] [stdout] test key_value_get_set ... ok
[INFO] [stdout] test key_value_timeout ... ok
[INFO] [stdout] test send_error_get_set_after_subscribe ... ok
[INFO] [stdout] test send_error_unknown_command ... ok
[INFO] [stdout] test pub_sub ... ok
[INFO] [stderr]    Doc-tests redis
[INFO] [stdout] test manage_subscription ... ok
[INFO] [stdout] 
[INFO] [stdout] test result: ok. 6 passed; 0 failed; 0 ignored; 0 measured; 0 filtered out; finished in 0.15s
[INFO] [stdout] 
[INFO] [stdout] 
[INFO] [stdout] running 12 tests
[INFO] [stdout] test src/clients/client.rs - clients::client::Client::ping (line 96) - compile ... ok
[INFO] [stdout] test src/clients/blocking_client.rs - clients::blocking_client::BlockingClient::set (line 107) - compile ... FAILED
[INFO] [stdout] test src/clients/blocking_client.rs - clients::blocking_client::BlockingClient::connect (line 62) - compile ... FAILED
[INFO] [stdout] test src/clients/blocking_client.rs - clients::blocking_client::BlockingClient::publish (line 164) - compile ... FAILED
[INFO] [stdout] test src/clients/client.rs - clients::client::Client::connect (line 64) - compile ... FAILED
[INFO] [stdout] test src/clients/client.rs - clients::client::Client::set (line 221) - compile ... ok
[INFO] [stdout] test src/clients/client.rs - clients::client::Client::publish (line 325) - compile ... ok
[INFO] [stdout] test src/clients/blocking_client.rs - clients::blocking_client::BlockingClient::get (line 86) - compile ... FAILED
[INFO] [stdout] test src/clients/client.rs - clients::client::Client::set_expires (line 260) - compile ... ok
[INFO] [stdout] test src/clients/client.rs - clients::client::Client::get (line 175) - compile ... ok
[INFO] [stdout] test src/clients/blocking_client.rs - clients::blocking_client::BlockingClient::set_expires (line 134) - compile ... FAILED
[INFO] [stdout] test src/clients/client.rs - clients::client::Client::echo (line 130) - compile ... FAILED
[INFO] [stdout] 
[INFO] [stdout] failures:
[INFO] [stdout] 
[INFO] [stdout] ---- src/clients/blocking_client.rs - clients::blocking_client::BlockingClient::set (line 107) stdout ----
[INFO] [stdout] error[E0433]: failed to resolve: use of undeclared type `BlockingClient`
[INFO] [stdout]  --> src/clients/blocking_client.rs:108:18
[INFO] [stdout]   |
[INFO] [stdout] 3 | let mut client = BlockingClient::connect("127.0.0.1:6379").unwrap();
[INFO] [stdout]   |                  ^^^^^^^^^^^^^^ use of undeclared type `BlockingClient`
[INFO] [stdout]   |
[INFO] [stdout] help: consider importing this struct
[INFO] [stdout]   |
[INFO] [stdout] 2 + use redis::BlockingClient;
[INFO] [stdout]   |
[INFO] [stdout] 
[INFO] [stdout] error: aborting due to 1 previous error
[INFO] [stdout] 
[INFO] [stdout] For more information about this error, try `rustc --explain E0433`.
[INFO] [stdout] Couldn't compile the test.
[INFO] [stdout] ---- src/clients/blocking_client.rs - clients::blocking_client::BlockingClient::connect (line 62) stdout ----
[INFO] [stdout] error[E0433]: failed to resolve: use of undeclared type `BlockingClient`
[INFO] [stdout]  --> src/clients/blocking_client.rs:63:20
[INFO] [stdout]   |
[INFO] [stdout] 3 | let client = match BlockingClient::connect("127.0.0.1:6379") {
[INFO] [stdout]   |                    ^^^^^^^^^^^^^^ use of undeclared type `BlockingClient`
[INFO] [stdout]   |
[INFO] [stdout] help: consider importing this struct
[INFO] [stdout]   |
[INFO] [stdout] 2 + use redis::BlockingClient;
[INFO] [stdout]   |
[INFO] [stdout] 
[INFO] [stdout] error: aborting due to 1 previous error
[INFO] [stdout] 
[INFO] [stdout] For more information about this error, try `rustc --explain E0433`.
[INFO] [stdout] Couldn't compile the test.
[INFO] [stdout] ---- src/clients/blocking_client.rs - clients::blocking_client::BlockingClient::publish (line 164) stdout ----
[INFO] [stdout] error[E0433]: failed to resolve: use of undeclared type `BlockingClient`
[INFO] [stdout]  --> src/clients/blocking_client.rs:165:18
[INFO] [stdout]   |
[INFO] [stdout] 3 | let mut client = BlockingClient::connect("127.0.0.1:6379").unwrap();
[INFO] [stdout]   |                  ^^^^^^^^^^^^^^ use of undeclared type `BlockingClient`
[INFO] [stdout]   |
[INFO] [stdout] help: consider importing this struct
[INFO] [stdout]   |
[INFO] [stdout] 2 + use redis::BlockingClient;
[INFO] [stdout]   |
[INFO] [stdout] 
[INFO] [stdout] error: aborting due to 1 previous error
[INFO] [stdout] 
[INFO] [stdout] For more information about this error, try `rustc --explain E0433`.
[INFO] [stdout] Couldn't compile the test.
[INFO] [stdout] ---- src/clients/client.rs - clients::client::Client::connect (line 64) stdout ----
[INFO] [stdout] error[E0433]: failed to resolve: use of undeclared type `Client`
[INFO] [stdout]  --> src/clients/client.rs:65:20
[INFO] [stdout]   |
[INFO] [stdout] 3 | let client = match Client::connect("127.0.0.1:6379").await {
[INFO] [stdout]   |                    ^^^^^^ use of undeclared type `Client`
[INFO] [stdout]   |
[INFO] [stdout] help: consider importing this struct
[INFO] [stdout]   |
[INFO] [stdout] 2 + use redis::Client;
[INFO] [stdout]   |
[INFO] [stdout] 
[INFO] [stdout] error[E0728]: `await` is only allowed inside `async` functions and blocks
[INFO] [stdout]  --> src/clients/client.rs:65:54
[INFO] [stdout]   |
[INFO] [stdout] 2 | fn main() { #[allow(non_snake_case)] fn _doctest_main_src_clients_client_rs_64_0() {
[INFO] [stdout]   |                                      --------------------------------------------- this is not `async`
[INFO] [stdout] 3 | let client = match Client::connect("127.0.0.1:6379").await {
[INFO] [stdout]   |                                                      ^^^^^ only allowed inside `async` functions and blocks
[INFO] [stdout] 
[INFO] [stdout] error: aborting due to 2 previous errors
[INFO] [stdout] 
[INFO] [stdout] Some errors have detailed explanations: E0433, E0728.
[INFO] [stdout] For more information about an error, try `rustc --explain E0433`.
[INFO] [stdout] Couldn't compile the test.
[INFO] [stdout] ---- src/clients/blocking_client.rs - clients::blocking_client::BlockingClient::get (line 86) stdout ----
[INFO] [stdout] error[E0433]: failed to resolve: use of undeclared type `BlockingClient`
[INFO] [stdout]  --> src/clients/blocking_client.rs:87:18
[INFO] [stdout]   |
[INFO] [stdout] 3 | let mut client = BlockingClient::connect("127.0.0.1:6379").unwrap();
[INFO] [stdout]   |                  ^^^^^^^^^^^^^^ use of undeclared type `BlockingClient`
[INFO] [stdout]   |
[INFO] [stdout] help: consider importing this struct
[INFO] [stdout]   |
[INFO] [stdout] 2 + use redis::BlockingClient;
[INFO] [stdout]   |
[INFO] [stdout] 
[INFO] [stdout] error: aborting due to 1 previous error
[INFO] [stdout] 
[INFO] [stdout] For more information about this error, try `rustc --explain E0433`.
[INFO] [stdout] Couldn't compile the test.
[INFO] [stdout] ---- src/clients/blocking_client.rs - clients::blocking_client::BlockingClient::set_expires (line 134) stdout ----
[INFO] [stdout] error[E0433]: failed to resolve: use of undeclared type `Duration`
[INFO] [stdout]  --> src/clients/blocking_client.rs:135:11
[INFO] [stdout]   |
[INFO] [stdout] 3 | let ttl = Duration::from_millis(500);
[INFO] [stdout]   |           ^^^^^^^^ use of undeclared type `Duration`
[INFO] [stdout]   |
[INFO] [stdout] help: consider importing one of these structs
[INFO] [stdout]   |
[INFO] [stdout] 2 + use std::time::Duration;
[INFO] [stdout]   |
[INFO] [stdout] 2 + use tokio::time::Duration;
[INFO] [stdout]   |
[INFO] [stdout] 
[INFO] [stdout] error[E0433]: failed to resolve: use of undeclared type `BlockingClient`
[INFO] [stdout]  --> src/clients/blocking_client.rs:136:18
[INFO] [stdout]   |
[INFO] [stdout] 4 | let mut client = BlockingClient::connect("127.0.0.1:6379").unwrap();
[INFO] [stdout]   |                  ^^^^^^^^^^^^^^ use of undeclared type `BlockingClient`
[INFO] [stdout]   |
[INFO] [stdout] help: consider importing this struct
[INFO] [stdout]   |
[INFO] [stdout] 2 + use redis::BlockingClient;
[INFO] [stdout]   |
[INFO] [stdout] 
[INFO] [stdout] error[E0433]: failed to resolve: use of undeclared crate or module `thread`
[INFO] [stdout]  --> src/clients/blocking_client.rs:140:1
[INFO] [stdout]   |
[INFO] [stdout] 8 | thread::sleep(ttl);
[INFO] [stdout]   | ^^^^^^ use of undeclared crate or module `thread`
[INFO] [stdout]   |
[INFO] [stdout] help: consider importing this module
[INFO] [stdout]   |
[INFO] [stdout] 2 + use std::thread;
[INFO] [stdout]   |
[INFO] [stdout] 
[INFO] [stdout] error: aborting due to 3 previous errors
[INFO] [stdout] 
[INFO] [stdout] For more information about this error, try `rustc --explain E0433`.
[INFO] [stdout] Couldn't compile the test.
[INFO] [stdout] ---- src/clients/client.rs - clients::client::Client::echo (line 130) stdout ----
[INFO] [stdout] error[E0308]: mismatched types
[INFO] [stdout]    --> src/clients/client.rs:138:28
[INFO] [stdout]     |
[INFO] [stdout] 10  |     let pong = client.echo(None).await.unwrap();
[INFO] [stdout]     |                       ---- ^^^^ expected `Bytes`, found `Option<_>`
[INFO] [stdout]     |                       |
[INFO] [stdout]     |                       arguments to this method are incorrect
[INFO] [stdout]     |
[INFO] [stdout]     = note: expected struct `bytes::bytes::Bytes`
[INFO] [stdout]                  found enum `Option<_>`
[INFO] [stdout] note: method defined here
[INFO] [stdout]    --> /opt/rustwide/workdir/src/clients/client.rs:142:18
[INFO] [stdout]     |
[INFO] [stdout] 142 |     pub async fn echo(&mut self, msg: Bytes) -> crate::Result<Bytes> {
[INFO] [stdout]     |                  ^^^^
[INFO] [stdout] 
[INFO] [stdout] error: aborting due to 1 previous error
[INFO] [stdout] 
[INFO] [stdout] For more information about this error, try `rustc --explain E0308`.
[INFO] [stdout] Couldn't compile the test.
[INFO] [stdout] 
[INFO] [stdout] failures:
[INFO] [stdout]     src/clients/blocking_client.rs - clients::blocking_client::BlockingClient::connect (line 62)
[INFO] [stdout]     src/clients/blocking_client.rs - clients::blocking_client::BlockingClient::get (line 86)
[INFO] [stdout]     src/clients/blocking_client.rs - clients::blocking_client::BlockingClient::publish (line 164)
[INFO] [stdout]     src/clients/blocking_client.rs - clients::blocking_client::BlockingClient::set (line 107)
[INFO] [stdout]     src/clients/blocking_client.rs - clients::blocking_client::BlockingClient::set_expires (line 134)
[INFO] [stdout]     src/clients/client.rs - clients::client::Client::connect (line 64)
[INFO] [stdout]     src/clients/client.rs - clients::client::Client::echo (line 130)
[INFO] [stdout] 
[INFO] [stdout] test result: FAILED. 5 passed; 7 failed; 0 ignored; 0 measured; 0 filtered out; finished in 0.35s
[INFO] [stdout] 
[INFO] [stderr] error: doctest failed, to rerun pass `--doc`
[INFO] running `Command { std: "docker" "inspect" "8debbbfa2d4d7b8f0e34b5ac137a124da7a4b0420ae8fed5921af73b150b4d75", kill_on_drop: false }`
[INFO] running `Command { std: "docker" "rm" "-f" "8debbbfa2d4d7b8f0e34b5ac137a124da7a4b0420ae8fed5921af73b150b4d75", kill_on_drop: false }`
[INFO] [stdout] 8debbbfa2d4d7b8f0e34b5ac137a124da7a4b0420ae8fed5921af73b150b4d75
