[INFO] cloning repository https://github.com/vegetarianz/simplekv
[INFO] running `Command { std: "git" "-c" "credential.helper=" "-c" "credential.helper=/workspace/cargo-home/bin/git-credential-null" "clone" "--bare" "https://github.com/vegetarianz/simplekv" "/workspace/cache/git-repos/https%3A%2F%2Fgithub.com%2Fvegetarianz%2Fsimplekv", kill_on_drop: false }`
[INFO] [stderr] Cloning into bare repository '/workspace/cache/git-repos/https%3A%2F%2Fgithub.com%2Fvegetarianz%2Fsimplekv'...
[INFO] running `Command { std: "git" "rev-parse" "HEAD", kill_on_drop: false }`
[INFO] [stdout] 3c0f37de10abcc8ad4dffcc39af643135ccb322f
[INFO] testing vegetarianz/simplekv against beta-2024-12-08 for beta-1.84.0-4-retry
[INFO] running `Command { std: "git" "clone" "/workspace/cache/git-repos/https%3A%2F%2Fgithub.com%2Fvegetarianz%2Fsimplekv" "/workspace/builds/worker-2-tc2/source", kill_on_drop: false }`
[INFO] [stderr] Cloning into '/workspace/builds/worker-2-tc2/source'...
[INFO] [stderr] done.
[INFO] validating manifest of git repo https://github.com/vegetarianz/simplekv on toolchain beta-2024-12-08
[INFO] running `Command { std: CARGO_HOME="/workspace/cargo-home" RUSTUP_HOME="/workspace/rustup-home" "/workspace/cargo-home/bin/cargo" "+beta-2024-12-08" "metadata" "--manifest-path" "Cargo.toml" "--no-deps", kill_on_drop: false }`
[INFO] started tweaking git repo https://github.com/vegetarianz/simplekv
[INFO] finished tweaking git repo https://github.com/vegetarianz/simplekv
[INFO] tweaked toml for git repo https://github.com/vegetarianz/simplekv written to /workspace/builds/worker-2-tc2/source/Cargo.toml
[INFO] crate git repo https://github.com/vegetarianz/simplekv already has a lockfile, it will not be regenerated
[INFO] running `Command { std: CARGO_HOME="/workspace/cargo-home" RUSTUP_HOME="/workspace/rustup-home" "/workspace/cargo-home/bin/cargo" "+beta-2024-12-08" "fetch" "--manifest-path" "Cargo.toml", kill_on_drop: false }`
[INFO] [stderr]     Blocking waiting for file lock on package cache
[INFO] [stderr]     Blocking waiting for file lock on package cache
[INFO] running `Command { std: "docker" "create" "-v" "/var/lib/crater-agent-workspace/builds/worker-2-tc2/target:/opt/rustwide/target:rw,Z" "-v" "/var/lib/crater-agent-workspace/builds/worker-2-tc2/source:/opt/rustwide/workdir:ro,Z" "-v" "/var/lib/crater-agent-workspace/cargo-home:/opt/rustwide/cargo-home:ro,Z" "-v" "/var/lib/crater-agent-workspace/rustup-home:/opt/rustwide/rustup-home:ro,Z" "-e" "SOURCE_DIR=/opt/rustwide/workdir" "-e" "CARGO_TARGET_DIR=/opt/rustwide/target" "-e" "CARGO_HOME=/opt/rustwide/cargo-home" "-e" "RUSTUP_HOME=/opt/rustwide/rustup-home" "-w" "/opt/rustwide/workdir" "-m" "1610612736" "--user" "0:0" "--network" "none" "ghcr.io/rust-lang/crates-build-env/linux@sha256:f3a9d4ad9d972b27faf3965f35b62e55ba32bbce8f20bc8fe909558a86702fde" "/opt/rustwide/cargo-home/bin/cargo" "+beta-2024-12-08" "metadata" "--no-deps" "--format-version=1", kill_on_drop: false }`
[INFO] [stdout] 0dab87cb918990c5794ba18dbda2f4971e59e3f0f02a6a49353c706eb24fb395
[INFO] running `Command { std: "docker" "start" "-a" "0dab87cb918990c5794ba18dbda2f4971e59e3f0f02a6a49353c706eb24fb395", kill_on_drop: false }`
[INFO] running `Command { std: "docker" "inspect" "0dab87cb918990c5794ba18dbda2f4971e59e3f0f02a6a49353c706eb24fb395", kill_on_drop: false }`
[INFO] running `Command { std: "docker" "rm" "-f" "0dab87cb918990c5794ba18dbda2f4971e59e3f0f02a6a49353c706eb24fb395", kill_on_drop: false }`
[INFO] [stdout] 0dab87cb918990c5794ba18dbda2f4971e59e3f0f02a6a49353c706eb24fb395
[INFO] running `Command { std: "docker" "create" "-v" "/var/lib/crater-agent-workspace/builds/worker-2-tc2/target:/opt/rustwide/target:rw,Z" "-v" "/var/lib/crater-agent-workspace/builds/worker-2-tc2/source:/opt/rustwide/workdir:ro,Z" "-v" "/var/lib/crater-agent-workspace/cargo-home:/opt/rustwide/cargo-home:ro,Z" "-v" "/var/lib/crater-agent-workspace/rustup-home:/opt/rustwide/rustup-home:ro,Z" "-e" "SOURCE_DIR=/opt/rustwide/workdir" "-e" "CARGO_TARGET_DIR=/opt/rustwide/target" "-e" "CARGO_INCREMENTAL=0" "-e" "RUST_BACKTRACE=full" "-e" "RUSTFLAGS=--cap-lints=warn" "-e" "RUSTDOCFLAGS=--cap-lints=warn" "-e" "CARGO_HOME=/opt/rustwide/cargo-home" "-e" "RUSTUP_HOME=/opt/rustwide/rustup-home" "-w" "/opt/rustwide/workdir" "-m" "1610612736" "--user" "0:0" "--network" "none" "ghcr.io/rust-lang/crates-build-env/linux@sha256:f3a9d4ad9d972b27faf3965f35b62e55ba32bbce8f20bc8fe909558a86702fde" "/opt/rustwide/cargo-home/bin/cargo" "+beta-2024-12-08" "build" "--frozen" "--message-format=json", kill_on_drop: false }`
[INFO] [stdout] 58829043234f83a1f6dfd5c5a6831a114eb14a0c9469ca33605c418d3a2250ec
[INFO] running `Command { std: "docker" "start" "-a" "58829043234f83a1f6dfd5c5a6831a114eb14a0c9469ca33605c418d3a2250ec", kill_on_drop: false }`
[INFO] [stderr]    Compiling libc v0.2.120
[INFO] [stderr]    Compiling proc-macro2 v1.0.36
[INFO] [stderr]    Compiling syn v1.0.89
[INFO] [stderr]    Compiling autocfg v1.1.0
[INFO] [stderr]    Compiling log v0.4.14
[INFO] [stderr]    Compiling smallvec v1.8.0
[INFO] [stderr]    Compiling once_cell v1.10.0
[INFO] [stderr]    Compiling scopeguard v1.1.0
[INFO] [stderr]    Compiling memchr v2.4.1
[INFO] [stderr]    Compiling either v1.6.1
[INFO] [stderr]    Compiling pin-project-lite v0.2.8
[INFO] [stderr]    Compiling futures-core v0.3.21
[INFO] [stderr]    Compiling parking_lot_core v0.9.1
[INFO] [stderr]    Compiling anyhow v1.0.56
[INFO] [stderr]    Compiling cc v1.0.73
[INFO] [stderr]    Compiling futures-sink v0.3.21
[INFO] [stderr]    Compiling bytes v1.1.0
[INFO] [stderr]    Compiling lock_api v0.4.6
[INFO] [stderr]    Compiling untrusted v0.7.1
[INFO] [stderr]    Compiling itertools v0.10.3
[INFO] [stderr]    Compiling futures-task v0.3.21
[INFO] [stderr]    Compiling futures-channel v0.3.21
[INFO] [stderr]    Compiling spin v0.5.2
[INFO] [stderr]    Compiling serde v1.0.136
[INFO] [stderr]    Compiling futures-io v0.3.21
[INFO] [stderr]    Compiling hashbrown v0.11.2
[INFO] [stderr]    Compiling indexmap v1.8.0
[INFO] [stderr]    Compiling num-traits v0.2.14
[INFO] [stderr]    Compiling futures-util v0.3.21
[INFO] [stderr]    Compiling num-integer v0.1.44
[INFO] [stderr]    Compiling memoffset v0.6.5
[INFO] [stderr]    Compiling tracing-core v0.1.23
[INFO] [stderr]    Compiling quote v1.0.15
[INFO] [stderr]    Compiling crossbeam-utils v0.8.8
[INFO] [stderr]    Compiling unicode-segmentation v1.9.0
[INFO] [stderr]    Compiling fastrand v1.7.0
[INFO] [stderr]    Compiling remove_dir_all v0.5.3
[INFO] [stderr]    Compiling regex-syntax v0.6.25
[INFO] [stderr]    Compiling crc32fast v1.3.2
[INFO] [stderr]    Compiling slab v0.4.5
[INFO] [stderr]    Compiling parking_lot_core v0.8.5
[INFO] [stderr]    Compiling fixedbitset v0.2.0
[INFO] [stderr]    Compiling petgraph v0.5.1
[INFO] [stderr]    Compiling crossbeam-epoch v0.9.8
[INFO] [stderr]    Compiling instant v0.1.12
[INFO] [stderr]    Compiling ppv-lite86 v0.2.16
[INFO] [stderr]    Compiling serde_json v1.0.79
[INFO] [stderr]    Compiling itoa v1.0.1
[INFO] [stderr]    Compiling base64 v0.13.0
[INFO] [stderr]    Compiling multimap v0.8.3
[INFO] [stderr]    Compiling ring v0.16.20
[INFO] [stderr]    Compiling num_cpus v1.13.1
[INFO] [stderr]    Compiling signal-hook-registry v1.4.0
[INFO] [stderr]    Compiling mio v0.8.1
[INFO] [stderr]    Compiling parking_lot v0.12.0
[INFO] [stderr]    Compiling socket2 v0.4.4
[INFO] [stderr]    Compiling which v4.2.4
[INFO] [stderr]    Compiling getrandom v0.2.6
[INFO] [stderr]    Compiling heck v0.3.3
[INFO] [stderr]    Compiling tempfile v3.3.0
[INFO] [stderr]    Compiling rand_core v0.6.3
[INFO] [stderr]    Compiling prost-build v0.8.0
[INFO] [stderr]    Compiling ryu v1.0.9
[INFO] [stderr]    Compiling adler v1.0.2
[INFO] [stderr]    Compiling rand_chacha v0.3.1
[INFO] [stderr]    Compiling byteorder v1.4.3
[INFO] [stderr]    Compiling miniz_oxide v0.5.1
[INFO] [stderr]    Compiling parking_lot v0.11.2
[INFO] [stderr]    Compiling chrono v0.4.19
[INFO] [stderr]    Compiling tracing-log v0.1.2
[INFO] [stderr]    Compiling fs2 v0.4.3
[INFO] [stderr]    Compiling thread_local v1.1.4
[INFO] [stderr]    Compiling sharded-slab v0.1.4
[INFO] [stderr]    Compiling rand v0.8.5
[INFO] [stderr]    Compiling openssl-probe v0.1.5
[INFO] [stderr]    Compiling nohash-hasher v0.2.0
[INFO] [stderr]    Compiling ansi_term v0.12.1
[INFO] [stderr]    Compiling http v0.2.6
[INFO] [stderr]    Compiling dashmap v5.2.0
[INFO] [stderr]    Compiling fxhash v0.2.1
[INFO] [stderr]    Compiling flate2 v1.0.23
[INFO] [stderr]    Compiling sled v0.34.7
[INFO] [stderr]    Compiling regex-automata v0.1.10
[INFO] [stderr]    Compiling regex v1.5.5
[INFO] [stderr]    Compiling matchers v0.0.1
[INFO] [stderr]    Compiling tracing-serde v0.1.3
[INFO] [stderr]    Compiling sct v0.6.1
[INFO] [stderr]    Compiling webpki v0.21.4
[INFO] [stderr]    Compiling rustls v0.19.1
[INFO] [stderr]    Compiling prost-derive v0.8.0
[INFO] [stderr]    Compiling tokio-macros v1.7.0
[INFO] [stderr]    Compiling futures-macro v0.3.21
[INFO] [stderr]    Compiling tracing-attributes v0.1.20
[INFO] [stderr]    Compiling thiserror-impl v1.0.30
[INFO] [stderr]    Compiling tokio v1.17.0
[INFO] [stderr]    Compiling rustls-native-certs v0.5.0
[INFO] [stderr]    Compiling tracing v0.1.32
[INFO] [stderr]    Compiling prost v0.8.0
[INFO] [stderr]    Compiling thiserror v1.0.30
[INFO] [stderr]    Compiling tracing-subscriber v0.2.25
[INFO] [stderr]    Compiling prost-types v0.8.0
[INFO] [stderr]    Compiling simplekv v0.1.0 (/opt/rustwide/workdir)
[INFO] [stderr]    Compiling futures-executor v0.3.21
[INFO] [stderr]    Compiling futures v0.3.21
[INFO] [stderr]    Compiling yamux v0.10.1
[INFO] [stderr]    Compiling tokio-util v0.6.9
[INFO] [stderr]    Compiling tokio-util v0.7.1
[INFO] [stderr]    Compiling tokio-rustls v0.22.0
[INFO] [stderr]    Compiling tokio-stream v0.1.8
[INFO] [stdout] warning: named argument `field__0` is not used by name
[INFO] [stdout]   --> src/error.rs:13:13
[INFO] [stdout]    |
[INFO] [stdout] 13 |     #[error("Cannot process command {0} with table: {1}, key: {2}. Error: {}")]
[INFO] [stdout]    |             ^^^^^^^^^^^^^^^^^^^^^^^^^^^^^^^^^^^^^^^^^^^^^^^^^^^^^^^^^^^^^^^^^ this named argument is referred to by position in formatting string
[INFO] [stdout]    |
[INFO] [stdout]    = note: `#[warn(named_arguments_used_positionally)]` on by default
[INFO] [stdout] 
[INFO] [stdout] 
[INFO] [stderr]     Finished `dev` profile [unoptimized + debuginfo] target(s) in 52.27s
[INFO] running `Command { std: "docker" "inspect" "58829043234f83a1f6dfd5c5a6831a114eb14a0c9469ca33605c418d3a2250ec", kill_on_drop: false }`
[INFO] running `Command { std: "docker" "rm" "-f" "58829043234f83a1f6dfd5c5a6831a114eb14a0c9469ca33605c418d3a2250ec", kill_on_drop: false }`
[INFO] [stdout] 58829043234f83a1f6dfd5c5a6831a114eb14a0c9469ca33605c418d3a2250ec
[INFO] running `Command { std: "docker" "create" "-v" "/var/lib/crater-agent-workspace/builds/worker-2-tc2/target:/opt/rustwide/target:rw,Z" "-v" "/var/lib/crater-agent-workspace/builds/worker-2-tc2/source:/opt/rustwide/workdir:ro,Z" "-v" "/var/lib/crater-agent-workspace/cargo-home:/opt/rustwide/cargo-home:ro,Z" "-v" "/var/lib/crater-agent-workspace/rustup-home:/opt/rustwide/rustup-home:ro,Z" "-e" "SOURCE_DIR=/opt/rustwide/workdir" "-e" "CARGO_TARGET_DIR=/opt/rustwide/target" "-e" "CARGO_INCREMENTAL=0" "-e" "RUST_BACKTRACE=full" "-e" "RUSTFLAGS=--cap-lints=warn" "-e" "RUSTDOCFLAGS=--cap-lints=warn" "-e" "CARGO_HOME=/opt/rustwide/cargo-home" "-e" "RUSTUP_HOME=/opt/rustwide/rustup-home" "-w" "/opt/rustwide/workdir" "-m" "1610612736" "--user" "0:0" "--network" "none" "ghcr.io/rust-lang/crates-build-env/linux@sha256:f3a9d4ad9d972b27faf3965f35b62e55ba32bbce8f20bc8fe909558a86702fde" "/opt/rustwide/cargo-home/bin/cargo" "+beta-2024-12-08" "test" "--frozen" "--no-run" "--message-format=json", kill_on_drop: false }`
[INFO] [stdout] e959a9c748377ad15c5015a3be7d92dc260dff627714a9d9eb637a274404319b
[INFO] running `Command { std: "docker" "start" "-a" "e959a9c748377ad15c5015a3be7d92dc260dff627714a9d9eb637a274404319b", kill_on_drop: false }`
[INFO] [stderr]    Compiling either v1.6.1
[INFO] [stderr]    Compiling num-traits v0.2.14
[INFO] [stderr]    Compiling num-integer v0.1.44
[INFO] [stderr]    Compiling num-bigint v0.4.3
[INFO] [stderr]    Compiling time v0.1.44
[INFO] [stderr]    Compiling minimal-lexical v0.2.1
[INFO] [stderr]    Compiling oid-registry v0.2.0
[INFO] [stderr]    Compiling remove_dir_all v0.5.3
[INFO] [stderr]    Compiling fastrand v1.7.0
[INFO] [stderr]    Compiling bit-vec v0.6.3
[INFO] [stderr]    Compiling data-encoding v2.3.2
[INFO] [stderr]    Compiling pem v1.0.2
[INFO] [stderr]    Compiling pem v0.8.3
[INFO] [stderr]    Compiling itertools v0.10.3
[INFO] [stderr]    Compiling which v4.2.4
[INFO] [stderr]    Compiling tempfile v3.3.0
[INFO] [stderr]    Compiling nom v7.1.1
[INFO] [stderr]    Compiling prost-build v0.8.0
[INFO] [stderr]    Compiling chrono v0.4.19
[INFO] [stderr]    Compiling prost-derive v0.8.0
[INFO] [stderr]    Compiling yasna v0.4.0
[INFO] [stderr]    Compiling tracing-subscriber v0.2.25
[INFO] [stderr]    Compiling rusticata-macros v4.1.0
[INFO] [stderr]    Compiling der-oid-macro v0.5.0
[INFO] [stderr]    Compiling der-parser v6.0.1
[INFO] [stderr]    Compiling prost v0.8.0
[INFO] [stderr]    Compiling async-prost v0.2.1
[INFO] [stderr]    Compiling prost-types v0.8.0
[INFO] [stderr]    Compiling x509-parser v0.12.0
[INFO] [stderr]    Compiling rcgen v0.8.14
[INFO] [stderr]    Compiling simplekv v0.1.0 (/opt/rustwide/workdir)
[INFO] [stderr]    Compiling certify v0.3.1
[INFO] [stdout] warning: named argument `field__0` is not used by name
[INFO] [stdout]   --> src/error.rs:13:13
[INFO] [stdout]    |
[INFO] [stdout] 13 |     #[error("Cannot process command {0} with table: {1}, key: {2}. Error: {}")]
[INFO] [stdout]    |             ^^^^^^^^^^^^^^^^^^^^^^^^^^^^^^^^^^^^^^^^^^^^^^^^^^^^^^^^^^^^^^^^^ this named argument is referred to by position in formatting string
[INFO] [stdout]    |
[INFO] [stdout]    = note: `#[warn(named_arguments_used_positionally)]` on by default
[INFO] [stdout] 
[INFO] [stdout] 
[INFO] [stdout] warning: named argument `field__0` is not used by name
[INFO] [stdout]   --> src/error.rs:13:13
[INFO] [stdout]    |
[INFO] [stdout] 13 |     #[error("Cannot process command {0} with table: {1}, key: {2}. Error: {}")]
[INFO] [stdout]    |             ^^^^^^^^^^^^^^^^^^^^^^^^^^^^^^^^^^^^^^^^^^^^^^^^^^^^^^^^^^^^^^^^^ this named argument is referred to by position in formatting string
[INFO] [stdout]    |
[INFO] [stdout]    = note: `#[warn(named_arguments_used_positionally)]` on by default
[INFO] [stdout] 
[INFO] [stdout] 
[INFO] [stdout] warning: unused pinned boxed `futures::Stream` trait object that must be used
[INFO] [stdout]   --> src/service/topic_service.rs:77:9
[INFO] [stdout]    |
[INFO] [stdout] 77 |         dispatch_stream(cmd, topic.clone());
[INFO] [stdout]    |         ^^^^^^^^^^^^^^^^^^^^^^^^^^^^^^^^^^^
[INFO] [stdout]    |
[INFO] [stdout]    = note: streams do nothing unless polled
[INFO] [stdout]    = note: `#[warn(unused_must_use)]` on by default
[INFO] [stdout] 
[INFO] [stdout] 
[INFO] [stderr]     Finished `test` profile [unoptimized + debuginfo] target(s) in 15.24s
[INFO] running `Command { std: "docker" "inspect" "e959a9c748377ad15c5015a3be7d92dc260dff627714a9d9eb637a274404319b", kill_on_drop: false }`
[INFO] running `Command { std: "docker" "rm" "-f" "e959a9c748377ad15c5015a3be7d92dc260dff627714a9d9eb637a274404319b", kill_on_drop: false }`
[INFO] [stdout] e959a9c748377ad15c5015a3be7d92dc260dff627714a9d9eb637a274404319b
[INFO] running `Command { std: "docker" "create" "-v" "/var/lib/crater-agent-workspace/builds/worker-2-tc2/target:/opt/rustwide/target:rw,Z" "-v" "/var/lib/crater-agent-workspace/builds/worker-2-tc2/source:/opt/rustwide/workdir:ro,Z" "-v" "/var/lib/crater-agent-workspace/cargo-home:/opt/rustwide/cargo-home:ro,Z" "-v" "/var/lib/crater-agent-workspace/rustup-home:/opt/rustwide/rustup-home:ro,Z" "-e" "SOURCE_DIR=/opt/rustwide/workdir" "-e" "CARGO_TARGET_DIR=/opt/rustwide/target" "-e" "CARGO_INCREMENTAL=0" "-e" "RUST_BACKTRACE=full" "-e" "RUSTFLAGS=--cap-lints=warn" "-e" "RUSTDOCFLAGS=--cap-lints=warn" "-e" "CARGO_HOME=/opt/rustwide/cargo-home" "-e" "RUSTUP_HOME=/opt/rustwide/rustup-home" "-w" "/opt/rustwide/workdir" "-m" "1610612736" "--user" "0:0" "--network" "none" "ghcr.io/rust-lang/crates-build-env/linux@sha256:f3a9d4ad9d972b27faf3965f35b62e55ba32bbce8f20bc8fe909558a86702fde" "/opt/rustwide/cargo-home/bin/cargo" "+beta-2024-12-08" "test" "--frozen", kill_on_drop: false }`
[INFO] [stdout] 84ef78264f34a4072423ae908431d65d55bb7eaa493701c740b328f397c0766d
[INFO] running `Command { std: "docker" "start" "-a" "84ef78264f34a4072423ae908431d65d55bb7eaa493701c740b328f397c0766d", kill_on_drop: false }`
[INFO] [stderr] warning: named argument `field__0` is not used by name
[INFO] [stderr]   --> src/error.rs:13:13
[INFO] [stderr]    |
[INFO] [stderr] 13 |     #[error("Cannot process command {0} with table: {1}, key: {2}. Error: {}")]
[INFO] [stderr]    |             ^^^^^^^^^^^^^^^^^^^^^^^^^^^^^^^^^^^^^^^^^^^^^^^^^^^^^^^^^^^^^^^^^ this named argument is referred to by position in formatting string
[INFO] [stderr]    |
[INFO] [stderr]    = note: `#[warn(named_arguments_used_positionally)]` on by default
[INFO] [stderr] 
[INFO] [stderr] warning: `simplekv` (lib) generated 1 warning
[INFO] [stderr] warning: unused pinned boxed `futures::Stream` trait object that must be used
[INFO] [stderr]   --> src/service/topic_service.rs:77:9
[INFO] [stderr]    |
[INFO] [stderr] 77 |         dispatch_stream(cmd, topic.clone());
[INFO] [stderr]    |         ^^^^^^^^^^^^^^^^^^^^^^^^^^^^^^^^^^^
[INFO] [stderr]    |
[INFO] [stderr]    = note: streams do nothing unless polled
[INFO] [stderr]    = note: `#[warn(unused_must_use)]` on by default
[INFO] [stderr] 
[INFO] [stderr] warning: `simplekv` (lib test) generated 2 warnings (1 duplicate)
[INFO] [stderr]     Finished `test` profile [unoptimized + debuginfo] target(s) in 0.19s
[INFO] [stderr]      Running unittests src/lib.rs (/opt/rustwide/target/debug/deps/simplekv-ffd8df06d71facf3)
[INFO] [stdout] 
[INFO] [stdout] running 37 tests
[INFO] [stdout] test network::frame::tests::command_request_encode_decode_should_work ... ok
[INFO] [stdout] test network::frame::tests::read_frame_should_work ... ok
[INFO] [stdout] test network::stream::tests::prost_stream_should_work ... ok
[INFO] [stdout] test network::multiplex::tests::yamux_ctrl_creation_should_work ... ok
[INFO] [stdout] test network::frame::tests::command_response_compressed_encode_decode_should_work ... ok
[INFO] [stdout] test network::tests::client_server_basic_communication_should_work ... ok
[INFO] [stdout] test network::frame::tests::command_response_encode_decode_should_work ... ok
[INFO] [stdout] test service::command_service::tests::hdel_should_work ... ok
[INFO] [stdout] test service::command_service::tests::hget_should_work ... ok
[INFO] [stdout] test service::command_service::tests::hget_with_non_exist_key_should_return_404 ... ok
[INFO] [stdout] test service::command_service::tests::hmdel_should_work ... ok
[INFO] [stdout] test service::command_service::tests::hmexist_should_work ... ok
[INFO] [stdout] test service::command_service::tests::hmset_should_work ... ok
[INFO] [stdout] test service::command_service::tests::hgetall_should_work ... ok
[INFO] [stdout] test service::command_service::tests::hmget_should_work ... ok
[INFO] [stdout] test service::tests::event_registration_should_work ... ok
[INFO] [stdout] test service::topic::tests::pub_sub_should_work ... ok
[INFO] [stdout] test service::tests::service_should_works ... ok
[INFO] [stdout] test service::topic_service::tests::dispatch_unsubscribe_random_id_should_error ... ok
[INFO] [stdout] test service::topic_service::tests::dispatch_subscribe_should_work ... ok
[INFO] [stdout] test service::command_service::tests::hset_should_work ... ok
[INFO] [stdout] test service::command_service::tests::hexist_should_work ... ok
[INFO] [stdout] test network::tests::client_server_compression_should_work ... ok
[INFO] [stdout] test storage::memory::tests::get_or_create_table_should_work ... ok
[INFO] [stdout] test storage::tests::memtable_basic_interface_should_work ... ok
[INFO] [stdout] test storage::tests::memtable_iter_should_work ... ok
[INFO] [stdout] test service::topic_service::tests::dispatch_publish_should_work ... ok
[INFO] [stdout] test storage::tests::memtable_get_all_should_work ... ok
[INFO] [stdout] test service::topic_service::tests::dispatch_unsubscribe_should_work ... ok
[INFO] [stdout] test service::topic_service::tests::dispatch_subscribe_abnormal_quit_should_be_removed_on_next_publish ... ok
[INFO] [stdout] test network::tls::tests::tls_should_work ... ok
[INFO] [stdout] test network::tls::tests::tls_with_bad_domain_should_not_work ... ok
[INFO] [stdout] test network::tls::tests::tls_with_client_cert_should_work ... FAILED
[INFO] [stdout] test storage::tests::sleddb_get_all_should_work ... ok
[INFO] [stdout] test storage::tests::sleddb_iter_should_work ... ok
[INFO] [stdout] test storage::tests::sleddb_basic_interface_should_work ... ok
[INFO] [stdout] test network::multiplex::tests::yamux_ctrl_client_server_should_work ... ok
[INFO] [stdout] 
[INFO] [stdout] failures:
[INFO] [stdout] 
[INFO] [stdout] ---- network::tls::tests::tls_with_client_cert_should_work stdout ----
[INFO] [stdout] thread 'network::tls::tests::tls_with_client_cert_should_work' panicked at src/network/tls.rs:242:60:
[INFO] [stdout] called `Result::unwrap()` on an `Err` value: IoError(Custom { kind: InvalidData, error: WebPKIError(CertExpired) })
[INFO] [stdout] stack backtrace:
[INFO] [stdout]    0:     0x62d92e67376a - std::backtrace_rs::backtrace::libunwind::trace::h8810477743020387
[INFO] [stdout]                                at /rustc/202008a1b8de96d2e5b6bc02d379db03a877d34d/library/std/src/../../backtrace/src/backtrace/libunwind.rs:116:5
[INFO] [stdout]    1:     0x62d92e67376a - std::backtrace_rs::backtrace::trace_unsynchronized::h3aa55355dd6c54a6
[INFO] [stdout]                                at /rustc/202008a1b8de96d2e5b6bc02d379db03a877d34d/library/std/src/../../backtrace/src/backtrace/mod.rs:66:5
[INFO] [stdout]    2:     0x62d92e67376a - std::sys::backtrace::_print_fmt::h8588b0f62410823f
[INFO] [stdout]                                at /rustc/202008a1b8de96d2e5b6bc02d379db03a877d34d/library/std/src/sys/backtrace.rs:66:9
[INFO] [stdout]    3:     0x62d92e67376a - <std::sys::backtrace::BacktraceLock::print::DisplayBacktrace as core::fmt::Display>::fmt::h98c26ac25ffe89bb
[INFO] [stdout]                                at /rustc/202008a1b8de96d2e5b6bc02d379db03a877d34d/library/std/src/sys/backtrace.rs:39:26
[INFO] [stdout]    4:     0x62d92e69cbc3 - core::fmt::rt::Argument::fmt::hf95377f4aebd453b
[INFO] [stdout]                                at /rustc/202008a1b8de96d2e5b6bc02d379db03a877d34d/library/core/src/fmt/rt.rs:177:76
[INFO] [stdout]    5:     0x62d92e69cbc3 - core::fmt::write::h0dd5f6e2238c7982
[INFO] [stdout]                                at /rustc/202008a1b8de96d2e5b6bc02d379db03a877d34d/library/core/src/fmt/mod.rs:1189:21
[INFO] [stdout]    6:     0x62d92e66fab3 - std::io::Write::write_fmt::h03bb0ca26e6faf8c
[INFO] [stdout]                                at /rustc/202008a1b8de96d2e5b6bc02d379db03a877d34d/library/std/src/io/mod.rs:1884:15
[INFO] [stdout]    7:     0x62d92e6735b2 - std::sys::backtrace::BacktraceLock::print::h5c19c1c038ee186d
[INFO] [stdout]                                at /rustc/202008a1b8de96d2e5b6bc02d379db03a877d34d/library/std/src/sys/backtrace.rs:42:9
[INFO] [stdout]    8:     0x62d92e674bed - std::panicking::default_hook::{{closure}}::h77172f079a1fcb13
[INFO] [stdout]                                at /rustc/202008a1b8de96d2e5b6bc02d379db03a877d34d/library/std/src/panicking.rs:268:22
[INFO] [stdout]    9:     0x62d92e6749f7 - std::panicking::default_hook::he5f8e3b203ccddba
[INFO] [stdout]                                at /rustc/202008a1b8de96d2e5b6bc02d379db03a877d34d/library/std/src/panicking.rs:292:9
[INFO] [stdout]   10:     0x62d92e1c2f27 - <alloc::boxed::Box<F,A> as core::ops::function::Fn<Args>>::call::h7a3c7b4a1ae77f2f
[INFO] [stdout]                                at /rustc/202008a1b8de96d2e5b6bc02d379db03a877d34d/library/alloc/src/boxed.rs:1986:9
[INFO] [stdout]   11:     0x62d92e1c2f27 - test::test_main::{{closure}}::hf0d3b69ae9b353d1
[INFO] [stdout]                                at /rustc/202008a1b8de96d2e5b6bc02d379db03a877d34d/library/test/src/lib.rs:134:21
[INFO] [stdout]   12:     0x62d92e675298 - <alloc::boxed::Box<F,A> as core::ops::function::Fn<Args>>::call::h6332e82e7b189abd
[INFO] [stdout]                                at /rustc/202008a1b8de96d2e5b6bc02d379db03a877d34d/library/alloc/src/boxed.rs:1986:9
[INFO] [stdout]   13:     0x62d92e675298 - std::panicking::rust_panic_with_hook::h53863d4e9018df39
[INFO] [stdout]                                at /rustc/202008a1b8de96d2e5b6bc02d379db03a877d34d/library/std/src/panicking.rs:809:13
[INFO] [stdout]   14:     0x62d92e67505a - std::panicking::begin_panic_handler::{{closure}}::h67280e6fa0757873
[INFO] [stdout]                                at /rustc/202008a1b8de96d2e5b6bc02d379db03a877d34d/library/std/src/panicking.rs:674:13
[INFO] [stdout]   15:     0x62d92e673c49 - std::sys::backtrace::__rust_end_short_backtrace::h1dac3f54d6fbbeb2
[INFO] [stdout]                                at /rustc/202008a1b8de96d2e5b6bc02d379db03a877d34d/library/std/src/sys/backtrace.rs:170:18
[INFO] [stdout]   16:     0x62d92e674cec - rust_begin_unwind
[INFO] [stdout]                                at /rustc/202008a1b8de96d2e5b6bc02d379db03a877d34d/library/std/src/panicking.rs:665:5
[INFO] [stdout]   17:     0x62d92dfcc530 - core::panicking::panic_fmt::h6792bd1b2bf01041
[INFO] [stdout]                                at /rustc/202008a1b8de96d2e5b6bc02d379db03a877d34d/library/core/src/panicking.rs:76:14
[INFO] [stdout]   18:     0x62d92dfcc9b6 - core::result::unwrap_failed::h05e0602ed34287c5
[INFO] [stdout]                                at /rustc/202008a1b8de96d2e5b6bc02d379db03a877d34d/library/core/src/result.rs:1699:5
[INFO] [stdout]   19:     0x62d92e02febf - core::result::Result<T,E>::unwrap::h4286481da56c3c0b
[INFO] [stdout]                                at /rustc/202008a1b8de96d2e5b6bc02d379db03a877d34d/library/core/src/result.rs:1104:23
[INFO] [stdout]   20:     0x62d92e02febf - simplekv::network::tls::tests::start_server::{{closure}}::{{closure}}::h43c596dd12081496
[INFO] [stdout]                                at /opt/rustwide/workdir/src/network/tls.rs:242:30
[INFO] [stdout]   21:     0x62d92e0809db - tokio::runtime::task::core::CoreStage<T>::poll::{{closure}}::h9ec9d8fca2bbb9dd
[INFO] [stdout]                                at /opt/rustwide/cargo-home/registry/src/index.crates.io-6f17d22bba15001f/tokio-1.17.0/src/runtime/task/core.rs:161:17
[INFO] [stdout]   22:     0x62d92e0c12d6 - tokio::loom::std::unsafe_cell::UnsafeCell<T>::with_mut::h66a80c1ac9fa323f
[INFO] [stdout]                                at /opt/rustwide/cargo-home/registry/src/index.crates.io-6f17d22bba15001f/tokio-1.17.0/src/loom/std/unsafe_cell.rs:14:9
[INFO] [stdout]   23:     0x62d92e07ff62 - tokio::runtime::task::core::CoreStage<T>::poll::h625d4c1a481fac6a
[INFO] [stdout]                                at /opt/rustwide/cargo-home/registry/src/index.crates.io-6f17d22bba15001f/tokio-1.17.0/src/runtime/task/core.rs:151:13
[INFO] [stdout]   24:     0x62d92dfd0bdd - tokio::runtime::task::harness::poll_future::{{closure}}::h454fda8474504b52
[INFO] [stdout]                                at /opt/rustwide/cargo-home/registry/src/index.crates.io-6f17d22bba15001f/tokio-1.17.0/src/runtime/task/harness.rs:467:19
[INFO] [stdout]   25:     0x62d92e170180 - <core::panic::unwind_safe::AssertUnwindSafe<F> as core::ops::function::FnOnce<()>>::call_once::haf1c6f50d8ee5c41
[INFO] [stdout]                                at /rustc/202008a1b8de96d2e5b6bc02d379db03a877d34d/library/core/src/panic/unwind_safe.rs:272:9
[INFO] [stdout]   26:     0x62d92e10f3a8 - std::panicking::try::do_call::h4d1938df53bde055
[INFO] [stdout]                                at /rustc/202008a1b8de96d2e5b6bc02d379db03a877d34d/library/std/src/panicking.rs:557:40
[INFO] [stdout]   27:     0x62d92e18093b - __rust_try
[INFO] [stdout]   28:     0x62d92e178036 - std::panicking::try::hb25faee6240fac3e
[INFO] [stdout]                                at /rustc/202008a1b8de96d2e5b6bc02d379db03a877d34d/library/std/src/panicking.rs:520:19
[INFO] [stdout]   29:     0x62d92e178036 - std::panic::catch_unwind::h535d329d96a22973
[INFO] [stdout]                                at /rustc/202008a1b8de96d2e5b6bc02d379db03a877d34d/library/std/src/panic.rs:358:14
[INFO] [stdout]   30:     0x62d92dfcf53c - tokio::runtime::task::harness::poll_future::h70d9296fa769a13f
[INFO] [stdout]                                at /opt/rustwide/cargo-home/registry/src/index.crates.io-6f17d22bba15001f/tokio-1.17.0/src/runtime/task/harness.rs:455:18
[INFO] [stdout]   31:     0x62d92dfd4379 - tokio::runtime::task::harness::Harness<T,S>::poll_inner::hbe6e9695f83755f1
[INFO] [stdout]                                at /opt/rustwide/cargo-home/registry/src/index.crates.io-6f17d22bba15001f/tokio-1.17.0/src/runtime/task/harness.rs:103:27
[INFO] [stdout]   32:     0x62d92dfde933 - tokio::runtime::task::harness::Harness<T,S>::poll::h6b31c565ea8b3ec0
[INFO] [stdout]                                at /opt/rustwide/cargo-home/registry/src/index.crates.io-6f17d22bba15001f/tokio-1.17.0/src/runtime/task/harness.rs:57:15
[INFO] [stdout]   33:     0x62d92e14b6cb - tokio::runtime::task::raw::poll::hd7fe69ed3dcd3c25
[INFO] [stdout]                                at /opt/rustwide/cargo-home/registry/src/index.crates.io-6f17d22bba15001f/tokio-1.17.0/src/runtime/task/raw.rs:128:5
[INFO] [stdout]   34:     0x62d92e5bae67 - tokio::runtime::task::raw::RawTask::poll::ha2020b965556f60d
[INFO] [stdout]                                at /opt/rustwide/cargo-home/registry/src/index.crates.io-6f17d22bba15001f/tokio-1.17.0/src/runtime/task/raw.rs:80:18
[INFO] [stdout]   35:     0x62d92e063b91 - tokio::runtime::task::LocalNotified<S>::run::hbff5343ae9fabf7e
[INFO] [stdout]                                at /opt/rustwide/cargo-home/registry/src/index.crates.io-6f17d22bba15001f/tokio-1.17.0/src/runtime/task/mod.rs:347:9
[INFO] [stdout]   36:     0x62d92e062baa - tokio::runtime::basic_scheduler::CoreGuard::block_on::{{closure}}::{{closure}}::h6ec581183a4432a1
[INFO] [stdout]                                at /opt/rustwide/cargo-home/registry/src/index.crates.io-6f17d22bba15001f/tokio-1.17.0/src/runtime/basic_scheduler.rs:532:25
[INFO] [stdout]   37:     0x62d92e15f33f - tokio::coop::with_budget::{{closure}}::h667c11bf267a63bc
[INFO] [stdout]                                at /opt/rustwide/cargo-home/registry/src/index.crates.io-6f17d22bba15001f/tokio-1.17.0/src/coop.rs:102:9
[INFO] [stdout]   38:     0x62d92e145862 - std::thread::local::LocalKey<T>::try_with::heca945ab407184ee
[INFO] [stdout]                                at /rustc/202008a1b8de96d2e5b6bc02d379db03a877d34d/library/std/src/thread/local.rs:283:12
[INFO] [stdout]   39:     0x62d92e13fcda - std::thread::local::LocalKey<T>::with::hae3b776cba8097cd
[INFO] [stdout]                                at /rustc/202008a1b8de96d2e5b6bc02d379db03a877d34d/library/std/src/thread/local.rs:260:9
[INFO] [stdout]   40:     0x62d92e052d22 - tokio::coop::with_budget::h848035a6978553e0
[INFO] [stdout]                                at /opt/rustwide/cargo-home/registry/src/index.crates.io-6f17d22bba15001f/tokio-1.17.0/src/coop.rs:95:5
[INFO] [stdout]   41:     0x62d92e052d22 - tokio::coop::budget::h805428f55d015d18
[INFO] [stdout]                                at /opt/rustwide/cargo-home/registry/src/index.crates.io-6f17d22bba15001f/tokio-1.17.0/src/coop.rs:72:5
[INFO] [stdout]   42:     0x62d92e052d22 - tokio::runtime::basic_scheduler::Context::run_task::{{closure}}::h55e253470c199209
[INFO] [stdout]                                at /opt/rustwide/cargo-home/registry/src/index.crates.io-6f17d22bba15001f/tokio-1.17.0/src/runtime/basic_scheduler.rs:291:29
[INFO] [stdout]   43:     0x62d92e04bfc6 - tokio::runtime::basic_scheduler::Context::enter::h32ecf1dea784304b
[INFO] [stdout]                                at /opt/rustwide/cargo-home/registry/src/index.crates.io-6f17d22bba15001f/tokio-1.17.0/src/runtime/basic_scheduler.rs:356:19
[INFO] [stdout]   44:     0x62d92e05202a - tokio::runtime::basic_scheduler::Context::run_task::ha2d24c8afb8ebe83
[INFO] [stdout]                                at /opt/rustwide/cargo-home/registry/src/index.crates.io-6f17d22bba15001f/tokio-1.17.0/src/runtime/basic_scheduler.rs:291:9
[INFO] [stdout]   45:     0x62d92e05e7f9 - tokio::runtime::basic_scheduler::CoreGuard::block_on::{{closure}}::h832a11d107208009
[INFO] [stdout]                                at /opt/rustwide/cargo-home/registry/src/index.crates.io-6f17d22bba15001f/tokio-1.17.0/src/runtime/basic_scheduler.rs:531:34
[INFO] [stdout]   46:     0x62d92e05a7a4 - tokio::runtime::basic_scheduler::CoreGuard::enter::{{closure}}::hd154524da5bae9df
[INFO] [stdout]                                at /opt/rustwide/cargo-home/registry/src/index.crates.io-6f17d22bba15001f/tokio-1.17.0/src/runtime/basic_scheduler.rs:555:57
[INFO] [stdout]   47:     0x62d92e137d83 - tokio::macros::scoped_tls::ScopedKey<T>::set::h4a3523d8ce60ad1b
[INFO] [stdout]                                at /opt/rustwide/cargo-home/registry/src/index.crates.io-6f17d22bba15001f/tokio-1.17.0/src/macros/scoped_tls.rs:61:9
[INFO] [stdout]   48:     0x62d92e057cbf - tokio::runtime::basic_scheduler::CoreGuard::enter::hbea20d1ad3cdaa06
[INFO] [stdout]                                at /opt/rustwide/cargo-home/registry/src/index.crates.io-6f17d22bba15001f/tokio-1.17.0/src/runtime/basic_scheduler.rs:555:27
[INFO] [stdout]   49:     0x62d92e05a8aa - tokio::runtime::basic_scheduler::CoreGuard::block_on::hbda0dc96fec1b805
[INFO] [stdout]                                at /opt/rustwide/cargo-home/registry/src/index.crates.io-6f17d22bba15001f/tokio-1.17.0/src/runtime/basic_scheduler.rs:488:9
[INFO] [stdout]   50:     0x62d92e045a0e - tokio::runtime::basic_scheduler::BasicScheduler::block_on::h0940e47732815fd1
[INFO] [stdout]                                at /opt/rustwide/cargo-home/registry/src/index.crates.io-6f17d22bba15001f/tokio-1.17.0/src/runtime/basic_scheduler.rs:168:24
[INFO] [stdout]   51:     0x62d92e0c4973 - tokio::runtime::Runtime::block_on::hb4b288c340139fdc
[INFO] [stdout]                                at /opt/rustwide/cargo-home/registry/src/index.crates.io-6f17d22bba15001f/tokio-1.17.0/src/runtime/mod.rs:475:46
[INFO] [stdout]   52:     0x62d92e03ab7d - simplekv::network::tls::tests::tls_with_client_cert_should_work::h83c9fa0d41b6e268
[INFO] [stdout]                                at /opt/rustwide/workdir/src/network/tls.rs:217:9
[INFO] [stdout]   53:     0x62d92e03aa67 - simplekv::network::tls::tests::tls_with_client_cert_should_work::{{closure}}::h3a508c1b9c391f18
[INFO] [stdout]                                at /opt/rustwide/workdir/src/network/tls.rs:207:52
[INFO] [stdout]   54:     0x62d92e08cdf6 - core::ops::function::FnOnce::call_once::hc66b0e7acf5bf828
[INFO] [stdout]                                at /rustc/202008a1b8de96d2e5b6bc02d379db03a877d34d/library/core/src/ops/function.rs:250:5
[INFO] [stdout]   55:     0x62d92e1c7a4b - core::ops::function::FnOnce::call_once::h871bf86719ec9aa4
[INFO] [stdout]                                at /rustc/202008a1b8de96d2e5b6bc02d379db03a877d34d/library/core/src/ops/function.rs:250:5
[INFO] [stdout]   56:     0x62d92e1c7a4b - test::__rust_begin_short_backtrace::h2167df1e2b7d76fd
[INFO] [stdout]                                at /rustc/202008a1b8de96d2e5b6bc02d379db03a877d34d/library/test/src/lib.rs:632:18
[INFO] [stdout]   57:     0x62d92e1c7438 - test::run_test_in_process::{{closure}}::h15d92f75a3adfb79
[INFO] [stdout]                                at /rustc/202008a1b8de96d2e5b6bc02d379db03a877d34d/library/test/src/lib.rs:655:60
[INFO] [stdout]   58:     0x62d92e1c7438 - <core::panic::unwind_safe::AssertUnwindSafe<F> as core::ops::function::FnOnce<()>>::call_once::hb6c8955835a8dbbb
[INFO] [stdout]                                at /rustc/202008a1b8de96d2e5b6bc02d379db03a877d34d/library/core/src/panic/unwind_safe.rs:272:9
[INFO] [stdout]   59:     0x62d92e1c7438 - std::panicking::try::do_call::hc79d0fc888a0bd30
[INFO] [stdout]                                at /rustc/202008a1b8de96d2e5b6bc02d379db03a877d34d/library/std/src/panicking.rs:557:40
[INFO] [stdout]   60:     0x62d92e1c7438 - std::panicking::try::hb8a7878e3a8589d6
[INFO] [stdout]                                at /rustc/202008a1b8de96d2e5b6bc02d379db03a877d34d/library/std/src/panicking.rs:520:19
[INFO] [stdout]   61:     0x62d92e1c7438 - std::panic::catch_unwind::hb8e4600ff0ff5cfa
[INFO] [stdout]                                at /rustc/202008a1b8de96d2e5b6bc02d379db03a877d34d/library/std/src/panic.rs:358:14
[INFO] [stdout]   62:     0x62d92e1c7438 - test::run_test_in_process::hc2900b0b18688dd6
[INFO] [stdout]                                at /rustc/202008a1b8de96d2e5b6bc02d379db03a877d34d/library/test/src/lib.rs:655:27
[INFO] [stdout]   63:     0x62d92e1c7438 - test::run_test::{{closure}}::hac2a9cb07be3d48d
[INFO] [stdout]                                at /rustc/202008a1b8de96d2e5b6bc02d379db03a877d34d/library/test/src/lib.rs:576:43
[INFO] [stdout]   64:     0x62d92e18aeda - test::run_test::{{closure}}::h4a5b729e66a38cd8
[INFO] [stdout]                                at /rustc/202008a1b8de96d2e5b6bc02d379db03a877d34d/library/test/src/lib.rs:606:41
[INFO] [stdout]   65:     0x62d92e18aeda - std::sys::backtrace::__rust_begin_short_backtrace::h0496fb742492f573
[INFO] [stdout]                                at /rustc/202008a1b8de96d2e5b6bc02d379db03a877d34d/library/std/src/sys/backtrace.rs:154:18
[INFO] [stdout]   66:     0x62d92e18e854 - std::thread::Builder::spawn_unchecked_::{{closure}}::{{closure}}::hbb6d257c550a54bd
[INFO] [stdout]                                at /rustc/202008a1b8de96d2e5b6bc02d379db03a877d34d/library/std/src/thread/mod.rs:561:17
[INFO] [stdout]   67:     0x62d92e18e854 - <core::panic::unwind_safe::AssertUnwindSafe<F> as core::ops::function::FnOnce<()>>::call_once::h46696fe4a6832328
[INFO] [stdout]                                at /rustc/202008a1b8de96d2e5b6bc02d379db03a877d34d/library/core/src/panic/unwind_safe.rs:272:9
[INFO] [stdout]   68:     0x62d92e18e854 - std::panicking::try::do_call::h2625a51b667bfb64
[INFO] [stdout]                                at /rustc/202008a1b8de96d2e5b6bc02d379db03a877d34d/library/std/src/panicking.rs:557:40
[INFO] [stdout]   69:     0x62d92e18e854 - std::panicking::try::hb956a59a1973aa4c
[INFO] [stdout]                                at /rustc/202008a1b8de96d2e5b6bc02d379db03a877d34d/library/std/src/panicking.rs:520:19
[INFO] [stdout]   70:     0x62d92e18e854 - std::panic::catch_unwind::h64f3b9d1067ef6a0
[INFO] [stdout]                                at /rustc/202008a1b8de96d2e5b6bc02d379db03a877d34d/library/std/src/panic.rs:358:14
[INFO] [stdout]   71:     0x62d92e18e854 - std::thread::Builder::spawn_unchecked_::{{closure}}::h42b2841295b6c0b2
[INFO] [stdout]                                at /rustc/202008a1b8de96d2e5b6bc02d379db03a877d34d/library/std/src/thread/mod.rs:559:30
[INFO] [stdout]   72:     0x62d92e18e854 - core::ops::function::FnOnce::call_once{{vtable.shim}}::h6127de71b8124639
[INFO] [stdout]                                at /rustc/202008a1b8de96d2e5b6bc02d379db03a877d34d/library/core/src/ops/function.rs:250:5
[INFO] [stdout]   73:     0x62d92e67a8bb - <alloc::boxed::Box<F,A> as core::ops::function::FnOnce<Args>>::call_once::h42f0ba71002a1b2c
[INFO] [stdout]                                at /rustc/202008a1b8de96d2e5b6bc02d379db03a877d34d/library/alloc/src/boxed.rs:1972:9
[INFO] [stdout]   74:     0x62d92e67a8bb - <alloc::boxed::Box<F,A> as core::ops::function::FnOnce<Args>>::call_once::had9e47d7a3dcecb8
[INFO] [stdout]                                at /rustc/202008a1b8de96d2e5b6bc02d379db03a877d34d/library/alloc/src/boxed.rs:1972:9
[INFO] [stdout]   75:     0x62d92e67a8bb - std::sys::pal::unix::thread::Thread::new::thread_start::h48cf765408f6f5f2
[INFO] [stdout]                                at /rustc/202008a1b8de96d2e5b6bc02d379db03a877d34d/library/std/src/sys/pal/unix/thread.rs:105:17
[INFO] [stdout]   76:     0x777855218ac3 - <unknown>
[INFO] [stdout]   77:     0x7778552a9a04 - clone
[INFO] [stdout]   78:                0x0 - <unknown>
[INFO] [stdout] Error: received fatal alert: HandshakeFailure
[INFO] [stdout] 
[INFO] [stdout] 
[INFO] [stdout] failures:
[INFO] [stdout]     network::tls::tests::tls_with_client_cert_should_work
[INFO] [stdout] 
[INFO] [stdout] test result: FAILED. 36 passed; 1 failed; 0 ignored; 0 measured; 0 filtered out; finished in 0.22s
[INFO] [stdout] 
[INFO] [stderr] error: test failed, to rerun pass `--lib`
[INFO] running `Command { std: "docker" "inspect" "84ef78264f34a4072423ae908431d65d55bb7eaa493701c740b328f397c0766d", kill_on_drop: false }`
[INFO] running `Command { std: "docker" "rm" "-f" "84ef78264f34a4072423ae908431d65d55bb7eaa493701c740b328f397c0766d", kill_on_drop: false }`
[INFO] [stdout] 84ef78264f34a4072423ae908431d65d55bb7eaa493701c740b328f397c0766d
