[INFO] cloning repository https://github.com/uuta/trander-rust
[INFO] running `Command { std: "git" "-c" "credential.helper=" "-c" "credential.helper=/workspace/cargo-home/bin/git-credential-null" "clone" "--bare" "https://github.com/uuta/trander-rust" "/workspace/cache/git-repos/https%3A%2F%2Fgithub.com%2Fuuta%2Ftrander-rust", kill_on_drop: false }`
[INFO] [stderr] Cloning into bare repository '/workspace/cache/git-repos/https%3A%2F%2Fgithub.com%2Fuuta%2Ftrander-rust'...
[INFO] running `Command { std: "git" "rev-parse" "HEAD", kill_on_drop: false }`
[INFO] [stdout] e9bcfcc3da2a608538ea005f0929042cfc082cd4
[INFO] testing uuta/trander-rust against beta-2024-12-08 for beta-1.84.0-4-retry
[INFO] running `Command { std: "git" "clone" "/workspace/cache/git-repos/https%3A%2F%2Fgithub.com%2Fuuta%2Ftrander-rust" "/workspace/builds/worker-7-tc2/source", kill_on_drop: false }`
[INFO] [stderr] Cloning into '/workspace/builds/worker-7-tc2/source'...
[INFO] [stderr] done.
[INFO] validating manifest of git repo https://github.com/uuta/trander-rust on toolchain beta-2024-12-08
[INFO] running `Command { std: CARGO_HOME="/workspace/cargo-home" RUSTUP_HOME="/workspace/rustup-home" "/workspace/cargo-home/bin/cargo" "+beta-2024-12-08" "metadata" "--manifest-path" "Cargo.toml" "--no-deps", kill_on_drop: false }`
[INFO] started tweaking git repo https://github.com/uuta/trander-rust
[INFO] finished tweaking git repo https://github.com/uuta/trander-rust
[INFO] tweaked toml for git repo https://github.com/uuta/trander-rust written to /workspace/builds/worker-7-tc2/source/Cargo.toml
[INFO] crate git repo https://github.com/uuta/trander-rust already has a lockfile, it will not be regenerated
[INFO] running `Command { std: CARGO_HOME="/workspace/cargo-home" RUSTUP_HOME="/workspace/rustup-home" "/workspace/cargo-home/bin/cargo" "+beta-2024-12-08" "fetch" "--manifest-path" "Cargo.toml", kill_on_drop: false }`
[INFO] running `Command { std: "docker" "create" "-v" "/var/lib/crater-agent-workspace/builds/worker-7-tc2/target:/opt/rustwide/target:rw,Z" "-v" "/var/lib/crater-agent-workspace/builds/worker-7-tc2/source:/opt/rustwide/workdir:ro,Z" "-v" "/var/lib/crater-agent-workspace/cargo-home:/opt/rustwide/cargo-home:ro,Z" "-v" "/var/lib/crater-agent-workspace/rustup-home:/opt/rustwide/rustup-home:ro,Z" "-e" "SOURCE_DIR=/opt/rustwide/workdir" "-e" "CARGO_TARGET_DIR=/opt/rustwide/target" "-e" "CARGO_HOME=/opt/rustwide/cargo-home" "-e" "RUSTUP_HOME=/opt/rustwide/rustup-home" "-w" "/opt/rustwide/workdir" "-m" "1610612736" "--user" "0:0" "--network" "none" "ghcr.io/rust-lang/crates-build-env/linux@sha256:f3a9d4ad9d972b27faf3965f35b62e55ba32bbce8f20bc8fe909558a86702fde" "/opt/rustwide/cargo-home/bin/cargo" "+beta-2024-12-08" "metadata" "--no-deps" "--format-version=1", kill_on_drop: false }`
[INFO] [stdout] 45d871f3ee8bb89c52f07e64ea8ce0bff2b52a2bdb09b611f8d5450ca347e7ab
[INFO] running `Command { std: "docker" "start" "-a" "45d871f3ee8bb89c52f07e64ea8ce0bff2b52a2bdb09b611f8d5450ca347e7ab", kill_on_drop: false }`
[INFO] running `Command { std: "docker" "inspect" "45d871f3ee8bb89c52f07e64ea8ce0bff2b52a2bdb09b611f8d5450ca347e7ab", kill_on_drop: false }`
[INFO] running `Command { std: "docker" "rm" "-f" "45d871f3ee8bb89c52f07e64ea8ce0bff2b52a2bdb09b611f8d5450ca347e7ab", kill_on_drop: false }`
[INFO] [stdout] 45d871f3ee8bb89c52f07e64ea8ce0bff2b52a2bdb09b611f8d5450ca347e7ab
[INFO] running `Command { std: "docker" "create" "-v" "/var/lib/crater-agent-workspace/builds/worker-7-tc2/target:/opt/rustwide/target:rw,Z" "-v" "/var/lib/crater-agent-workspace/builds/worker-7-tc2/source:/opt/rustwide/workdir:ro,Z" "-v" "/var/lib/crater-agent-workspace/cargo-home:/opt/rustwide/cargo-home:ro,Z" "-v" "/var/lib/crater-agent-workspace/rustup-home:/opt/rustwide/rustup-home:ro,Z" "-e" "SOURCE_DIR=/opt/rustwide/workdir" "-e" "CARGO_TARGET_DIR=/opt/rustwide/target" "-e" "CARGO_INCREMENTAL=0" "-e" "RUST_BACKTRACE=full" "-e" "RUSTFLAGS=--cap-lints=warn" "-e" "RUSTDOCFLAGS=--cap-lints=warn" "-e" "CARGO_HOME=/opt/rustwide/cargo-home" "-e" "RUSTUP_HOME=/opt/rustwide/rustup-home" "-w" "/opt/rustwide/workdir" "-m" "1610612736" "--user" "0:0" "--network" "none" "ghcr.io/rust-lang/crates-build-env/linux@sha256:f3a9d4ad9d972b27faf3965f35b62e55ba32bbce8f20bc8fe909558a86702fde" "/opt/rustwide/cargo-home/bin/cargo" "+beta-2024-12-08" "build" "--frozen" "--message-format=json", kill_on_drop: false }`
[INFO] [stdout] 7bed7b002d811d0fc0ee7f914faa2080e30d8b2b870c157e5754fac49676c287
[INFO] running `Command { std: "docker" "start" "-a" "7bed7b002d811d0fc0ee7f914faa2080e30d8b2b870c157e5754fac49676c287", kill_on_drop: false }`
[INFO] [stderr] warning: trander_rust v0.0.1 (/opt/rustwide/workdir) ignoring invalid dependency `diesel_cli` which is missing a lib target
[INFO] [stderr]    Compiling autocfg v1.1.0
[INFO] [stderr]    Compiling proc-macro2 v1.0.66
[INFO] [stderr]    Compiling unicode-ident v1.0.6
[INFO] [stderr]    Compiling libc v0.2.150
[INFO] [stderr]    Compiling cfg-if v1.0.0
[INFO] [stderr]    Compiling memchr v2.5.0
[INFO] [stderr]    Compiling scopeguard v1.1.0
[INFO] [stderr]    Compiling pin-project-lite v0.2.9
[INFO] [stderr]    Compiling log v0.4.17
[INFO] [stderr]    Compiling pkg-config v0.3.26
[INFO] [stderr]    Compiling smallvec v1.10.0
[INFO] [stderr]    Compiling once_cell v1.17.0
[INFO] [stderr]    Compiling parking_lot_core v0.9.6
[INFO] [stderr]    Compiling futures-core v0.3.28
[INFO] [stderr]    Compiling lock_api v0.4.9
[INFO] [stderr]    Compiling bytes v1.3.0
[INFO] [stderr]    Compiling itoa v1.0.5
[INFO] [stderr]    Compiling futures-sink v0.3.28
[INFO] [stderr]    Compiling libm v0.2.7
[INFO] [stderr]    Compiling slab v0.4.7
[INFO] [stderr]    Compiling num-traits v0.2.15
[INFO] [stderr]    Compiling futures-channel v0.3.28
[INFO] [stderr]    Compiling futures-task v0.3.28
[INFO] [stderr]    Compiling quote v1.0.31
[INFO] [stderr]    Compiling serde v1.0.171
[INFO] [stderr]    Compiling syn v2.0.26
[INFO] [stderr]    Compiling version_check v0.9.4
[INFO] [stderr]    Compiling tokio v1.24.2
[INFO] [stderr]    Compiling jobserver v0.1.25
[INFO] [stderr]    Compiling tracing-core v0.1.30
[INFO] [stderr]    Compiling futures-util v0.3.28
[INFO] [stderr]    Compiling syn v1.0.107
[INFO] [stderr]    Compiling signal-hook-registry v1.4.0
[INFO] [stderr]    Compiling cc v1.0.83
[INFO] [stderr]    Compiling parking_lot v0.12.1
[INFO] [stderr]    Compiling socket2 v0.4.7
[INFO] [stderr]    Compiling mio v0.8.5
[INFO] [stderr]    Compiling pin-utils v0.1.0
[INFO] [stderr]    Compiling futures-io v0.3.28
[INFO] [stderr]    Compiling fnv v1.0.7
[INFO] [stderr]    Compiling semver v1.0.16
[INFO] [stderr]    Compiling http v0.2.8
[INFO] [stderr]    Compiling percent-encoding v2.2.0
[INFO] [stderr]    Compiling bitflags v1.3.2
[INFO] [stderr]    Compiling hashbrown v0.12.3
[INFO] [stderr]    Compiling typenum v1.16.0
[INFO] [stderr]    Compiling openssl-sys v0.9.90
[INFO] [stderr]    Compiling rustc_version v0.4.0
[INFO] [stderr]    Compiling generic-array v0.14.6
[INFO] [stderr]    Compiling getrandom v0.2.11
[INFO] [stderr]    Compiling indexmap v1.9.2
[INFO] [stderr]    Compiling tinyvec_macros v0.1.0
[INFO] [stderr]    Compiling tinyvec v1.6.0
[INFO] [stderr]    Compiling zstd-sys v2.0.5+zstd.1.5.2
[INFO] [stderr]    Compiling aho-corasick v0.7.20
[INFO] [stderr]    Compiling paste v1.0.11
[INFO] [stderr]    Compiling regex-syntax v0.6.28
[INFO] [stderr]    Compiling httparse v1.8.0
[INFO] [stderr]    Compiling lazy_static v1.4.0
[INFO] [stderr]    Compiling unicode-normalization v0.1.22
[INFO] [stderr]    Compiling form_urlencoded v1.1.0
[INFO] [stderr]    Compiling unicode-bidi v0.3.10
[INFO] [stderr]    Compiling ryu v1.0.12
[INFO] [stderr]    Compiling local-waker v0.1.3
[INFO] [stderr]    Compiling bytestring v1.2.0
[INFO] [stderr]    Compiling spin v0.9.8
[INFO] [stderr]    Compiling num-integer v0.1.45
[INFO] [stderr]    Compiling alloc-no-stdlib v2.0.4
[INFO] [stderr]    Compiling encoding_rs v0.8.31
[INFO] [stderr]    Compiling regex v1.7.1
[INFO] [stderr]    Compiling foreign-types-shared v0.1.1
[INFO] [stderr]    Compiling httpdate v1.0.2
[INFO] [stderr]    Compiling byteorder v1.4.3
[INFO] [stderr]    Compiling openssl v0.10.55
[INFO] [stderr]    Compiling zstd-safe v6.0.2+zstd.1.5.2
[INFO] [stderr]    Compiling crc32fast v1.3.2
[INFO] [stderr]    Compiling serde_json v1.0.103
[INFO] [stderr]    Compiling foreign-types v0.3.2
[INFO] [stderr]    Compiling actix-service v2.0.2
[INFO] [stderr]    Compiling alloc-stdlib v0.2.2
[INFO] [stderr]    Compiling idna v0.3.0
[INFO] [stderr]    Compiling actix-utils v3.0.1
[INFO] [stderr]    Compiling block-buffer v0.10.3
[INFO] [stderr]    Compiling crypto-common v0.1.6
[INFO] [stderr]    Compiling rand_core v0.6.4
[INFO] [stderr]    Compiling heapless v0.7.16
[INFO] [stderr]    Compiling serde_derive v1.0.171
[INFO] [stderr]    Compiling futures-macro v0.3.28
[INFO] [stderr]    Compiling tracing-attributes v0.1.26
[INFO] [stderr]    Compiling openssl-macros v0.1.1
[INFO] [stderr]    Compiling ahash v0.7.6
[INFO] [stderr]    Compiling native-tls v0.2.11
[INFO] [stderr]    Compiling either v1.8.1
[INFO] [stderr]    Compiling adler v1.0.2
[INFO] [stderr]    Compiling base64 v0.21.0
[INFO] [stderr]    Compiling time-core v0.1.0
[INFO] [stderr]    Compiling ppv-lite86 v0.2.17
[INFO] [stderr]    Compiling time-macros v0.2.6
[INFO] [stderr]    Compiling actix-macros v0.2.3
[INFO] [stderr]    Compiling rand_chacha v0.3.1
[INFO] [stderr]    Compiling miniz_oxide v0.6.2
[INFO] [stderr]    Compiling actix-rt v2.8.0
[INFO] [stderr]    Compiling tracing v0.1.37
[INFO] [stderr]    Compiling tokio-util v0.7.4
[INFO] [stderr]    Compiling actix-codec v0.5.0
[INFO] [stderr]    Compiling itertools v0.10.5
[INFO] [stderr]    Compiling url v2.3.1
[INFO] [stderr]    Compiling digest v0.10.6
[INFO] [stderr]    Compiling brotli-decompressor v2.3.4
[INFO] [stderr]    Compiling h2 v0.3.15
[INFO] [stderr]    Compiling hash32 v0.2.1
[INFO] [stderr]    Compiling cookie v0.16.2
[INFO] [stderr]    Compiling num-bigint v0.4.3
[INFO] [stderr]    Compiling convert_case v0.4.0
[INFO] [stderr]    Compiling try-lock v0.2.4
[INFO] [stderr]    Compiling mime v0.3.16
[INFO] [stderr]    Compiling stable_deref_trait v1.2.0
[INFO] [stderr]    Compiling vcpkg v0.2.15
[INFO] [stderr]    Compiling cpufeatures v0.2.5
[INFO] [stderr]    Compiling openssl-probe v0.1.5
[INFO] [stderr]    Compiling sha1 v0.10.5
[INFO] [stderr]    Compiling derive_more v0.99.17
[INFO] [stderr]    Compiling want v0.3.1
[INFO] [stderr]    Compiling flate2 v1.0.25
[INFO] [stderr]    Compiling futures-executor v0.3.28
[INFO] [stderr]    Compiling libsqlite3-sys v0.26.0
[INFO] [stderr]    Compiling serde_urlencoded v0.7.1
[INFO] [stderr]    Compiling local-channel v0.1.3
[INFO] [stderr]    Compiling brotli v3.3.4
[INFO] [stderr]    Compiling time v0.3.17
[INFO] [stderr]    Compiling rand v0.8.5
[INFO] [stderr]    Compiling rstest_macros v0.17.0
[INFO] [stderr]    Compiling http-body v0.4.5
[INFO] [stderr]    Compiling ring v0.17.5
[INFO] [stderr]    Compiling mysqlclient-sys v0.2.5
[INFO] [stderr]    Compiling tower-service v0.3.2
[INFO] [stderr]    Compiling pq-sys v0.4.8
[INFO] [stderr]    Compiling language-tags v0.3.2
[INFO] [stderr]    Compiling predicates-core v1.0.6
[INFO] [stderr]    Compiling actix-router v0.5.1
[INFO] [stderr]    Compiling hyper v0.14.25
[INFO] [stderr]    Compiling tokio-native-tls v0.3.1
[INFO] [stderr]    Compiling futures v0.3.28
[INFO] [stderr]    Compiling rstar v0.10.0
[INFO] [stderr]    Compiling diesel_table_macro_syntax v0.1.0
[INFO] [stderr]    Compiling float-cmp v0.9.0
[INFO] [stderr]    Compiling approx v0.5.1
[INFO] [stderr]    Compiling scheduled-thread-pool v0.2.6
[INFO] [stderr]    Compiling num_cpus v1.15.0
[INFO] [stderr]    Compiling time v0.1.45
[INFO] [stderr]    Compiling overload v0.1.1
[INFO] [stderr]    Compiling untrusted v0.9.0
[INFO] [stderr]    Compiling difflib v0.4.0
[INFO] [stderr]    Compiling async-trait v0.1.72
[INFO] [stderr]    Compiling iana-time-zone v0.1.53
[INFO] [stderr]    Compiling termtree v0.4.1
[INFO] [stderr]    Compiling normalize-line-endings v0.3.0
[INFO] [stderr]    Compiling rust_decimal v1.29.1
[INFO] [stderr]    Compiling predicates v2.1.5
[INFO] [stderr]    Compiling bigdecimal v0.3.1
[INFO] [stderr]    Compiling predicates-tree v1.0.9
[INFO] [stderr]    Compiling chrono v0.4.23
[INFO] [stderr]    Compiling actix-web-codegen v4.1.0
[INFO] [stderr]    Compiling nu-ansi-term v0.46.0
[INFO] [stderr]    Compiling actix-server v2.2.0
[INFO] [stderr]    Compiling r2d2 v0.8.10
[INFO] [stderr]    Compiling geo-types v0.7.10
[INFO] [stderr]    Compiling diesel_derives v2.1.2
[INFO] [stderr]    Compiling hyper-tls v0.5.0
[INFO] [stderr]    Compiling earcutr v0.4.2
[INFO] [stderr]    Compiling actix-tls v3.0.3
[INFO] [stderr]    Compiling mockall_derive v0.11.4
[INFO] [stderr]    Compiling serial_test_derive v2.0.0
[INFO] [stderr]    Compiling idna v0.4.0
[INFO] [stderr]    Compiling sharded-slab v0.1.4
[INFO] [stderr]    Compiling geographiclib-rs v0.2.3
[INFO] [stderr]    Compiling tracing-log v0.1.3
[INFO] [stderr]    Compiling dashmap v5.4.0
[INFO] [stderr]    Compiling thread_local v1.1.7
[INFO] [stderr]    Compiling robust v0.2.3
[INFO] [stderr]    Compiling arrayvec v0.7.2
[INFO] [stderr]    Compiling futures-timer v3.0.2
[INFO] [stderr]    Compiling bitflags v2.4.0
[INFO] [stderr]    Compiling ipnet v2.8.0
[INFO] [stderr]    Compiling fragile v2.0.0
[INFO] [stderr]    Compiling downcast v0.11.0
[INFO] [stderr]    Compiling float_next_after v1.0.0
[INFO] [stderr]    Compiling geo v0.25.1
[INFO] [stderr]    Compiling reqwest v0.11.18
[INFO] [stderr]    Compiling serial_test v2.0.0
[INFO] [stderr]    Compiling tracing-subscriber v0.3.17
[INFO] [stderr]    Compiling validator v0.16.1
[INFO] [stderr]    Compiling dotenv v0.15.0
[INFO] [stderr]    Compiling rstest v0.17.0
[INFO] [stderr]    Compiling mockall v0.11.4
[INFO] [stderr]    Compiling diesel v2.1.2
[INFO] [stderr]    Compiling jsonwebtoken v9.1.0
[INFO] [stderr]    Compiling zstd v0.12.2+zstd.1.5.2
[INFO] [stderr]    Compiling actix-http v3.3.0
[INFO] [stderr]    Compiling actix-web v4.3.0
[INFO] [stderr]    Compiling awc v3.1.1
[INFO] [stderr]    Compiling trander_rust v0.0.1 (/opt/rustwide/workdir)
[INFO] [stderr]     Finished `dev` profile [unoptimized + debuginfo] target(s) in 3m 13s
[INFO] running `Command { std: "docker" "inspect" "7bed7b002d811d0fc0ee7f914faa2080e30d8b2b870c157e5754fac49676c287", kill_on_drop: false }`
[INFO] running `Command { std: "docker" "rm" "-f" "7bed7b002d811d0fc0ee7f914faa2080e30d8b2b870c157e5754fac49676c287", kill_on_drop: false }`
[INFO] [stdout] 7bed7b002d811d0fc0ee7f914faa2080e30d8b2b870c157e5754fac49676c287
[INFO] running `Command { std: "docker" "create" "-v" "/var/lib/crater-agent-workspace/builds/worker-7-tc2/target:/opt/rustwide/target:rw,Z" "-v" "/var/lib/crater-agent-workspace/builds/worker-7-tc2/source:/opt/rustwide/workdir:ro,Z" "-v" "/var/lib/crater-agent-workspace/cargo-home:/opt/rustwide/cargo-home:ro,Z" "-v" "/var/lib/crater-agent-workspace/rustup-home:/opt/rustwide/rustup-home:ro,Z" "-e" "SOURCE_DIR=/opt/rustwide/workdir" "-e" "CARGO_TARGET_DIR=/opt/rustwide/target" "-e" "CARGO_INCREMENTAL=0" "-e" "RUST_BACKTRACE=full" "-e" "RUSTFLAGS=--cap-lints=warn" "-e" "RUSTDOCFLAGS=--cap-lints=warn" "-e" "CARGO_HOME=/opt/rustwide/cargo-home" "-e" "RUSTUP_HOME=/opt/rustwide/rustup-home" "-w" "/opt/rustwide/workdir" "-m" "1610612736" "--user" "0:0" "--network" "none" "ghcr.io/rust-lang/crates-build-env/linux@sha256:f3a9d4ad9d972b27faf3965f35b62e55ba32bbce8f20bc8fe909558a86702fde" "/opt/rustwide/cargo-home/bin/cargo" "+beta-2024-12-08" "test" "--frozen" "--no-run" "--message-format=json", kill_on_drop: false }`
[INFO] [stdout] 8406d22cf2d58b671c5441e4a951777ae6859b3b25be213ce5cdc85a0dc98d41
[INFO] running `Command { std: "docker" "start" "-a" "8406d22cf2d58b671c5441e4a951777ae6859b3b25be213ce5cdc85a0dc98d41", kill_on_drop: false }`
[INFO] [stderr] warning: trander_rust v0.0.1 (/opt/rustwide/workdir) ignoring invalid dependency `diesel_cli` which is missing a lib target
[INFO] [stderr]    Compiling trander_rust v0.0.1 (/opt/rustwide/workdir)
[INFO] [stderr]     Finished `test` profile [unoptimized + debuginfo] target(s) in 23.72s
[INFO] running `Command { std: "docker" "inspect" "8406d22cf2d58b671c5441e4a951777ae6859b3b25be213ce5cdc85a0dc98d41", kill_on_drop: false }`
[INFO] running `Command { std: "docker" "rm" "-f" "8406d22cf2d58b671c5441e4a951777ae6859b3b25be213ce5cdc85a0dc98d41", kill_on_drop: false }`
[INFO] [stdout] 8406d22cf2d58b671c5441e4a951777ae6859b3b25be213ce5cdc85a0dc98d41
[INFO] running `Command { std: "docker" "create" "-v" "/var/lib/crater-agent-workspace/builds/worker-7-tc2/target:/opt/rustwide/target:rw,Z" "-v" "/var/lib/crater-agent-workspace/builds/worker-7-tc2/source:/opt/rustwide/workdir:ro,Z" "-v" "/var/lib/crater-agent-workspace/cargo-home:/opt/rustwide/cargo-home:ro,Z" "-v" "/var/lib/crater-agent-workspace/rustup-home:/opt/rustwide/rustup-home:ro,Z" "-e" "SOURCE_DIR=/opt/rustwide/workdir" "-e" "CARGO_TARGET_DIR=/opt/rustwide/target" "-e" "CARGO_INCREMENTAL=0" "-e" "RUST_BACKTRACE=full" "-e" "RUSTFLAGS=--cap-lints=warn" "-e" "RUSTDOCFLAGS=--cap-lints=warn" "-e" "CARGO_HOME=/opt/rustwide/cargo-home" "-e" "RUSTUP_HOME=/opt/rustwide/rustup-home" "-w" "/opt/rustwide/workdir" "-m" "1610612736" "--user" "0:0" "--network" "none" "ghcr.io/rust-lang/crates-build-env/linux@sha256:f3a9d4ad9d972b27faf3965f35b62e55ba32bbce8f20bc8fe909558a86702fde" "/opt/rustwide/cargo-home/bin/cargo" "+beta-2024-12-08" "test" "--frozen", kill_on_drop: false }`
[INFO] [stdout] 75184d0122cf085d9dc8709a93809a8da3a559c820d6a1e66adc3f5742c08b5f
[INFO] running `Command { std: "docker" "start" "-a" "75184d0122cf085d9dc8709a93809a8da3a559c820d6a1e66adc3f5742c08b5f", kill_on_drop: false }`
[INFO] [stderr] warning: trander_rust v0.0.1 (/opt/rustwide/workdir) ignoring invalid dependency `diesel_cli` which is missing a lib target
[INFO] [stderr]     Finished `test` profile [unoptimized + debuginfo] target(s) in 0.98s
[INFO] [stderr]      Running unittests src/lib.rs (/opt/rustwide/target/debug/deps/trander_rust-db62b1f9b126b32f)
[INFO] [stdout] 
[INFO] [stdout] running 20 tests
[INFO] [stdout] test error::http_error::tests::test_default_db_error ... ok
[INFO] [stdout] test api::geo_db_cities::tests::test_concat ... ok
[INFO] [stdout] test error::http_error::tests::test_default_not_found_error ... ok
[INFO] [stdout] test api::near_by_search::tests::test_first ... ok
[INFO] [stdout] test error::http_error::tests::test_db_error_status_code ... ok
[INFO] [stdout] test service::location::new_angle::tests::test_new_angle ... ok
[INFO] [stdout] test service::location::new_angle::tests::test_gen_angle ... ok
[INFO] [stdout] test error::http_error::tests::test_user_db_error ... ok
[INFO] [stdout] test service::country::tests::test_rnd ... ok
[INFO] [stdout] test api::near_by_search::tests::test_rand ... ok
[INFO] [stdout] test service::location::new_distance::tests::test_distance ... ok
[INFO] [stdout] test service::location::tests::test_location ... ok
[INFO] [stdout] test service::location::new_distance::tests::test_new_distance ... ok
[INFO] [stdout] test util::tests::test_generate_random_char ... ok
[INFO] [stdout] test util::tests::test_rand_in_range ... ok
[INFO] [stdout] test api::geo_db_cities::tests::test_geo_db_cities_by_country_code ... FAILED
[INFO] [stdout] test api::geo_db_cities::tests::test_geo_db_cities ... FAILED
[INFO] [stdout] test service::location::new_dest::tests::test_format ... FAILED
[INFO] [stdout] test service::location::new_dest::tests::test_new_dest ... FAILED
[INFO] [stdout] test api::near_by_search::tests::test_near_by_search ... FAILED
[INFO] [stdout] 
[INFO] [stdout] failures:
[INFO] [stdout] 
[INFO] [stdout] ---- api::geo_db_cities::tests::test_geo_db_cities_by_country_code stdout ----
[INFO] [stdout] thread 'api::geo_db_cities::tests::test_geo_db_cities_by_country_code' panicked at src/api/geo_db_cities.rs:112:49:
[INFO] [stdout] called `Result::unwrap()` on an `Err` value: NotPresent
[INFO] [stdout] stack backtrace:
[INFO] [stdout]    0:     0x57148834c16a - std::backtrace_rs::backtrace::libunwind::trace::h8810477743020387
[INFO] [stdout]                                at /rustc/202008a1b8de96d2e5b6bc02d379db03a877d34d/library/std/src/../../backtrace/src/backtrace/libunwind.rs:116:5
[INFO] [stdout]    1:     0x57148834c16a - std::backtrace_rs::backtrace::trace_unsynchronized::h3aa55355dd6c54a6
[INFO] [stdout]                                at /rustc/202008a1b8de96d2e5b6bc02d379db03a877d34d/library/std/src/../../backtrace/src/backtrace/mod.rs:66:5
[INFO] [stdout]    2:     0x57148834c16a - std::sys::backtrace::_print_fmt::h8588b0f62410823f
[INFO] [stdout]                                at /rustc/202008a1b8de96d2e5b6bc02d379db03a877d34d/library/std/src/sys/backtrace.rs:66:9
[INFO] [stdout]    3:     0x57148834c16a - <std::sys::backtrace::BacktraceLock::print::DisplayBacktrace as core::fmt::Display>::fmt::h98c26ac25ffe89bb
[INFO] [stdout]                                at /rustc/202008a1b8de96d2e5b6bc02d379db03a877d34d/library/std/src/sys/backtrace.rs:39:26
[INFO] [stdout]    4:     0x571488372633 - core::fmt::rt::Argument::fmt::hf95377f4aebd453b
[INFO] [stdout]                                at /rustc/202008a1b8de96d2e5b6bc02d379db03a877d34d/library/core/src/fmt/rt.rs:177:76
[INFO] [stdout]    5:     0x571488372633 - core::fmt::write::h0dd5f6e2238c7982
[INFO] [stdout]                                at /rustc/202008a1b8de96d2e5b6bc02d379db03a877d34d/library/core/src/fmt/mod.rs:1189:21
[INFO] [stdout]    6:     0x571488349053 - std::io::Write::write_fmt::h03bb0ca26e6faf8c
[INFO] [stdout]                                at /rustc/202008a1b8de96d2e5b6bc02d379db03a877d34d/library/std/src/io/mod.rs:1884:15
[INFO] [stdout]    7:     0x57148834bfb2 - std::sys::backtrace::BacktraceLock::print::h5c19c1c038ee186d
[INFO] [stdout]                                at /rustc/202008a1b8de96d2e5b6bc02d379db03a877d34d/library/std/src/sys/backtrace.rs:42:9
[INFO] [stdout]    8:     0x57148834d5ed - std::panicking::default_hook::{{closure}}::h77172f079a1fcb13
[INFO] [stdout]                                at /rustc/202008a1b8de96d2e5b6bc02d379db03a877d34d/library/std/src/panicking.rs:268:22
[INFO] [stdout]    9:     0x57148834d3f7 - std::panicking::default_hook::he5f8e3b203ccddba
[INFO] [stdout]                                at /rustc/202008a1b8de96d2e5b6bc02d379db03a877d34d/library/std/src/panicking.rs:292:9
[INFO] [stdout]   10:     0x571488206e17 - <alloc::boxed::Box<F,A> as core::ops::function::Fn<Args>>::call::h7a3c7b4a1ae77f2f
[INFO] [stdout]                                at /rustc/202008a1b8de96d2e5b6bc02d379db03a877d34d/library/alloc/src/boxed.rs:1986:9
[INFO] [stdout]   11:     0x571488206e17 - test::test_main::{{closure}}::hf0d3b69ae9b353d1
[INFO] [stdout]                                at /rustc/202008a1b8de96d2e5b6bc02d379db03a877d34d/library/test/src/lib.rs:134:21
[INFO] [stdout]   12:     0x57148834dc98 - <alloc::boxed::Box<F,A> as core::ops::function::Fn<Args>>::call::h6332e82e7b189abd
[INFO] [stdout]                                at /rustc/202008a1b8de96d2e5b6bc02d379db03a877d34d/library/alloc/src/boxed.rs:1986:9
[INFO] [stdout]   13:     0x57148834dc98 - std::panicking::rust_panic_with_hook::h53863d4e9018df39
[INFO] [stdout]                                at /rustc/202008a1b8de96d2e5b6bc02d379db03a877d34d/library/std/src/panicking.rs:809:13
[INFO] [stdout]   14:     0x57148834da5a - std::panicking::begin_panic_handler::{{closure}}::h67280e6fa0757873
[INFO] [stdout]                                at /rustc/202008a1b8de96d2e5b6bc02d379db03a877d34d/library/std/src/panicking.rs:674:13
[INFO] [stdout]   15:     0x57148834c649 - std::sys::backtrace::__rust_end_short_backtrace::h1dac3f54d6fbbeb2
[INFO] [stdout]                                at /rustc/202008a1b8de96d2e5b6bc02d379db03a877d34d/library/std/src/sys/backtrace.rs:170:18
[INFO] [stdout]   16:     0x57148834d6ec - rust_begin_unwind
[INFO] [stdout]                                at /rustc/202008a1b8de96d2e5b6bc02d379db03a877d34d/library/std/src/panicking.rs:665:5
[INFO] [stdout]   17:     0x57148814d180 - core::panicking::panic_fmt::h6792bd1b2bf01041
[INFO] [stdout]                                at /rustc/202008a1b8de96d2e5b6bc02d379db03a877d34d/library/core/src/panicking.rs:76:14
[INFO] [stdout]   18:     0x57148814d5c6 - core::result::unwrap_failed::h05e0602ed34287c5
[INFO] [stdout]                                at /rustc/202008a1b8de96d2e5b6bc02d379db03a877d34d/library/core/src/result.rs:1699:5
[INFO] [stdout]   19:     0x57148819d9e3 - core::result::Result<T,E>::unwrap::h2c89267dc2ca6097
[INFO] [stdout]                                at /rustc/202008a1b8de96d2e5b6bc02d379db03a877d34d/library/core/src/result.rs:1104:23
[INFO] [stdout]   20:     0x57148819d9e3 - trander_rust::api::geo_db_cities::geo_db_cities_by_country_code::{{closure}}::h151eed2bc429208e
[INFO] [stdout]                                at /opt/rustwide/workdir/src/api/geo_db_cities.rs:112:15
[INFO] [stdout]   21:     0x571488188473 - trander_rust::api::geo_db_cities::tests::test_geo_db_cities_by_country_code::{{closure}}::h36807ff4c31cbdfb
[INFO] [stdout]                                at /opt/rustwide/workdir/src/api/geo_db_cities.rs:226:81
[INFO] [stdout]   22:     0x5714881b0bc7 - <tokio::task::local::RunUntil<T> as core::future::future::Future>::poll::{{closure}}::hd65dc57618c069c1
[INFO] [stdout]                                at /opt/rustwide/cargo-home/registry/src/index.crates.io-6f17d22bba15001f/tokio-1.24.2/src/task/local.rs:924:42
[INFO] [stdout]   23:     0x5714881aefe1 - tokio::task::local::LocalSet::with::{{closure}}::ha02bc63a394dbb00
[INFO] [stdout]                                at /opt/rustwide/cargo-home/registry/src/index.crates.io-6f17d22bba15001f/tokio-1.24.2/src/task/local.rs:685:13
[INFO] [stdout]   24:     0x571488191910 - std::thread::local::LocalKey<T>::try_with::hd2d31f89b64410c8
[INFO] [stdout]                                at /rustc/202008a1b8de96d2e5b6bc02d379db03a877d34d/library/std/src/thread/local.rs:283:12
[INFO] [stdout]   25:     0x57148818fb2a - std::thread::local::LocalKey<T>::with::h8edaadba6a28516e
[INFO] [stdout]                                at /rustc/202008a1b8de96d2e5b6bc02d379db03a877d34d/library/std/src/thread/local.rs:260:9
[INFO] [stdout]   26:     0x5714881aeabb - tokio::task::local::LocalSet::with::h51d7f1d4ea154487
[INFO] [stdout]                                at /opt/rustwide/cargo-home/registry/src/index.crates.io-6f17d22bba15001f/tokio-1.24.2/src/task/local.rs:668:9
[INFO] [stdout]   27:     0x5714881b042a - <tokio::task::local::RunUntil<T> as core::future::future::Future>::poll::h2dadf332c7d54d1e
[INFO] [stdout]                                at /opt/rustwide/cargo-home/registry/src/index.crates.io-6f17d22bba15001f/tokio-1.24.2/src/task/local.rs:914:9
[INFO] [stdout]   28:     0x5714881afcd5 - tokio::task::local::LocalSet::run_until::{{closure}}::hca67d47cde6a8c99
[INFO] [stdout]                                at /opt/rustwide/cargo-home/registry/src/index.crates.io-6f17d22bba15001f/tokio-1.24.2/src/task/local.rs:574:19
[INFO] [stdout]   29:     0x5714881bcdcd - <core::pin::Pin<P> as core::future::future::Future>::poll::hda886c11599fd672
[INFO] [stdout]                                at /rustc/202008a1b8de96d2e5b6bc02d379db03a877d34d/library/core/src/future/future.rs:124:9
[INFO] [stdout]   30:     0x57148816c75f - tokio::runtime::scheduler::current_thread::CoreGuard::block_on::{{closure}}::{{closure}}::{{closure}}::h0019b9061af887fd
[INFO] [stdout]                                at /opt/rustwide/cargo-home/registry/src/index.crates.io-6f17d22bba15001f/tokio-1.24.2/src/runtime/scheduler/current_thread.rs:541:57
[INFO] [stdout]   31:     0x57148816c685 - tokio::runtime::coop::with_budget::h59d1a4c7d0fb9cf8
[INFO] [stdout]                                at /opt/rustwide/cargo-home/registry/src/index.crates.io-6f17d22bba15001f/tokio-1.24.2/src/runtime/coop.rs:102:5
[INFO] [stdout]   32:     0x57148816c685 - tokio::runtime::coop::budget::hd309e143a8443174
[INFO] [stdout]                                at /opt/rustwide/cargo-home/registry/src/index.crates.io-6f17d22bba15001f/tokio-1.24.2/src/runtime/coop.rs:68:5
[INFO] [stdout]   33:     0x57148816c685 - tokio::runtime::scheduler::current_thread::CoreGuard::block_on::{{closure}}::{{closure}}::hdee38e6f313e7fae
[INFO] [stdout]                                at /opt/rustwide/cargo-home/registry/src/index.crates.io-6f17d22bba15001f/tokio-1.24.2/src/runtime/scheduler/current_thread.rs:541:25
[INFO] [stdout]   34:     0x571488163330 - tokio::runtime::scheduler::current_thread::Context::enter::h39c5427ab875c8b1
[INFO] [stdout]                                at /opt/rustwide/cargo-home/registry/src/index.crates.io-6f17d22bba15001f/tokio-1.24.2/src/runtime/scheduler/current_thread.rs:350:19
[INFO] [stdout]   35:     0x571488169ec2 - tokio::runtime::scheduler::current_thread::CoreGuard::block_on::{{closure}}::hb5798ac0039a33f9
[INFO] [stdout]                                at /opt/rustwide/cargo-home/registry/src/index.crates.io-6f17d22bba15001f/tokio-1.24.2/src/runtime/scheduler/current_thread.rs:540:36
[INFO] [stdout]   36:     0x571488167b24 - tokio::runtime::scheduler::current_thread::CoreGuard::enter::{{closure}}::h17c6185802913c5c
[INFO] [stdout]                                at /opt/rustwide/cargo-home/registry/src/index.crates.io-6f17d22bba15001f/tokio-1.24.2/src/runtime/scheduler/current_thread.rs:615:57
[INFO] [stdout]   37:     0x57148816d913 - tokio::macros::scoped_tls::ScopedKey<T>::set::hc00089a1c1e6e1ed
[INFO] [stdout]                                at /opt/rustwide/cargo-home/registry/src/index.crates.io-6f17d22bba15001f/tokio-1.24.2/src/macros/scoped_tls.rs:61:9
[INFO] [stdout]   38:     0x57148816651f - tokio::runtime::scheduler::current_thread::CoreGuard::enter::h18f7a95dddd1b685
[INFO] [stdout]                                at /opt/rustwide/cargo-home/registry/src/index.crates.io-6f17d22bba15001f/tokio-1.24.2/src/runtime/scheduler/current_thread.rs:615:27
[INFO] [stdout]   39:     0x571488167cd2 - tokio::runtime::scheduler::current_thread::CoreGuard::block_on::h67737126dd5d8d90
[INFO] [stdout]                                at /opt/rustwide/cargo-home/registry/src/index.crates.io-6f17d22bba15001f/tokio-1.24.2/src/runtime/scheduler/current_thread.rs:530:19
[INFO] [stdout]   40:     0x571488161df1 - tokio::runtime::scheduler::current_thread::CurrentThread::block_on::h66fc3a73632b88ab
[INFO] [stdout]                                at /opt/rustwide/cargo-home/registry/src/index.crates.io-6f17d22bba15001f/tokio-1.24.2/src/runtime/scheduler/current_thread.rs:154:24
[INFO] [stdout]   41:     0x57148819bc7f - tokio::runtime::runtime::Runtime::block_on::h352a2df1f5a3a01a
[INFO] [stdout]                                at /opt/rustwide/cargo-home/registry/src/index.crates.io-6f17d22bba15001f/tokio-1.24.2/src/runtime/runtime.rs:282:47
[INFO] [stdout]   42:     0x5714881af323 - tokio::task::local::LocalSet::block_on::h3e0c35f2a2711b11
[INFO] [stdout]                                at /opt/rustwide/cargo-home/registry/src/index.crates.io-6f17d22bba15001f/tokio-1.24.2/src/task/local.rs:535:9
[INFO] [stdout]   43:     0x5714881b0ff7 - actix_rt::runtime::Runtime::block_on::ha53cc047a75702fa
[INFO] [stdout]                                at /opt/rustwide/cargo-home/registry/src/index.crates.io-6f17d22bba15001f/actix-rt-2.8.0/src/runtime.rs:82:9
[INFO] [stdout]   44:     0x57148816e02a - actix_rt::system::SystemRunner::block_on::hc47d0899ec222e86
[INFO] [stdout]                                at /opt/rustwide/cargo-home/registry/src/index.crates.io-6f17d22bba15001f/actix-rt-2.8.0/src/system.rs:210:9
[INFO] [stdout]   45:     0x5714881881d6 - trander_rust::api::geo_db_cities::tests::test_geo_db_cities_by_country_code::hf76331c2ab2517b6
[INFO] [stdout]                                at /opt/rustwide/workdir/src/api/geo_db_cities.rs:188:5
[INFO] [stdout]   46:     0x571488188187 - trander_rust::api::geo_db_cities::tests::test_geo_db_cities_by_country_code::{{closure}}::hf81683d32ef2d5bc
[INFO] [stdout]                                at /opt/rustwide/workdir/src/api/geo_db_cities.rs:189:50
[INFO] [stdout]   47:     0x5714881c6b46 - core::ops::function::FnOnce::call_once::h75e346658c03dd0e
[INFO] [stdout]                                at /rustc/202008a1b8de96d2e5b6bc02d379db03a877d34d/library/core/src/ops/function.rs:250:5
[INFO] [stdout]   48:     0x57148820b93b - core::ops::function::FnOnce::call_once::h871bf86719ec9aa4
[INFO] [stdout]                                at /rustc/202008a1b8de96d2e5b6bc02d379db03a877d34d/library/core/src/ops/function.rs:250:5
[INFO] [stdout]   49:     0x57148820b93b - test::__rust_begin_short_backtrace::h2167df1e2b7d76fd
[INFO] [stdout]                                at /rustc/202008a1b8de96d2e5b6bc02d379db03a877d34d/library/test/src/lib.rs:632:18
[INFO] [stdout]   50:     0x57148820b328 - test::run_test_in_process::{{closure}}::h15d92f75a3adfb79
[INFO] [stdout]                                at /rustc/202008a1b8de96d2e5b6bc02d379db03a877d34d/library/test/src/lib.rs:655:60
[INFO] [stdout]   51:     0x57148820b328 - <core::panic::unwind_safe::AssertUnwindSafe<F> as core::ops::function::FnOnce<()>>::call_once::hb6c8955835a8dbbb
[INFO] [stdout]                                at /rustc/202008a1b8de96d2e5b6bc02d379db03a877d34d/library/core/src/panic/unwind_safe.rs:272:9
[INFO] [stdout]   52:     0x57148820b328 - std::panicking::try::do_call::hc79d0fc888a0bd30
[INFO] [stdout]                                at /rustc/202008a1b8de96d2e5b6bc02d379db03a877d34d/library/std/src/panicking.rs:557:40
[INFO] [stdout]   53:     0x57148820b328 - std::panicking::try::hb8a7878e3a8589d6
[INFO] [stdout]                                at /rustc/202008a1b8de96d2e5b6bc02d379db03a877d34d/library/std/src/panicking.rs:520:19
[INFO] [stdout]   54:     0x57148820b328 - std::panic::catch_unwind::hb8e4600ff0ff5cfa
[INFO] [stdout]                                at /rustc/202008a1b8de96d2e5b6bc02d379db03a877d34d/library/std/src/panic.rs:358:14
[INFO] [stdout]   55:     0x57148820b328 - test::run_test_in_process::hc2900b0b18688dd6
[INFO] [stdout]                                at /rustc/202008a1b8de96d2e5b6bc02d379db03a877d34d/library/test/src/lib.rs:655:27
[INFO] [stdout]   56:     0x57148820b328 - test::run_test::{{closure}}::hac2a9cb07be3d48d
[INFO] [stdout]                                at /rustc/202008a1b8de96d2e5b6bc02d379db03a877d34d/library/test/src/lib.rs:576:43
[INFO] [stdout]   57:     0x5714881cedca - test::run_test::{{closure}}::h4a5b729e66a38cd8
[INFO] [stdout]                                at /rustc/202008a1b8de96d2e5b6bc02d379db03a877d34d/library/test/src/lib.rs:606:41
[INFO] [stdout]   58:     0x5714881cedca - std::sys::backtrace::__rust_begin_short_backtrace::h0496fb742492f573
[INFO] [stdout]                                at /rustc/202008a1b8de96d2e5b6bc02d379db03a877d34d/library/std/src/sys/backtrace.rs:154:18
[INFO] [stdout]   59:     0x5714881d2744 - std::thread::Builder::spawn_unchecked_::{{closure}}::{{closure}}::hbb6d257c550a54bd
[INFO] [stdout]                                at /rustc/202008a1b8de96d2e5b6bc02d379db03a877d34d/library/std/src/thread/mod.rs:561:17
[INFO] [stdout]   60:     0x5714881d2744 - <core::panic::unwind_safe::AssertUnwindSafe<F> as core::ops::function::FnOnce<()>>::call_once::h46696fe4a6832328
[INFO] [stdout]                                at /rustc/202008a1b8de96d2e5b6bc02d379db03a877d34d/library/core/src/panic/unwind_safe.rs:272:9
[INFO] [stdout]   61:     0x5714881d2744 - std::panicking::try::do_call::h2625a51b667bfb64
[INFO] [stdout]                                at /rustc/202008a1b8de96d2e5b6bc02d379db03a877d34d/library/std/src/panicking.rs:557:40
[INFO] [stdout]   62:     0x5714881d2744 - std::panicking::try::hb956a59a1973aa4c
[INFO] [stdout]                                at /rustc/202008a1b8de96d2e5b6bc02d379db03a877d34d/library/std/src/panicking.rs:520:19
[INFO] [stdout]   63:     0x5714881d2744 - std::panic::catch_unwind::h64f3b9d1067ef6a0
[INFO] [stdout]                                at /rustc/202008a1b8de96d2e5b6bc02d379db03a877d34d/library/std/src/panic.rs:358:14
[INFO] [stdout]   64:     0x5714881d2744 - std::thread::Builder::spawn_unchecked_::{{closure}}::h42b2841295b6c0b2
[INFO] [stdout]                                at /rustc/202008a1b8de96d2e5b6bc02d379db03a877d34d/library/std/src/thread/mod.rs:559:30
[INFO] [stdout]   65:     0x5714881d2744 - core::ops::function::FnOnce::call_once{{vtable.shim}}::h6127de71b8124639
[INFO] [stdout]                                at /rustc/202008a1b8de96d2e5b6bc02d379db03a877d34d/library/core/src/ops/function.rs:250:5
[INFO] [stdout]   66:     0x57148835201b - <alloc::boxed::Box<F,A> as core::ops::function::FnOnce<Args>>::call_once::h42f0ba71002a1b2c
[INFO] [stdout]                                at /rustc/202008a1b8de96d2e5b6bc02d379db03a877d34d/library/alloc/src/boxed.rs:1972:9
[INFO] [stdout]   67:     0x57148835201b - <alloc::boxed::Box<F,A> as core::ops::function::FnOnce<Args>>::call_once::had9e47d7a3dcecb8
[INFO] [stdout]                                at /rustc/202008a1b8de96d2e5b6bc02d379db03a877d34d/library/alloc/src/boxed.rs:1972:9
[INFO] [stdout]   68:     0x57148835201b - std::sys::pal::unix::thread::Thread::new::thread_start::h48cf765408f6f5f2
[INFO] [stdout]                                at /rustc/202008a1b8de96d2e5b6bc02d379db03a877d34d/library/std/src/sys/pal/unix/thread.rs:105:17
[INFO] [stdout]   69:     0x70cc64184ac3 - <unknown>
[INFO] [stdout]   70:     0x70cc64215a04 - clone
[INFO] [stdout]   71:                0x0 - <unknown>
[INFO] [stdout] 
[INFO] [stdout] ---- api::geo_db_cities::tests::test_geo_db_cities stdout ----
[INFO] [stdout] thread 'api::geo_db_cities::tests::test_geo_db_cities' panicked at src/api/geo_db_cities.rs:73:49:
[INFO] [stdout] called `Result::unwrap()` on an `Err` value: NotPresent
[INFO] [stdout] stack backtrace:
[INFO] [stdout]    0:     0x57148834c16a - std::backtrace_rs::backtrace::libunwind::trace::h8810477743020387
[INFO] [stdout]                                at /rustc/202008a1b8de96d2e5b6bc02d379db03a877d34d/library/std/src/../../backtrace/src/backtrace/libunwind.rs:116:5
[INFO] [stdout]    1:     0x57148834c16a - std::backtrace_rs::backtrace::trace_unsynchronized::h3aa55355dd6c54a6
[INFO] [stdout]                                at /rustc/202008a1b8de96d2e5b6bc02d379db03a877d34d/library/std/src/../../backtrace/src/backtrace/mod.rs:66:5
[INFO] [stdout]    2:     0x57148834c16a - std::sys::backtrace::_print_fmt::h8588b0f62410823f
[INFO] [stdout]                                at /rustc/202008a1b8de96d2e5b6bc02d379db03a877d34d/library/std/src/sys/backtrace.rs:66:9
[INFO] [stdout]    3:     0x57148834c16a - <std::sys::backtrace::BacktraceLock::print::DisplayBacktrace as core::fmt::Display>::fmt::h98c26ac25ffe89bb
[INFO] [stdout]                                at /rustc/202008a1b8de96d2e5b6bc02d379db03a877d34d/library/std/src/sys/backtrace.rs:39:26
[INFO] [stdout]    4:     0x571488372633 - core::fmt::rt::Argument::fmt::hf95377f4aebd453b
[INFO] [stdout]                                at /rustc/202008a1b8de96d2e5b6bc02d379db03a877d34d/library/core/src/fmt/rt.rs:177:76
[INFO] [stdout]    5:     0x571488372633 - core::fmt::write::h0dd5f6e2238c7982
[INFO] [stdout]                                at /rustc/202008a1b8de96d2e5b6bc02d379db03a877d34d/library/core/src/fmt/mod.rs:1189:21
[INFO] [stdout]    6:     0x571488349053 - std::io::Write::write_fmt::h03bb0ca26e6faf8c
[INFO] [stdout]                                at /rustc/202008a1b8de96d2e5b6bc02d379db03a877d34d/library/std/src/io/mod.rs:1884:15
[INFO] [stdout]    7:     0x57148834bfb2 - std::sys::backtrace::BacktraceLock::print::h5c19c1c038ee186d
[INFO] [stdout]                                at /rustc/202008a1b8de96d2e5b6bc02d379db03a877d34d/library/std/src/sys/backtrace.rs:42:9
[INFO] [stdout]    8:     0x57148834d5ed - std::panicking::default_hook::{{closure}}::h77172f079a1fcb13
[INFO] [stdout]                                at /rustc/202008a1b8de96d2e5b6bc02d379db03a877d34d/library/std/src/panicking.rs:268:22
[INFO] [stdout]    9:     0x57148834d3f7 - std::panicking::default_hook::he5f8e3b203ccddba
[INFO] [stdout]                                at /rustc/202008a1b8de96d2e5b6bc02d379db03a877d34d/library/std/src/panicking.rs:292:9
[INFO] [stdout]   10:     0x571488206e17 - <alloc::boxed::Box<F,A> as core::ops::function::Fn<Args>>::call::h7a3c7b4a1ae77f2f
[INFO] [stdout]                                at /rustc/202008a1b8de96d2e5b6bc02d379db03a877d34d/library/alloc/src/boxed.rs:1986:9
[INFO] [stdout]   11:     0x571488206e17 - test::test_main::{{closure}}::hf0d3b69ae9b353d1
[INFO] [stdout]                                at /rustc/202008a1b8de96d2e5b6bc02d379db03a877d34d/library/test/src/lib.rs:134:21
[INFO] [stdout]   12:     0x57148834dc98 - <alloc::boxed::Box<F,A> as core::ops::function::Fn<Args>>::call::h6332e82e7b189abd
[INFO] [stdout]                                at /rustc/202008a1b8de96d2e5b6bc02d379db03a877d34d/library/alloc/src/boxed.rs:1986:9
[INFO] [stdout]   13:     0x57148834dc98 - std::panicking::rust_panic_with_hook::h53863d4e9018df39
[INFO] [stdout]                                at /rustc/202008a1b8de96d2e5b6bc02d379db03a877d34d/library/std/src/panicking.rs:809:13
[INFO] [stdout]   14:     0x57148834da5a - std::panicking::begin_panic_handler::{{closure}}::h67280e6fa0757873
[INFO] [stdout]                                at /rustc/202008a1b8de96d2e5b6bc02d379db03a877d34d/library/std/src/panicking.rs:674:13
[INFO] [stdout]   15:     0x57148834c649 - std::sys::backtrace::__rust_end_short_backtrace::h1dac3f54d6fbbeb2
[INFO] [stdout]                                at /rustc/202008a1b8de96d2e5b6bc02d379db03a877d34d/library/std/src/sys/backtrace.rs:170:18
[INFO] [stdout]   16:     0x57148834d6ec - rust_begin_unwind
[INFO] [stdout]                                at /rustc/202008a1b8de96d2e5b6bc02d379db03a877d34d/library/std/src/panicking.rs:665:5
[INFO] [stdout]   17:     0x57148814d180 - core::panicking::panic_fmt::h6792bd1b2bf01041
[INFO] [stdout]                                at /rustc/202008a1b8de96d2e5b6bc02d379db03a877d34d/library/core/src/panicking.rs:76:14
[INFO] [stdout]   18:     0x57148814d5c6 - core::result::unwrap_failed::h05e0602ed34287c5
[INFO] [stdout]                                at /rustc/202008a1b8de96d2e5b6bc02d379db03a877d34d/library/core/src/result.rs:1699:5
[INFO] [stdout]   19:     0x57148819c987 - core::result::Result<T,E>::unwrap::h2c89267dc2ca6097
[INFO] [stdout]                                at /rustc/202008a1b8de96d2e5b6bc02d379db03a877d34d/library/core/src/result.rs:1104:23
[INFO] [stdout]   20:     0x57148819c987 - trander_rust::api::geo_db_cities::geo_db_cities::{{closure}}::ha1946184d7716074
[INFO] [stdout]                                at /opt/rustwide/workdir/src/api/geo_db_cities.rs:73:15
[INFO] [stdout]   21:     0x57148818787e - trander_rust::api::geo_db_cities::tests::test_geo_db_cities::{{closure}}::hde2030d9b3f7fae7
[INFO] [stdout]                                at /opt/rustwide/workdir/src/api/geo_db_cities.rs:173:68
[INFO] [stdout]   22:     0x5714881b07a7 - <tokio::task::local::RunUntil<T> as core::future::future::Future>::poll::{{closure}}::h5a63963fc5f95681
[INFO] [stdout]                                at /opt/rustwide/cargo-home/registry/src/index.crates.io-6f17d22bba15001f/tokio-1.24.2/src/task/local.rs:924:42
[INFO] [stdout]   23:     0x5714881af221 - tokio::task::local::LocalSet::with::{{closure}}::haf23cc6d39cdb01f
[INFO] [stdout]                                at /opt/rustwide/cargo-home/registry/src/index.crates.io-6f17d22bba15001f/tokio-1.24.2/src/task/local.rs:685:13
[INFO] [stdout]   24:     0x571488191210 - std::thread::local::LocalKey<T>::try_with::hbac6f20f547d60a1
[INFO] [stdout]                                at /rustc/202008a1b8de96d2e5b6bc02d379db03a877d34d/library/std/src/thread/local.rs:283:12
[INFO] [stdout]   25:     0x57148818f98a - std::thread::local::LocalKey<T>::with::h26904180a639ee93
[INFO] [stdout]                                at /rustc/202008a1b8de96d2e5b6bc02d379db03a877d34d/library/std/src/thread/local.rs:260:9
[INFO] [stdout]   26:     0x5714881aea6b - tokio::task::local::LocalSet::with::h21dd1638267461ea
[INFO] [stdout]                                at /opt/rustwide/cargo-home/registry/src/index.crates.io-6f17d22bba15001f/tokio-1.24.2/src/task/local.rs:668:9
[INFO] [stdout]   27:     0x5714881b05aa - <tokio::task::local::RunUntil<T> as core::future::future::Future>::poll::h84674b5bb87801d6
[INFO] [stdout]                                at /opt/rustwide/cargo-home/registry/src/index.crates.io-6f17d22bba15001f/tokio-1.24.2/src/task/local.rs:914:9
[INFO] [stdout]   28:     0x5714881b0155 - tokio::task::local::LocalSet::run_until::{{closure}}::hfbf9fc9fce857142
[INFO] [stdout]                                at /opt/rustwide/cargo-home/registry/src/index.crates.io-6f17d22bba15001f/tokio-1.24.2/src/task/local.rs:574:19
[INFO] [stdout]   29:     0x5714881bcd8d - <core::pin::Pin<P> as core::future::future::Future>::poll::hb90670fbfc193e0c
[INFO] [stdout]                                at /rustc/202008a1b8de96d2e5b6bc02d379db03a877d34d/library/core/src/future/future.rs:124:9
[INFO] [stdout]   30:     0x57148816c89f - tokio::runtime::scheduler::current_thread::CoreGuard::block_on::{{closure}}::{{closure}}::{{closure}}::hff45002ace21e190
[INFO] [stdout]                                at /opt/rustwide/cargo-home/registry/src/index.crates.io-6f17d22bba15001f/tokio-1.24.2/src/runtime/scheduler/current_thread.rs:541:57
[INFO] [stdout]   31:     0x57148816bca5 - tokio::runtime::coop::with_budget::h805e1df089ba7a7c
[INFO] [stdout]                                at /opt/rustwide/cargo-home/registry/src/index.crates.io-6f17d22bba15001f/tokio-1.24.2/src/runtime/coop.rs:102:5
[INFO] [stdout]   32:     0x57148816bca5 - tokio::runtime::coop::budget::h96e37b5a22fba679
[INFO] [stdout]                                at /opt/rustwide/cargo-home/registry/src/index.crates.io-6f17d22bba15001f/tokio-1.24.2/src/runtime/coop.rs:68:5
[INFO] [stdout]   33:     0x57148816bca5 - tokio::runtime::scheduler::current_thread::CoreGuard::block_on::{{closure}}::{{closure}}::h0fb7888ce4a40189
[INFO] [stdout]                                at /opt/rustwide/cargo-home/registry/src/index.crates.io-6f17d22bba15001f/tokio-1.24.2/src/runtime/scheduler/current_thread.rs:541:25
[INFO] [stdout]   34:     0x571488164590 - tokio::runtime::scheduler::current_thread::Context::enter::ha113b9a1088fb9db
[INFO] [stdout]                                at /opt/rustwide/cargo-home/registry/src/index.crates.io-6f17d22bba15001f/tokio-1.24.2/src/runtime/scheduler/current_thread.rs:350:19
[INFO] [stdout]   35:     0x57148816a912 - tokio::runtime::scheduler::current_thread::CoreGuard::block_on::{{closure}}::he0a4a29db124a7b0
[INFO] [stdout]                                at /opt/rustwide/cargo-home/registry/src/index.crates.io-6f17d22bba15001f/tokio-1.24.2/src/runtime/scheduler/current_thread.rs:540:36
[INFO] [stdout]   36:     0x571488167b44 - tokio::runtime::scheduler::current_thread::CoreGuard::enter::{{closure}}::h288198596bfcd524
[INFO] [stdout]                                at /opt/rustwide/cargo-home/registry/src/index.crates.io-6f17d22bba15001f/tokio-1.24.2/src/runtime/scheduler/current_thread.rs:615:57
[INFO] [stdout]   37:     0x57148816d583 - tokio::macros::scoped_tls::ScopedKey<T>::set::h33bee155b36efb01
[INFO] [stdout]                                at /opt/rustwide/cargo-home/registry/src/index.crates.io-6f17d22bba15001f/tokio-1.24.2/src/macros/scoped_tls.rs:61:9
[INFO] [stdout]   38:     0x571488166cff - tokio::runtime::scheduler::current_thread::CoreGuard::enter::h61acd77c0e519561
[INFO] [stdout]                                at /opt/rustwide/cargo-home/registry/src/index.crates.io-6f17d22bba15001f/tokio-1.24.2/src/runtime/scheduler/current_thread.rs:615:27
[INFO] [stdout]   39:     0x571488167be2 - tokio::runtime::scheduler::current_thread::CoreGuard::block_on::h08fee7e330dbdee9
[INFO] [stdout]                                at /opt/rustwide/cargo-home/registry/src/index.crates.io-6f17d22bba15001f/tokio-1.24.2/src/runtime/scheduler/current_thread.rs:530:19
[INFO] [stdout]   40:     0x5714881619c1 - tokio::runtime::scheduler::current_thread::CurrentThread::block_on::h2e116f8ef1f5d4c7
[INFO] [stdout]                                at /opt/rustwide/cargo-home/registry/src/index.crates.io-6f17d22bba15001f/tokio-1.24.2/src/runtime/scheduler/current_thread.rs:154:24
[INFO] [stdout]   41:     0x57148819be9f - tokio::runtime::runtime::Runtime::block_on::h6e29ec2cf35e5038
[INFO] [stdout]                                at /opt/rustwide/cargo-home/registry/src/index.crates.io-6f17d22bba15001f/tokio-1.24.2/src/runtime/runtime.rs:282:47
[INFO] [stdout]   42:     0x5714881af373 - tokio::task::local::LocalSet::block_on::h512f58345261647d
[INFO] [stdout]                                at /opt/rustwide/cargo-home/registry/src/index.crates.io-6f17d22bba15001f/tokio-1.24.2/src/task/local.rs:535:9
[INFO] [stdout]   43:     0x5714881b0f77 - actix_rt::runtime::Runtime::block_on::h6af4d08f3273b7a7
[INFO] [stdout]                                at /opt/rustwide/cargo-home/registry/src/index.crates.io-6f17d22bba15001f/actix-rt-2.8.0/src/runtime.rs:82:9
[INFO] [stdout]   44:     0x57148816dfba - actix_rt::system::SystemRunner::block_on::h43de090e492df4d8
[INFO] [stdout]                                at /opt/rustwide/cargo-home/registry/src/index.crates.io-6f17d22bba15001f/actix-rt-2.8.0/src/system.rs:210:9
[INFO] [stdout]   45:     0x571488187606 - trander_rust::api::geo_db_cities::tests::test_geo_db_cities::h9cc13f4c1301c797
[INFO] [stdout]                                at /opt/rustwide/workdir/src/api/geo_db_cities.rs:150:5
[INFO] [stdout]   46:     0x5714881875b7 - trander_rust::api::geo_db_cities::tests::test_geo_db_cities::{{closure}}::h0d1cd66baef267c4
[INFO] [stdout]                                at /opt/rustwide/workdir/src/api/geo_db_cities.rs:151:34
[INFO] [stdout]   47:     0x5714881c6c66 - core::ops::function::FnOnce::call_once::h82c8774f7fa395b5
[INFO] [stdout]                                at /rustc/202008a1b8de96d2e5b6bc02d379db03a877d34d/library/core/src/ops/function.rs:250:5
[INFO] [stdout]   48:     0x57148820b93b - core::ops::function::FnOnce::call_once::h871bf86719ec9aa4
[INFO] [stdout]                                at /rustc/202008a1b8de96d2e5b6bc02d379db03a877d34d/library/core/src/ops/function.rs:250:5
[INFO] [stdout]   49:     0x57148820b93b - test::__rust_begin_short_backtrace::h2167df1e2b7d76fd
[INFO] [stdout]                                at /rustc/202008a1b8de96d2e5b6bc02d379db03a877d34d/library/test/src/lib.rs:632:18
[INFO] [stdout]   50:     0x57148820b328 - test::run_test_in_process::{{closure}}::h15d92f75a3adfb79
[INFO] [stdout]                                at /rustc/202008a1b8de96d2e5b6bc02d379db03a877d34d/library/test/src/lib.rs:655:60
[INFO] [stdout]   51:     0x57148820b328 - <core::panic::unwind_safe::AssertUnwindSafe<F> as core::ops::function::FnOnce<()>>::call_once::hb6c8955835a8dbbb
[INFO] [stdout]                                at /rustc/202008a1b8de96d2e5b6bc02d379db03a877d34d/library/core/src/panic/unwind_safe.rs:272:9
[INFO] [stdout]   52:     0x57148820b328 - std::panicking::try::do_call::hc79d0fc888a0bd30
[INFO] [stdout]                                at /rustc/202008a1b8de96d2e5b6bc02d379db03a877d34d/library/std/src/panicking.rs:557:40
[INFO] [stdout]   53:     0x57148820b328 - std::panicking::try::hb8a7878e3a8589d6
[INFO] [stdout]                                at /rustc/202008a1b8de96d2e5b6bc02d379db03a877d34d/library/std/src/panicking.rs:520:19
[INFO] [stdout]   54:     0x57148820b328 - std::panic::catch_unwind::hb8e4600ff0ff5cfa
[INFO] [stdout]                                at /rustc/202008a1b8de96d2e5b6bc02d379db03a877d34d/library/std/src/panic.rs:358:14
[INFO] [stdout]   55:     0x57148820b328 - test::run_test_in_process::hc2900b0b18688dd6
[INFO] [stdout]                                at /rustc/202008a1b8de96d2e5b6bc02d379db03a877d34d/library/test/src/lib.rs:655:27
[INFO] [stdout]   56:     0x57148820b328 - test::run_test::{{closure}}::hac2a9cb07be3d48d
[INFO] [stdout]                                at /rustc/202008a1b8de96d2e5b6bc02d379db03a877d34d/library/test/src/lib.rs:576:43
[INFO] [stdout]   57:     0x5714881cedca - test::run_test::{{closure}}::h4a5b729e66a38cd8
[INFO] [stdout]                                at /rustc/202008a1b8de96d2e5b6bc02d379db03a877d34d/library/test/src/lib.rs:606:41
[INFO] [stdout]   58:     0x5714881cedca - std::sys::backtrace::__rust_begin_short_backtrace::h0496fb742492f573
[INFO] [stdout]                                at /rustc/202008a1b8de96d2e5b6bc02d379db03a877d34d/library/std/src/sys/backtrace.rs:154:18
[INFO] [stdout]   59:     0x5714881d2744 - std::thread::Builder::spawn_unchecked_::{{closure}}::{{closure}}::hbb6d257c550a54bd
[INFO] [stdout]                                at /rustc/202008a1b8de96d2e5b6bc02d379db03a877d34d/library/std/src/thread/mod.rs:561:17
[INFO] [stdout]   60:     0x5714881d2744 - <core::panic::unwind_safe::AssertUnwindSafe<F> as core::ops::function::FnOnce<()>>::call_once::h46696fe4a6832328
[INFO] [stdout]                                at /rustc/202008a1b8de96d2e5b6bc02d379db03a877d34d/library/core/src/panic/unwind_safe.rs:272:9
[INFO] [stdout]   61:     0x5714881d2744 - std::panicking::try::do_call::h2625a51b667bfb64
[INFO] [stdout]                                at /rustc/202008a1b8de96d2e5b6bc02d379db03a877d34d/library/std/src/panicking.rs:557:40
[INFO] [stdout]   62:     0x5714881d2744 - std::panicking::try::hb956a59a1973aa4c
[INFO] [stdout]                                at /rustc/202008a1b8de96d2e5b6bc02d379db03a877d34d/library/std/src/panicking.rs:520:19
[INFO] [stdout]   63:     0x5714881d2744 - std::panic::catch_unwind::h64f3b9d1067ef6a0
[INFO] [stdout]                                at /rustc/202008a1b8de96d2e5b6bc02d379db03a877d34d/library/std/src/panic.rs:358:14
[INFO] [stdout]   64:     0x5714881d2744 - std::thread::Builder::spawn_unchecked_::{{closure}}::h42b2841295b6c0b2
[INFO] [stdout]                                at /rustc/202008a1b8de96d2e5b6bc02d379db03a877d34d/library/std/src/thread/mod.rs:559:30
[INFO] [stdout]   65:     0x5714881d2744 - core::ops::function::FnOnce::call_once{{vtable.shim}}::h6127de71b8124639
[INFO] [stdout]                                at /rustc/202008a1b8de96d2e5b6bc02d379db03a877d34d/library/core/src/ops/function.rs:250:5
[INFO] [stdout]   66:     0x57148835201b - <alloc::boxed::Box<F,A> as core::ops::function::FnOnce<Args>>::call_once::h42f0ba71002a1b2c
[INFO] [stdout]                                at /rustc/202008a1b8de96d2e5b6bc02d379db03a877d34d/library/alloc/src/boxed.rs:1972:9
[INFO] [stdout]   67:     0x57148835201b - <alloc::boxed::Box<F,A> as core::ops::function::FnOnce<Args>>::call_once::had9e47d7a3dcecb8
[INFO] [stdout]                                at /rustc/202008a1b8de96d2e5b6bc02d379db03a877d34d/library/alloc/src/boxed.rs:1972:9
[INFO] [stdout]   68:     0x57148835201b - std::sys::pal::unix::thread::Thread::new::thread_start::h48cf765408f6f5f2
[INFO] [stdout]                                at /rustc/202008a1b8de96d2e5b6bc02d379db03a877d34d/library/std/src/sys/pal/unix/thread.rs:105:17
[INFO] [stdout]   69:     0x70cc64184ac3 - <unknown>
[INFO] [stdout]   70:     0x70cc64215a04 - clone
[INFO] [stdout]   71:                0x0 - <unknown>
[INFO] [stdout] 
[INFO] [stdout] ---- service::location::new_dest::tests::test_format stdout ----
[INFO] [stdout] thread 'service::location::new_dest::tests::test_format' panicked at src/service/location/new_dest.rs:103:9:
[INFO] [stdout] assertion `left == right` failed
[INFO] [stdout]   left: "+35.6761685462078+140.87174397802113"
[INFO] [stdout]  right: "+35.6761685462078+140.87174397802116"
[INFO] [stdout] stack backtrace:
[INFO] [stdout]    0:     0x57148834c16a - std::backtrace_rs::backtrace::libunwind::trace::h8810477743020387
[INFO] [stdout]                                at /rustc/202008a1b8de96d2e5b6bc02d379db03a877d34d/library/std/src/../../backtrace/src/backtrace/libunwind.rs:116:5
[INFO] [stdout]    1:     0x57148834c16a - std::backtrace_rs::backtrace::trace_unsynchronized::h3aa55355dd6c54a6
[INFO] [stdout]                                at /rustc/202008a1b8de96d2e5b6bc02d379db03a877d34d/library/std/src/../../backtrace/src/backtrace/mod.rs:66:5
[INFO] [stdout]    2:     0x57148834c16a - std::sys::backtrace::_print_fmt::h8588b0f62410823f
[INFO] [stdout]                                at /rustc/202008a1b8de96d2e5b6bc02d379db03a877d34d/library/std/src/sys/backtrace.rs:66:9
[INFO] [stdout]    3:     0x57148834c16a - <std::sys::backtrace::BacktraceLock::print::DisplayBacktrace as core::fmt::Display>::fmt::h98c26ac25ffe89bb
[INFO] [stdout]                                at /rustc/202008a1b8de96d2e5b6bc02d379db03a877d34d/library/std/src/sys/backtrace.rs:39:26
[INFO] [stdout]    4:     0x571488372633 - core::fmt::rt::Argument::fmt::hf95377f4aebd453b
[INFO] [stdout]                                at /rustc/202008a1b8de96d2e5b6bc02d379db03a877d34d/library/core/src/fmt/rt.rs:177:76
[INFO] [stdout]    5:     0x571488372633 - core::fmt::write::h0dd5f6e2238c7982
[INFO] [stdout]                                at /rustc/202008a1b8de96d2e5b6bc02d379db03a877d34d/library/core/src/fmt/mod.rs:1189:21
[INFO] [stdout]    6:     0x571488349053 - std::io::Write::write_fmt::h03bb0ca26e6faf8c
[INFO] [stdout]                                at /rustc/202008a1b8de96d2e5b6bc02d379db03a877d34d/library/std/src/io/mod.rs:1884:15
[INFO] [stdout]    7:     0x57148834bfb2 - std::sys::backtrace::BacktraceLock::print::h5c19c1c038ee186d
[INFO] [stdout]                                at /rustc/202008a1b8de96d2e5b6bc02d379db03a877d34d/library/std/src/sys/backtrace.rs:42:9
[INFO] [stdout]    8:     0x57148834d5ed - std::panicking::default_hook::{{closure}}::h77172f079a1fcb13
[INFO] [stdout]                                at /rustc/202008a1b8de96d2e5b6bc02d379db03a877d34d/library/std/src/panicking.rs:268:22
[INFO] [stdout]    9:     0x57148834d3f7 - std::panicking::default_hook::he5f8e3b203ccddba
[INFO] [stdout]                                at /rustc/202008a1b8de96d2e5b6bc02d379db03a877d34d/library/std/src/panicking.rs:292:9
[INFO] [stdout]   10:     0x571488206e17 - <alloc::boxed::Box<F,A> as core::ops::function::Fn<Args>>::call::h7a3c7b4a1ae77f2f
[INFO] [stdout]                                at /rustc/202008a1b8de96d2e5b6bc02d379db03a877d34d/library/alloc/src/boxed.rs:1986:9
[INFO] [stdout]   11:     0x571488206e17 - test::test_main::{{closure}}::hf0d3b69ae9b353d1
[INFO] [stdout]                                at /rustc/202008a1b8de96d2e5b6bc02d379db03a877d34d/library/test/src/lib.rs:134:21
[INFO] [stdout]   12:     0x57148834dc98 - <alloc::boxed::Box<F,A> as core::ops::function::Fn<Args>>::call::h6332e82e7b189abd
[INFO] [stdout]                                at /rustc/202008a1b8de96d2e5b6bc02d379db03a877d34d/library/alloc/src/boxed.rs:1986:9
[INFO] [stdout]   13:     0x57148834dc98 - std::panicking::rust_panic_with_hook::h53863d4e9018df39
[INFO] [stdout]                                at /rustc/202008a1b8de96d2e5b6bc02d379db03a877d34d/library/std/src/panicking.rs:809:13
[INFO] [stdout]   14:     0x57148834da5a - std::panicking::begin_panic_handler::{{closure}}::h67280e6fa0757873
[INFO] [stdout]                                at /rustc/202008a1b8de96d2e5b6bc02d379db03a877d34d/library/std/src/panicking.rs:674:13
[INFO] [stdout]   15:     0x57148834c649 - std::sys::backtrace::__rust_end_short_backtrace::h1dac3f54d6fbbeb2
[INFO] [stdout]                                at /rustc/202008a1b8de96d2e5b6bc02d379db03a877d34d/library/std/src/sys/backtrace.rs:170:18
[INFO] [stdout]   16:     0x57148834d6ec - rust_begin_unwind
[INFO] [stdout]                                at /rustc/202008a1b8de96d2e5b6bc02d379db03a877d34d/library/std/src/panicking.rs:665:5
[INFO] [stdout]   17:     0x57148814d180 - core::panicking::panic_fmt::h6792bd1b2bf01041
[INFO] [stdout]                                at /rustc/202008a1b8de96d2e5b6bc02d379db03a877d34d/library/core/src/panicking.rs:76:14
[INFO] [stdout]   18:     0x57148814d54b - core::panicking::assert_failed_inner::hf2c17e6d30928787
[INFO] [stdout]   19:     0x57148818d8d8 - core::panicking::assert_failed::he7bb9aaa00ba94f1
[INFO] [stdout]                                at /rustc/202008a1b8de96d2e5b6bc02d379db03a877d34d/library/core/src/panicking.rs:373:5
[INFO] [stdout]   20:     0x571488192cef - trander_rust::service::location::new_dest::tests::test_format::h1c901c1ce7ad7d1c
[INFO] [stdout]                                at /opt/rustwide/workdir/src/service/location/new_dest.rs:103:9
[INFO] [stdout]   21:     0x571488192be7 - trander_rust::service::location::new_dest::tests::test_format::{{closure}}::h66429ecc55007f2d
[INFO] [stdout]                                at /opt/rustwide/workdir/src/service/location/new_dest.rs:97:21
[INFO] [stdout]   22:     0x5714881c6426 - core::ops::function::FnOnce::call_once::h17cae0c09a13c183
[INFO] [stdout]                                at /rustc/202008a1b8de96d2e5b6bc02d379db03a877d34d/library/core/src/ops/function.rs:250:5
[INFO] [stdout]   23:     0x57148820b93b - core::ops::function::FnOnce::call_once::h871bf86719ec9aa4
[INFO] [stdout]                                at /rustc/202008a1b8de96d2e5b6bc02d379db03a877d34d/library/core/src/ops/function.rs:250:5
[INFO] [stdout]   24:     0x57148820b93b - test::__rust_begin_short_backtrace::h2167df1e2b7d76fd
[INFO] [stdout]                                at /rustc/202008a1b8de96d2e5b6bc02d379db03a877d34d/library/test/src/lib.rs:632:18
[INFO] [stdout]   25:     0x57148820b328 - test::run_test_in_process::{{closure}}::h15d92f75a3adfb79
[INFO] [stdout]                                at /rustc/202008a1b8de96d2e5b6bc02d379db03a877d34d/library/test/src/lib.rs:655:60
[INFO] [stdout]   26:     0x57148820b328 - <core::panic::unwind_safe::AssertUnwindSafe<F> as core::ops::function::FnOnce<()>>::call_once::hb6c8955835a8dbbb
[INFO] [stdout]                                at /rustc/202008a1b8de96d2e5b6bc02d379db03a877d34d/library/core/src/panic/unwind_safe.rs:272:9
[INFO] [stdout]   27:     0x57148820b328 - std::panicking::try::do_call::hc79d0fc888a0bd30
[INFO] [stdout]                                at /rustc/202008a1b8de96d2e5b6bc02d379db03a877d34d/library/std/src/panicking.rs:557:40
[INFO] [stdout]   28:     0x57148820b328 - std::panicking::try::hb8a7878e3a8589d6
[INFO] [stdout]                                at /rustc/202008a1b8de96d2e5b6bc02d379db03a877d34d/library/std/src/panicking.rs:520:19
[INFO] [stdout]   29:     0x57148820b328 - std::panic::catch_unwind::hb8e4600ff0ff5cfa
[INFO] [stdout]                                at /rustc/202008a1b8de96d2e5b6bc02d379db03a877d34d/library/std/src/panic.rs:358:14
[INFO] [stdout]   30:     0x57148820b328 - test::run_test_in_process::hc2900b0b18688dd6
[INFO] [stdout]                                at /rustc/202008a1b8de96d2e5b6bc02d379db03a877d34d/library/test/src/lib.rs:655:27
[INFO] [stdout]   31:     0x57148820b328 - test::run_test::{{closure}}::hac2a9cb07be3d48d
[INFO] [stdout]                                at /rustc/202008a1b8de96d2e5b6bc02d379db03a877d34d/library/test/src/lib.rs:576:43
[INFO] [stdout]   32:     0x5714881cedca - test::run_test::{{closure}}::h4a5b729e66a38cd8
[INFO] [stdout]                                at /rustc/202008a1b8de96d2e5b6bc02d379db03a877d34d/library/test/src/lib.rs:606:41
[INFO] [stdout]   33:     0x5714881cedca - std::sys::backtrace::__rust_begin_short_backtrace::h0496fb742492f573
[INFO] [stdout]                                at /rustc/202008a1b8de96d2e5b6bc02d379db03a877d34d/library/std/src/sys/backtrace.rs:154:18
[INFO] [stdout]   34:     0x5714881d2744 - std::thread::Builder::spawn_unchecked_::{{closure}}::{{closure}}::hbb6d257c550a54bd
[INFO] [stdout]                                at /rustc/202008a1b8de96d2e5b6bc02d379db03a877d34d/library/std/src/thread/mod.rs:561:17
[INFO] [stdout]   35:     0x5714881d2744 - <core::panic::unwind_safe::AssertUnwindSafe<F> as core::ops::function::FnOnce<()>>::call_once::h46696fe4a6832328
[INFO] [stdout]                                at /rustc/202008a1b8de96d2e5b6bc02d379db03a877d34d/library/core/src/panic/unwind_safe.rs:272:9
[INFO] [stdout]   36:     0x5714881d2744 - std::panicking::try::do_call::h2625a51b667bfb64
[INFO] [stdout]                                at /rustc/202008a1b8de96d2e5b6bc02d379db03a877d34d/library/std/src/panicking.rs:557:40
[INFO] [stdout]   37:     0x5714881d2744 - std::panicking::try::hb956a59a1973aa4c
[INFO] [stdout]                                at /rustc/202008a1b8de96d2e5b6bc02d379db03a877d34d/library/std/src/panicking.rs:520:19
[INFO] [stdout]   38:     0x5714881d2744 - std::panic::catch_unwind::h64f3b9d1067ef6a0
[INFO] [stdout]                                at /rustc/202008a1b8de96d2e5b6bc02d379db03a877d34d/library/std/src/panic.rs:358:14
[INFO] [stdout]   39:     0x5714881d2744 - std::thread::Builder::spawn_unchecked_::{{closure}}::h42b2841295b6c0b2
[INFO] [stdout]                                at /rustc/202008a1b8de96d2e5b6bc02d379db03a877d34d/library/std/src/thread/mod.rs:559:30
[INFO] [stdout]   40:     0x5714881d2744 - core::ops::function::FnOnce::call_once{{vtable.shim}}::h6127de71b8124639
[INFO] [stdout]                                at /rustc/202008a1b8de96d2e5b6bc02d379db03a877d34d/library/core/src/ops/function.rs:250:5
[INFO] [stdout]   41:     0x57148835201b - <alloc::boxed::Box<F,A> as core::ops::function::FnOnce<Args>>::call_once::h42f0ba71002a1b2c
[INFO] [stdout]                                at /rustc/202008a1b8de96d2e5b6bc02d379db03a877d34d/library/alloc/src/boxed.rs:1972:9
[INFO] [stdout]   42:     0x57148835201b - <alloc::boxed::Box<F,A> as core::ops::function::FnOnce<Args>>::call_once::had9e47d7a3dcecb8
[INFO] [stdout]                                at /rustc/202008a1b8de96d2e5b6bc02d379db03a877d34d/library/alloc/src/boxed.rs:1972:9
[INFO] [stdout]   43:     0x57148835201b - std::sys::pal::unix::thread::Thread::new::thread_start::h48cf765408f6f5f2
[INFO] [stdout]                                at /rustc/202008a1b8de96d2e5b6bc02d379db03a877d34d/library/std/src/sys/pal/unix/thread.rs:105:17
[INFO] [stdout]   44:     0x70cc64184ac3 - <unknown>
[INFO] [stdout]   45:     0x70cc64215a04 - clone
[INFO] [stdout]   46:                0x0 - <unknown>
[INFO] [stdout] 
[INFO] [stdout] ---- service::location::new_dest::tests::test_new_dest stdout ----
[INFO] [stdout] thread 'service::location::new_dest::tests::test_new_dest' panicked at src/service/location/new_dest.rs:93:9:
[INFO] [stdout] assertion `left == right` failed
[INFO] [stdout]   left: 140.87174397802113
[INFO] [stdout]  right: 140.87174397802116
[INFO] [stdout] stack backtrace:
[INFO] [stdout]    0:     0x57148834c16a - std::backtrace_rs::backtrace::libunwind::trace::h8810477743020387
[INFO] [stdout]                                at /rustc/202008a1b8de96d2e5b6bc02d379db03a877d34d/library/std/src/../../backtrace/src/backtrace/libunwind.rs:116:5
[INFO] [stdout]    1:     0x57148834c16a - std::backtrace_rs::backtrace::trace_unsynchronized::h3aa55355dd6c54a6
[INFO] [stdout]                                at /rustc/202008a1b8de96d2e5b6bc02d379db03a877d34d/library/std/src/../../backtrace/src/backtrace/mod.rs:66:5
[INFO] [stdout]    2:     0x57148834c16a - std::sys::backtrace::_print_fmt::h8588b0f62410823f
[INFO] [stdout]                                at /rustc/202008a1b8de96d2e5b6bc02d379db03a877d34d/library/std/src/sys/backtrace.rs:66:9
[INFO] [stdout]    3:     0x57148834c16a - <std::sys::backtrace::BacktraceLock::print::DisplayBacktrace as core::fmt::Display>::fmt::h98c26ac25ffe89bb
[INFO] [stdout]                                at /rustc/202008a1b8de96d2e5b6bc02d379db03a877d34d/library/std/src/sys/backtrace.rs:39:26
[INFO] [stdout]    4:     0x571488372633 - core::fmt::rt::Argument::fmt::hf95377f4aebd453b
[INFO] [stdout]                                at /rustc/202008a1b8de96d2e5b6bc02d379db03a877d34d/library/core/src/fmt/rt.rs:177:76
[INFO] [stdout]    5:     0x571488372633 - core::fmt::write::h0dd5f6e2238c7982
[INFO] [stdout]                                at /rustc/202008a1b8de96d2e5b6bc02d379db03a877d34d/library/core/src/fmt/mod.rs:1189:21
[INFO] [stdout]    6:     0x571488349053 - std::io::Write::write_fmt::h03bb0ca26e6faf8c
[INFO] [stdout]                                at /rustc/202008a1b8de96d2e5b6bc02d379db03a877d34d/library/std/src/io/mod.rs:1884:15
[INFO] [stdout]    7:     0x57148834bfb2 - std::sys::backtrace::BacktraceLock::print::h5c19c1c038ee186d
[INFO] [stdout]                                at /rustc/202008a1b8de96d2e5b6bc02d379db03a877d34d/library/std/src/sys/backtrace.rs:42:9
[INFO] [stdout]    8:     0x57148834d5ed - std::panicking::default_hook::{{closure}}::h77172f079a1fcb13
[INFO] [stdout]                                at /rustc/202008a1b8de96d2e5b6bc02d379db03a877d34d/library/std/src/panicking.rs:268:22
[INFO] [stdout]    9:     0x57148834d3f7 - std::panicking::default_hook::he5f8e3b203ccddba
[INFO] [stdout]                                at /rustc/202008a1b8de96d2e5b6bc02d379db03a877d34d/library/std/src/panicking.rs:292:9
[INFO] [stdout]   10:     0x571488206e17 - <alloc::boxed::Box<F,A> as core::ops::function::Fn<Args>>::call::h7a3c7b4a1ae77f2f
[INFO] [stdout]                                at /rustc/202008a1b8de96d2e5b6bc02d379db03a877d34d/library/alloc/src/boxed.rs:1986:9
[INFO] [stdout]   11:     0x571488206e17 - test::test_main::{{closure}}::hf0d3b69ae9b353d1
[INFO] [stdout]                                at /rustc/202008a1b8de96d2e5b6bc02d379db03a877d34d/library/test/src/lib.rs:134:21
[INFO] [stdout]   12:     0x57148834dc98 - <alloc::boxed::Box<F,A> as core::ops::function::Fn<Args>>::call::h6332e82e7b189abd
[INFO] [stdout]                                at /rustc/202008a1b8de96d2e5b6bc02d379db03a877d34d/library/alloc/src/boxed.rs:1986:9
[INFO] [stdout]   13:     0x57148834dc98 - std::panicking::rust_panic_with_hook::h53863d4e9018df39
[INFO] [stdout]                                at /rustc/202008a1b8de96d2e5b6bc02d379db03a877d34d/library/std/src/panicking.rs:809:13
[INFO] [stdout]   14:     0x57148834da5a - std::panicking::begin_panic_handler::{{closure}}::h67280e6fa0757873
[INFO] [stdout]                                at /rustc/202008a1b8de96d2e5b6bc02d379db03a877d34d/library/std/src/panicking.rs:674:13
[INFO] [stdout]   15:     0x57148834c649 - std::sys::backtrace::__rust_end_short_backtrace::h1dac3f54d6fbbeb2
[INFO] [stdout]                                at /rustc/202008a1b8de96d2e5b6bc02d379db03a877d34d/library/std/src/sys/backtrace.rs:170:18
[INFO] [stdout]   16:     0x57148834d6ec - rust_begin_unwind
[INFO] [stdout]                                at /rustc/202008a1b8de96d2e5b6bc02d379db03a877d34d/library/std/src/panicking.rs:665:5
[INFO] [stdout]   17:     0x57148814d180 - core::panicking::panic_fmt::h6792bd1b2bf01041
[INFO] [stdout]                                at /rustc/202008a1b8de96d2e5b6bc02d379db03a877d34d/library/core/src/panicking.rs:76:14
[INFO] [stdout]   18:     0x57148814d54b - core::panicking::assert_failed_inner::hf2c17e6d30928787
[INFO] [stdout]   19:     0x57148818d75c - core::panicking::assert_failed::h3cec9041dbebd2d4
[INFO] [stdout]                                at /rustc/202008a1b8de96d2e5b6bc02d379db03a877d34d/library/core/src/panicking.rs:373:5
[INFO] [stdout]   20:     0x571488192bbf - trander_rust::service::location::new_dest::tests::test_new_dest::hc719e5fd70f22c06
[INFO] [stdout]                                at /opt/rustwide/workdir/src/service/location/new_dest.rs:93:9
[INFO] [stdout]   21:     0x571488192a87 - trander_rust::service::location::new_dest::tests::test_new_dest::{{closure}}::hf8b1914d240032d7
[INFO] [stdout]                                at /opt/rustwide/workdir/src/service/location/new_dest.rs:86:23
[INFO] [stdout]   22:     0x5714881c6b86 - core::ops::function::FnOnce::call_once::h79cd54bfc4c46bc9
[INFO] [stdout]                                at /rustc/202008a1b8de96d2e5b6bc02d379db03a877d34d/library/core/src/ops/function.rs:250:5
[INFO] [stdout]   23:     0x57148820b93b - core::ops::function::FnOnce::call_once::h871bf86719ec9aa4
[INFO] [stdout]                                at /rustc/202008a1b8de96d2e5b6bc02d379db03a877d34d/library/core/src/ops/function.rs:250:5
[INFO] [stdout]   24:     0x57148820b93b - test::__rust_begin_short_backtrace::h2167df1e2b7d76fd
[INFO] [stdout]                                at /rustc/202008a1b8de96d2e5b6bc02d379db03a877d34d/library/test/src/lib.rs:632:18
[INFO] [stdout]   25:     0x57148820b328 - test::run_test_in_process::{{closure}}::h15d92f75a3adfb79
[INFO] [stdout]                                at /rustc/202008a1b8de96d2e5b6bc02d379db03a877d34d/library/test/src/lib.rs:655:60
[INFO] [stdout]   26:     0x57148820b328 - <core::panic::unwind_safe::AssertUnwindSafe<F> as core::ops::function::FnOnce<()>>::call_once::hb6c8955835a8dbbb
[INFO] [stdout]                                at /rustc/202008a1b8de96d2e5b6bc02d379db03a877d34d/library/core/src/panic/unwind_safe.rs:272:9
[INFO] [stdout]   27:     0x57148820b328 - std::panicking::try::do_call::hc79d0fc888a0bd30
[INFO] [stdout]                                at /rustc/202008a1b8de96d2e5b6bc02d379db03a877d34d/library/std/src/panicking.rs:557:40
[INFO] [stdout]   28:     0x57148820b328 - std::panicking::try::hb8a7878e3a8589d6
[INFO] [stdout]                                at /rustc/202008a1b8de96d2e5b6bc02d379db03a877d34d/library/std/src/panicking.rs:520:19
[INFO] [stdout]   29:     0x57148820b328 - std::panic::catch_unwind::hb8e4600ff0ff5cfa
[INFO] [stdout]                                at /rustc/202008a1b8de96d2e5b6bc02d379db03a877d34d/library/std/src/panic.rs:358:14
[INFO] [stdout]   30:     0x57148820b328 - test::run_test_in_process::hc2900b0b18688dd6
[INFO] [stdout]                                at /rustc/202008a1b8de96d2e5b6bc02d379db03a877d34d/library/test/src/lib.rs:655:27
[INFO] [stdout]   31:     0x57148820b328 - test::run_test::{{closure}}::hac2a9cb07be3d48d
[INFO] [stdout]                                at /rustc/202008a1b8de96d2e5b6bc02d379db03a877d34d/library/test/src/lib.rs:576:43
[INFO] [stdout]   32:     0x5714881cedca - test::run_test::{{closure}}::h4a5b729e66a38cd8
[INFO] [stdout]                                at /rustc/202008a1b8de96d2e5b6bc02d379db03a877d34d/library/test/src/lib.rs:606:41
[INFO] [stdout]   33:     0x5714881cedca - std::sys::backtrace::__rust_begin_short_backtrace::h0496fb742492f573
[INFO] [stdout]                                at /rustc/202008a1b8de96d2e5b6bc02d379db03a877d34d/library/std/src/sys/backtrace.rs:154:18
[INFO] [stdout]   34:     0x5714881d2744 - std::thread::Builder::spawn_unchecked_::{{closure}}::{{closure}}::hbb6d257c550a54bd
[INFO] [stdout]                                at /rustc/202008a1b8de96d2e5b6bc02d379db03a877d34d/library/std/src/thread/mod.rs:561:17
[INFO] [stdout]   35:     0x5714881d2744 - <core::panic::unwind_safe::AssertUnwindSafe<F> as core::ops::function::FnOnce<()>>::call_once::h46696fe4a6832328
[INFO] [stdout]                                at /rustc/202008a1b8de96d2e5b6bc02d379db03a877d34d/library/core/src/panic/unwind_safe.rs:272:9
[INFO] [stdout]   36:     0x5714881d2744 - std::panicking::try::do_call::h2625a51b667bfb64
[INFO] [stdout]                                at /rustc/202008a1b8de96d2e5b6bc02d379db03a877d34d/library/std/src/panicking.rs:557:40
[INFO] [stdout]   37:     0x5714881d2744 - std::panicking::try::hb956a59a1973aa4c
[INFO] [stdout]                                at /rustc/202008a1b8de96d2e5b6bc02d379db03a877d34d/library/std/src/panicking.rs:520:19
[INFO] [stdout]   38:     0x5714881d2744 - std::panic::catch_unwind::h64f3b9d1067ef6a0
[INFO] [stdout]                                at /rustc/202008a1b8de96d2e5b6bc02d379db03a877d34d/library/std/src/panic.rs:358:14
[INFO] [stdout]   39:     0x5714881d2744 - std::thread::Builder::spawn_unchecked_::{{closure}}::h42b2841295b6c0b2
[INFO] [stdout]                                at /rustc/202008a1b8de96d2e5b6bc02d379db03a877d34d/library/std/src/thread/mod.rs:559:30
[INFO] [stdout]   40:     0x5714881d2744 - core::ops::function::FnOnce::call_once{{vtable.shim}}::h6127de71b8124639
[INFO] [stdout]                                at /rustc/202008a1b8de96d2e5b6bc02d379db03a877d34d/library/core/src/ops/function.rs:250:5
[INFO] [stdout]   41:     0x57148835201b - <alloc::boxed::Box<F,A> as core::ops::function::FnOnce<Args>>::call_once::h42f0ba71002a1b2c
[INFO] [stdout]                                at /rustc/202008a1b8de96d2e5b6bc02d379db03a877d34d/library/alloc/src/boxed.rs:1972:9
[INFO] [stdout]   42:     0x57148835201b - <alloc::boxed::Box<F,A> as core::ops::function::FnOnce<Args>>::call_once::had9e47d7a3dcecb8
[INFO] [stdout]                                at /rustc/202008a1b8de96d2e5b6bc02d379db03a877d34d/library/alloc/src/boxed.rs:1972:9
[INFO] [stdout]   43:     0x57148835201b - std::sys::pal::unix::thread::Thread::new::thread_start::h48cf765408f6f5f2
[INFO] [stdout]                                at /rustc/202008a1b8de96d2e5b6bc02d379db03a877d34d/library/std/src/sys/pal/unix/thread.rs:105:17
[INFO] [stdout]   44:     0x70cc64184ac3 - <unknown>
[INFO] [stdout]   45:     0x70cc64215a04 - clone
[INFO] [stdout]   46:                0x0 - <unknown>
[INFO] [stdout] 
[INFO] [stdout] ---- api::near_by_search::tests::test_near_by_search stdout ----
[INFO] [stdout] thread 'api::near_by_search::tests::test_near_by_search' panicked at src/api/near_by_search.rs:143:45:
[INFO] [stdout] called `Result::unwrap()` on an `Err` value: NotPresent
[INFO] [stdout] stack backtrace:
[INFO] [stdout]    0:     0x57148834c16a - std::backtrace_rs::backtrace::libunwind::trace::h8810477743020387
[INFO] [stdout]                                at /rustc/202008a1b8de96d2e5b6bc02d379db03a877d34d/library/std/src/../../backtrace/src/backtrace/libunwind.rs:116:5
[INFO] [stdout]    1:     0x57148834c16a - std::backtrace_rs::backtrace::trace_unsynchronized::h3aa55355dd6c54a6
[INFO] [stdout]                                at /rustc/202008a1b8de96d2e5b6bc02d379db03a877d34d/library/std/src/../../backtrace/src/backtrace/mod.rs:66:5
[INFO] [stdout]    2:     0x57148834c16a - std::sys::backtrace::_print_fmt::h8588b0f62410823f
[INFO] [stdout]                                at /rustc/202008a1b8de96d2e5b6bc02d379db03a877d34d/library/std/src/sys/backtrace.rs:66:9
[INFO] [stdout]    3:     0x57148834c16a - <std::sys::backtrace::BacktraceLock::print::DisplayBacktrace as core::fmt::Display>::fmt::h98c26ac25ffe89bb
[INFO] [stdout]                                at /rustc/202008a1b8de96d2e5b6bc02d379db03a877d34d/library/std/src/sys/backtrace.rs:39:26
[INFO] [stdout]    4:     0x571488372633 - core::fmt::rt::Argument::fmt::hf95377f4aebd453b
[INFO] [stdout]                                at /rustc/202008a1b8de96d2e5b6bc02d379db03a877d34d/library/core/src/fmt/rt.rs:177:76
[INFO] [stdout]    5:     0x571488372633 - core::fmt::write::h0dd5f6e2238c7982
[INFO] [stdout]                                at /rustc/202008a1b8de96d2e5b6bc02d379db03a877d34d/library/core/src/fmt/mod.rs:1189:21
[INFO] [stdout]    6:     0x571488349053 - std::io::Write::write_fmt::h03bb0ca26e6faf8c
[INFO] [stdout]                                at /rustc/202008a1b8de96d2e5b6bc02d379db03a877d34d/library/std/src/io/mod.rs:1884:15
[INFO] [stdout]    7:     0x57148834bfb2 - std::sys::backtrace::BacktraceLock::print::h5c19c1c038ee186d
[INFO] [stdout]                                at /rustc/202008a1b8de96d2e5b6bc02d379db03a877d34d/library/std/src/sys/backtrace.rs:42:9
[INFO] [stdout]    8:     0x57148834d5ed - std::panicking::default_hook::{{closure}}::h77172f079a1fcb13
[INFO] [stdout]                                at /rustc/202008a1b8de96d2e5b6bc02d379db03a877d34d/library/std/src/panicking.rs:268:22
[INFO] [stdout]    9:     0x57148834d3f7 - std::panicking::default_hook::he5f8e3b203ccddba
[INFO] [stdout]                                at /rustc/202008a1b8de96d2e5b6bc02d379db03a877d34d/library/std/src/panicking.rs:292:9
[INFO] [stdout]   10:     0x571488206e17 - <alloc::boxed::Box<F,A> as core::ops::function::Fn<Args>>::call::h7a3c7b4a1ae77f2f
[INFO] [stdout]                                at /rustc/202008a1b8de96d2e5b6bc02d379db03a877d34d/library/alloc/src/boxed.rs:1986:9
[INFO] [stdout]   11:     0x571488206e17 - test::test_main::{{closure}}::hf0d3b69ae9b353d1
[INFO] [stdout]                                at /rustc/202008a1b8de96d2e5b6bc02d379db03a877d34d/library/test/src/lib.rs:134:21
[INFO] [stdout]   12:     0x57148834dc98 - <alloc::boxed::Box<F,A> as core::ops::function::Fn<Args>>::call::h6332e82e7b189abd
[INFO] [stdout]                                at /rustc/202008a1b8de96d2e5b6bc02d379db03a877d34d/library/alloc/src/boxed.rs:1986:9
[INFO] [stdout]   13:     0x57148834dc98 - std::panicking::rust_panic_with_hook::h53863d4e9018df39
[INFO] [stdout]                                at /rustc/202008a1b8de96d2e5b6bc02d379db03a877d34d/library/std/src/panicking.rs:809:13
[INFO] [stdout]   14:     0x57148834da5a - std::panicking::begin_panic_handler::{{closure}}::h67280e6fa0757873
[INFO] [stdout]                                at /rustc/202008a1b8de96d2e5b6bc02d379db03a877d34d/library/std/src/panicking.rs:674:13
[INFO] [stdout]   15:     0x57148834c649 - std::sys::backtrace::__rust_end_short_backtrace::h1dac3f54d6fbbeb2
[INFO] [stdout]                                at /rustc/202008a1b8de96d2e5b6bc02d379db03a877d34d/library/std/src/sys/backtrace.rs:170:18
[INFO] [stdout]   16:     0x57148834d6ec - rust_begin_unwind
[INFO] [stdout]                                at /rustc/202008a1b8de96d2e5b6bc02d379db03a877d34d/library/std/src/panicking.rs:665:5
[INFO] [stdout]   17:     0x57148814d180 - core::panicking::panic_fmt::h6792bd1b2bf01041
[INFO] [stdout]                                at /rustc/202008a1b8de96d2e5b6bc02d379db03a877d34d/library/core/src/panicking.rs:76:14
[INFO] [stdout]   18:     0x57148814d5c6 - core::result::unwrap_failed::h05e0602ed34287c5
[INFO] [stdout]                                at /rustc/202008a1b8de96d2e5b6bc02d379db03a877d34d/library/core/src/result.rs:1699:5
[INFO] [stdout]   19:     0x57148816e3a1 - core::result::Result<T,E>::unwrap::h2c89267dc2ca6097
[INFO] [stdout]                                at /rustc/202008a1b8de96d2e5b6bc02d379db03a877d34d/library/core/src/result.rs:1104:23
[INFO] [stdout]   20:     0x57148816e3a1 - trander_rust::api::near_by_search::near_by_search::{{closure}}::h042dfa47c79fcaf1
[INFO] [stdout]                                at /opt/rustwide/workdir/src/api/near_by_search.rs:143:15
[INFO] [stdout]   21:     0x5714881bf272 - trander_rust::api::near_by_search::tests::test_near_by_search::{{closure}}::h3efb55db50e660bc
[INFO] [stdout]                                at /opt/rustwide/workdir/src/api/near_by_search.rs:219:87
[INFO] [stdout]   22:     0x5714881b0d27 - <tokio::task::local::RunUntil<T> as core::future::future::Future>::poll::{{closure}}::he44629ab8e56707d
[INFO] [stdout]                                at /opt/rustwide/cargo-home/registry/src/index.crates.io-6f17d22bba15001f/tokio-1.24.2/src/task/local.rs:924:42
[INFO] [stdout]   23:     0x5714881aeec1 - tokio::task::local::LocalSet::with::{{closure}}::h6783cca2d3066867
[INFO] [stdout]                                at /opt/rustwide/cargo-home/registry/src/index.crates.io-6f17d22bba15001f/tokio-1.24.2/src/task/local.rs:685:13
[INFO] [stdout]   24:     0x571488192010 - std::thread::local::LocalKey<T>::try_with::hee05feab9f17558f
[INFO] [stdout]                                at /rustc/202008a1b8de96d2e5b6bc02d379db03a877d34d/library/std/src/thread/local.rs:283:12
[INFO] [stdout]   25:     0x57148818f9ba - std::thread::local::LocalKey<T>::with::h453a7206ba931d82
[INFO] [stdout]                                at /rustc/202008a1b8de96d2e5b6bc02d379db03a877d34d/library/std/src/thread/local.rs:260:9
[INFO] [stdout]   26:     0x5714881aeb0b - tokio::task::local::LocalSet::with::h525119b9eef9ac04
[INFO] [stdout]                                at /opt/rustwide/cargo-home/registry/src/index.crates.io-6f17d22bba15001f/tokio-1.24.2/src/task/local.rs:668:9
[INFO] [stdout]   27:     0x5714881b04ea - <tokio::task::local::RunUntil<T> as core::future::future::Future>::poll::h504be2ed2247b767
[INFO] [stdout]                                at /opt/rustwide/cargo-home/registry/src/index.crates.io-6f17d22bba15001f/tokio-1.24.2/src/task/local.rs:914:9
[INFO] [stdout]   28:     0x5714881aff15 - tokio::task::local::LocalSet::run_until::{{closure}}::he24f0bae80f81180
[INFO] [stdout]                                at /opt/rustwide/cargo-home/registry/src/index.crates.io-6f17d22bba15001f/tokio-1.24.2/src/task/local.rs:574:19
[INFO] [stdout]   29:     0x5714881bcd4d - <core::pin::Pin<P> as core::future::future::Future>::poll::haf9c70fb2652209b
[INFO] [stdout]                                at /rustc/202008a1b8de96d2e5b6bc02d379db03a877d34d/library/core/src/future/future.rs:124:9
[INFO] [stdout]   30:     0x57148816c7df - tokio::runtime::scheduler::current_thread::CoreGuard::block_on::{{closure}}::{{closure}}::{{closure}}::h0e50da965ccaf43c
[INFO] [stdout]                                at /opt/rustwide/cargo-home/registry/src/index.crates.io-6f17d22bba15001f/tokio-1.24.2/src/runtime/scheduler/current_thread.rs:541:57
[INFO] [stdout]   31:     0x57148816c2c5 - tokio::runtime::coop::with_budget::h75fbb53166758256
[INFO] [stdout]                                at /opt/rustwide/cargo-home/registry/src/index.crates.io-6f17d22bba15001f/tokio-1.24.2/src/runtime/coop.rs:102:5
[INFO] [stdout]   32:     0x57148816c2c5 - tokio::runtime::coop::budget::hf3198a32e38b1eb0
[INFO] [stdout]                                at /opt/rustwide/cargo-home/registry/src/index.crates.io-6f17d22bba15001f/tokio-1.24.2/src/runtime/coop.rs:68:5
[INFO] [stdout]   33:     0x57148816c2c5 - tokio::runtime::scheduler::current_thread::CoreGuard::block_on::{{closure}}::{{closure}}::h955865773a193a9e
[INFO] [stdout]                                at /opt/rustwide/cargo-home/registry/src/index.crates.io-6f17d22bba15001f/tokio-1.24.2/src/runtime/scheduler/current_thread.rs:541:25
[INFO] [stdout]   34:     0x5714881648c0 - tokio::runtime::scheduler::current_thread::Context::enter::ha38568513a79c9bf
[INFO] [stdout]                                at /opt/rustwide/cargo-home/registry/src/index.crates.io-6f17d22bba15001f/tokio-1.24.2/src/runtime/scheduler/current_thread.rs:350:19
[INFO] [stdout]   35:     0x571488169472 - tokio::runtime::scheduler::current_thread::CoreGuard::block_on::{{closure}}::h7c6d4c2aff138887
[INFO] [stdout]                                at /opt/rustwide/cargo-home/registry/src/index.crates.io-6f17d22bba15001f/tokio-1.24.2/src/runtime/scheduler/current_thread.rs:540:36
[INFO] [stdout]   36:     0x571488167ba4 - tokio::runtime::scheduler::current_thread::CoreGuard::enter::{{closure}}::hbe80582012595116
[INFO] [stdout]                                at /opt/rustwide/cargo-home/registry/src/index.crates.io-6f17d22bba15001f/tokio-1.24.2/src/runtime/scheduler/current_thread.rs:615:57
[INFO] [stdout]   37:     0x57148816d7e3 - tokio::macros::scoped_tls::ScopedKey<T>::set::ha163c16c475494ac
[INFO] [stdout]                                at /opt/rustwide/cargo-home/registry/src/index.crates.io-6f17d22bba15001f/tokio-1.24.2/src/macros/scoped_tls.rs:61:9
[INFO] [stdout]   38:     0x5714881670ef - tokio::runtime::scheduler::current_thread::CoreGuard::enter::h9bd74aa4080e2c2d
[INFO] [stdout]                                at /opt/rustwide/cargo-home/registry/src/index.crates.io-6f17d22bba15001f/tokio-1.24.2/src/runtime/scheduler/current_thread.rs:615:27
[INFO] [stdout]   39:     0x571488167d22 - tokio::runtime::scheduler::current_thread::CoreGuard::block_on::h9fcb252be07e5b47
[INFO] [stdout]                                at /opt/rustwide/cargo-home/registry/src/index.crates.io-6f17d22bba15001f/tokio-1.24.2/src/runtime/scheduler/current_thread.rs:530:19
[INFO] [stdout]   40:     0x571488162221 - tokio::runtime::scheduler::current_thread::CurrentThread::block_on::h7a31ff86073880e1
[INFO] [stdout]                                at /opt/rustwide/cargo-home/registry/src/index.crates.io-6f17d22bba15001f/tokio-1.24.2/src/runtime/scheduler/current_thread.rs:154:24
[INFO] [stdout]   41:     0x57148819c0bf - tokio::runtime::runtime::Runtime::block_on::hf823407a941b5f5c
[INFO] [stdout]                                at /opt/rustwide/cargo-home/registry/src/index.crates.io-6f17d22bba15001f/tokio-1.24.2/src/runtime/runtime.rs:282:47
[INFO] [stdout]   42:     0x5714881af423 - tokio::task::local::LocalSet::block_on::h8430222f93b86787
[INFO] [stdout]                                at /opt/rustwide/cargo-home/registry/src/index.crates.io-6f17d22bba15001f/tokio-1.24.2/src/task/local.rs:535:9
[INFO] [stdout]   43:     0x5714881b0fd7 - actix_rt::runtime::Runtime::block_on::h9e51425233e5c398
[INFO] [stdout]                                at /opt/rustwide/cargo-home/registry/src/index.crates.io-6f17d22bba15001f/actix-rt-2.8.0/src/runtime.rs:82:9
[INFO] [stdout]   44:     0x57148816dfaa - actix_rt::system::SystemRunner::block_on::h3d4ada4081343882
[INFO] [stdout]                                at /opt/rustwide/cargo-home/registry/src/index.crates.io-6f17d22bba15001f/actix-rt-2.8.0/src/system.rs:210:9
[INFO] [stdout]   45:     0x5714881bf026 - trander_rust::api::near_by_search::tests::test_near_by_search::h19a56b5b575c2802
[INFO] [stdout]                                at /opt/rustwide/workdir/src/api/near_by_search.rs:173:5
[INFO] [stdout]   46:     0x5714881befd7 - trander_rust::api::near_by_search::tests::test_near_by_search::{{closure}}::h19ebac9a46d76450
[INFO] [stdout]                                at /opt/rustwide/workdir/src/api/near_by_search.rs:174:35
[INFO] [stdout]   47:     0x5714881c6e86 - core::ops::function::FnOnce::call_once::h9c934e6f93726b46
[INFO] [stdout]                                at /rustc/202008a1b8de96d2e5b6bc02d379db03a877d34d/library/core/src/ops/function.rs:250:5
[INFO] [stdout]   48:     0x57148820b93b - core::ops::function::FnOnce::call_once::h871bf86719ec9aa4
[INFO] [stdout]                                at /rustc/202008a1b8de96d2e5b6bc02d379db03a877d34d/library/core/src/ops/function.rs:250:5
[INFO] [stdout]   49:     0x57148820b93b - test::__rust_begin_short_backtrace::h2167df1e2b7d76fd
[INFO] [stdout]                                at /rustc/202008a1b8de96d2e5b6bc02d379db03a877d34d/library/test/src/lib.rs:632:18
[INFO] [stdout]   50:     0x57148820b328 - test::run_test_in_process::{{closure}}::h15d92f75a3adfb79
[INFO] [stdout]                                at /rustc/202008a1b8de96d2e5b6bc02d379db03a877d34d/library/test/src/lib.rs:655:60
[INFO] [stdout]   51:     0x57148820b328 - <core::panic::unwind_safe::AssertUnwindSafe<F> as core::ops::function::FnOnce<()>>::call_once::hb6c8955835a8dbbb
[INFO] [stdout]                                at /rustc/202008a1b8de96d2e5b6bc02d379db03a877d34d/library/core/src/panic/unwind_safe.rs:272:9
[INFO] [stdout]   52:     0x57148820b328 - std::panicking::try::do_call::hc79d0fc888a0bd30
[INFO] [stdout]                                at /rustc/202008a1b8de96d2e5b6bc02d379db03a877d34d/library/std/src/panicking.rs:557:40
[INFO] [stdout]   53:     0x57148820b328 - std::panicking::try::hb8a7878e3a8589d6
[INFO] [stdout]                                at /rustc/202008a1b8de96d2e5b6bc02d379db03a877d34d/library/std/src/panicking.rs:520:19
[INFO] [stdout]   54:     0x57148820b328 - std::panic::catch_unwind::hb8e4600ff0ff5cfa
[INFO] [stdout]                                at /rustc/202008a1b8de96d2e5b6bc02d379db03a877d34d/library/std/src/panic.rs:358:14
[INFO] [stdout]   55:     0x57148820b328 - test::run_test_in_process::hc2900b0b18688dd6
[INFO] [stdout]                                at /rustc/202008a1b8de96d2e5b6bc02d379db03a877d34d/library/test/src/lib.rs:655:27
[INFO] [stdout]   56:     0x57148820b328 - test::run_test::{{closure}}::hac2a9cb07be3d48d
[INFO] [stdout]                                at /rustc/202008a1b8de96d2e5b6bc02d379db03a877d34d/library/test/src/lib.rs:576:43
[INFO] [stdout]   57:     0x5714881cedca - test::run_test::{{closure}}::h4a5b729e66a38cd8
[INFO] [stdout]                                at /rustc/202008a1b8de96d2e5b6bc02d379db03a877d34d/library/test/src/lib.rs:606:41
[INFO] [stdout]   58:     0x5714881cedca - std::sys::backtrace::__rust_begin_short_backtrace::h0496fb742492f573
[INFO] [stdout]                                at /rustc/202008a1b8de96d2e5b6bc02d379db03a877d34d/library/std/src/sys/backtrace.rs:154:18
[INFO] [stdout]   59:     0x5714881d2744 - std::thread::Builder::spawn_unchecked_::{{closure}}::{{closure}}::hbb6d257c550a54bd
[INFO] [stdout]                                at /rustc/202008a1b8de96d2e5b6bc02d379db03a877d34d/library/std/src/thread/mod.rs:561:17
[INFO] [stdout]   60:     0x5714881d2744 - <core::panic::unwind_safe::AssertUnwindSafe<F> as core::ops::function::FnOnce<()>>::call_once::h46696fe4a6832328
[INFO] [stdout]                                at /rustc/202008a1b8de96d2e5b6bc02d379db03a877d34d/library/core/src/panic/unwind_safe.rs:272:9
[INFO] [stdout]   61:     0x5714881d2744 - std::panicking::try::do_call::h2625a51b667bfb64
[INFO] [stdout]                                at /rustc/202008a1b8de96d2e5b6bc02d379db03a877d34d/library/std/src/panicking.rs:557:40
[INFO] [stdout]   62:     0x5714881d2744 - std::panicking::try::hb956a59a1973aa4c
[INFO] [stdout]                                at /rustc/202008a1b8de96d2e5b6bc02d379db03a877d34d/library/std/src/panicking.rs:520:19
[INFO] [stdout]   63:     0x5714881d2744 - std::panic::catch_unwind::h64f3b9d1067ef6a0
[INFO] [stdout]                                at /rustc/202008a1b8de96d2e5b6bc02d379db03a877d34d/library/std/src/panic.rs:358:14
[INFO] [stdout]   64:     0x5714881d2744 - std::thread::Builder::spawn_unchecked_::{{closure}}::h42b2841295b6c0b2
[INFO] [stdout]                                at /rustc/202008a1b8de96d2e5b6bc02d379db03a877d34d/library/std/src/thread/mod.rs:559:30
[INFO] [stdout]   65:     0x5714881d2744 - core::ops::function::FnOnce::call_once{{vtable.shim}}::h6127de71b8124639
[INFO] [stdout]                                at /rustc/202008a1b8de96d2e5b6bc02d379db03a877d34d/library/core/src/ops/function.rs:250:5
[INFO] [stdout]   66:     0x57148835201b - <alloc::boxed::Box<F,A> as core::ops::function::FnOnce<Args>>::call_once::h42f0ba71002a1b2c
[INFO] [stdout]                                at /rustc/202008a1b8de96d2e5b6bc02d379db03a877d34d/library/alloc/src/boxed.rs:1972:9
[INFO] [stdout]   67:     0x57148835201b - <alloc::boxed::Box<F,A> as core::ops::function::FnOnce<Args>>::call_once::had9e47d7a3dcecb8
[INFO] [stdout]                                at /rustc/202008a1b8de96d2e5b6bc02d379db03a877d34d/library/alloc/src/boxed.rs:1972:9
[INFO] [stdout]   68:     0x57148835201b - std::sys::pal::unix::thread::Thread::new::thread_start::h48cf765408f6f5f2
[INFO] [stdout]                                at /rustc/202008a1b8de96d2e5b6bc02d379db03a877d34d/library/std/src/sys/pal/unix/thread.rs:105:17
[INFO] [stdout]   69:     0x70cc64184ac3 - <unknown>
[INFO] [stdout]   70:     0x70cc64215a04 - clone
[INFO] [stdout]   71:                0x0 - <unknown>
[INFO] [stdout] 
[INFO] [stdout] 
[INFO] [stdout] failures:
[INFO] [stdout]     api::geo_db_cities::tests::test_geo_db_cities
[INFO] [stdout]     api::geo_db_cities::tests::test_geo_db_cities_by_country_code
[INFO] [stdout]     api::near_by_search::tests::test_near_by_search
[INFO] [stdout]     service::location::new_dest::tests::test_format
[INFO] [stdout]     service::location::new_dest::tests::test_new_dest
[INFO] [stdout] 
[INFO] [stdout] test result: FAILED. 15 passed; 5 failed; 0 ignored; 0 measured; 0 filtered out; finished in 0.28s
[INFO] [stdout] 
[INFO] [stderr] error: test failed, to rerun pass `--lib`
[INFO] running `Command { std: "docker" "inspect" "75184d0122cf085d9dc8709a93809a8da3a559c820d6a1e66adc3f5742c08b5f", kill_on_drop: false }`
[INFO] running `Command { std: "docker" "rm" "-f" "75184d0122cf085d9dc8709a93809a8da3a559c820d6a1e66adc3f5742c08b5f", kill_on_drop: false }`
[INFO] [stdout] 75184d0122cf085d9dc8709a93809a8da3a559c820d6a1e66adc3f5742c08b5f
