[INFO] cloning repository https://github.com/utam0k/youki
[INFO] running `Command { std: "git" "-c" "credential.helper=" "-c" "credential.helper=/workspace/cargo-home/bin/git-credential-null" "clone" "--bare" "https://github.com/utam0k/youki" "/workspace/cache/git-repos/https%3A%2F%2Fgithub.com%2Futam0k%2Fyouki", kill_on_drop: false }`
[INFO] [stderr] Cloning into bare repository '/workspace/cache/git-repos/https%3A%2F%2Fgithub.com%2Futam0k%2Fyouki'...
[INFO] running `Command { std: "git" "rev-parse" "HEAD", kill_on_drop: false }`
[INFO] [stdout] 6717cbcb2d883a5e5ebdf1e4fef3eac59c2b7091
[INFO] testing utam0k/youki against beta-2024-12-08 for beta-1.84.0-4-retry
[INFO] running `Command { std: "git" "clone" "/workspace/cache/git-repos/https%3A%2F%2Fgithub.com%2Futam0k%2Fyouki" "/workspace/builds/worker-2-tc2/source", kill_on_drop: false }`
[INFO] [stderr] Cloning into '/workspace/builds/worker-2-tc2/source'...
[INFO] [stderr] done.
[INFO] validating manifest of git repo https://github.com/utam0k/youki on toolchain beta-2024-12-08
[INFO] running `Command { std: CARGO_HOME="/workspace/cargo-home" RUSTUP_HOME="/workspace/rustup-home" "/workspace/cargo-home/bin/cargo" "+beta-2024-12-08" "metadata" "--manifest-path" "Cargo.toml" "--no-deps", kill_on_drop: false }`
[INFO] removed /workspace/builds/worker-2-tc2/source/.cargo/config.toml
[INFO] removed /workspace/builds/worker-2-tc2/source/rust-toolchain.toml
[INFO] started tweaking git repo https://github.com/utam0k/youki
[INFO] finished tweaking git repo https://github.com/utam0k/youki
[INFO] tweaked toml for git repo https://github.com/utam0k/youki written to /workspace/builds/worker-2-tc2/source/Cargo.toml
[INFO] crate git repo https://github.com/utam0k/youki already has a lockfile, it will not be regenerated
[INFO] running `Command { std: CARGO_HOME="/workspace/cargo-home" RUSTUP_HOME="/workspace/rustup-home" "/workspace/cargo-home/bin/cargo" "+beta-2024-12-08" "fetch" "--manifest-path" "Cargo.toml", kill_on_drop: false }`
[INFO] running `Command { std: "docker" "create" "-v" "/var/lib/crater-agent-workspace/builds/worker-2-tc2/target:/opt/rustwide/target:rw,Z" "-v" "/var/lib/crater-agent-workspace/builds/worker-2-tc2/source:/opt/rustwide/workdir:ro,Z" "-v" "/var/lib/crater-agent-workspace/cargo-home:/opt/rustwide/cargo-home:ro,Z" "-v" "/var/lib/crater-agent-workspace/rustup-home:/opt/rustwide/rustup-home:ro,Z" "-e" "SOURCE_DIR=/opt/rustwide/workdir" "-e" "CARGO_TARGET_DIR=/opt/rustwide/target" "-e" "CARGO_HOME=/opt/rustwide/cargo-home" "-e" "RUSTUP_HOME=/opt/rustwide/rustup-home" "-w" "/opt/rustwide/workdir" "-m" "1610612736" "--user" "0:0" "--network" "none" "ghcr.io/rust-lang/crates-build-env/linux@sha256:f3a9d4ad9d972b27faf3965f35b62e55ba32bbce8f20bc8fe909558a86702fde" "/opt/rustwide/cargo-home/bin/cargo" "+beta-2024-12-08" "metadata" "--no-deps" "--format-version=1", kill_on_drop: false }`
[INFO] [stdout] c1c605fc34a5c8a99afc792d04b281464cd568e2fdc7cfa5e19fc14868f6b652
[INFO] running `Command { std: "docker" "start" "-a" "c1c605fc34a5c8a99afc792d04b281464cd568e2fdc7cfa5e19fc14868f6b652", kill_on_drop: false }`
[INFO] running `Command { std: "docker" "inspect" "c1c605fc34a5c8a99afc792d04b281464cd568e2fdc7cfa5e19fc14868f6b652", kill_on_drop: false }`
[INFO] running `Command { std: "docker" "rm" "-f" "c1c605fc34a5c8a99afc792d04b281464cd568e2fdc7cfa5e19fc14868f6b652", kill_on_drop: false }`
[INFO] [stdout] c1c605fc34a5c8a99afc792d04b281464cd568e2fdc7cfa5e19fc14868f6b652
[INFO] running `Command { std: "docker" "create" "-v" "/var/lib/crater-agent-workspace/builds/worker-2-tc2/target:/opt/rustwide/target:rw,Z" "-v" "/var/lib/crater-agent-workspace/builds/worker-2-tc2/source:/opt/rustwide/workdir:ro,Z" "-v" "/var/lib/crater-agent-workspace/cargo-home:/opt/rustwide/cargo-home:ro,Z" "-v" "/var/lib/crater-agent-workspace/rustup-home:/opt/rustwide/rustup-home:ro,Z" "-e" "SOURCE_DIR=/opt/rustwide/workdir" "-e" "CARGO_TARGET_DIR=/opt/rustwide/target" "-e" "CARGO_INCREMENTAL=0" "-e" "RUST_BACKTRACE=full" "-e" "RUSTFLAGS=--cap-lints=warn" "-e" "RUSTDOCFLAGS=--cap-lints=warn" "-e" "CARGO_HOME=/opt/rustwide/cargo-home" "-e" "RUSTUP_HOME=/opt/rustwide/rustup-home" "-w" "/opt/rustwide/workdir" "-m" "1610612736" "--user" "0:0" "--network" "none" "ghcr.io/rust-lang/crates-build-env/linux@sha256:f3a9d4ad9d972b27faf3965f35b62e55ba32bbce8f20bc8fe909558a86702fde" "/opt/rustwide/cargo-home/bin/cargo" "+beta-2024-12-08" "build" "--frozen" "--message-format=json", kill_on_drop: false }`
[INFO] [stdout] 4605a6479b481177d8e4619afc4138d0f476fa07c2570b19e08ca5f8f0a5ca58
[INFO] running `Command { std: "docker" "start" "-a" "4605a6479b481177d8e4619afc4138d0f476fa07c2570b19e08ca5f8f0a5ca58", kill_on_drop: false }`
[INFO] [stderr]    Compiling proc-macro2 v1.0.89
[INFO] [stderr]    Compiling unicode-ident v1.0.12
[INFO] [stderr]    Compiling cfg-if v1.0.0
[INFO] [stderr]    Compiling libc v0.2.161
[INFO] [stderr]    Compiling bitflags v2.6.0
[INFO] [stderr]    Compiling autocfg v1.2.0
[INFO] [stderr]    Compiling rustversion v1.0.17
[INFO] [stderr]    Compiling once_cell v1.20.2
[INFO] [stderr]    Compiling serde v1.0.214
[INFO] [stderr]    Compiling fnv v1.0.7
[INFO] [stderr]    Compiling ident_case v1.0.1
[INFO] [stderr]    Compiling strsim v0.10.0
[INFO] [stderr]    Compiling anyhow v1.0.91
[INFO] [stderr]    Compiling memchr v2.7.2
[INFO] [stderr]    Compiling thiserror v1.0.65
[INFO] [stderr]    Compiling regex-syntax v0.8.3
[INFO] [stderr]    Compiling itoa v1.0.11
[INFO] [stderr]    Compiling version_check v0.9.4
[INFO] [stderr]    Compiling aho-corasick v1.1.3
[INFO] [stderr]    Compiling quote v1.0.35
[INFO] [stderr]    Compiling rustix v0.38.37
[INFO] [stderr]    Compiling linux-raw-sys v0.4.14
[INFO] [stderr]    Compiling syn v2.0.82
[INFO] [stderr]    Compiling heck v0.5.0
[INFO] [stderr]    Compiling proc-macro-error-attr v1.0.4
[INFO] [stderr]    Compiling indexmap v1.9.3
[INFO] [stderr]    Compiling either v1.10.0
[INFO] [stderr]    Compiling syn v1.0.109
[INFO] [stderr]    Compiling serde_json v1.0.132
[INFO] [stderr]    Compiling protobuf v3.2.0
[INFO] [stderr]    Compiling home v0.5.9
[INFO] [stderr]    Compiling fastrand v2.1.1
[INFO] [stderr]    Compiling proc-macro-error v1.0.4
[INFO] [stderr]    Compiling num-traits v0.2.18
[INFO] [stderr]    Compiling tracing-core v0.1.32
[INFO] [stderr]    Compiling crossbeam-utils v0.8.19
[INFO] [stderr]    Compiling hashbrown v0.12.3
[INFO] [stderr]    Compiling regex-automata v0.4.6
[INFO] [stderr]    Compiling ryu v1.0.17
[INFO] [stderr]    Compiling tempfile v3.13.0
[INFO] [stderr]    Compiling which v4.4.2
[INFO] [stderr]    Compiling memoffset v0.9.1
[INFO] [stderr]    Compiling shlex v1.3.0
[INFO] [stderr]    Compiling log v0.4.21
[INFO] [stderr]    Compiling lazy_static v1.4.0
[INFO] [stderr]    Compiling cfg_aliases v0.1.1
[INFO] [stderr]    Compiling crc32fast v1.4.0
[INFO] [stderr]    Compiling nix v0.28.0
[INFO] [stderr]    Compiling cc v1.1.31
[INFO] [stderr]    Compiling cfg_aliases v0.2.1
[INFO] [stderr]    Compiling pin-project-lite v0.2.14
[INFO] [stderr]    Compiling adler2 v2.0.0
[INFO] [stderr]    Compiling iana-time-zone v0.1.60
[INFO] [stderr]    Compiling darling_core v0.20.8
[INFO] [stderr]    Compiling miniz_oxide v0.8.0
[INFO] [stderr]    Compiling nix v0.29.0
[INFO] [stderr]    Compiling regex v1.10.6
[INFO] [stderr]    Compiling nc v0.9.5
[INFO] [stderr]    Compiling getset v0.1.2
[INFO] [stderr]    Compiling vergen-lib v0.1.4
[INFO] [stderr]    Compiling libseccomp-sys v0.2.1
[INFO] [stderr]    Compiling regex-syntax v0.6.29
[INFO] [stderr]    Compiling anstyle v1.0.6
[INFO] [stderr]    Compiling strsim v0.11.1
[INFO] [stderr]    Compiling strum v0.26.3
[INFO] [stderr]    Compiling powerfmt v0.2.0
[INFO] [stderr]    Compiling procfs v0.16.0
[INFO] [stderr]    Compiling hex v0.4.3
[INFO] [stderr]    Compiling clap_lex v0.7.0
[INFO] [stderr]    Compiling pkg-config v0.3.30
[INFO] [stderr]    Compiling clap_builder v4.5.2
[INFO] [stderr]    Compiling serde_derive v1.0.214
[INFO] [stderr]    Compiling thiserror-impl v1.0.65
[INFO] [stderr]    Compiling tracing-attributes v0.1.27
[INFO] [stderr]    Compiling strum_macros v0.26.4
[INFO] [stderr]    Compiling darling_macro v0.20.8
[INFO] [stderr]    Compiling libseccomp v0.3.0
[INFO] [stderr]    Compiling regex-automata v0.1.10
[INFO] [stderr]    Compiling protobuf-support v3.2.0
[INFO] [stderr]    Compiling darling v0.20.8
[INFO] [stderr]    Compiling derive_builder_core v0.20.1
[INFO] [stderr]    Compiling tracing v0.1.40
[INFO] [stderr]    Compiling clap_derive v4.5.4
[INFO] [stderr]    Compiling deranged v0.3.11
[INFO] [stderr]    Compiling flate2 v1.0.34
[INFO] [stderr]    Compiling derive_builder_macro v0.20.1
[INFO] [stderr]    Compiling vergen v9.0.1
[INFO] [stderr]    Compiling num-conv v0.1.0
[INFO] [stderr]    Compiling overload v0.1.1
[INFO] [stderr]    Compiling derive_builder v0.20.1
[INFO] [stderr]    Compiling num_threads v0.1.7
[INFO] [stderr]    Compiling time-core v0.1.2
[INFO] [stderr]    Compiling nu-ansi-term v0.46.0
[INFO] [stderr]    Compiling time v0.3.36
[INFO] [stderr]    Compiling matchers v0.1.0
[INFO] [stderr]    Compiling tracing-log v0.2.0
[INFO] [stderr]    Compiling clap v4.5.4
[INFO] [stderr]    Compiling crossbeam-epoch v0.9.18
[INFO] [stderr]    Compiling sharded-slab v0.1.7
[INFO] [stderr]    Compiling getrandom v0.2.13
[INFO] [stderr]    Compiling vergen-gitcl v1.0.1
[INFO] [stderr]    Compiling thread_local v1.1.8
[INFO] [stderr]    Compiling bitflags v1.3.2
[INFO] [stderr]    Compiling smallvec v1.13.2
[INFO] [stderr]    Compiling fixedbitset v0.5.7
[INFO] [stderr]    Compiling rand_core v0.6.4
[INFO] [stderr]    Compiling protobuf-parse v3.2.0
[INFO] [stderr]    Compiling crossbeam-deque v0.8.5
[INFO] [stderr]    Compiling prctl v1.0.0
[INFO] [stderr]    Compiling caps v0.5.5
[INFO] [stderr]    Compiling crossbeam-channel v0.5.12
[INFO] [stderr]    Compiling crossbeam-queue v0.3.11
[INFO] [stderr]    Compiling safe-path v0.1.0
[INFO] [stderr]    Compiling ppv-lite86 v0.2.17
[INFO] [stderr]    Compiling no-std-net v0.6.0
[INFO] [stderr]    Compiling pnet_base v0.35.0
[INFO] [stderr]    Compiling crossbeam v0.8.4
[INFO] [stderr]    Compiling xattr v1.3.1
[INFO] [stderr]    Compiling filetime v0.2.23
[INFO] [stderr]    Compiling pnet_sys v0.35.0
[INFO] [stderr]    Compiling tar v0.4.42
[INFO] [stderr]    Compiling rand_chacha v0.3.1
[INFO] [stderr]    Compiling test_framework v0.0.1 (/opt/rustwide/workdir/tests/contest/test_framework)
[INFO] [stderr]    Compiling youki v0.4.1 (/opt/rustwide/workdir/crates/youki)
[INFO] [stderr]    Compiling which v6.0.3
[INFO] [stderr]    Compiling chrono v0.4.38
[INFO] [stderr]    Compiling protobuf-codegen v3.2.0
[INFO] [stderr]    Compiling tracing-serde v0.1.3
[INFO] [stderr]    Compiling ipnetwork v0.20.0
[INFO] [stderr]    Compiling rand v0.8.5
[INFO] [stderr]    Compiling pnet_datalink v0.35.0
[INFO] [stderr]    Compiling oci-spec v0.7.0
[INFO] [stderr]    Compiling tracing-subscriber v0.3.18
[INFO] [stderr]    Compiling num_cpus v1.16.0
[INFO] [stderr]    Compiling scopeguard v1.2.0
[INFO] [stderr]    Compiling unicode-width v0.1.11
[INFO] [stderr]    Compiling procfs-core v0.16.0
[INFO] [stderr]    Compiling uuid v1.11.0
[INFO] [stderr]    Compiling tabwriter v1.4.0
[INFO] [stderr]    Compiling clap_complete v4.5.1
[INFO] [stderr]    Compiling liboci-cli v0.4.1 (/opt/rustwide/workdir/crates/liboci-cli)
[INFO] [stderr]    Compiling pentacle v1.1.0
[INFO] [stderr]    Compiling wasm-sample v0.1.0 (/opt/rustwide/workdir/tools/wasm-sample)
[INFO] [stderr]    Compiling tracing-journald v0.3.0
[INFO] [stderr]    Compiling rust-criu v0.4.0
[INFO] [stderr]    Compiling libcgroups v0.4.1 (/opt/rustwide/workdir/crates/libcgroups)
[INFO] [stderr]    Compiling runtimetest v0.0.1 (/opt/rustwide/workdir/tests/contest/runtimetest)
[INFO] [stderr]    Compiling libcontainer v0.4.1 (/opt/rustwide/workdir/crates/libcontainer)
[INFO] [stderr]    Compiling contest v0.1.0 (/opt/rustwide/workdir/tests/contest/contest)
[INFO] [stderr]     Finished `dev` profile [unoptimized + debuginfo] target(s) in 3m 20s
[INFO] running `Command { std: "docker" "inspect" "4605a6479b481177d8e4619afc4138d0f476fa07c2570b19e08ca5f8f0a5ca58", kill_on_drop: false }`
[INFO] running `Command { std: "docker" "rm" "-f" "4605a6479b481177d8e4619afc4138d0f476fa07c2570b19e08ca5f8f0a5ca58", kill_on_drop: false }`
[INFO] [stdout] 4605a6479b481177d8e4619afc4138d0f476fa07c2570b19e08ca5f8f0a5ca58
[INFO] running `Command { std: "docker" "create" "-v" "/var/lib/crater-agent-workspace/builds/worker-2-tc2/target:/opt/rustwide/target:rw,Z" "-v" "/var/lib/crater-agent-workspace/builds/worker-2-tc2/source:/opt/rustwide/workdir:ro,Z" "-v" "/var/lib/crater-agent-workspace/cargo-home:/opt/rustwide/cargo-home:ro,Z" "-v" "/var/lib/crater-agent-workspace/rustup-home:/opt/rustwide/rustup-home:ro,Z" "-e" "SOURCE_DIR=/opt/rustwide/workdir" "-e" "CARGO_TARGET_DIR=/opt/rustwide/target" "-e" "CARGO_INCREMENTAL=0" "-e" "RUST_BACKTRACE=full" "-e" "RUSTFLAGS=--cap-lints=warn" "-e" "RUSTDOCFLAGS=--cap-lints=warn" "-e" "CARGO_HOME=/opt/rustwide/cargo-home" "-e" "RUSTUP_HOME=/opt/rustwide/rustup-home" "-w" "/opt/rustwide/workdir" "-m" "1610612736" "--user" "0:0" "--network" "none" "ghcr.io/rust-lang/crates-build-env/linux@sha256:f3a9d4ad9d972b27faf3965f35b62e55ba32bbce8f20bc8fe909558a86702fde" "/opt/rustwide/cargo-home/bin/cargo" "+beta-2024-12-08" "test" "--frozen" "--no-run" "--message-format=json", kill_on_drop: false }`
[INFO] [stdout] 0d8599f618637119345fbece38ec37eed971efec52c3e919f8a34d69f5e6eaca
[INFO] running `Command { std: "docker" "start" "-a" "0d8599f618637119345fbece38ec37eed971efec52c3e919f8a34d69f5e6eaca", kill_on_drop: false }`
[INFO] [stderr]    Compiling memchr v2.7.2
[INFO] [stderr]    Compiling utf8parse v0.2.1
[INFO] [stderr]    Compiling colorchoice v1.0.0
[INFO] [stderr]    Compiling anstyle-query v1.0.2
[INFO] [stderr]    Compiling rand v0.8.5
[INFO] [stderr]    Compiling slab v0.4.9
[INFO] [stderr]    Compiling futures-core v0.3.30
[INFO] [stderr]    Compiling anstyle-parse v0.2.3
[INFO] [stderr]    Compiling futures-sink v0.3.30
[INFO] [stderr]    Compiling lock_api v0.4.11
[INFO] [stderr]    Compiling futures-io v0.3.30
[INFO] [stderr]    Compiling futures-channel v0.3.30
[INFO] [stderr]    Compiling anstream v0.6.13
[INFO] [stderr]    Compiling pin-utils v0.1.0
[INFO] [stderr]    Compiling parking_lot_core v0.9.9
[INFO] [stderr]    Compiling futures-task v0.3.30
[INFO] [stderr]    Compiling clap_builder v4.5.2
[INFO] [stderr]    Compiling aho-corasick v1.1.3
[INFO] [stderr]    Compiling sdd v0.2.0
[INFO] [stderr]    Compiling serde_json v1.0.132
[INFO] [stderr]    Compiling futures-util v0.3.30
[INFO] [stderr]    Compiling scc v2.1.0
[INFO] [stderr]    Compiling parking_lot v0.12.1
[INFO] [stderr]    Compiling serial_test_derive v3.1.1
[INFO] [stderr]    Compiling mockall_derive v0.13.0
[INFO] [stderr]    Compiling predicates-core v1.0.6
[INFO] [stderr]    Compiling regex-automata v0.4.6
[INFO] [stderr]    Compiling termtree v0.4.1
[INFO] [stderr]    Compiling predicates-tree v1.0.9
[INFO] [stderr]    Compiling predicates v3.1.0
[INFO] [stderr]    Compiling clap v4.5.4
[INFO] [stderr]    Compiling fragile v2.0.0
[INFO] [stderr]    Compiling downcast v0.11.0
[INFO] [stderr]    Compiling humantime v2.1.0
[INFO] [stderr]    Compiling liboci-cli v0.4.1 (/opt/rustwide/workdir/crates/liboci-cli)
[INFO] [stderr]    Compiling clap_complete v4.5.1
[INFO] [stderr]    Compiling futures-executor v0.3.30
[INFO] [stderr]    Compiling test_framework v0.0.1 (/opt/rustwide/workdir/tests/contest/test_framework)
[INFO] [stderr]    Compiling regex v1.10.6
[INFO] [stderr]    Compiling futures v0.3.30
[INFO] [stderr]    Compiling serial_test v3.1.1
[INFO] [stderr]    Compiling wasm-sample v0.1.0 (/opt/rustwide/workdir/tools/wasm-sample)
[INFO] [stderr]    Compiling protobuf-codegen v3.2.0
[INFO] [stderr]    Compiling env_logger v0.8.4
[INFO] [stderr]    Compiling tracing-subscriber v0.3.18
[INFO] [stderr]    Compiling quickcheck v1.0.3
[INFO] [stderr]    Compiling env_filter v0.1.0
[INFO] [stderr]    Compiling mockall v0.13.0
[INFO] [stderr]    Compiling env_logger v0.11.5
[INFO] [stderr]    Compiling oci-spec v0.7.0
[INFO] [stderr]    Compiling rust-criu v0.4.0
[INFO] [stderr]    Compiling tracing-journald v0.3.0
[INFO] [stderr]    Compiling libcgroups v0.4.1 (/opt/rustwide/workdir/crates/libcgroups)
[INFO] [stderr]    Compiling runtimetest v0.0.1 (/opt/rustwide/workdir/tests/contest/runtimetest)
[INFO] [stderr]    Compiling libcontainer v0.4.1 (/opt/rustwide/workdir/crates/libcontainer)
[INFO] [stderr]    Compiling contest v0.1.0 (/opt/rustwide/workdir/tests/contest/contest)
[INFO] [stderr]    Compiling youki v0.4.1 (/opt/rustwide/workdir/crates/youki)
[INFO] [stderr]     Finished `test` profile [unoptimized + debuginfo] target(s) in 2m 00s
[INFO] running `Command { std: "docker" "inspect" "0d8599f618637119345fbece38ec37eed971efec52c3e919f8a34d69f5e6eaca", kill_on_drop: false }`
[INFO] running `Command { std: "docker" "rm" "-f" "0d8599f618637119345fbece38ec37eed971efec52c3e919f8a34d69f5e6eaca", kill_on_drop: false }`
[INFO] [stdout] 0d8599f618637119345fbece38ec37eed971efec52c3e919f8a34d69f5e6eaca
[INFO] running `Command { std: "docker" "create" "-v" "/var/lib/crater-agent-workspace/builds/worker-2-tc2/target:/opt/rustwide/target:rw,Z" "-v" "/var/lib/crater-agent-workspace/builds/worker-2-tc2/source:/opt/rustwide/workdir:ro,Z" "-v" "/var/lib/crater-agent-workspace/cargo-home:/opt/rustwide/cargo-home:ro,Z" "-v" "/var/lib/crater-agent-workspace/rustup-home:/opt/rustwide/rustup-home:ro,Z" "-e" "SOURCE_DIR=/opt/rustwide/workdir" "-e" "CARGO_TARGET_DIR=/opt/rustwide/target" "-e" "CARGO_INCREMENTAL=0" "-e" "RUST_BACKTRACE=full" "-e" "RUSTFLAGS=--cap-lints=warn" "-e" "RUSTDOCFLAGS=--cap-lints=warn" "-e" "CARGO_HOME=/opt/rustwide/cargo-home" "-e" "RUSTUP_HOME=/opt/rustwide/rustup-home" "-w" "/opt/rustwide/workdir" "-m" "1610612736" "--user" "0:0" "--network" "none" "ghcr.io/rust-lang/crates-build-env/linux@sha256:f3a9d4ad9d972b27faf3965f35b62e55ba32bbce8f20bc8fe909558a86702fde" "/opt/rustwide/cargo-home/bin/cargo" "+beta-2024-12-08" "test" "--frozen", kill_on_drop: false }`
[INFO] [stdout] 7f743c17da0ed27ad0ed13cf26224f698fa9471da5c7a693f54178c8f661c8ac
[INFO] running `Command { std: "docker" "start" "-a" "7f743c17da0ed27ad0ed13cf26224f698fa9471da5c7a693f54178c8f661c8ac", kill_on_drop: false }`
[INFO] [stderr]     Finished `test` profile [unoptimized + debuginfo] target(s) in 0.59s
[INFO] [stderr]      Running unittests src/lib.rs (/opt/rustwide/target/debug/deps/contest-479cc3e461adb8b6)
[INFO] [stdout] 
[INFO] [stderr]      Running unittests src/main.rs (/opt/rustwide/target/debug/deps/contest-d0aecb096506e28c)
[INFO] [stdout] running 0 tests
[INFO] [stdout] 
[INFO] [stdout] test result: ok. 0 passed; 0 failed; 0 ignored; 0 measured; 0 filtered out; finished in 0.00s
[INFO] [stdout] 
[INFO] [stdout] 
[INFO] [stdout] running 0 tests
[INFO] [stderr]      Running unittests src/lib.rs (/opt/rustwide/target/debug/deps/libcgroups-bf6cfd8915d8d53a)
[INFO] [stdout] 
[INFO] [stdout] test result: ok. 0 passed; 0 failed; 0 ignored; 0 measured; 0 filtered out; finished in 0.00s
[INFO] [stdout] 
[INFO] [stdout] 
[INFO] [stdout] running 143 tests
[INFO] [stdout] test stats::tests::test_parse_device_number ... ok
[INFO] [stdout] test stats::tests::test_parse_newline_separated_as_flat_keyed_data ... ok
[INFO] [stdout] test stats::tests::test_parse_flat_keyed_data_with_characters ... ok
[INFO] [stdout] test stats::tests::test_parse_psi_full_stats ... ok
[INFO] [stdout] test stats::tests::test_parse_psi_only_some ... ok
[INFO] [stdout] test stats::tests::test_parse_invalid_device_number ... ok
[INFO] [stdout] test stats::tests::test_parse_single_value_valid ... ok
[INFO] [stdout] test stats::tests::test_parse_space_separated_as_flat_keyed_data ... ok
[INFO] [stdout] test stats::tests::test_parse_nested_keyed_data_as_flat_keyed_data ... ok
[INFO] [stdout] test stats::tests::test_parse_newline_separated_as_nested_keyed_data ... ok
[INFO] [stdout] test stats::tests::test_parse_flat_keyed_data ... ok
[INFO] [stdout] test stats::tests::test_parse_single_value_invalid_number ... ok
[INFO] [stdout] test stats::tests::test_parse_single_value_multiple_entries ... ok
[INFO] [stdout] test stats::tests::test_parse_space_separated_as_nested_keyed_data ... ok
[INFO] [stdout] test stats::tests::test_parse_flat_keyed_as_nested_keyed_data ... ok
[INFO] [stdout] test stats::tests::test_parse_nested_keyed_data ... ok
[INFO] [stdout] test stats::tests::test_supported_page_sizes_gigabyte ... ok
[INFO] [stdout] test stats::tests::test_supported_page_sizes_kilobyte ... ok
[INFO] [stdout] test systemd::cpu::tests::test_set_period ... ok
[INFO] [stdout] test systemd::cpuset::tests::test_cpuset_systemd_too_old ... ok
[INFO] [stdout] test systemd::cpuset::tests::to_bitmask_extra_characters ... ok
[INFO] [stdout] test systemd::cpu::tests::test_set_shares ... ok
[INFO] [stdout] test systemd::cpu::tests::test_set_quota ... ok
[INFO] [stdout] test systemd::cpuset::tests::to_bitmask_mixed ... ok
[INFO] [stdout] test systemd::cpuset::tests::test_cpuset_set ... ok
[INFO] [stdout] test systemd::cpuset::tests::to_bitmask_single_value ... ok
[INFO] [stdout] test systemd::cpuset::tests::to_bitmask_multiple_single_values ... ok
[INFO] [stdout] test systemd::cpuset::tests::to_bitmask_range_value ... ok
[INFO] [stdout] test systemd::dbus_native::dbus::tests::test_dbus_function_calls ... FAILED
[INFO] [stdout] test systemd::dbus_native::message::tests::test_method_call_deserialize ... ok
[INFO] [stdout] test systemd::dbus_native::dbus::tests::test_uid_to_hex_str ... ok
[INFO] [stdout] test systemd::dbus_native::message::tests::test_error_message_deserialize ... ok
[INFO] [stdout] test systemd::dbus_native::message::tests::test_method_reply_deserialize ... ok
[INFO] [stdout] test stats::tests::test_supported_page_sizes_megabyte ... ok
[INFO] [stdout] test systemd::dbus_native::utils::test::test_adjust_padding ... ok
[INFO] [stdout] test systemd::dbus_native::utils::test::test_align_counter ... ok
[INFO] [stdout] test systemd::manager::tests::expand_slice_works ... ok
[INFO] [stdout] test systemd::manager::tests::get_cgroups_path_works_with_a_complex_slice ... ok
[INFO] [stdout] test systemd::manager::tests::get_cgroups_path_works_with_a_simple_slice ... ok
[INFO] [stdout] test systemd::dbus_native::message::tests::test_no_body_deserialize ... ok
[INFO] [stdout] test systemd::manager::tests::get_cgroups_path_works_without_parent ... ok
[INFO] [stdout] test systemd::memory::tests::test_set_valid_memory_low ... ok
[INFO] [stdout] test systemd::cpuset::tests::to_bitmask_incomplete_range ... ok
[INFO] [stdout] test systemd::cpuset::tests::to_bitmask_interchanged_range ... ok
[INFO] [stdout] test systemd::memory::tests::test_set_valid_memory_max ... ok
[INFO] [stdout] test systemd::pids::tests::test_pids_negative_limit ... ok
[INFO] [stdout] test systemd::unified::tests::test_cpu_max_quota_and_period ... ok
[INFO] [stdout] test systemd::unified::tests::test_cpu_max_quota_only ... ok
[INFO] [stdout] test systemd::dbus_native::message::tests::test_vector_payload_deserialize ... ok
[INFO] [stdout] test systemd::unified::tests::test_set ... ok
[INFO] [stdout] test v1::blkio::tests::test_set_blkio_read_bps ... ok
[INFO] [stdout] test systemd::pids::tests::test_pids_positive_limit ... ok
[INFO] [stdout] test systemd::pids::tests::test_pids_zero_limit ... ok
[INFO] [stdout] test v1::blkio::tests::test_set_blkio_write_bps ... ok
[INFO] [stdout] test v1::blkio::tests::test_set_blkio_weight ... ok
[INFO] [stdout] test systemd::dbus_native::message::tests::test_signal_deserialize ... ok
[INFO] [stdout] test v1::blkio::tests::test_set_blkio_write_iops ... ok
[INFO] [stdout] test v1::cpu::tests::test_set_cpu_idle ... ok
[INFO] [stdout] test v1::blkio::tests::test_stat_throttling_policy ... ok
[INFO] [stdout] test v1::cpu::tests::test_set_burst ... ok
[INFO] [stdout] test v1::cpu::tests::test_set_rt_runtime ... ok
[INFO] [stdout] test v1::cpu::tests::test_set_shares ... ok
[INFO] [stdout] test v1::cpu::tests::test_set_rt_period ... ok
[INFO] [stdout] test v1::cpu::tests::test_set_quota ... ok
[INFO] [stdout] test v1::cpu::tests::test_stat_cpu_throttling ... ok
[INFO] [stdout] test v1::cpuacct::tests::test_add_task ... ok
[INFO] [stdout] test v1::cpu::tests::test_set_period ... ok
[INFO] [stdout] test v1::blkio::tests::test_set_blkio_read_iops ... ok
[INFO] [stdout] test v1::cpuacct::tests::test_stat_per_cpu_usage ... ok
[INFO] [stdout] test v1::cpuacct::tests::test_stat_total_cpu_usage ... ok
[INFO] [stdout] test v1::cpuset::tests::test_set_cpus ... ok
[INFO] [stdout] test v1::cpuset::tests::test_set_mems ... ok
[INFO] [stdout] test v1::devices::tests::test_set_default_devices ... ok
[INFO] [stdout] test v1::devices::tests::test_set_mock_devices ... ok
[INFO] [stdout] test v1::freezer::tests::test_add_and_apply ... ok
[INFO] [stdout] test v1::hugetlb::tests::test_set_hugetlb ... ok
[INFO] [stdout] test v1::freezer::tests::test_set_freezer_state ... ok
[INFO] [stdout] test v1::hugetlb::tests::test_set_hugetlb_with_invalid_page_size ... ok
[INFO] [stdout] test v1::hugetlb::tests::test_set_rsvd_hugetlb ... ok
[INFO] [stdout] test v1::hugetlb::tests::test_stat_hugetlb ... ok
[INFO] [stdout] test v1::memory::tests::pass_set_memory_if_limit_is_zero ... ok
[INFO] [stdout] test v1::hugetlb::tests::test_stat_rsvd_hugetlb ... ok
[INFO] [stdout] test v1::memory::tests::test_set_memory ... ok
[INFO] [stdout] test v1::memory::tests::test_set_memory_and_swap ... ok
[INFO] [stdout] test v1::memory::tests::test_set_swap ... ok
[INFO] [stdout] test v1::memory::tests::test_stat_hierarchy_disabled ... ok
[INFO] [stdout] test v1::memory::tests::test_stat_hierarchy_enabled ... ok
[INFO] [stdout] test v1::memory::tests::test_stat_memory_data ... ok
[INFO] [stdout] test v1::memory::tests::test_stat_memory_stats ... ok
[INFO] [stdout] test v1::network_classifier::tests::test_apply_network_classifier ... ok
[INFO] [stdout] test v1::network_priority::tests::test_apply_network_priorities ... ok
[INFO] [stdout] test v1::hugetlb::tests::property_test_set_hugetlb ... ok
[INFO] [stdout] test v1::perf_event::tests::test_add_task ... ok
[INFO] [stdout] test v1::pids::tests::test_set_pids_max ... ok
[INFO] [stdout] test v1::devices::tests::property_test_apply_device ... ok
[INFO] [stdout] test v1::pids::tests::test_stat_pids_max ... ok
[INFO] [stdout] test v1::pids::tests::test_set_pids ... ok
[INFO] [stdout] test v2::cpu::tests::test_burst ... ok
[INFO] [stdout] test v2::cpu::tests::test_realtime_period_not_supported ... ok
[INFO] [stdout] test v2::cpu::tests::test_realtime_runtime_not_supported ... ok
[INFO] [stdout] test v1::pids::tests::test_stat_pids ... ok
[INFO] [stdout] test v2::cpu::tests::test_set_positive_period ... ok
[INFO] [stdout] test v2::cpu::tests::test_set_positive_quota ... ok
[INFO] [stdout] test v2::cpu::tests::test_set_negative_quota ... ok
[INFO] [stdout] test v2::cpu::tests::test_set_valid_shares ... ok
[INFO] [stdout] test v2::cpu::tests::test_set_cpu_idle ... ok
[INFO] [stdout] test v2::cpu::tests::test_set_quota_and_period ... ok
[INFO] [stdout] test v2::cpu::tests::test_stat_usage ... ok
[INFO] [stdout] test v2::cpuset::tests::test_set_mems ... ok
[INFO] [stdout] test v2::cpuset::tests::test_set_cpus ... ok
[INFO] [stdout] test v2::freezer::tests::test_set_freezer_state_error ... ok
[INFO] [stdout] test v2::hugetlb::tests::test_set_hugetlb ... ok
[INFO] [stdout] test v2::hugetlb::tests::test_set_hugetlb_with_invalid_page_size ... ok
[INFO] [stdout] test v2::hugetlb::tests::test_set_rsvd_hugetlb ... ok
[INFO] [stdout] test v2::hugetlb::tests::test_stat_hugetbl ... ok
[INFO] [stdout] test v2::hugetlb::tests::test_stat_rsvd_hugetbl ... ok
[INFO] [stdout] test v2::io::test::test_set_io_read_bps ... ok
[INFO] [stdout] test v2::io::test::test_set_io_read_iops ... ok
[INFO] [stdout] test v2::io::test::test_set_io_write_bps ... ok
[INFO] [stdout] test v2::hugetlb::tests::property_test_set_hugetlb ... ok
[INFO] [stdout] test v2::io::test::test_set_io_write_iops ... ok
[INFO] [stdout] test v2::io::test::test_set_ioweight_device ... ok
[INFO] [stdout] test v2::io::test::test_set_ioweight ... ok
[INFO] [stdout] test v2::io::test::test_stat_io ... ok
[INFO] [stdout] test v2::memory::tests::test_err_bad_limit ... ok
[INFO] [stdout] test v2::memory::tests::test_err_bad_swap ... ok
[INFO] [stdout] test v2::freezer::tests::test_set_freezer_state ... ok
[INFO] [stdout] test v2::memory::tests::test_err_swap_no_memory ... ok
[INFO] [stdout] test v2::memory::tests::test_get_memory_data_with_peak ... ok
[INFO] [stdout] test v2::memory::tests::test_set_memory ... ok
[INFO] [stdout] test v2::memory::tests::test_set_memory_unlimited ... ok
[INFO] [stdout] test v2::pids::tests::test_set_pids ... ok
[INFO] [stdout] test v2::memory::tests::test_get_memory_data ... ok
[INFO] [stdout] test v2::pids::tests::test_set_pids_max ... ok
[INFO] [stdout] test v2::unified::tests::test_set_unified_failed_to_write_subsystem_enabled ... ok
[INFO] [stdout] test v2::unified::tests::test_set_unified_failed_to_write_subsystem_not_enabled ... ok
[INFO] [stdout] test v2::unified::tests::test_set_unified ... ok
[INFO] [stdout] test v2::memory::tests::property_test_set_memory ... ok
[INFO] [stdout] test systemd::dbus_native::dbus::tests::test_dbus_function_calls_errors ... FAILED
[INFO] [stdout] test systemd::dbus_native::dbus::tests::test_dbus_connection_auth ... FAILED
[INFO] [stdout] test systemd::manager::tests::test_task_addition ... FAILED
[INFO] [stdout] test v1::memory::tests::property_test_set_memory ... ok
[INFO] [stdout] test v1::devices::tests::property_test_apply_multiple_devices ... ok
[INFO] [stdout] 
[INFO] [stdout] failures:
[INFO] [stdout] 
[INFO] [stdout] ---- systemd::dbus_native::dbus::tests::test_dbus_function_calls stdout ----
[INFO] [stdout] Error: DBus(ConnectionError("ENOENT: No such file or directory"))
[INFO] [stdout] 
[INFO] [stdout] ---- systemd::dbus_native::dbus::tests::test_dbus_function_calls_errors stdout ----
[INFO] [stdout] thread 'systemd::dbus_native::dbus::tests::test_dbus_function_calls_errors' panicked at crates/libcgroups/src/systemd/dbus_native/dbus.rs:574:69:
[INFO] [stdout] called `Result::unwrap()` on an `Err` value: DBus(ConnectionError("ENOENT: No such file or directory"))
[INFO] [stdout] stack backtrace:
[INFO] [stdout]    0:     0x5686835bffba - std::backtrace_rs::backtrace::libunwind::trace::h8810477743020387
[INFO] [stdout]                                at /rustc/202008a1b8de96d2e5b6bc02d379db03a877d34d/library/std/src/../../backtrace/src/backtrace/libunwind.rs:116:5
[INFO] [stdout]    1:     0x5686835bffba - std::backtrace_rs::backtrace::trace_unsynchronized::h3aa55355dd6c54a6
[INFO] [stdout]                                at /rustc/202008a1b8de96d2e5b6bc02d379db03a877d34d/library/std/src/../../backtrace/src/backtrace/mod.rs:66:5
[INFO] [stdout]    2:     0x5686835bffba - std::sys::backtrace::_print_fmt::h8588b0f62410823f
[INFO] [stdout]                                at /rustc/202008a1b8de96d2e5b6bc02d379db03a877d34d/library/std/src/sys/backtrace.rs:66:9
[INFO] [stdout]    3:     0x5686835bffba - <std::sys::backtrace::BacktraceLock::print::DisplayBacktrace as core::fmt::Display>::fmt::h98c26ac25ffe89bb
[INFO] [stdout]                                at /rustc/202008a1b8de96d2e5b6bc02d379db03a877d34d/library/std/src/sys/backtrace.rs:39:26
[INFO] [stdout]    4:     0x5686835e88b3 - core::fmt::rt::Argument::fmt::hf95377f4aebd453b
[INFO] [stdout]                                at /rustc/202008a1b8de96d2e5b6bc02d379db03a877d34d/library/core/src/fmt/rt.rs:177:76
[INFO] [stdout]    5:     0x5686835e88b3 - core::fmt::write::h0dd5f6e2238c7982
[INFO] [stdout]                                at /rustc/202008a1b8de96d2e5b6bc02d379db03a877d34d/library/core/src/fmt/mod.rs:1189:21
[INFO] [stdout]    6:     0x5686835bc9b3 - std::io::Write::write_fmt::h03bb0ca26e6faf8c
[INFO] [stdout]                                at /rustc/202008a1b8de96d2e5b6bc02d379db03a877d34d/library/std/src/io/mod.rs:1884:15
[INFO] [stdout]    7:     0x5686835bfe02 - std::sys::backtrace::BacktraceLock::print::h5c19c1c038ee186d
[INFO] [stdout]                                at /rustc/202008a1b8de96d2e5b6bc02d379db03a877d34d/library/std/src/sys/backtrace.rs:42:9
[INFO] [stdout]    8:     0x5686835c143d - std::panicking::default_hook::{{closure}}::h77172f079a1fcb13
[INFO] [stdout]                                at /rustc/202008a1b8de96d2e5b6bc02d379db03a877d34d/library/std/src/panicking.rs:268:22
[INFO] [stdout]    9:     0x5686835c1247 - std::panicking::default_hook::he5f8e3b203ccddba
[INFO] [stdout]                                at /rustc/202008a1b8de96d2e5b6bc02d379db03a877d34d/library/std/src/panicking.rs:292:9
[INFO] [stdout]   10:     0x568683280e57 - <alloc::boxed::Box<F,A> as core::ops::function::Fn<Args>>::call::h7a3c7b4a1ae77f2f
[INFO] [stdout]                                at /rustc/202008a1b8de96d2e5b6bc02d379db03a877d34d/library/alloc/src/boxed.rs:1986:9
[INFO] [stdout]   11:     0x568683280e57 - test::test_main::{{closure}}::hf0d3b69ae9b353d1
[INFO] [stdout]                                at /rustc/202008a1b8de96d2e5b6bc02d379db03a877d34d/library/test/src/lib.rs:134:21
[INFO] [stdout]   12:     0x5686835c1ae8 - <alloc::boxed::Box<F,A> as core::ops::function::Fn<Args>>::call::h6332e82e7b189abd
[INFO] [stdout]                                at /rustc/202008a1b8de96d2e5b6bc02d379db03a877d34d/library/alloc/src/boxed.rs:1986:9
[INFO] [stdout]   13:     0x5686835c1ae8 - std::panicking::rust_panic_with_hook::h53863d4e9018df39
[INFO] [stdout]                                at /rustc/202008a1b8de96d2e5b6bc02d379db03a877d34d/library/std/src/panicking.rs:809:13
[INFO] [stdout]   14:     0x5686835c18aa - std::panicking::begin_panic_handler::{{closure}}::h67280e6fa0757873
[INFO] [stdout]                                at /rustc/202008a1b8de96d2e5b6bc02d379db03a877d34d/library/std/src/panicking.rs:674:13
[INFO] [stdout]   15:     0x5686835c0499 - std::sys::backtrace::__rust_end_short_backtrace::h1dac3f54d6fbbeb2
[INFO] [stdout]                                at /rustc/202008a1b8de96d2e5b6bc02d379db03a877d34d/library/std/src/sys/backtrace.rs:170:18
[INFO] [stdout]   16:     0x5686835c153c - rust_begin_unwind
[INFO] [stdout]                                at /rustc/202008a1b8de96d2e5b6bc02d379db03a877d34d/library/std/src/panicking.rs:665:5
[INFO] [stdout]   17:     0x56868312e2c0 - core::panicking::panic_fmt::h6792bd1b2bf01041
[INFO] [stdout]                                at /rustc/202008a1b8de96d2e5b6bc02d379db03a877d34d/library/core/src/panicking.rs:76:14
[INFO] [stdout]   18:     0x56868312e746 - core::result::unwrap_failed::h05e0602ed34287c5
[INFO] [stdout]                                at /rustc/202008a1b8de96d2e5b6bc02d379db03a877d34d/library/core/src/result.rs:1699:5
[INFO] [stdout]   19:     0x568683196666 - core::result::Result<T,E>::unwrap::h29d14910ec82c913
[INFO] [stdout]                                at /rustc/202008a1b8de96d2e5b6bc02d379db03a877d34d/library/core/src/result.rs:1104:23
[INFO] [stdout]   20:     0x568683196666 - libcgroups::systemd::dbus_native::dbus::tests::test_dbus_function_calls_errors::h0ed4023e659a21cf
[INFO] [stdout]                                at /opt/rustwide/workdir/crates/libcgroups/src/systemd/dbus_native/dbus.rs:574:20
[INFO] [stdout]   21:     0x568683196497 - libcgroups::systemd::dbus_native::dbus::tests::test_dbus_function_calls_errors::{{closure}}::h19f6ff9842c425dc
[INFO] [stdout]                                at /opt/rustwide/workdir/crates/libcgroups/src/systemd/dbus_native/dbus.rs:567:41
[INFO] [stdout]   22:     0x568683147ed6 - core::ops::function::FnOnce::call_once::hffacf12528f8c0a7
[INFO] [stdout]                                at /rustc/202008a1b8de96d2e5b6bc02d379db03a877d34d/library/core/src/ops/function.rs:250:5
[INFO] [stdout]   23:     0x56868328597b - core::ops::function::FnOnce::call_once::h871bf86719ec9aa4
[INFO] [stdout]                                at /rustc/202008a1b8de96d2e5b6bc02d379db03a877d34d/library/core/src/ops/function.rs:250:5
[INFO] [stdout]   24:     0x56868328597b - test::__rust_begin_short_backtrace::h2167df1e2b7d76fd
[INFO] [stdout]                                at /rustc/202008a1b8de96d2e5b6bc02d379db03a877d34d/library/test/src/lib.rs:632:18
[INFO] [stdout]   25:     0x568683285368 - test::run_test_in_process::{{closure}}::h15d92f75a3adfb79
[INFO] [stdout]                                at /rustc/202008a1b8de96d2e5b6bc02d379db03a877d34d/library/test/src/lib.rs:655:60
[INFO] [stdout]   26:     0x568683285368 - <core::panic::unwind_safe::AssertUnwindSafe<F> as core::ops::function::FnOnce<()>>::call_once::hb6c8955835a8dbbb
[INFO] [stdout]                                at /rustc/202008a1b8de96d2e5b6bc02d379db03a877d34d/library/core/src/panic/unwind_safe.rs:272:9
[INFO] [stdout]   27:     0x568683285368 - std::panicking::try::do_call::hc79d0fc888a0bd30
[INFO] [stdout]                                at /rustc/202008a1b8de96d2e5b6bc02d379db03a877d34d/library/std/src/panicking.rs:557:40
[INFO] [stdout]   28:     0x568683285368 - std::panicking::try::hb8a7878e3a8589d6
[INFO] [stdout]                                at /rustc/202008a1b8de96d2e5b6bc02d379db03a877d34d/library/std/src/panicking.rs:520:19
[INFO] [stdout]   29:     0x568683285368 - std::panic::catch_unwind::hb8e4600ff0ff5cfa
[INFO] [stdout]                                at /rustc/202008a1b8de96d2e5b6bc02d379db03a877d34d/library/std/src/panic.rs:358:14
[INFO] [stdout]   30:     0x568683285368 - test::run_test_in_process::hc2900b0b18688dd6
[INFO] [stdout]                                at /rustc/202008a1b8de96d2e5b6bc02d379db03a877d34d/library/test/src/lib.rs:655:27
[INFO] [stdout]   31:     0x568683285368 - test::run_test::{{closure}}::hac2a9cb07be3d48d
[INFO] [stdout]                                at /rustc/202008a1b8de96d2e5b6bc02d379db03a877d34d/library/test/src/lib.rs:576:43
[INFO] [stdout]   32:     0x568683248e0a - test::run_test::{{closure}}::h4a5b729e66a38cd8
[INFO] [stdout]                                at /rustc/202008a1b8de96d2e5b6bc02d379db03a877d34d/library/test/src/lib.rs:606:41
[INFO] [stdout]   33:     0x568683248e0a - std::sys::backtrace::__rust_begin_short_backtrace::h0496fb742492f573
[INFO] [stdout]                                at /rustc/202008a1b8de96d2e5b6bc02d379db03a877d34d/library/std/src/sys/backtrace.rs:154:18
[INFO] [stdout]   34:     0x56868324c784 - std::thread::Builder::spawn_unchecked_::{{closure}}::{{closure}}::hbb6d257c550a54bd
[INFO] [stdout]                                at /rustc/202008a1b8de96d2e5b6bc02d379db03a877d34d/library/std/src/thread/mod.rs:561:17
[INFO] [stdout]   35:     0x56868324c784 - <core::panic::unwind_safe::AssertUnwindSafe<F> as core::ops::function::FnOnce<()>>::call_once::h46696fe4a6832328
[INFO] [stdout]                                at /rustc/202008a1b8de96d2e5b6bc02d379db03a877d34d/library/core/src/panic/unwind_safe.rs:272:9
[INFO] [stdout]   36:     0x56868324c784 - std::panicking::try::do_call::h2625a51b667bfb64
[INFO] [stdout]                                at /rustc/202008a1b8de96d2e5b6bc02d379db03a877d34d/library/std/src/panicking.rs:557:40
[INFO] [stdout]   37:     0x56868324c784 - std::panicking::try::hb956a59a1973aa4c
[INFO] [stdout]                                at /rustc/202008a1b8de96d2e5b6bc02d379db03a877d34d/library/std/src/panicking.rs:520:19
[INFO] [stdout]   38:     0x56868324c784 - std::panic::catch_unwind::h64f3b9d1067ef6a0
[INFO] [stdout]                                at /rustc/202008a1b8de96d2e5b6bc02d379db03a877d34d/library/std/src/panic.rs:358:14
[INFO] [stdout]   39:     0x56868324c784 - std::thread::Builder::spawn_unchecked_::{{closure}}::h42b2841295b6c0b2
[INFO] [stdout]                                at /rustc/202008a1b8de96d2e5b6bc02d379db03a877d34d/library/std/src/thread/mod.rs:559:30
[INFO] [stdout]   40:     0x56868324c784 - core::ops::function::FnOnce::call_once{{vtable.shim}}::h6127de71b8124639
[INFO] [stdout]                                at /rustc/202008a1b8de96d2e5b6bc02d379db03a877d34d/library/core/src/ops/function.rs:250:5
[INFO] [stdout]   41:     0x5686835c68db - <alloc::boxed::Box<F,A> as core::ops::function::FnOnce<Args>>::call_once::h42f0ba71002a1b2c
[INFO] [stdout]                                at /rustc/202008a1b8de96d2e5b6bc02d379db03a877d34d/library/alloc/src/boxed.rs:1972:9
[INFO] [stdout]   42:     0x5686835c68db - <alloc::boxed::Box<F,A> as core::ops::function::FnOnce<Args>>::call_once::had9e47d7a3dcecb8
[INFO] [stdout]                                at /rustc/202008a1b8de96d2e5b6bc02d379db03a877d34d/library/alloc/src/boxed.rs:1972:9
[INFO] [stdout]   43:     0x5686835c68db - std::sys::pal::unix::thread::Thread::new::thread_start::h48cf765408f6f5f2
[INFO] [stdout]                                at /rustc/202008a1b8de96d2e5b6bc02d379db03a877d34d/library/std/src/sys/pal/unix/thread.rs:105:17
[INFO] [stdout]   44:     0x7ae5d1963ac3 - <unknown>
[INFO] [stdout]   45:     0x7ae5d19f4a04 - clone
[INFO] [stdout]   46:                0x0 - <unknown>
[INFO] [stdout] 
[INFO] [stdout] ---- systemd::dbus_native::dbus::tests::test_dbus_connection_auth stdout ----
[INFO] [stdout] thread 'systemd::dbus_native::dbus::tests::test_dbus_connection_auth' panicked at crates/libcgroups/src/systemd/dbus_native/dbus.rs:521:9:
[INFO] [stdout] assertion failed: conn.is_ok()
[INFO] [stdout] stack backtrace:
[INFO] [stdout]    0:     0x5686835bffba - std::backtrace_rs::backtrace::libunwind::trace::h8810477743020387
[INFO] [stdout]                                at /rustc/202008a1b8de96d2e5b6bc02d379db03a877d34d/library/std/src/../../backtrace/src/backtrace/libunwind.rs:116:5
[INFO] [stdout]    1:     0x5686835bffba - std::backtrace_rs::backtrace::trace_unsynchronized::h3aa55355dd6c54a6
[INFO] [stdout]                                at /rustc/202008a1b8de96d2e5b6bc02d379db03a877d34d/library/std/src/../../backtrace/src/backtrace/mod.rs:66:5
[INFO] [stdout]    2:     0x5686835bffba - std::sys::backtrace::_print_fmt::h8588b0f62410823f
[INFO] [stdout]                                at /rustc/202008a1b8de96d2e5b6bc02d379db03a877d34d/library/std/src/sys/backtrace.rs:66:9
[INFO] [stdout]    3:     0x5686835bffba - <std::sys::backtrace::BacktraceLock::print::DisplayBacktrace as core::fmt::Display>::fmt::h98c26ac25ffe89bb
[INFO] [stdout]                                at /rustc/202008a1b8de96d2e5b6bc02d379db03a877d34d/library/std/src/sys/backtrace.rs:39:26
[INFO] [stdout]    4:     0x5686835e88b3 - core::fmt::rt::Argument::fmt::hf95377f4aebd453b
[INFO] [stdout]                                at /rustc/202008a1b8de96d2e5b6bc02d379db03a877d34d/library/core/src/fmt/rt.rs:177:76
[INFO] [stdout]    5:     0x5686835e88b3 - core::fmt::write::h0dd5f6e2238c7982
[INFO] [stdout]                                at /rustc/202008a1b8de96d2e5b6bc02d379db03a877d34d/library/core/src/fmt/mod.rs:1189:21
[INFO] [stdout]    6:     0x5686835bc9b3 - std::io::Write::write_fmt::h03bb0ca26e6faf8c
[INFO] [stdout]                                at /rustc/202008a1b8de96d2e5b6bc02d379db03a877d34d/library/std/src/io/mod.rs:1884:15
[INFO] [stdout]    7:     0x5686835bfe02 - std::sys::backtrace::BacktraceLock::print::h5c19c1c038ee186d
[INFO] [stdout]                                at /rustc/202008a1b8de96d2e5b6bc02d379db03a877d34d/library/std/src/sys/backtrace.rs:42:9
[INFO] [stdout]    8:     0x5686835c143d - std::panicking::default_hook::{{closure}}::h77172f079a1fcb13
[INFO] [stdout]                                at /rustc/202008a1b8de96d2e5b6bc02d379db03a877d34d/library/std/src/panicking.rs:268:22
[INFO] [stdout]    9:     0x5686835c1247 - std::panicking::default_hook::he5f8e3b203ccddba
[INFO] [stdout]                                at /rustc/202008a1b8de96d2e5b6bc02d379db03a877d34d/library/std/src/panicking.rs:292:9
[INFO] [stdout]   10:     0x568683280e57 - <alloc::boxed::Box<F,A> as core::ops::function::Fn<Args>>::call::h7a3c7b4a1ae77f2f
[INFO] [stdout]                                at /rustc/202008a1b8de96d2e5b6bc02d379db03a877d34d/library/alloc/src/boxed.rs:1986:9
[INFO] [stdout]   11:     0x568683280e57 - test::test_main::{{closure}}::hf0d3b69ae9b353d1
[INFO] [stdout]                                at /rustc/202008a1b8de96d2e5b6bc02d379db03a877d34d/library/test/src/lib.rs:134:21
[INFO] [stdout]   12:     0x5686835c1ae8 - <alloc::boxed::Box<F,A> as core::ops::function::Fn<Args>>::call::h6332e82e7b189abd
[INFO] [stdout]                                at /rustc/202008a1b8de96d2e5b6bc02d379db03a877d34d/library/alloc/src/boxed.rs:1986:9
[INFO] [stdout]   13:     0x5686835c1ae8 - std::panicking::rust_panic_with_hook::h53863d4e9018df39
[INFO] [stdout]                                at /rustc/202008a1b8de96d2e5b6bc02d379db03a877d34d/library/std/src/panicking.rs:809:13
[INFO] [stdout]   14:     0x5686835c1876 - std::panicking::begin_panic_handler::{{closure}}::h67280e6fa0757873
[INFO] [stdout]                                at /rustc/202008a1b8de96d2e5b6bc02d379db03a877d34d/library/std/src/panicking.rs:667:13
[INFO] [stdout]   15:     0x5686835c0499 - std::sys::backtrace::__rust_end_short_backtrace::h1dac3f54d6fbbeb2
[INFO] [stdout]                                at /rustc/202008a1b8de96d2e5b6bc02d379db03a877d34d/library/std/src/sys/backtrace.rs:170:18
[INFO] [stdout]   16:     0x5686835c153c - rust_begin_unwind
[INFO] [stdout]                                at /rustc/202008a1b8de96d2e5b6bc02d379db03a877d34d/library/std/src/panicking.rs:665:5
[INFO] [stdout]   17:     0x56868312e2c0 - core::panicking::panic_fmt::h6792bd1b2bf01041
[INFO] [stdout]                                at /rustc/202008a1b8de96d2e5b6bc02d379db03a877d34d/library/core/src/panicking.rs:76:14
[INFO] [stdout]   18:     0x56868312e34c - core::panicking::panic::hbb5c236a846c507c
[INFO] [stdout]                                at /rustc/202008a1b8de96d2e5b6bc02d379db03a877d34d/library/core/src/panicking.rs:148:5
[INFO] [stdout]   19:     0x568683195ad8 - libcgroups::systemd::dbus_native::dbus::tests::test_dbus_connection_auth::hce3a2c8518d7a483
[INFO] [stdout]                                at /opt/rustwide/workdir/crates/libcgroups/src/systemd/dbus_native/dbus.rs:521:9
[INFO] [stdout]   20:     0x568683195947 - libcgroups::systemd::dbus_native::dbus::tests::test_dbus_connection_auth::{{closure}}::h446d13535c4c7f63
[INFO] [stdout]                                at /opt/rustwide/workdir/crates/libcgroups/src/systemd/dbus_native/dbus.rs:515:35
[INFO] [stdout]   21:     0x5686831464a6 - core::ops::function::FnOnce::call_once::h65132cef84bc0ab4
[INFO] [stdout]                                at /rustc/202008a1b8de96d2e5b6bc02d379db03a877d34d/library/core/src/ops/function.rs:250:5
[INFO] [stdout]   22:     0x56868328597b - core::ops::function::FnOnce::call_once::h871bf86719ec9aa4
[INFO] [stdout]                                at /rustc/202008a1b8de96d2e5b6bc02d379db03a877d34d/library/core/src/ops/function.rs:250:5
[INFO] [stdout]   23:     0x56868328597b - test::__rust_begin_short_backtrace::h2167df1e2b7d76fd
[INFO] [stdout]                                at /rustc/202008a1b8de96d2e5b6bc02d379db03a877d34d/library/test/src/lib.rs:632:18
[INFO] [stdout]   24:     0x568683285368 - test::run_test_in_process::{{closure}}::h15d92f75a3adfb79
[INFO] [stdout]                                at /rustc/202008a1b8de96d2e5b6bc02d379db03a877d34d/library/test/src/lib.rs:655:60
[INFO] [stdout]   25:     0x568683285368 - <core::panic::unwind_safe::AssertUnwindSafe<F> as core::ops::function::FnOnce<()>>::call_once::hb6c8955835a8dbbb
[INFO] [stdout]                                at /rustc/202008a1b8de96d2e5b6bc02d379db03a877d34d/library/core/src/panic/unwind_safe.rs:272:9
[INFO] [stdout]   26:     0x568683285368 - std::panicking::try::do_call::hc79d0fc888a0bd30
[INFO] [stdout]                                at /rustc/202008a1b8de96d2e5b6bc02d379db03a877d34d/library/std/src/panicking.rs:557:40
[INFO] [stdout]   27:     0x568683285368 - std::panicking::try::hb8a7878e3a8589d6
[INFO] [stdout]                                at /rustc/202008a1b8de96d2e5b6bc02d379db03a877d34d/library/std/src/panicking.rs:520:19
[INFO] [stdout]   28:     0x568683285368 - std::panic::catch_unwind::hb8e4600ff0ff5cfa
[INFO] [stdout]                                at /rustc/202008a1b8de96d2e5b6bc02d379db03a877d34d/library/std/src/panic.rs:358:14
[INFO] [stdout]   29:     0x568683285368 - test::run_test_in_process::hc2900b0b18688dd6
[INFO] [stdout]                                at /rustc/202008a1b8de96d2e5b6bc02d379db03a877d34d/library/test/src/lib.rs:655:27
[INFO] [stdout]   30:     0x568683285368 - test::run_test::{{closure}}::hac2a9cb07be3d48d
[INFO] [stdout]                                at /rustc/202008a1b8de96d2e5b6bc02d379db03a877d34d/library/test/src/lib.rs:576:43
[INFO] [stdout]   31:     0x568683248e0a - test::run_test::{{closure}}::h4a5b729e66a38cd8
[INFO] [stdout]                                at /rustc/202008a1b8de96d2e5b6bc02d379db03a877d34d/library/test/src/lib.rs:606:41
[INFO] [stdout]   32:     0x568683248e0a - std::sys::backtrace::__rust_begin_short_backtrace::h0496fb742492f573
[INFO] [stdout]                                at /rustc/202008a1b8de96d2e5b6bc02d379db03a877d34d/library/std/src/sys/backtrace.rs:154:18
[INFO] [stdout]   33:     0x56868324c784 - std::thread::Builder::spawn_unchecked_::{{closure}}::{{closure}}::hbb6d257c550a54bd
[INFO] [stdout]                                at /rustc/202008a1b8de96d2e5b6bc02d379db03a877d34d/library/std/src/thread/mod.rs:561:17
[INFO] [stdout]   34:     0x56868324c784 - <core::panic::unwind_safe::AssertUnwindSafe<F> as core::ops::function::FnOnce<()>>::call_once::h46696fe4a6832328
[INFO] [stdout]                                at /rustc/202008a1b8de96d2e5b6bc02d379db03a877d34d/library/core/src/panic/unwind_safe.rs:272:9
[INFO] [stdout]   35:     0x56868324c784 - std::panicking::try::do_call::h2625a51b667bfb64
[INFO] [stdout]                                at /rustc/202008a1b8de96d2e5b6bc02d379db03a877d34d/library/std/src/panicking.rs:557:40
[INFO] [stdout]   36:     0x56868324c784 - std::panicking::try::hb956a59a1973aa4c
[INFO] [stdout]                                at /rustc/202008a1b8de96d2e5b6bc02d379db03a877d34d/library/std/src/panicking.rs:520:19
[INFO] [stdout]   37:     0x56868324c784 - std::panic::catch_unwind::h64f3b9d1067ef6a0
[INFO] [stdout]                                at /rustc/202008a1b8de96d2e5b6bc02d379db03a877d34d/library/std/src/panic.rs:358:14
[INFO] [stdout]   38:     0x56868324c784 - std::thread::Builder::spawn_unchecked_::{{closure}}::h42b2841295b6c0b2
[INFO] [stdout]                                at /rustc/202008a1b8de96d2e5b6bc02d379db03a877d34d/library/std/src/thread/mod.rs:559:30
[INFO] [stdout]   39:     0x56868324c784 - core::ops::function::FnOnce::call_once{{vtable.shim}}::h6127de71b8124639
[INFO] [stdout]                                at /rustc/202008a1b8de96d2e5b6bc02d379db03a877d34d/library/core/src/ops/function.rs:250:5
[INFO] [stdout]   40:     0x5686835c68db - <alloc::boxed::Box<F,A> as core::ops::function::FnOnce<Args>>::call_once::h42f0ba71002a1b2c
[INFO] [stdout]                                at /rustc/202008a1b8de96d2e5b6bc02d379db03a877d34d/library/alloc/src/boxed.rs:1972:9
[INFO] [stdout]   41:     0x5686835c68db - <alloc::boxed::Box<F,A> as core::ops::function::FnOnce<Args>>::call_once::had9e47d7a3dcecb8
[INFO] [stdout]                                at /rustc/202008a1b8de96d2e5b6bc02d379db03a877d34d/library/alloc/src/boxed.rs:1972:9
[INFO] [stdout]   42:     0x5686835c68db - std::sys::pal::unix::thread::Thread::new::thread_start::h48cf765408f6f5f2
[INFO] [stdout]                                at /rustc/202008a1b8de96d2e5b6bc02d379db03a877d34d/library/std/src/sys/pal/unix/thread.rs:105:17
[INFO] [stdout]   43:     0x7ae5d1963ac3 - <unknown>
[INFO] [stdout]   44:     0x7ae5d19f4a04 - clone
[INFO] [stdout]   45:                0x0 - <unknown>
[INFO] [stdout] 
[INFO] [stdout] ---- systemd::manager::tests::test_task_addition stdout ----
[INFO] [stdout] thread 'systemd::manager::tests::test_task_addition' panicked at crates/libcgroups/src/systemd/manager.rs:553:10:
[INFO] [stdout] called `Result::unwrap()` on an `Err` value: SystemdClient(DBus(BusAddressError("could not find dbus session bus address from env")))
[INFO] [stdout] stack backtrace:
[INFO] [stdout]    0:     0x5686835bffba - std::backtrace_rs::backtrace::libunwind::trace::h8810477743020387
[INFO] [stdout]                                at /rustc/202008a1b8de96d2e5b6bc02d379db03a877d34d/library/std/src/../../backtrace/src/backtrace/libunwind.rs:116:5
[INFO] [stdout]    1:     0x5686835bffba - std::backtrace_rs::backtrace::trace_unsynchronized::h3aa55355dd6c54a6
[INFO] [stdout]                                at /rustc/202008a1b8de96d2e5b6bc02d379db03a877d34d/library/std/src/../../backtrace/src/backtrace/mod.rs:66:5
[INFO] [stdout]    2:     0x5686835bffba - std::sys::backtrace::_print_fmt::h8588b0f62410823f
[INFO] [stdout]                                at /rustc/202008a1b8de96d2e5b6bc02d379db03a877d34d/library/std/src/sys/backtrace.rs:66:9
[INFO] [stdout]    3:     0x5686835bffba - <std::sys::backtrace::BacktraceLock::print::DisplayBacktrace as core::fmt::Display>::fmt::h98c26ac25ffe89bb
[INFO] [stdout]                                at /rustc/202008a1b8de96d2e5b6bc02d379db03a877d34d/library/std/src/sys/backtrace.rs:39:26
[INFO] [stdout]    4:     0x5686835e88b3 - core::fmt::rt::Argument::fmt::hf95377f4aebd453b
[INFO] [stdout]                                at /rustc/202008a1b8de96d2e5b6bc02d379db03a877d34d/library/core/src/fmt/rt.rs:177:76
[INFO] [stdout]    5:     0x5686835e88b3 - core::fmt::write::h0dd5f6e2238c7982
[INFO] [stdout]                                at /rustc/202008a1b8de96d2e5b6bc02d379db03a877d34d/library/core/src/fmt/mod.rs:1189:21
[INFO] [stdout]    6:     0x5686835bc9b3 - std::io::Write::write_fmt::h03bb0ca26e6faf8c
[INFO] [stdout]                                at /rustc/202008a1b8de96d2e5b6bc02d379db03a877d34d/library/std/src/io/mod.rs:1884:15
[INFO] [stdout]    7:     0x5686835bfe02 - std::sys::backtrace::BacktraceLock::print::h5c19c1c038ee186d
[INFO] [stdout]                                at /rustc/202008a1b8de96d2e5b6bc02d379db03a877d34d/library/std/src/sys/backtrace.rs:42:9
[INFO] [stdout]    8:     0x5686835c143d - std::panicking::default_hook::{{closure}}::h77172f079a1fcb13
[INFO] [stdout]                                at /rustc/202008a1b8de96d2e5b6bc02d379db03a877d34d/library/std/src/panicking.rs:268:22
[INFO] [stdout]    9:     0x5686835c1247 - std::panicking::default_hook::he5f8e3b203ccddba
[INFO] [stdout]                                at /rustc/202008a1b8de96d2e5b6bc02d379db03a877d34d/library/std/src/panicking.rs:292:9
[INFO] [stdout]   10:     0x568683280e57 - <alloc::boxed::Box<F,A> as core::ops::function::Fn<Args>>::call::h7a3c7b4a1ae77f2f
[INFO] [stdout]                                at /rustc/202008a1b8de96d2e5b6bc02d379db03a877d34d/library/alloc/src/boxed.rs:1986:9
[INFO] [stdout]   11:     0x568683280e57 - test::test_main::{{closure}}::hf0d3b69ae9b353d1
[INFO] [stdout]                                at /rustc/202008a1b8de96d2e5b6bc02d379db03a877d34d/library/test/src/lib.rs:134:21
[INFO] [stdout]   12:     0x5686835c1ae8 - <alloc::boxed::Box<F,A> as core::ops::function::Fn<Args>>::call::h6332e82e7b189abd
[INFO] [stdout]                                at /rustc/202008a1b8de96d2e5b6bc02d379db03a877d34d/library/alloc/src/boxed.rs:1986:9
[INFO] [stdout]   13:     0x5686835c1ae8 - std::panicking::rust_panic_with_hook::h53863d4e9018df39
[INFO] [stdout]                                at /rustc/202008a1b8de96d2e5b6bc02d379db03a877d34d/library/std/src/panicking.rs:809:13
[INFO] [stdout]   14:     0x5686835c18aa - std::panicking::begin_panic_handler::{{closure}}::h67280e6fa0757873
[INFO] [stdout]                                at /rustc/202008a1b8de96d2e5b6bc02d379db03a877d34d/library/std/src/panicking.rs:674:13
[INFO] [stdout]   15:     0x5686835c0499 - std::sys::backtrace::__rust_end_short_backtrace::h1dac3f54d6fbbeb2
[INFO] [stdout]                                at /rustc/202008a1b8de96d2e5b6bc02d379db03a877d34d/library/std/src/sys/backtrace.rs:170:18
[INFO] [stdout]   16:     0x5686835c153c - rust_begin_unwind
[INFO] [stdout]                                at /rustc/202008a1b8de96d2e5b6bc02d379db03a877d34d/library/std/src/panicking.rs:665:5
[INFO] [stdout]   17:     0x56868312e2c0 - core::panicking::panic_fmt::h6792bd1b2bf01041
[INFO] [stdout]                                at /rustc/202008a1b8de96d2e5b6bc02d379db03a877d34d/library/core/src/panicking.rs:76:14
[INFO] [stdout]   18:     0x56868312e746 - core::result::unwrap_failed::h05e0602ed34287c5
[INFO] [stdout]                                at /rustc/202008a1b8de96d2e5b6bc02d379db03a877d34d/library/core/src/result.rs:1699:5
[INFO] [stdout]   19:     0x5686831cebb3 - core::result::Result<T,E>::unwrap::h3b6c3f60b41e9adc
[INFO] [stdout]                                at /rustc/202008a1b8de96d2e5b6bc02d379db03a877d34d/library/core/src/result.rs:1104:23
[INFO] [stdout]   20:     0x5686831cebb3 - libcgroups::systemd::manager::tests::test_task_addition::h5469fe9dbd0b42ed
[INFO] [stdout]                                at /opt/rustwide/workdir/crates/libcgroups/src/systemd/manager.rs:547:23
[INFO] [stdout]   21:     0x5686831ce9d7 - libcgroups::systemd::manager::tests::test_task_addition::{{closure}}::h1557104308fe3002
[INFO] [stdout]                                at /opt/rustwide/workdir/crates/libcgroups/src/systemd/manager.rs:546:28
[INFO] [stdout]   22:     0x568683147596 - core::ops::function::FnOnce::call_once::hcac5f532f405392f
[INFO] [stdout]                                at /rustc/202008a1b8de96d2e5b6bc02d379db03a877d34d/library/core/src/ops/function.rs:250:5
[INFO] [stdout]   23:     0x56868328597b - core::ops::function::FnOnce::call_once::h871bf86719ec9aa4
[INFO] [stdout]                                at /rustc/202008a1b8de96d2e5b6bc02d379db03a877d34d/library/core/src/ops/function.rs:250:5
[INFO] [stdout]   24:     0x56868328597b - test::__rust_begin_short_backtrace::h2167df1e2b7d76fd
[INFO] [stdout]                                at /rustc/202008a1b8de96d2e5b6bc02d379db03a877d34d/library/test/src/lib.rs:632:18
[INFO] [stdout]   25:     0x568683285368 - test::run_test_in_process::{{closure}}::h15d92f75a3adfb79
[INFO] [stdout]                                at /rustc/202008a1b8de96d2e5b6bc02d379db03a877d34d/library/test/src/lib.rs:655:60
[INFO] [stdout]   26:     0x568683285368 - <core::panic::unwind_safe::AssertUnwindSafe<F> as core::ops::function::FnOnce<()>>::call_once::hb6c8955835a8dbbb
[INFO] [stdout]                                at /rustc/202008a1b8de96d2e5b6bc02d379db03a877d34d/library/core/src/panic/unwind_safe.rs:272:9
[INFO] [stdout]   27:     0x568683285368 - std::panicking::try::do_call::hc79d0fc888a0bd30
[INFO] [stdout]                                at /rustc/202008a1b8de96d2e5b6bc02d379db03a877d34d/library/std/src/panicking.rs:557:40
[INFO] [stdout]   28:     0x568683285368 - std::panicking::try::hb8a7878e3a8589d6
[INFO] [stdout]                                at /rustc/202008a1b8de96d2e5b6bc02d379db03a877d34d/library/std/src/panicking.rs:520:19
[INFO] [stdout]   29:     0x568683285368 - std::panic::catch_unwind::hb8e4600ff0ff5cfa
[INFO] [stdout]                                at /rustc/202008a1b8de96d2e5b6bc02d379db03a877d34d/library/std/src/panic.rs:358:14
[INFO] [stdout]   30:     0x568683285368 - test::run_test_in_process::hc2900b0b18688dd6
[INFO] [stdout]                                at /rustc/202008a1b8de96d2e5b6bc02d379db03a877d34d/library/test/src/lib.rs:655:27
[INFO] [stdout]   31:     0x568683285368 - test::run_test::{{closure}}::hac2a9cb07be3d48d
[INFO] [stdout]                                at /rustc/202008a1b8de96d2e5b6bc02d379db03a877d34d/library/test/src/lib.rs:576:43
[INFO] [stdout]   32:     0x568683248e0a - test::run_test::{{closure}}::h4a5b729e66a38cd8
[INFO] [stdout]                                at /rustc/202008a1b8de96d2e5b6bc02d379db03a877d34d/library/test/src/lib.rs:606:41
[INFO] [stdout]   33:     0x568683248e0a - std::sys::backtrace::__rust_begin_short_backtrace::h0496fb742492f573
[INFO] [stdout]                                at /rustc/202008a1b8de96d2e5b6bc02d379db03a877d34d/library/std/src/sys/backtrace.rs:154:18
[INFO] [stdout]   34:     0x56868324c784 - std::thread::Builder::spawn_unchecked_::{{closure}}::{{closure}}::hbb6d257c550a54bd
[INFO] [stdout]                                at /rustc/202008a1b8de96d2e5b6bc02d379db03a877d34d/library/std/src/thread/mod.rs:561:17
[INFO] [stdout]   35:     0x56868324c784 - <core::panic::unwind_safe::AssertUnwindSafe<F> as core::ops::function::FnOnce<()>>::call_once::h46696fe4a6832328
[INFO] [stdout]                                at /rustc/202008a1b8de96d2e5b6bc02d379db03a877d34d/library/core/src/panic/unwind_safe.rs:272:9
[INFO] [stdout]   36:     0x56868324c784 - std::panicking::try::do_call::h2625a51b667bfb64
[INFO] [stdout]                                at /rustc/202008a1b8de96d2e5b6bc02d379db03a877d34d/library/std/src/panicking.rs:557:40
[INFO] [stdout]   37:     0x56868324c784 - std::panicking::try::hb956a59a1973aa4c
[INFO] [stdout]                                at /rustc/202008a1b8de96d2e5b6bc02d379db03a877d34d/library/std/src/panicking.rs:520:19
[INFO] [stdout]   38:     0x56868324c784 - std::panic::catch_unwind::h64f3b9d1067ef6a0
[INFO] [stdout]                                at /rustc/202008a1b8de96d2e5b6bc02d379db03a877d34d/library/std/src/panic.rs:358:14
[INFO] [stdout]   39:     0x56868324c784 - std::thread::Builder::spawn_unchecked_::{{closure}}::h42b2841295b6c0b2
[INFO] [stdout]                                at /rustc/202008a1b8de96d2e5b6bc02d379db03a877d34d/library/std/src/thread/mod.rs:559:30
[INFO] [stdout]   40:     0x56868324c784 - core::ops::function::FnOnce::call_once{{vtable.shim}}::h6127de71b8124639
[INFO] [stdout]                                at /rustc/202008a1b8de96d2e5b6bc02d379db03a877d34d/library/core/src/ops/function.rs:250:5
[INFO] [stdout]   41:     0x5686835c68db - <alloc::boxed::Box<F,A> as core::ops::function::FnOnce<Args>>::call_once::h42f0ba71002a1b2c
[INFO] [stdout]                                at /rustc/202008a1b8de96d2e5b6bc02d379db03a877d34d/library/alloc/src/boxed.rs:1972:9
[INFO] [stdout]   42:     0x5686835c68db - <alloc::boxed::Box<F,A> as core::ops::function::FnOnce<Args>>::call_once::had9e47d7a3dcecb8
[INFO] [stdout]                                at /rustc/202008a1b8de96d2e5b6bc02d379db03a877d34d/library/alloc/src/boxed.rs:1972:9
[INFO] [stdout]   43:     0x5686835c68db - std::sys::pal::unix::thread::Thread::new::thread_start::h48cf765408f6f5f2
[INFO] [stdout]                                at /rustc/202008a1b8de96d2e5b6bc02d379db03a877d34d/library/std/src/sys/pal/unix/thread.rs:105:17
[INFO] [stdout]   44:     0x7ae5d1963ac3 - <unknown>
[INFO] [stdout]   45:     0x7ae5d19f4a04 - clone
[INFO] [stdout]   46:                0x0 - <unknown>
[INFO] [stdout] 
[INFO] [stdout] 
[INFO] [stdout] failures:
[INFO] [stdout]     systemd::dbus_native::dbus::tests::test_dbus_connection_auth
[INFO] [stdout]     systemd::dbus_native::dbus::tests::test_dbus_function_calls
[INFO] [stdout]     systemd::dbus_native::dbus::tests::test_dbus_function_calls_errors
[INFO] [stdout]     systemd::manager::tests::test_task_addition
[INFO] [stdout] 
[INFO] [stdout] test result: FAILED. 139 passed; 4 failed; 0 ignored; 0 measured; 0 filtered out; finished in 1.32s
[INFO] [stdout] 
[INFO] [stderr] error: test failed, to rerun pass `-p libcgroups --lib`
[INFO] running `Command { std: "docker" "inspect" "7f743c17da0ed27ad0ed13cf26224f698fa9471da5c7a693f54178c8f661c8ac", kill_on_drop: false }`
[INFO] running `Command { std: "docker" "rm" "-f" "7f743c17da0ed27ad0ed13cf26224f698fa9471da5c7a693f54178c8f661c8ac", kill_on_drop: false }`
[INFO] [stdout] 7f743c17da0ed27ad0ed13cf26224f698fa9471da5c7a693f54178c8f661c8ac
