[INFO] cloning repository https://github.com/usk79/MintSim0
[INFO] running `Command { std: "git" "-c" "credential.helper=" "-c" "credential.helper=/workspace/cargo-home/bin/git-credential-null" "clone" "--bare" "https://github.com/usk79/MintSim0" "/workspace/cache/git-repos/https%3A%2F%2Fgithub.com%2Fusk79%2FMintSim0", kill_on_drop: false }`
[INFO] [stderr] Cloning into bare repository '/workspace/cache/git-repos/https%3A%2F%2Fgithub.com%2Fusk79%2FMintSim0'...
[INFO] running `Command { std: "git" "rev-parse" "HEAD", kill_on_drop: false }`
[INFO] [stdout] 2f8f650f292a9a41a453bc55025deef40a7c6acd
[INFO] testing usk79/MintSim0 against beta-2024-12-08 for beta-1.84.0-4-retry
[INFO] running `Command { std: "git" "clone" "/workspace/cache/git-repos/https%3A%2F%2Fgithub.com%2Fusk79%2FMintSim0" "/workspace/builds/worker-5-tc2/source", kill_on_drop: false }`
[INFO] [stderr] Cloning into '/workspace/builds/worker-5-tc2/source'...
[INFO] [stderr] done.
[INFO] validating manifest of git repo https://github.com/usk79/MintSim0 on toolchain beta-2024-12-08
[INFO] running `Command { std: CARGO_HOME="/workspace/cargo-home" RUSTUP_HOME="/workspace/rustup-home" "/workspace/cargo-home/bin/cargo" "+beta-2024-12-08" "metadata" "--manifest-path" "Cargo.toml" "--no-deps", kill_on_drop: false }`
[INFO] started tweaking git repo https://github.com/usk79/MintSim0
[INFO] finished tweaking git repo https://github.com/usk79/MintSim0
[INFO] tweaked toml for git repo https://github.com/usk79/MintSim0 written to /workspace/builds/worker-5-tc2/source/Cargo.toml
[INFO] crate git repo https://github.com/usk79/MintSim0 already has a lockfile, it will not be regenerated
[INFO] running `Command { std: CARGO_HOME="/workspace/cargo-home" RUSTUP_HOME="/workspace/rustup-home" "/workspace/cargo-home/bin/cargo" "+beta-2024-12-08" "fetch" "--manifest-path" "Cargo.toml", kill_on_drop: false }`
[INFO] running `Command { std: "docker" "create" "-v" "/var/lib/crater-agent-workspace/builds/worker-5-tc2/target:/opt/rustwide/target:rw,Z" "-v" "/var/lib/crater-agent-workspace/builds/worker-5-tc2/source:/opt/rustwide/workdir:ro,Z" "-v" "/var/lib/crater-agent-workspace/cargo-home:/opt/rustwide/cargo-home:ro,Z" "-v" "/var/lib/crater-agent-workspace/rustup-home:/opt/rustwide/rustup-home:ro,Z" "-e" "SOURCE_DIR=/opt/rustwide/workdir" "-e" "CARGO_TARGET_DIR=/opt/rustwide/target" "-e" "CARGO_HOME=/opt/rustwide/cargo-home" "-e" "RUSTUP_HOME=/opt/rustwide/rustup-home" "-w" "/opt/rustwide/workdir" "-m" "1610612736" "--user" "0:0" "--network" "none" "ghcr.io/rust-lang/crates-build-env/linux@sha256:f3a9d4ad9d972b27faf3965f35b62e55ba32bbce8f20bc8fe909558a86702fde" "/opt/rustwide/cargo-home/bin/cargo" "+beta-2024-12-08" "metadata" "--no-deps" "--format-version=1", kill_on_drop: false }`
[INFO] [stdout] 5fdf0ec93a507920d14d69498d888032afc4357d37e7a49e3abbad67c1c3b6e7
[INFO] running `Command { std: "docker" "start" "-a" "5fdf0ec93a507920d14d69498d888032afc4357d37e7a49e3abbad67c1c3b6e7", kill_on_drop: false }`
[INFO] running `Command { std: "docker" "inspect" "5fdf0ec93a507920d14d69498d888032afc4357d37e7a49e3abbad67c1c3b6e7", kill_on_drop: false }`
[INFO] running `Command { std: "docker" "rm" "-f" "5fdf0ec93a507920d14d69498d888032afc4357d37e7a49e3abbad67c1c3b6e7", kill_on_drop: false }`
[INFO] [stdout] 5fdf0ec93a507920d14d69498d888032afc4357d37e7a49e3abbad67c1c3b6e7
[INFO] running `Command { std: "docker" "create" "-v" "/var/lib/crater-agent-workspace/builds/worker-5-tc2/target:/opt/rustwide/target:rw,Z" "-v" "/var/lib/crater-agent-workspace/builds/worker-5-tc2/source:/opt/rustwide/workdir:ro,Z" "-v" "/var/lib/crater-agent-workspace/cargo-home:/opt/rustwide/cargo-home:ro,Z" "-v" "/var/lib/crater-agent-workspace/rustup-home:/opt/rustwide/rustup-home:ro,Z" "-e" "SOURCE_DIR=/opt/rustwide/workdir" "-e" "CARGO_TARGET_DIR=/opt/rustwide/target" "-e" "CARGO_INCREMENTAL=0" "-e" "RUST_BACKTRACE=full" "-e" "RUSTFLAGS=--cap-lints=warn" "-e" "RUSTDOCFLAGS=--cap-lints=warn" "-e" "CARGO_HOME=/opt/rustwide/cargo-home" "-e" "RUSTUP_HOME=/opt/rustwide/rustup-home" "-w" "/opt/rustwide/workdir" "-m" "1610612736" "--user" "0:0" "--network" "none" "ghcr.io/rust-lang/crates-build-env/linux@sha256:f3a9d4ad9d972b27faf3965f35b62e55ba32bbce8f20bc8fe909558a86702fde" "/opt/rustwide/cargo-home/bin/cargo" "+beta-2024-12-08" "build" "--frozen" "--message-format=json", kill_on_drop: false }`
[INFO] [stdout] 8440c4589ec9b84f925e46df9d85fb28f43f12a8a1a0c5831cdee969bc4777cd
[INFO] running `Command { std: "docker" "start" "-a" "8440c4589ec9b84f925e46df9d85fb28f43f12a8a1a0c5831cdee969bc4777cd", kill_on_drop: false }`
[INFO] [stderr]    Compiling num-traits v0.2.15
[INFO] [stderr]    Compiling cc v1.0.73
[INFO] [stderr]    Compiling pkg-config v0.3.25
[INFO] [stderr]    Compiling libc v0.2.126
[INFO] [stderr]    Compiling num-integer v0.1.45
[INFO] [stderr]    Compiling ucd-trie v0.1.3
[INFO] [stderr]    Compiling bytemuck v1.10.0
[INFO] [stderr]    Compiling proc-macro2 v1.0.40
[INFO] [stderr]    Compiling byteorder v1.4.3
[INFO] [stderr]    Compiling adler32 v1.2.0
[INFO] [stderr]    Compiling num-iter v0.1.43
[INFO] [stderr]    Compiling num-rational v0.3.2
[INFO] [stderr]    Compiling quote v1.0.20
[INFO] [stderr]    Compiling unicode-ident v1.0.1
[INFO] [stderr]    Compiling log v0.4.17
[INFO] [stderr]    Compiling syn v1.0.98
[INFO] [stderr]    Compiling miniz_oxide v0.3.7
[INFO] [stderr]    Compiling pest v2.1.3
[INFO] [stderr]    Compiling safe_arch v0.6.0
[INFO] [stderr]    Compiling plotters-backend v0.3.2
[INFO] [stderr]    Compiling weezl v0.1.6
[INFO] [stderr]    Compiling jpeg-decoder v0.1.22
[INFO] [stderr]    Compiling deflate v0.8.6
[INFO] [stderr]    Compiling typenum v1.15.0
[INFO] [stderr]    Compiling walkdir v2.3.2
[INFO] [stderr]    Compiling anyhow v1.0.58
[INFO] [stderr]    Compiling paste v1.0.7
[INFO] [stderr]    Compiling servo-fontconfig-sys v5.1.0
[INFO] [stderr]    Compiling cmake v0.1.48
[INFO] [stderr]    Compiling dirs-sys-next v0.1.2
[INFO] [stderr]    Compiling time v0.1.44
[INFO] [stderr]    Compiling wide v0.7.4
[INFO] [stderr]    Compiling gif v0.11.4
[INFO] [stderr]    Compiling float-ord v0.2.0
[INFO] [stderr]    Compiling png v0.16.8
[INFO] [stderr]    Compiling matrixmultiply v0.3.2
[INFO] [stderr]    Compiling semver-parser v0.10.2
[INFO] [stderr]    Compiling dirs-next v2.0.0
[INFO] [stderr]    Compiling plotters-svg v0.3.1
[INFO] [stderr]    Compiling ttf-parser v0.12.3
[INFO] [stderr]    Compiling freetype-sys v0.13.1
[INFO] [stderr]    Compiling expat-sys v2.1.6
[INFO] [stderr]    Compiling semver v0.11.0
[INFO] [stderr]    Compiling approx v0.5.1
[INFO] [stderr]    Compiling num-complex v0.4.2
[INFO] [stderr]    Compiling rustc_version v0.3.3
[INFO] [stderr]    Compiling chrono v0.4.19
[INFO] [stderr]    Compiling num-rational v0.4.1
[INFO] [stderr]    Compiling freetype v0.7.0
[INFO] [stderr]    Compiling pathfinder_simd v0.5.1
[INFO] [stderr]    Compiling servo-fontconfig v0.5.1
[INFO] [stderr]    Compiling image v0.23.14
[INFO] [stderr]    Compiling simba v0.7.1
[INFO] [stderr]    Compiling pathfinder_geometry v0.5.1
[INFO] [stderr]    Compiling font-kit v0.10.1
[INFO] [stderr]    Compiling plotters-bitmap v0.3.1
[INFO] [stderr]    Compiling plotters v0.3.1
[INFO] [stderr]    Compiling nalgebra-macros v0.1.0
[INFO] [stderr]    Compiling nalgebra v0.31.0
[INFO] [stderr]    Compiling mintsim v0.1.0 (/opt/rustwide/workdir)
[INFO] [stdout] warning: unused import: `DVector`
[INFO] [stdout]  --> src/simtools/simcommon.rs:2:10
[INFO] [stdout]   |
[INFO] [stdout] 2 | use na::{DVector};
[INFO] [stdout]   |          ^^^^^^^
[INFO] [stdout]   |
[INFO] [stdout]   = note: `#[warn(unused_imports)]` on by default
[INFO] [stdout] 
[INFO] [stdout] 
[INFO] [stdout] warning: unused import: `Context`
[INFO] [stdout]  --> src/simtools/simcommon.rs:4:14
[INFO] [stdout]   |
[INFO] [stdout] 4 | use anyhow::{Context};
[INFO] [stdout]   |              ^^^^^^^
[INFO] [stdout] 
[INFO] [stdout] 
[INFO] [stdout] warning: unused import: `PI`
[INFO] [stdout]  --> src/simtools/simrunner.rs:4:24
[INFO] [stdout]   |
[INFO] [stdout] 4 | use std::f64::consts::{PI};
[INFO] [stdout]   |                        ^^
[INFO] [stdout] 
[INFO] [stdout] 
[INFO] [stdout] warning: unused `Result` that must be used
[INFO] [stdout]    --> src/simtools/simmodel.rs:483:9
[INFO] [stdout]     |
[INFO] [stdout] 483 |         input_bus.set_sigdef(input_def);
[INFO] [stdout]     |         ^^^^^^^^^^^^^^^^^^^^^^^^^^^^^^^
[INFO] [stdout]     |
[INFO] [stdout]     = note: this `Result` may be an `Err` variant, which should be handled
[INFO] [stdout]     = note: `#[warn(unused_must_use)]` on by default
[INFO] [stdout] help: use `let _ = ...` to ignore the resulting value
[INFO] [stdout]     |
[INFO] [stdout] 483 |         let _ = input_bus.set_sigdef(input_def);
[INFO] [stdout]     |         +++++++
[INFO] [stdout] 
[INFO] [stdout] 
[INFO] [stdout] warning: unused `Result` that must be used
[INFO] [stdout]    --> src/simtools/simmodel.rs:486:9
[INFO] [stdout]     |
[INFO] [stdout] 486 |         output_bus.set_sigdef(output_def);
[INFO] [stdout]     |         ^^^^^^^^^^^^^^^^^^^^^^^^^^^^^^^^^
[INFO] [stdout]     |
[INFO] [stdout]     = note: this `Result` may be an `Err` variant, which should be handled
[INFO] [stdout] help: use `let _ = ...` to ignore the resulting value
[INFO] [stdout]     |
[INFO] [stdout] 486 |         let _ = output_bus.set_sigdef(output_def);
[INFO] [stdout]     |         +++++++
[INFO] [stdout] 
[INFO] [stdout] 
[INFO] [stdout] warning: unused `Result` that must be used
[INFO] [stdout]    --> src/simtools/simmodel.rs:489:9
[INFO] [stdout]     |
[INFO] [stdout] 489 |         target_bus.set_sigdef(target_def);
[INFO] [stdout]     |         ^^^^^^^^^^^^^^^^^^^^^^^^^^^^^^^^^
[INFO] [stdout]     |
[INFO] [stdout]     = note: this `Result` may be an `Err` variant, which should be handled
[INFO] [stdout] help: use `let _ = ...` to ignore the resulting value
[INFO] [stdout]     |
[INFO] [stdout] 489 |         let _ = target_bus.set_sigdef(target_def);
[INFO] [stdout]     |         +++++++
[INFO] [stdout] 
[INFO] [stdout] 
[INFO] [stderr]     Finished `dev` profile [unoptimized + debuginfo] target(s) in 29.62s
[INFO] running `Command { std: "docker" "inspect" "8440c4589ec9b84f925e46df9d85fb28f43f12a8a1a0c5831cdee969bc4777cd", kill_on_drop: false }`
[INFO] running `Command { std: "docker" "rm" "-f" "8440c4589ec9b84f925e46df9d85fb28f43f12a8a1a0c5831cdee969bc4777cd", kill_on_drop: false }`
[INFO] [stdout] 8440c4589ec9b84f925e46df9d85fb28f43f12a8a1a0c5831cdee969bc4777cd
[INFO] running `Command { std: "docker" "create" "-v" "/var/lib/crater-agent-workspace/builds/worker-5-tc2/target:/opt/rustwide/target:rw,Z" "-v" "/var/lib/crater-agent-workspace/builds/worker-5-tc2/source:/opt/rustwide/workdir:ro,Z" "-v" "/var/lib/crater-agent-workspace/cargo-home:/opt/rustwide/cargo-home:ro,Z" "-v" "/var/lib/crater-agent-workspace/rustup-home:/opt/rustwide/rustup-home:ro,Z" "-e" "SOURCE_DIR=/opt/rustwide/workdir" "-e" "CARGO_TARGET_DIR=/opt/rustwide/target" "-e" "CARGO_INCREMENTAL=0" "-e" "RUST_BACKTRACE=full" "-e" "RUSTFLAGS=--cap-lints=warn" "-e" "RUSTDOCFLAGS=--cap-lints=warn" "-e" "CARGO_HOME=/opt/rustwide/cargo-home" "-e" "RUSTUP_HOME=/opt/rustwide/rustup-home" "-w" "/opt/rustwide/workdir" "-m" "1610612736" "--user" "0:0" "--network" "none" "ghcr.io/rust-lang/crates-build-env/linux@sha256:f3a9d4ad9d972b27faf3965f35b62e55ba32bbce8f20bc8fe909558a86702fde" "/opt/rustwide/cargo-home/bin/cargo" "+beta-2024-12-08" "test" "--frozen" "--no-run" "--message-format=json", kill_on_drop: false }`
[INFO] [stdout] 11635dd26ed6ae0cea71fb1a872371c9bb076158d5c00332766d0f6703c729b6
[INFO] running `Command { std: "docker" "start" "-a" "11635dd26ed6ae0cea71fb1a872371c9bb076158d5c00332766d0f6703c729b6", kill_on_drop: false }`
[INFO] [stdout] warning: unused import: `DVector`
[INFO] [stdout]  --> src/simtools/simcommon.rs:2:10
[INFO] [stdout]   |
[INFO] [stdout] 2 | use na::{DVector};
[INFO] [stdout]   |          ^^^^^^^
[INFO] [stdout]   |
[INFO] [stdout]   = note: `#[warn(unused_imports)]` on by default
[INFO] [stdout] 
[INFO] [stdout] 
[INFO] [stdout] warning: unused import: `Context`
[INFO] [stdout]  --> src/simtools/simcommon.rs:4:14
[INFO] [stdout]   |
[INFO] [stdout] 4 | use anyhow::{Context};
[INFO] [stdout]   |              ^^^^^^^
[INFO] [stdout] 
[INFO] [stdout] 
[INFO] [stdout] warning: unused import: `PI`
[INFO] [stdout]  --> src/simtools/simrunner.rs:4:24
[INFO] [stdout]   |
[INFO] [stdout] 4 | use std::f64::consts::{PI};
[INFO] [stdout]   |                        ^^
[INFO] [stdout] 
[INFO] [stdout] 
[INFO] [stdout] warning: unused `Result` that must be used
[INFO] [stdout]    --> src/simtools/simmodel.rs:483:9
[INFO] [stdout]     |
[INFO] [stdout] 483 |         input_bus.set_sigdef(input_def);
[INFO] [stdout]     |         ^^^^^^^^^^^^^^^^^^^^^^^^^^^^^^^
[INFO] [stdout]     |
[INFO] [stdout]     = note: this `Result` may be an `Err` variant, which should be handled
[INFO] [stdout]     = note: `#[warn(unused_must_use)]` on by default
[INFO] [stdout] help: use `let _ = ...` to ignore the resulting value
[INFO] [stdout]     |
[INFO] [stdout] 483 |         let _ = input_bus.set_sigdef(input_def);
[INFO] [stdout]     |         +++++++
[INFO] [stdout] 
[INFO] [stdout] 
[INFO] [stderr]    Compiling mintsim v0.1.0 (/opt/rustwide/workdir)
[INFO] [stdout] warning: unused `Result` that must be used
[INFO] [stdout]    --> src/simtools/simmodel.rs:486:9
[INFO] [stdout]     |
[INFO] [stdout] 486 |         output_bus.set_sigdef(output_def);
[INFO] [stdout]     |         ^^^^^^^^^^^^^^^^^^^^^^^^^^^^^^^^^
[INFO] [stdout]     |
[INFO] [stdout]     = note: this `Result` may be an `Err` variant, which should be handled
[INFO] [stdout] help: use `let _ = ...` to ignore the resulting value
[INFO] [stdout]     |
[INFO] [stdout] 486 |         let _ = output_bus.set_sigdef(output_def);
[INFO] [stdout]     |         +++++++
[INFO] [stdout] 
[INFO] [stdout] 
[INFO] [stdout] warning: unused `Result` that must be used
[INFO] [stdout]    --> src/simtools/simmodel.rs:489:9
[INFO] [stdout]     |
[INFO] [stdout] 489 |         target_bus.set_sigdef(target_def);
[INFO] [stdout]     |         ^^^^^^^^^^^^^^^^^^^^^^^^^^^^^^^^^
[INFO] [stdout]     |
[INFO] [stdout]     = note: this `Result` may be an `Err` variant, which should be handled
[INFO] [stdout] help: use `let _ = ...` to ignore the resulting value
[INFO] [stdout]     |
[INFO] [stdout] 489 |         let _ = target_bus.set_sigdef(target_def);
[INFO] [stdout]     |         +++++++
[INFO] [stdout] 
[INFO] [stdout] 
[INFO] [stdout] warning: unused import: `DVector`
[INFO] [stdout]  --> src/simtools/simcommon.rs:2:10
[INFO] [stdout]   |
[INFO] [stdout] 2 | use na::{DVector};
[INFO] [stdout]   |          ^^^^^^^
[INFO] [stdout]   |
[INFO] [stdout]   = note: `#[warn(unused_imports)]` on by default
[INFO] [stdout] 
[INFO] [stdout] 
[INFO] [stdout] warning: unused import: `Context`
[INFO] [stdout]  --> src/simtools/simcommon.rs:4:14
[INFO] [stdout]   |
[INFO] [stdout] 4 | use anyhow::{Context};
[INFO] [stdout]   |              ^^^^^^^
[INFO] [stdout] 
[INFO] [stdout] 
[INFO] [stdout] warning: unused variable: `bus`
[INFO] [stdout]    --> src/simtools/signal.rs:379:13
[INFO] [stdout]     |
[INFO] [stdout] 379 |         let bus = Bus::try_from(vec![SigDef::new("b", "u"), SigDef::new("b", "u")]).unwrap();
[INFO] [stdout]     |             ^^^ help: if this is intentional, prefix it with an underscore: `_bus`
[INFO] [stdout]     |
[INFO] [stdout]     = note: `#[warn(unused_variables)]` on by default
[INFO] [stdout] 
[INFO] [stdout] 
[INFO] [stdout] warning: unused variable: `bus`
[INFO] [stdout]    --> src/simtools/signal.rs:381:13
[INFO] [stdout]     |
[INFO] [stdout] 381 |         let bus = Bus::try_from(vec![Signal::new(0.0, "b", "u"), Signal::new(0.0, "b", "u")]).unwrap();
[INFO] [stdout]     |             ^^^ help: if this is intentional, prefix it with an underscore: `_bus`
[INFO] [stdout] 
[INFO] [stdout] 
[INFO] [stdout] warning: unused variable: `model`
[INFO] [stdout]    --> src/simtools/simmodel.rs:646:13
[INFO] [stdout]     |
[INFO] [stdout] 646 |         let model = SpaceStateModel::new("model", &state_def, &input_def, &output_def, SolverType::Euler).unwrap();
[INFO] [stdout]     |             ^^^^^ help: if this is intentional, prefix it with an underscore: `_model`
[INFO] [stdout] 
[INFO] [stdout] 
[INFO] [stdout] warning: unused variable: `time`
[INFO] [stdout]    --> src/simtools/simrunner.rs:117:32
[INFO] [stdout]     |
[INFO] [stdout] 117 |         fn step_sim(&mut self, time: f64) -> anyhow::Result<()> {
[INFO] [stdout]     |                                ^^^^ help: if this is intentional, prefix it with an underscore: `_time`
[INFO] [stdout] 
[INFO] [stdout] 
[INFO] [stdout] warning: function `print_typename` is never used
[INFO] [stdout]    --> src/simtools/simmodel.rs:562:8
[INFO] [stdout]     |
[INFO] [stdout] 562 |     fn print_typename<T>(_: T) {
[INFO] [stdout]     |        ^^^^^^^^^^^^^^
[INFO] [stdout]     |
[INFO] [stdout]     = note: `#[warn(dead_code)]` on by default
[INFO] [stdout] 
[INFO] [stdout] 
[INFO] [stdout] warning: fields `rball`, `mu`, `k`, and `m0` are never read
[INFO] [stdout]    --> src/simtools/simrunner.rs:219:9
[INFO] [stdout]     |
[INFO] [stdout] 217 |     struct BallAndBeam {
[INFO] [stdout]     |            ----------- fields in this struct
[INFO] [stdout] 218 |         x: DMatrix<f64>, // 状態ベクトル
[INFO] [stdout] 219 |         rball: f64, // ボールの半径[m]
[INFO] [stdout]     |         ^^^^^
[INFO] [stdout] ...
[INFO] [stdout] 223 |         mu: f64, // ボールの転がり抵抗係数[-]
[INFO] [stdout]     |         ^^
[INFO] [stdout] 224 |         k: f64, // 空気抵抗係数[N/(m/s)^2]
[INFO] [stdout]     |         ^
[INFO] [stdout] 225 |         m0: f64, // 途中計算
[INFO] [stdout]     |         ^^
[INFO] [stdout] 
[INFO] [stdout] 
[INFO] [stdout] warning: unused `Result` that must be used
[INFO] [stdout]    --> src/simtools/simmodel.rs:483:9
[INFO] [stdout]     |
[INFO] [stdout] 483 |         input_bus.set_sigdef(input_def);
[INFO] [stdout]     |         ^^^^^^^^^^^^^^^^^^^^^^^^^^^^^^^
[INFO] [stdout]     |
[INFO] [stdout]     = note: this `Result` may be an `Err` variant, which should be handled
[INFO] [stdout]     = note: `#[warn(unused_must_use)]` on by default
[INFO] [stdout] help: use `let _ = ...` to ignore the resulting value
[INFO] [stdout]     |
[INFO] [stdout] 483 |         let _ = input_bus.set_sigdef(input_def);
[INFO] [stdout]     |         +++++++
[INFO] [stdout] 
[INFO] [stdout] 
[INFO] [stdout] warning: unused `Result` that must be used
[INFO] [stdout]    --> src/simtools/simmodel.rs:486:9
[INFO] [stdout]     |
[INFO] [stdout] 486 |         output_bus.set_sigdef(output_def);
[INFO] [stdout]     |         ^^^^^^^^^^^^^^^^^^^^^^^^^^^^^^^^^
[INFO] [stdout]     |
[INFO] [stdout]     = note: this `Result` may be an `Err` variant, which should be handled
[INFO] [stdout] help: use `let _ = ...` to ignore the resulting value
[INFO] [stdout]     |
[INFO] [stdout] 486 |         let _ = output_bus.set_sigdef(output_def);
[INFO] [stdout]     |         +++++++
[INFO] [stdout] 
[INFO] [stdout] 
[INFO] [stdout] warning: unused `Result` that must be used
[INFO] [stdout]    --> src/simtools/simmodel.rs:489:9
[INFO] [stdout]     |
[INFO] [stdout] 489 |         target_bus.set_sigdef(target_def);
[INFO] [stdout]     |         ^^^^^^^^^^^^^^^^^^^^^^^^^^^^^^^^^
[INFO] [stdout]     |
[INFO] [stdout]     = note: this `Result` may be an `Err` variant, which should be handled
[INFO] [stdout] help: use `let _ = ...` to ignore the resulting value
[INFO] [stdout]     |
[INFO] [stdout] 489 |         let _ = target_bus.set_sigdef(target_def);
[INFO] [stdout]     |         +++++++
[INFO] [stdout] 
[INFO] [stdout] 
[INFO] [stderr]     Finished `test` profile [unoptimized + debuginfo] target(s) in 3.27s
[INFO] running `Command { std: "docker" "inspect" "11635dd26ed6ae0cea71fb1a872371c9bb076158d5c00332766d0f6703c729b6", kill_on_drop: false }`
[INFO] running `Command { std: "docker" "rm" "-f" "11635dd26ed6ae0cea71fb1a872371c9bb076158d5c00332766d0f6703c729b6", kill_on_drop: false }`
[INFO] [stdout] 11635dd26ed6ae0cea71fb1a872371c9bb076158d5c00332766d0f6703c729b6
[INFO] running `Command { std: "docker" "create" "-v" "/var/lib/crater-agent-workspace/builds/worker-5-tc2/target:/opt/rustwide/target:rw,Z" "-v" "/var/lib/crater-agent-workspace/builds/worker-5-tc2/source:/opt/rustwide/workdir:ro,Z" "-v" "/var/lib/crater-agent-workspace/cargo-home:/opt/rustwide/cargo-home:ro,Z" "-v" "/var/lib/crater-agent-workspace/rustup-home:/opt/rustwide/rustup-home:ro,Z" "-e" "SOURCE_DIR=/opt/rustwide/workdir" "-e" "CARGO_TARGET_DIR=/opt/rustwide/target" "-e" "CARGO_INCREMENTAL=0" "-e" "RUST_BACKTRACE=full" "-e" "RUSTFLAGS=--cap-lints=warn" "-e" "RUSTDOCFLAGS=--cap-lints=warn" "-e" "CARGO_HOME=/opt/rustwide/cargo-home" "-e" "RUSTUP_HOME=/opt/rustwide/rustup-home" "-w" "/opt/rustwide/workdir" "-m" "1610612736" "--user" "0:0" "--network" "none" "ghcr.io/rust-lang/crates-build-env/linux@sha256:f3a9d4ad9d972b27faf3965f35b62e55ba32bbce8f20bc8fe909558a86702fde" "/opt/rustwide/cargo-home/bin/cargo" "+beta-2024-12-08" "test" "--frozen", kill_on_drop: false }`
[INFO] [stdout] 9089a71babb42fe7b6a5243f7a8402be9b368aa13b65584f34e1a51fa0fbcf09
[INFO] running `Command { std: "docker" "start" "-a" "9089a71babb42fe7b6a5243f7a8402be9b368aa13b65584f34e1a51fa0fbcf09", kill_on_drop: false }`
[INFO] [stderr] warning: unused import: `DVector`
[INFO] [stderr]  --> src/simtools/simcommon.rs:2:10
[INFO] [stderr]   |
[INFO] [stderr] 2 | use na::{DVector};
[INFO] [stderr]   |          ^^^^^^^
[INFO] [stderr]   |
[INFO] [stderr]   = note: `#[warn(unused_imports)]` on by default
[INFO] [stderr] 
[INFO] [stderr] warning: unused import: `Context`
[INFO] [stderr]  --> src/simtools/simcommon.rs:4:14
[INFO] [stderr]   |
[INFO] [stderr] 4 | use anyhow::{Context};
[INFO] [stderr]   |              ^^^^^^^
[INFO] [stderr] 
[INFO] [stderr] warning: unused import: `PI`
[INFO] [stderr]  --> src/simtools/simrunner.rs:4:24
[INFO] [stderr]   |
[INFO] [stderr] 4 | use std::f64::consts::{PI};
[INFO] [stderr]   |                        ^^
[INFO] [stderr] 
[INFO] [stderr] warning: unused `Result` that must be used
[INFO] [stderr]    --> src/simtools/simmodel.rs:483:9
[INFO] [stderr]     |
[INFO] [stderr] 483 |         input_bus.set_sigdef(input_def);
[INFO] [stderr]     |         ^^^^^^^^^^^^^^^^^^^^^^^^^^^^^^^
[INFO] [stderr]     |
[INFO] [stderr]     = note: this `Result` may be an `Err` variant, which should be handled
[INFO] [stderr]     = note: `#[warn(unused_must_use)]` on by default
[INFO] [stderr] help: use `let _ = ...` to ignore the resulting value
[INFO] [stderr]     |
[INFO] [stderr] 483 |         let _ = input_bus.set_sigdef(input_def);
[INFO] [stderr]     |         +++++++
[INFO] [stderr] 
[INFO] [stderr] warning: unused `Result` that must be used
[INFO] [stderr]    --> src/simtools/simmodel.rs:486:9
[INFO] [stderr]     |
[INFO] [stderr] 486 |         output_bus.set_sigdef(output_def);
[INFO] [stderr]     |         ^^^^^^^^^^^^^^^^^^^^^^^^^^^^^^^^^
[INFO] [stderr]     |
[INFO] [stderr]     = note: this `Result` may be an `Err` variant, which should be handled
[INFO] [stderr] help: use `let _ = ...` to ignore the resulting value
[INFO] [stderr]     |
[INFO] [stderr] 486 |         let _ = output_bus.set_sigdef(output_def);
[INFO] [stderr]     |         +++++++
[INFO] [stderr] 
[INFO] [stderr] warning: unused `Result` that must be used
[INFO] [stderr]    --> src/simtools/simmodel.rs:489:9
[INFO] [stderr]     |
[INFO] [stderr] 489 |         target_bus.set_sigdef(target_def);
[INFO] [stderr]     |         ^^^^^^^^^^^^^^^^^^^^^^^^^^^^^^^^^
[INFO] [stderr]     |
[INFO] [stderr]     = note: this `Result` may be an `Err` variant, which should be handled
[INFO] [stderr] help: use `let _ = ...` to ignore the resulting value
[INFO] [stderr]     |
[INFO] [stderr] 489 |         let _ = target_bus.set_sigdef(target_def);
[INFO] [stderr]     |         +++++++
[INFO] [stderr] 
[INFO] [stderr] warning: unused variable: `bus`
[INFO] [stderr]    --> src/simtools/signal.rs:379:13
[INFO] [stderr]     |
[INFO] [stderr] 379 |         let bus = Bus::try_from(vec![SigDef::new("b", "u"), SigDef::new("b", "u")]).unwrap();
[INFO] [stderr]     |             ^^^ help: if this is intentional, prefix it with an underscore: `_bus`
[INFO] [stderr]     |
[INFO] [stderr]     = note: `#[warn(unused_variables)]` on by default
[INFO] [stderr] 
[INFO] [stderr] warning: unused variable: `bus`
[INFO] [stderr]    --> src/simtools/signal.rs:381:13
[INFO] [stderr]     |
[INFO] [stderr] 381 |         let bus = Bus::try_from(vec![Signal::new(0.0, "b", "u"), Signal::new(0.0, "b", "u")]).unwrap();
[INFO] [stderr]     |             ^^^ help: if this is intentional, prefix it with an underscore: `_bus`
[INFO] [stderr] 
[INFO] [stderr] warning: unused variable: `model`
[INFO] [stderr]    --> src/simtools/simmodel.rs:646:13
[INFO] [stderr]     |
[INFO] [stderr] 646 |         let model = SpaceStateModel::new("model", &state_def, &input_def, &output_def, SolverType::Euler).unwrap();
[INFO] [stderr]     |             ^^^^^ help: if this is intentional, prefix it with an underscore: `_model`
[INFO] [stderr] 
[INFO] [stderr] warning: unused variable: `time`
[INFO] [stderr]    --> src/simtools/simrunner.rs:117:32
[INFO] [stderr]     |
[INFO] [stderr] 117 |         fn step_sim(&mut self, time: f64) -> anyhow::Result<()> {
[INFO] [stderr]     |                                ^^^^ help: if this is intentional, prefix it with an underscore: `_time`
[INFO] [stderr] 
[INFO] [stderr] warning: function `print_typename` is never used
[INFO] [stderr]    --> src/simtools/simmodel.rs:562:8
[INFO] [stderr]     |
[INFO] [stderr] 562 |     fn print_typename<T>(_: T) {
[INFO] [stderr]     |        ^^^^^^^^^^^^^^
[INFO] [stderr]     |
[INFO] [stderr]     = note: `#[warn(dead_code)]` on by default
[INFO] [stderr] 
[INFO] [stderr] warning: fields `rball`, `mu`, `k`, and `m0` are never read
[INFO] [stderr]    --> src/simtools/simrunner.rs:219:9
[INFO] [stderr]     |
[INFO] [stderr] 217 |     struct BallAndBeam {
[INFO] [stderr]     |            ----------- fields in this struct
[INFO] [stderr] 218 |         x: DMatrix<f64>, // 状態ベクトル
[INFO] [stderr] 219 |         rball: f64, // ボールの半径[m]
[INFO] [stderr]     |         ^^^^^
[INFO] [stderr] ...
[INFO] [stderr] 223 |         mu: f64, // ボールの転がり抵抗係数[-]
[INFO] [stderr]     |         ^^
[INFO] [stderr] 224 |         k: f64, // 空気抵抗係数[N/(m/s)^2]
[INFO] [stderr]     |         ^
[INFO] [stderr] 225 |         m0: f64, // 途中計算
[INFO] [stderr]     |         ^^
[INFO] [stderr] 
[INFO] [stderr] warning: `mintsim` (lib) generated 6 warnings (run `cargo fix --lib -p mintsim` to apply 3 suggestions)
[INFO] [stderr] warning: `mintsim` (lib test) generated 11 warnings (5 duplicates)
[INFO] [stderr]     Finished `test` profile [unoptimized + debuginfo] target(s) in 0.09s
[INFO] [stderr]      Running unittests src/lib.rs (/opt/rustwide/target/debug/deps/mintsim-57f6cd8d656ebb23)
[INFO] [stdout] 
[INFO] [stdout] running 25 tests
[INFO] [stdout] test simtools::signal::signal_test::bus_tryfrom_test ... ok
[INFO] [stdout] test simtools::signal::signal_test::buscreate_test ... ok
[INFO] [stdout] test simtools::signal::signal_test::printtest ... ok
[INFO] [stdout] test simtools::signal::signal_test::busiter_test ... ok
[INFO] [stdout] test simtools::signal::signal_test::signaltest ... ok
[INFO] [stdout] test simtools::simmodel::simmodel_test::ssm_interfacetest ... ok
[INFO] [stdout] test simtools::simmodel::simmodel_test::ssm_settest ... ok
[INFO] [stdout] test simtools::simmodel::simmodel_test::tf_settest ... ok
[INFO] [stdout] test simtools::signal::signal_test::busaccess_test ... ok
[INFO] [stdout] test simtools::signal::signal_test::bus_tryfrom_failtest - should panic ... ok
[INFO] [stdout] test simtools::simmodel::simmodel_test::ssm_initstate_errtest - should panic ... ok
[INFO] [stdout] test simtools::simmodel::simmodel_test::ssm_set_errtest - should panic ... ok
[INFO] [stdout] test simtools::simmodel::simmodel_test::ssm_set_mtrx_a_errtest - should panic ... ok
[INFO] [stdout] test simtools::simmodel::simmodel_test::ssm_setu_errtest - should panic ... ok
[INFO] [stdout] test simtools::simmodel::simmodel_test::ssm_set_mtrx_c_errtest - should panic ... ok
[INFO] [stdout] test simtools::simmodel::simmodel_test::ssm_set_mtrx_b_errtest - should panic ... ok
[INFO] [stdout] test simtools::simmodel::simmodel_test::ssm_set_x_errtest - should panic ... ok
[INFO] [stdout] test simtools::simmodel::simmodel_test::tf_set_errtest2 - should panic ... ok
[INFO] [stdout] test simtools::simmodel::simmodel_test::tf_set_errtest1 - should panic ... ok
[INFO] [stdout] test simtools::simmodel::simmodel_test::ssm_set_mtrx_d_errtest - should panic ... ok
[INFO] [stdout] test simtools::simscope::scope_test::scope_pushtest ... FAILED
[INFO] [stdout] test simtools::simrunner::simrun_test::simplemodel_test ... ok
[INFO] [stdout] test simtools::simrunner::simrun_test::integrator_test ... FAILED
[INFO] [stdout] test simtools::simrunner::simrun_test::bab_test ... FAILED
[INFO] [stdout] test simtools::simrunner::simrun_test::rlc_test ... FAILED
[INFO] [stdout] 
[INFO] [stdout] failures:
[INFO] [stdout] 
[INFO] [stdout] ---- simtools::simscope::scope_test::scope_pushtest stdout ----
[INFO] [stdout] thread 'simtools::simscope::scope_test::scope_pushtest' panicked at src/simtools/simscope.rs:48:62:
[INFO] [stdout] called `Result::unwrap()` on an `Err` value: Os { code: 30, kind: ReadOnlyFilesystem, message: "Read-only file system" }
[INFO] [stdout] stack backtrace:
[INFO] [stdout]    0:     0x64250e9d8c4a - std::backtrace_rs::backtrace::libunwind::trace::h8810477743020387
[INFO] [stdout]                                at /rustc/202008a1b8de96d2e5b6bc02d379db03a877d34d/library/std/src/../../backtrace/src/backtrace/libunwind.rs:116:5
[INFO] [stdout]    1:     0x64250e9d8c4a - std::backtrace_rs::backtrace::trace_unsynchronized::h3aa55355dd6c54a6
[INFO] [stdout]                                at /rustc/202008a1b8de96d2e5b6bc02d379db03a877d34d/library/std/src/../../backtrace/src/backtrace/mod.rs:66:5
[INFO] [stdout]    2:     0x64250e9d8c4a - std::sys::backtrace::_print_fmt::h8588b0f62410823f
[INFO] [stdout]                                at /rustc/202008a1b8de96d2e5b6bc02d379db03a877d34d/library/std/src/sys/backtrace.rs:66:9
[INFO] [stdout]    3:     0x64250e9d8c4a - <std::sys::backtrace::BacktraceLock::print::DisplayBacktrace as core::fmt::Display>::fmt::h98c26ac25ffe89bb
[INFO] [stdout]                                at /rustc/202008a1b8de96d2e5b6bc02d379db03a877d34d/library/std/src/sys/backtrace.rs:39:26
[INFO] [stdout]    4:     0x64250ea001b3 - core::fmt::rt::Argument::fmt::hf95377f4aebd453b
[INFO] [stdout]                                at /rustc/202008a1b8de96d2e5b6bc02d379db03a877d34d/library/core/src/fmt/rt.rs:177:76
[INFO] [stdout]    5:     0x64250ea001b3 - core::fmt::write::h0dd5f6e2238c7982
[INFO] [stdout]                                at /rustc/202008a1b8de96d2e5b6bc02d379db03a877d34d/library/core/src/fmt/mod.rs:1189:21
[INFO] [stdout]    6:     0x64250e9d5d23 - std::io::Write::write_fmt::h03bb0ca26e6faf8c
[INFO] [stdout]                                at /rustc/202008a1b8de96d2e5b6bc02d379db03a877d34d/library/std/src/io/mod.rs:1884:15
[INFO] [stdout]    7:     0x64250e9d8a92 - std::sys::backtrace::BacktraceLock::print::h5c19c1c038ee186d
[INFO] [stdout]                                at /rustc/202008a1b8de96d2e5b6bc02d379db03a877d34d/library/std/src/sys/backtrace.rs:42:9
[INFO] [stdout]    8:     0x64250e9da0cd - std::panicking::default_hook::{{closure}}::h77172f079a1fcb13
[INFO] [stdout]                                at /rustc/202008a1b8de96d2e5b6bc02d379db03a877d34d/library/std/src/panicking.rs:268:22
[INFO] [stdout]    9:     0x64250e9d9ed7 - std::panicking::default_hook::he5f8e3b203ccddba
[INFO] [stdout]                                at /rustc/202008a1b8de96d2e5b6bc02d379db03a877d34d/library/std/src/panicking.rs:292:9
[INFO] [stdout]   10:     0x64250e89b6e7 - <alloc::boxed::Box<F,A> as core::ops::function::Fn<Args>>::call::h7a3c7b4a1ae77f2f
[INFO] [stdout]                                at /rustc/202008a1b8de96d2e5b6bc02d379db03a877d34d/library/alloc/src/boxed.rs:1986:9
[INFO] [stdout]   11:     0x64250e89b6e7 - test::test_main::{{closure}}::hf0d3b69ae9b353d1
[INFO] [stdout]                                at /rustc/202008a1b8de96d2e5b6bc02d379db03a877d34d/library/test/src/lib.rs:134:21
[INFO] [stdout]   12:     0x64250e9da778 - <alloc::boxed::Box<F,A> as core::ops::function::Fn<Args>>::call::h6332e82e7b189abd
[INFO] [stdout]                                at /rustc/202008a1b8de96d2e5b6bc02d379db03a877d34d/library/alloc/src/boxed.rs:1986:9
[INFO] [stdout]   13:     0x64250e9da778 - std::panicking::rust_panic_with_hook::h53863d4e9018df39
[INFO] [stdout]                                at /rustc/202008a1b8de96d2e5b6bc02d379db03a877d34d/library/std/src/panicking.rs:809:13
[INFO] [stdout]   14:     0x64250e9da53a - std::panicking::begin_panic_handler::{{closure}}::h67280e6fa0757873
[INFO] [stdout]                                at /rustc/202008a1b8de96d2e5b6bc02d379db03a877d34d/library/std/src/panicking.rs:674:13
[INFO] [stdout]   15:     0x64250e9d9129 - std::sys::backtrace::__rust_end_short_backtrace::h1dac3f54d6fbbeb2
[INFO] [stdout]                                at /rustc/202008a1b8de96d2e5b6bc02d379db03a877d34d/library/std/src/sys/backtrace.rs:170:18
[INFO] [stdout]   16:     0x64250e9da1cc - rust_begin_unwind
[INFO] [stdout]                                at /rustc/202008a1b8de96d2e5b6bc02d379db03a877d34d/library/std/src/panicking.rs:665:5
[INFO] [stdout]   17:     0x64250e7d40b0 - core::panicking::panic_fmt::h6792bd1b2bf01041
[INFO] [stdout]                                at /rustc/202008a1b8de96d2e5b6bc02d379db03a877d34d/library/core/src/panicking.rs:76:14
[INFO] [stdout]   18:     0x64250e7d44f6 - core::result::unwrap_failed::h05e0602ed34287c5
[INFO] [stdout]                                at /rustc/202008a1b8de96d2e5b6bc02d379db03a877d34d/library/core/src/result.rs:1699:5
[INFO] [stdout]   19:     0x64250e85ae80 - core::result::Result<T,E>::unwrap::h3f0947512d72e3dc
[INFO] [stdout]                                at /rustc/202008a1b8de96d2e5b6bc02d379db03a877d34d/library/core/src/result.rs:1104:23
[INFO] [stdout]   20:     0x64250e85ae80 - mintsim::simtools::simscope::SimScope::export::h67f0050bb4ee7182
[INFO] [stdout]                                at /opt/rustwide/workdir/src/simtools/simscope.rs:48:39
[INFO] [stdout]   21:     0x64250e7fd9c4 - mintsim::simtools::simscope::scope_test::scope_pushtest::h16ec4491014482b9
[INFO] [stdout]                                at /opt/rustwide/workdir/src/simtools/simscope.rs:151:9
[INFO] [stdout]   22:     0x64250e7fd527 - mintsim::simtools::simscope::scope_test::scope_pushtest::{{closure}}::he0d4bb1220a1012a
[INFO] [stdout]                                at /opt/rustwide/workdir/src/simtools/simscope.rs:134:24
[INFO] [stdout]   23:     0x64250e8185c6 - core::ops::function::FnOnce::call_once::heba5213fd6808219
[INFO] [stdout]                                at /rustc/202008a1b8de96d2e5b6bc02d379db03a877d34d/library/core/src/ops/function.rs:250:5
[INFO] [stdout]   24:     0x64250e8a020b - core::ops::function::FnOnce::call_once::h871bf86719ec9aa4
[INFO] [stdout]                                at /rustc/202008a1b8de96d2e5b6bc02d379db03a877d34d/library/core/src/ops/function.rs:250:5
[INFO] [stdout]   25:     0x64250e8a020b - test::__rust_begin_short_backtrace::h2167df1e2b7d76fd
[INFO] [stdout]                                at /rustc/202008a1b8de96d2e5b6bc02d379db03a877d34d/library/test/src/lib.rs:632:18
[INFO] [stdout]   26:     0x64250e89fbf8 - test::run_test_in_process::{{closure}}::h15d92f75a3adfb79
[INFO] [stdout]                                at /rustc/202008a1b8de96d2e5b6bc02d379db03a877d34d/library/test/src/lib.rs:655:60
[INFO] [stdout]   27:     0x64250e89fbf8 - <core::panic::unwind_safe::AssertUnwindSafe<F> as core::ops::function::FnOnce<()>>::call_once::hb6c8955835a8dbbb
[INFO] [stdout]                                at /rustc/202008a1b8de96d2e5b6bc02d379db03a877d34d/library/core/src/panic/unwind_safe.rs:272:9
[INFO] [stdout]   28:     0x64250e89fbf8 - std::panicking::try::do_call::hc79d0fc888a0bd30
[INFO] [stdout]                                at /rustc/202008a1b8de96d2e5b6bc02d379db03a877d34d/library/std/src/panicking.rs:557:40
[INFO] [stdout]   29:     0x64250e89fbf8 - std::panicking::try::hb8a7878e3a8589d6
[INFO] [stdout]                                at /rustc/202008a1b8de96d2e5b6bc02d379db03a877d34d/library/std/src/panicking.rs:520:19
[INFO] [stdout]   30:     0x64250e89fbf8 - std::panic::catch_unwind::hb8e4600ff0ff5cfa
[INFO] [stdout]                                at /rustc/202008a1b8de96d2e5b6bc02d379db03a877d34d/library/std/src/panic.rs:358:14
[INFO] [stdout]   31:     0x64250e89fbf8 - test::run_test_in_process::hc2900b0b18688dd6
[INFO] [stdout]                                at /rustc/202008a1b8de96d2e5b6bc02d379db03a877d34d/library/test/src/lib.rs:655:27
[INFO] [stdout]   32:     0x64250e89fbf8 - test::run_test::{{closure}}::hac2a9cb07be3d48d
[INFO] [stdout]                                at /rustc/202008a1b8de96d2e5b6bc02d379db03a877d34d/library/test/src/lib.rs:576:43
[INFO] [stdout]   33:     0x64250e86369a - test::run_test::{{closure}}::h4a5b729e66a38cd8
[INFO] [stdout]                                at /rustc/202008a1b8de96d2e5b6bc02d379db03a877d34d/library/test/src/lib.rs:606:41
[INFO] [stdout]   34:     0x64250e86369a - std::sys::backtrace::__rust_begin_short_backtrace::h0496fb742492f573
[INFO] [stdout]                                at /rustc/202008a1b8de96d2e5b6bc02d379db03a877d34d/library/std/src/sys/backtrace.rs:154:18
[INFO] [stdout]   35:     0x64250e867014 - std::thread::Builder::spawn_unchecked_::{{closure}}::{{closure}}::hbb6d257c550a54bd
[INFO] [stdout]                                at /rustc/202008a1b8de96d2e5b6bc02d379db03a877d34d/library/std/src/thread/mod.rs:561:17
[INFO] [stdout]   36:     0x64250e867014 - <core::panic::unwind_safe::AssertUnwindSafe<F> as core::ops::function::FnOnce<()>>::call_once::h46696fe4a6832328
[INFO] [stdout]                                at /rustc/202008a1b8de96d2e5b6bc02d379db03a877d34d/library/core/src/panic/unwind_safe.rs:272:9
[INFO] [stdout]   37:     0x64250e867014 - std::panicking::try::do_call::h2625a51b667bfb64
[INFO] [stdout]                                at /rustc/202008a1b8de96d2e5b6bc02d379db03a877d34d/library/std/src/panicking.rs:557:40
[INFO] [stdout]   38:     0x64250e867014 - std::panicking::try::hb956a59a1973aa4c
[INFO] [stdout]                                at /rustc/202008a1b8de96d2e5b6bc02d379db03a877d34d/library/std/src/panicking.rs:520:19
[INFO] [stdout]   39:     0x64250e867014 - std::panic::catch_unwind::h64f3b9d1067ef6a0
[INFO] [stdout]                                at /rustc/202008a1b8de96d2e5b6bc02d379db03a877d34d/library/std/src/panic.rs:358:14
[INFO] [stdout]   40:     0x64250e867014 - std::thread::Builder::spawn_unchecked_::{{closure}}::h42b2841295b6c0b2
[INFO] [stdout]                                at /rustc/202008a1b8de96d2e5b6bc02d379db03a877d34d/library/std/src/thread/mod.rs:559:30
[INFO] [stdout]   41:     0x64250e867014 - core::ops::function::FnOnce::call_once{{vtable.shim}}::h6127de71b8124639
[INFO] [stdout]                                at /rustc/202008a1b8de96d2e5b6bc02d379db03a877d34d/library/core/src/ops/function.rs:250:5
[INFO] [stdout]   42:     0x64250e9de6cb - <alloc::boxed::Box<F,A> as core::ops::function::FnOnce<Args>>::call_once::h42f0ba71002a1b2c
[INFO] [stdout]                                at /rustc/202008a1b8de96d2e5b6bc02d379db03a877d34d/library/alloc/src/boxed.rs:1972:9
[INFO] [stdout]   43:     0x64250e9de6cb - <alloc::boxed::Box<F,A> as core::ops::function::FnOnce<Args>>::call_once::had9e47d7a3dcecb8
[INFO] [stdout]                                at /rustc/202008a1b8de96d2e5b6bc02d379db03a877d34d/library/alloc/src/boxed.rs:1972:9
[INFO] [stdout]   44:     0x64250e9de6cb - std::sys::pal::unix::thread::Thread::new::thread_start::h48cf765408f6f5f2
[INFO] [stdout]                                at /rustc/202008a1b8de96d2e5b6bc02d379db03a877d34d/library/std/src/sys/pal/unix/thread.rs:105:17
[INFO] [stdout]   45:     0x7547ada4dac3 - <unknown>
[INFO] [stdout]   46:     0x7547adadea04 - clone
[INFO] [stdout]   47:                0x0 - <unknown>
[INFO] [stdout] 
[INFO] [stdout] ---- simtools::simrunner::simrun_test::integrator_test stdout ----
[INFO] [stdout] processing now ... 10%
[INFO] [stdout] 
[INFO] [stdout] processing now ... 20%
[INFO] [stdout] 
[INFO] [stdout] processing now ... 30%
[INFO] [stdout] 
[INFO] [stdout] processing now ... 40%
[INFO] [stdout] 
[INFO] [stdout] processing now ... 50%
[INFO] [stdout] 
[INFO] [stdout] processing now ... 60%
[INFO] [stdout] 
[INFO] [stdout] processing now ... 70%
[INFO] [stdout] 
[INFO] [stdout] processing now ... 80%
[INFO] [stdout] 
[INFO] [stdout] processing now ... 90%
[INFO] [stdout] 
[INFO] [stdout] thread 'simtools::simrunner::simrun_test::integrator_test' panicked at src/simtools/simscope.rs:48:62:
[INFO] [stdout] called `Result::unwrap()` on an `Err` value: Os { code: 30, kind: ReadOnlyFilesystem, message: "Read-only file system" }
[INFO] [stdout] stack backtrace:
[INFO] [stdout]    0:     0x64250e9d8c4a - std::backtrace_rs::backtrace::libunwind::trace::h8810477743020387
[INFO] [stdout]                                at /rustc/202008a1b8de96d2e5b6bc02d379db03a877d34d/library/std/src/../../backtrace/src/backtrace/libunwind.rs:116:5
[INFO] [stdout]    1:     0x64250e9d8c4a - std::backtrace_rs::backtrace::trace_unsynchronized::h3aa55355dd6c54a6
[INFO] [stdout]                                at /rustc/202008a1b8de96d2e5b6bc02d379db03a877d34d/library/std/src/../../backtrace/src/backtrace/mod.rs:66:5
[INFO] [stdout]    2:     0x64250e9d8c4a - std::sys::backtrace::_print_fmt::h8588b0f62410823f
[INFO] [stdout]                                at /rustc/202008a1b8de96d2e5b6bc02d379db03a877d34d/library/std/src/sys/backtrace.rs:66:9
[INFO] [stdout]    3:     0x64250e9d8c4a - <std::sys::backtrace::BacktraceLock::print::DisplayBacktrace as core::fmt::Display>::fmt::h98c26ac25ffe89bb
[INFO] [stdout]                                at /rustc/202008a1b8de96d2e5b6bc02d379db03a877d34d/library/std/src/sys/backtrace.rs:39:26
[INFO] [stdout]    4:     0x64250ea001b3 - core::fmt::rt::Argument::fmt::hf95377f4aebd453b
[INFO] [stdout]                                at /rustc/202008a1b8de96d2e5b6bc02d379db03a877d34d/library/core/src/fmt/rt.rs:177:76
[INFO] [stdout]    5:     0x64250ea001b3 - core::fmt::write::h0dd5f6e2238c7982
[INFO] [stdout]                                at /rustc/202008a1b8de96d2e5b6bc02d379db03a877d34d/library/core/src/fmt/mod.rs:1189:21
[INFO] [stdout]    6:     0x64250e9d5d23 - std::io::Write::write_fmt::h03bb0ca26e6faf8c
[INFO] [stdout]                                at /rustc/202008a1b8de96d2e5b6bc02d379db03a877d34d/library/std/src/io/mod.rs:1884:15
[INFO] [stdout]    7:     0x64250e9d8a92 - std::sys::backtrace::BacktraceLock::print::h5c19c1c038ee186d
[INFO] [stdout]                                at /rustc/202008a1b8de96d2e5b6bc02d379db03a877d34d/library/std/src/sys/backtrace.rs:42:9
[INFO] [stdout]    8:     0x64250e9da0cd - std::panicking::default_hook::{{closure}}::h77172f079a1fcb13
[INFO] [stdout]                                at /rustc/202008a1b8de96d2e5b6bc02d379db03a877d34d/library/std/src/panicking.rs:268:22
[INFO] [stdout]    9:     0x64250e9d9ed7 - std::panicking::default_hook::he5f8e3b203ccddba
[INFO] [stdout]                                at /rustc/202008a1b8de96d2e5b6bc02d379db03a877d34d/library/std/src/panicking.rs:292:9
[INFO] [stdout]   10:     0x64250e89b6e7 - <alloc::boxed::Box<F,A> as core::ops::function::Fn<Args>>::call::h7a3c7b4a1ae77f2f
[INFO] [stdout]                                at /rustc/202008a1b8de96d2e5b6bc02d379db03a877d34d/library/alloc/src/boxed.rs:1986:9
[INFO] [stdout]   11:     0x64250e89b6e7 - test::test_main::{{closure}}::hf0d3b69ae9b353d1
[INFO] [stdout]                                at /rustc/202008a1b8de96d2e5b6bc02d379db03a877d34d/library/test/src/lib.rs:134:21
[INFO] [stdout]   12:     0x64250e9da778 - <alloc::boxed::Box<F,A> as core::ops::function::Fn<Args>>::call::h6332e82e7b189abd
[INFO] [stdout]                                at /rustc/202008a1b8de96d2e5b6bc02d379db03a877d34d/library/alloc/src/boxed.rs:1986:9
[INFO] [stdout]   13:     0x64250e9da778 - std::panicking::rust_panic_with_hook::h53863d4e9018df39
[INFO] [stdout]                                at /rustc/202008a1b8de96d2e5b6bc02d379db03a877d34d/library/std/src/panicking.rs:809:13
[INFO] [stdout]   14:     0x64250e9da53a - std::panicking::begin_panic_handler::{{closure}}::h67280e6fa0757873
[INFO] [stdout]                                at /rustc/202008a1b8de96d2e5b6bc02d379db03a877d34d/library/std/src/panicking.rs:674:13
[INFO] [stdout]   15:     0x64250e9d9129 - std::sys::backtrace::__rust_end_short_backtrace::h1dac3f54d6fbbeb2
[INFO] [stdout]                                at /rustc/202008a1b8de96d2e5b6bc02d379db03a877d34d/library/std/src/sys/backtrace.rs:170:18
[INFO] [stdout]   16:     0x64250e9da1cc - rust_begin_unwind
[INFO] [stdout]                                at /rustc/202008a1b8de96d2e5b6bc02d379db03a877d34d/library/std/src/panicking.rs:665:5
[INFO] [stdout]   17:     0x64250e7d40b0 - core::panicking::panic_fmt::h6792bd1b2bf01041
[INFO] [stdout]                                at /rustc/202008a1b8de96d2e5b6bc02d379db03a877d34d/library/core/src/panicking.rs:76:14
[INFO] [stdout]   18:     0x64250e7d44f6 - core::result::unwrap_failed::h05e0602ed34287c5
[INFO] [stdout]                                at /rustc/202008a1b8de96d2e5b6bc02d379db03a877d34d/library/core/src/result.rs:1699:5
[INFO] [stdout]   19:     0x64250e85ae80 - core::result::Result<T,E>::unwrap::h3f0947512d72e3dc
[INFO] [stdout]                                at /rustc/202008a1b8de96d2e5b6bc02d379db03a877d34d/library/core/src/result.rs:1104:23
[INFO] [stdout]   20:     0x64250e85ae80 - mintsim::simtools::simscope::SimScope::export::h67f0050bb4ee7182
[INFO] [stdout]                                at /opt/rustwide/workdir/src/simtools/simscope.rs:48:39
[INFO] [stdout]   21:     0x64250e7f69f6 - <mintsim::simtools::simrunner::simrun_test::SimIntegrator as mintsim::simtools::simrunner::SimTarget>::after_sim::hc02f7057abc40c96
[INFO] [stdout]                                at /opt/rustwide/workdir/src/simtools/simrunner.rs:499:13
[INFO] [stdout]   22:     0x64250e80e12d - mintsim::simtools::simrunner::SimRunner<T>::run_sim::h383138056a31df15
[INFO] [stdout]                                at /opt/rustwide/workdir/src/simtools/simrunner.rs:80:9
[INFO] [stdout]   23:     0x64250e7fd3e7 - mintsim::simtools::simrunner::simrun_test::integrator_test::h34c6ad899dda4296
[INFO] [stdout]                                at /opt/rustwide/workdir/src/simtools/simrunner.rs:509:9
[INFO] [stdout]   24:     0x64250e7fd397 - mintsim::simtools::simrunner::simrun_test::integrator_test::{{closure}}::h56d20f0d4187351b
[INFO] [stdout]                                at /opt/rustwide/workdir/src/simtools/simrunner.rs:505:25
[INFO] [stdout]   25:     0x64250e818126 - core::ops::function::FnOnce::call_once::h8582702bb89cef51
[INFO] [stdout]                                at /rustc/202008a1b8de96d2e5b6bc02d379db03a877d34d/library/core/src/ops/function.rs:250:5
[INFO] [stdout]   26:     0x64250e8a020b - core::ops::function::FnOnce::call_once::h871bf86719ec9aa4
[INFO] [stdout]                                at /rustc/202008a1b8de96d2e5b6bc02d379db03a877d34d/library/core/src/ops/function.rs:250:5
[INFO] [stdout]   27:     0x64250e8a020b - test::__rust_begin_short_backtrace::h2167df1e2b7d76fd
[INFO] [stdout]                                at /rustc/202008a1b8de96d2e5b6bc02d379db03a877d34d/library/test/src/lib.rs:632:18
[INFO] [stdout]   28:     0x64250e89fbf8 - test::run_test_in_process::{{closure}}::h15d92f75a3adfb79
[INFO] [stdout]                                at /rustc/202008a1b8de96d2e5b6bc02d379db03a877d34d/library/test/src/lib.rs:655:60
[INFO] [stdout]   29:     0x64250e89fbf8 - <core::panic::unwind_safe::AssertUnwindSafe<F> as core::ops::function::FnOnce<()>>::call_once::hb6c8955835a8dbbb
[INFO] [stdout]                                at /rustc/202008a1b8de96d2e5b6bc02d379db03a877d34d/library/core/src/panic/unwind_safe.rs:272:9
[INFO] [stdout]   30:     0x64250e89fbf8 - std::panicking::try::do_call::hc79d0fc888a0bd30
[INFO] [stdout]                                at /rustc/202008a1b8de96d2e5b6bc02d379db03a877d34d/library/std/src/panicking.rs:557:40
[INFO] [stdout]   31:     0x64250e89fbf8 - std::panicking::try::hb8a7878e3a8589d6
[INFO] [stdout]                                at /rustc/202008a1b8de96d2e5b6bc02d379db03a877d34d/library/std/src/panicking.rs:520:19
[INFO] [stdout]   32:     0x64250e89fbf8 - std::panic::catch_unwind::hb8e4600ff0ff5cfa
[INFO] [stdout]                                at /rustc/202008a1b8de96d2e5b6bc02d379db03a877d34d/library/std/src/panic.rs:358:14
[INFO] [stdout]   33:     0x64250e89fbf8 - test::run_test_in_process::hc2900b0b18688dd6
[INFO] [stdout]                                at /rustc/202008a1b8de96d2e5b6bc02d379db03a877d34d/library/test/src/lib.rs:655:27
[INFO] [stdout]   34:     0x64250e89fbf8 - test::run_test::{{closure}}::hac2a9cb07be3d48d
[INFO] [stdout]                                at /rustc/202008a1b8de96d2e5b6bc02d379db03a877d34d/library/test/src/lib.rs:576:43
[INFO] [stdout]   35:     0x64250e86369a - test::run_test::{{closure}}::h4a5b729e66a38cd8
[INFO] [stdout]                                at /rustc/202008a1b8de96d2e5b6bc02d379db03a877d34d/library/test/src/lib.rs:606:41
[INFO] [stdout]   36:     0x64250e86369a - std::sys::backtrace::__rust_begin_short_backtrace::h0496fb742492f573
[INFO] [stdout]                                at /rustc/202008a1b8de96d2e5b6bc02d379db03a877d34d/library/std/src/sys/backtrace.rs:154:18
[INFO] [stdout]   37:     0x64250e867014 - std::thread::Builder::spawn_unchecked_::{{closure}}::{{closure}}::hbb6d257c550a54bd
[INFO] [stdout]                                at /rustc/202008a1b8de96d2e5b6bc02d379db03a877d34d/library/std/src/thread/mod.rs:561:17
[INFO] [stdout]   38:     0x64250e867014 - <core::panic::unwind_safe::AssertUnwindSafe<F> as core::ops::function::FnOnce<()>>::call_once::h46696fe4a6832328
[INFO] [stdout]                                at /rustc/202008a1b8de96d2e5b6bc02d379db03a877d34d/library/core/src/panic/unwind_safe.rs:272:9
[INFO] [stdout]   39:     0x64250e867014 - std::panicking::try::do_call::h2625a51b667bfb64
[INFO] [stdout]                                at /rustc/202008a1b8de96d2e5b6bc02d379db03a877d34d/library/std/src/panicking.rs:557:40
[INFO] [stdout]   40:     0x64250e867014 - std::panicking::try::hb956a59a1973aa4c
[INFO] [stdout]                                at /rustc/202008a1b8de96d2e5b6bc02d379db03a877d34d/library/std/src/panicking.rs:520:19
[INFO] [stdout]   41:     0x64250e867014 - std::panic::catch_unwind::h64f3b9d1067ef6a0
[INFO] [stdout]                                at /rustc/202008a1b8de96d2e5b6bc02d379db03a877d34d/library/std/src/panic.rs:358:14
[INFO] [stdout]   42:     0x64250e867014 - std::thread::Builder::spawn_unchecked_::{{closure}}::h42b2841295b6c0b2
[INFO] [stdout]                                at /rustc/202008a1b8de96d2e5b6bc02d379db03a877d34d/library/std/src/thread/mod.rs:559:30
[INFO] [stdout]   43:     0x64250e867014 - core::ops::function::FnOnce::call_once{{vtable.shim}}::h6127de71b8124639
[INFO] [stdout]                                at /rustc/202008a1b8de96d2e5b6bc02d379db03a877d34d/library/core/src/ops/function.rs:250:5
[INFO] [stdout]   44:     0x64250e9de6cb - <alloc::boxed::Box<F,A> as core::ops::function::FnOnce<Args>>::call_once::h42f0ba71002a1b2c
[INFO] [stdout]                                at /rustc/202008a1b8de96d2e5b6bc02d379db03a877d34d/library/alloc/src/boxed.rs:1972:9
[INFO] [stdout]   45:     0x64250e9de6cb - <alloc::boxed::Box<F,A> as core::ops::function::FnOnce<Args>>::call_once::had9e47d7a3dcecb8
[INFO] [stdout]                                at /rustc/202008a1b8de96d2e5b6bc02d379db03a877d34d/library/alloc/src/boxed.rs:1972:9
[INFO] [stdout]   46:     0x64250e9de6cb - std::sys::pal::unix::thread::Thread::new::thread_start::h48cf765408f6f5f2
[INFO] [stdout]                                at /rustc/202008a1b8de96d2e5b6bc02d379db03a877d34d/library/std/src/sys/pal/unix/thread.rs:105:17
[INFO] [stdout]   47:     0x7547ada4dac3 - <unknown>
[INFO] [stdout]   48:     0x7547adadea04 - clone
[INFO] [stdout]   49:                0x0 - <unknown>
[INFO] [stdout] 
[INFO] [stdout] ---- simtools::simrunner::simrun_test::bab_test stdout ----
[INFO] [stdout] processing now ... 10%
[INFO] [stdout] 
[INFO] [stdout] processing now ... 20%
[INFO] [stdout] 
[INFO] [stdout] processing now ... 30%
[INFO] [stdout] 
[INFO] [stdout] processing now ... 40%
[INFO] [stdout] 
[INFO] [stdout] processing now ... 50%
[INFO] [stdout] 
[INFO] [stdout] processing now ... 60%
[INFO] [stdout] 
[INFO] [stdout] processing now ... 70%
[INFO] [stdout] 
[INFO] [stdout] processing now ... 80%
[INFO] [stdout] 
[INFO] [stdout] processing now ... 90%
[INFO] [stdout] 
[INFO] [stdout] thread 'simtools::simrunner::simrun_test::bab_test' panicked at src/simtools/simscope.rs:48:62:
[INFO] [stdout] called `Result::unwrap()` on an `Err` value: Os { code: 30, kind: ReadOnlyFilesystem, message: "Read-only file system" }
[INFO] [stdout] stack backtrace:
[INFO] [stdout]    0:     0x64250e9d8c4a - std::backtrace_rs::backtrace::libunwind::trace::h8810477743020387
[INFO] [stdout]                                at /rustc/202008a1b8de96d2e5b6bc02d379db03a877d34d/library/std/src/../../backtrace/src/backtrace/libunwind.rs:116:5
[INFO] [stdout]    1:     0x64250e9d8c4a - std::backtrace_rs::backtrace::trace_unsynchronized::h3aa55355dd6c54a6
[INFO] [stdout]                                at /rustc/202008a1b8de96d2e5b6bc02d379db03a877d34d/library/std/src/../../backtrace/src/backtrace/mod.rs:66:5
[INFO] [stdout]    2:     0x64250e9d8c4a - std::sys::backtrace::_print_fmt::h8588b0f62410823f
[INFO] [stdout]                                at /rustc/202008a1b8de96d2e5b6bc02d379db03a877d34d/library/std/src/sys/backtrace.rs:66:9
[INFO] [stdout]    3:     0x64250e9d8c4a - <std::sys::backtrace::BacktraceLock::print::DisplayBacktrace as core::fmt::Display>::fmt::h98c26ac25ffe89bb
[INFO] [stdout]                                at /rustc/202008a1b8de96d2e5b6bc02d379db03a877d34d/library/std/src/sys/backtrace.rs:39:26
[INFO] [stdout]    4:     0x64250ea001b3 - core::fmt::rt::Argument::fmt::hf95377f4aebd453b
[INFO] [stdout]                                at /rustc/202008a1b8de96d2e5b6bc02d379db03a877d34d/library/core/src/fmt/rt.rs:177:76
[INFO] [stdout]    5:     0x64250ea001b3 - core::fmt::write::h0dd5f6e2238c7982
[INFO] [stdout]                                at /rustc/202008a1b8de96d2e5b6bc02d379db03a877d34d/library/core/src/fmt/mod.rs:1189:21
[INFO] [stdout]    6:     0x64250e9d5d23 - std::io::Write::write_fmt::h03bb0ca26e6faf8c
[INFO] [stdout]                                at /rustc/202008a1b8de96d2e5b6bc02d379db03a877d34d/library/std/src/io/mod.rs:1884:15
[INFO] [stdout]    7:     0x64250e9d8a92 - std::sys::backtrace::BacktraceLock::print::h5c19c1c038ee186d
[INFO] [stdout]                                at /rustc/202008a1b8de96d2e5b6bc02d379db03a877d34d/library/std/src/sys/backtrace.rs:42:9
[INFO] [stdout]    8:     0x64250e9da0cd - std::panicking::default_hook::{{closure}}::h77172f079a1fcb13
[INFO] [stdout]                                at /rustc/202008a1b8de96d2e5b6bc02d379db03a877d34d/library/std/src/panicking.rs:268:22
[INFO] [stdout]    9:     0x64250e9d9ed7 - std::panicking::default_hook::he5f8e3b203ccddba
[INFO] [stdout]                                at /rustc/202008a1b8de96d2e5b6bc02d379db03a877d34d/library/std/src/panicking.rs:292:9
[INFO] [stdout]   10:     0x64250e89b6e7 - <alloc::boxed::Box<F,A> as core::ops::function::Fn<Args>>::call::h7a3c7b4a1ae77f2f
[INFO] [stdout]                                at /rustc/202008a1b8de96d2e5b6bc02d379db03a877d34d/library/alloc/src/boxed.rs:1986:9
[INFO] [stdout]   11:     0x64250e89b6e7 - test::test_main::{{closure}}::hf0d3b69ae9b353d1
[INFO] [stdout]                                at /rustc/202008a1b8de96d2e5b6bc02d379db03a877d34d/library/test/src/lib.rs:134:21
[INFO] [stdout]   12:     0x64250e9da778 - <alloc::boxed::Box<F,A> as core::ops::function::Fn<Args>>::call::h6332e82e7b189abd
[INFO] [stdout]                                at /rustc/202008a1b8de96d2e5b6bc02d379db03a877d34d/library/alloc/src/boxed.rs:1986:9
[INFO] [stdout]   13:     0x64250e9da778 - std::panicking::rust_panic_with_hook::h53863d4e9018df39
[INFO] [stdout]                                at /rustc/202008a1b8de96d2e5b6bc02d379db03a877d34d/library/std/src/panicking.rs:809:13
[INFO] [stdout]   14:     0x64250e9da53a - std::panicking::begin_panic_handler::{{closure}}::h67280e6fa0757873
[INFO] [stdout]                                at /rustc/202008a1b8de96d2e5b6bc02d379db03a877d34d/library/std/src/panicking.rs:674:13
[INFO] [stdout]   15:     0x64250e9d9129 - std::sys::backtrace::__rust_end_short_backtrace::h1dac3f54d6fbbeb2
[INFO] [stdout]                                at /rustc/202008a1b8de96d2e5b6bc02d379db03a877d34d/library/std/src/sys/backtrace.rs:170:18
[INFO] [stdout]   16:     0x64250e9da1cc - rust_begin_unwind
[INFO] [stdout]                                at /rustc/202008a1b8de96d2e5b6bc02d379db03a877d34d/library/std/src/panicking.rs:665:5
[INFO] [stdout]   17:     0x64250e7d40b0 - core::panicking::panic_fmt::h6792bd1b2bf01041
[INFO] [stdout]                                at /rustc/202008a1b8de96d2e5b6bc02d379db03a877d34d/library/core/src/panicking.rs:76:14
[INFO] [stdout]   18:     0x64250e7d44f6 - core::result::unwrap_failed::h05e0602ed34287c5
[INFO] [stdout]                                at /rustc/202008a1b8de96d2e5b6bc02d379db03a877d34d/library/core/src/result.rs:1699:5
[INFO] [stdout]   19:     0x64250e85ae80 - core::result::Result<T,E>::unwrap::h3f0947512d72e3dc
[INFO] [stdout]                                at /rustc/202008a1b8de96d2e5b6bc02d379db03a877d34d/library/core/src/result.rs:1104:23
[INFO] [stdout]   20:     0x64250e85ae80 - mintsim::simtools::simscope::SimScope::export::h67f0050bb4ee7182
[INFO] [stdout]                                at /opt/rustwide/workdir/src/simtools/simscope.rs:48:39
[INFO] [stdout]   21:     0x64250e7f5ae6 - <mintsim::simtools::simrunner::simrun_test::SimBAB as mintsim::simtools::simrunner::SimTarget>::after_sim::h618c616539f56e5f
[INFO] [stdout]                                at /opt/rustwide/workdir/src/simtools/simrunner.rs:427:13
[INFO] [stdout]   22:     0x64250e80eb7d - mintsim::simtools::simrunner::SimRunner<T>::run_sim::h82216fc39b6971de
[INFO] [stdout]                                at /opt/rustwide/workdir/src/simtools/simrunner.rs:80:9
[INFO] [stdout]   23:     0x64250e7fd257 - mintsim::simtools::simrunner::simrun_test::bab_test::h02f32ec2290497e9
[INFO] [stdout]                                at /opt/rustwide/workdir/src/simtools/simrunner.rs:441:9
[INFO] [stdout]   24:     0x64250e7fd207 - mintsim::simtools::simrunner::simrun_test::bab_test::{{closure}}::h3081da1a09495eec
[INFO] [stdout]                                at /opt/rustwide/workdir/src/simtools/simrunner.rs:437:18
[INFO] [stdout]   25:     0x64250e817d56 - core::ops::function::FnOnce::call_once::h25c733475ccd45db
[INFO] [stdout]                                at /rustc/202008a1b8de96d2e5b6bc02d379db03a877d34d/library/core/src/ops/function.rs:250:5
[INFO] [stdout]   26:     0x64250e8a020b - core::ops::function::FnOnce::call_once::h871bf86719ec9aa4
[INFO] [stdout]                                at /rustc/202008a1b8de96d2e5b6bc02d379db03a877d34d/library/core/src/ops/function.rs:250:5
[INFO] [stdout]   27:     0x64250e8a020b - test::__rust_begin_short_backtrace::h2167df1e2b7d76fd
[INFO] [stdout]                                at /rustc/202008a1b8de96d2e5b6bc02d379db03a877d34d/library/test/src/lib.rs:632:18
[INFO] [stdout]   28:     0x64250e89fbf8 - test::run_test_in_process::{{closure}}::h15d92f75a3adfb79
[INFO] [stdout]                                at /rustc/202008a1b8de96d2e5b6bc02d379db03a877d34d/library/test/src/lib.rs:655:60
[INFO] [stdout]   29:     0x64250e89fbf8 - <core::panic::unwind_safe::AssertUnwindSafe<F> as core::ops::function::FnOnce<()>>::call_once::hb6c8955835a8dbbb
[INFO] [stdout]                                at /rustc/202008a1b8de96d2e5b6bc02d379db03a877d34d/library/core/src/panic/unwind_safe.rs:272:9
[INFO] [stdout]   30:     0x64250e89fbf8 - std::panicking::try::do_call::hc79d0fc888a0bd30
[INFO] [stdout]                                at /rustc/202008a1b8de96d2e5b6bc02d379db03a877d34d/library/std/src/panicking.rs:557:40
[INFO] [stdout]   31:     0x64250e89fbf8 - std::panicking::try::hb8a7878e3a8589d6
[INFO] [stdout]                                at /rustc/202008a1b8de96d2e5b6bc02d379db03a877d34d/library/std/src/panicking.rs:520:19
[INFO] [stdout]   32:     0x64250e89fbf8 - std::panic::catch_unwind::hb8e4600ff0ff5cfa
[INFO] [stdout]                                at /rustc/202008a1b8de96d2e5b6bc02d379db03a877d34d/library/std/src/panic.rs:358:14
[INFO] [stdout]   33:     0x64250e89fbf8 - test::run_test_in_process::hc2900b0b18688dd6
[INFO] [stdout]                                at /rustc/202008a1b8de96d2e5b6bc02d379db03a877d34d/library/test/src/lib.rs:655:27
[INFO] [stdout]   34:     0x64250e89fbf8 - test::run_test::{{closure}}::hac2a9cb07be3d48d
[INFO] [stdout]                                at /rustc/202008a1b8de96d2e5b6bc02d379db03a877d34d/library/test/src/lib.rs:576:43
[INFO] [stdout]   35:     0x64250e86369a - test::run_test::{{closure}}::h4a5b729e66a38cd8
[INFO] [stdout]                                at /rustc/202008a1b8de96d2e5b6bc02d379db03a877d34d/library/test/src/lib.rs:606:41
[INFO] [stdout]   36:     0x64250e86369a - std::sys::backtrace::__rust_begin_short_backtrace::h0496fb742492f573
[INFO] [stdout]                                at /rustc/202008a1b8de96d2e5b6bc02d379db03a877d34d/library/std/src/sys/backtrace.rs:154:18
[INFO] [stdout]   37:     0x64250e867014 - std::thread::Builder::spawn_unchecked_::{{closure}}::{{closure}}::hbb6d257c550a54bd
[INFO] [stdout]                                at /rustc/202008a1b8de96d2e5b6bc02d379db03a877d34d/library/std/src/thread/mod.rs:561:17
[INFO] [stdout]   38:     0x64250e867014 - <core::panic::unwind_safe::AssertUnwindSafe<F> as core::ops::function::FnOnce<()>>::call_once::h46696fe4a6832328
[INFO] [stdout]                                at /rustc/202008a1b8de96d2e5b6bc02d379db03a877d34d/library/core/src/panic/unwind_safe.rs:272:9
[INFO] [stdout]   39:     0x64250e867014 - std::panicking::try::do_call::h2625a51b667bfb64
[INFO] [stdout]                                at /rustc/202008a1b8de96d2e5b6bc02d379db03a877d34d/library/std/src/panicking.rs:557:40
[INFO] [stdout]   40:     0x64250e867014 - std::panicking::try::hb956a59a1973aa4c
[INFO] [stdout]                                at /rustc/202008a1b8de96d2e5b6bc02d379db03a877d34d/library/std/src/panicking.rs:520:19
[INFO] [stdout]   41:     0x64250e867014 - std::panic::catch_unwind::h64f3b9d1067ef6a0
[INFO] [stdout]                                at /rustc/202008a1b8de96d2e5b6bc02d379db03a877d34d/library/std/src/panic.rs:358:14
[INFO] [stdout]   42:     0x64250e867014 - std::thread::Builder::spawn_unchecked_::{{closure}}::h42b2841295b6c0b2
[INFO] [stdout]                                at /rustc/202008a1b8de96d2e5b6bc02d379db03a877d34d/library/std/src/thread/mod.rs:559:30
[INFO] [stdout]   43:     0x64250e867014 - core::ops::function::FnOnce::call_once{{vtable.shim}}::h6127de71b8124639
[INFO] [stdout]                                at /rustc/202008a1b8de96d2e5b6bc02d379db03a877d34d/library/core/src/ops/function.rs:250:5
[INFO] [stdout]   44:     0x64250e9de6cb - <alloc::boxed::Box<F,A> as core::ops::function::FnOnce<Args>>::call_once::h42f0ba71002a1b2c
[INFO] [stdout]                                at /rustc/202008a1b8de96d2e5b6bc02d379db03a877d34d/library/alloc/src/boxed.rs:1972:9
[INFO] [stdout]   45:     0x64250e9de6cb - <alloc::boxed::Box<F,A> as core::ops::function::FnOnce<Args>>::call_once::had9e47d7a3dcecb8
[INFO] [stdout]                                at /rustc/202008a1b8de96d2e5b6bc02d379db03a877d34d/library/alloc/src/boxed.rs:1972:9
[INFO] [stdout]   46:     0x64250e9de6cb - std::sys::pal::unix::thread::Thread::new::thread_start::h48cf765408f6f5f2
[INFO] [stdout]                                at /rustc/202008a1b8de96d2e5b6bc02d379db03a877d34d/library/std/src/sys/pal/unix/thread.rs:105:17
[INFO] [stdout]   47:     0x7547ada4dac3 - <unknown>
[INFO] [stdout]   48:     0x7547adadea04 - clone
[INFO] [stdout]   49:                0x0 - <unknown>
[INFO] [stdout] 
[INFO] [stdout] ---- simtools::simrunner::simrun_test::rlc_test stdout ----
[INFO] [stdout] processing now ... 10%
[INFO] [stdout] 
[INFO] [stdout] processing now ... 20%
[INFO] [stdout] 
[INFO] [stdout] processing now ... 30%
[INFO] [stdout] 
[INFO] [stdout] processing now ... 40%
[INFO] [stdout] 
[INFO] [stdout] processing now ... 50%
[INFO] [stdout] 
[INFO] [stdout] processing now ... 60%
[INFO] [stdout] 
[INFO] [stdout] processing now ... 70%
[INFO] [stdout] 
[INFO] [stdout] processing now ... 80%
[INFO] [stdout] 
[INFO] [stdout] processing now ... 90%
[INFO] [stdout] 
[INFO] [stdout] thread 'simtools::simrunner::simrun_test::rlc_test' panicked at src/simtools/simscope.rs:48:62:
[INFO] [stdout] called `Result::unwrap()` on an `Err` value: Os { code: 30, kind: ReadOnlyFilesystem, message: "Read-only file system" }
[INFO] [stdout] stack backtrace:
[INFO] [stdout]    0:     0x64250e9d8c4a - std::backtrace_rs::backtrace::libunwind::trace::h8810477743020387
[INFO] [stdout]                                at /rustc/202008a1b8de96d2e5b6bc02d379db03a877d34d/library/std/src/../../backtrace/src/backtrace/libunwind.rs:116:5
[INFO] [stdout]    1:     0x64250e9d8c4a - std::backtrace_rs::backtrace::trace_unsynchronized::h3aa55355dd6c54a6
[INFO] [stdout]                                at /rustc/202008a1b8de96d2e5b6bc02d379db03a877d34d/library/std/src/../../backtrace/src/backtrace/mod.rs:66:5
[INFO] [stdout]    2:     0x64250e9d8c4a - std::sys::backtrace::_print_fmt::h8588b0f62410823f
[INFO] [stdout]                                at /rustc/202008a1b8de96d2e5b6bc02d379db03a877d34d/library/std/src/sys/backtrace.rs:66:9
[INFO] [stdout]    3:     0x64250e9d8c4a - <std::sys::backtrace::BacktraceLock::print::DisplayBacktrace as core::fmt::Display>::fmt::h98c26ac25ffe89bb
[INFO] [stdout]                                at /rustc/202008a1b8de96d2e5b6bc02d379db03a877d34d/library/std/src/sys/backtrace.rs:39:26
[INFO] [stdout]    4:     0x64250ea001b3 - core::fmt::rt::Argument::fmt::hf95377f4aebd453b
[INFO] [stdout]                                at /rustc/202008a1b8de96d2e5b6bc02d379db03a877d34d/library/core/src/fmt/rt.rs:177:76
[INFO] [stdout]    5:     0x64250ea001b3 - core::fmt::write::h0dd5f6e2238c7982
[INFO] [stdout]                                at /rustc/202008a1b8de96d2e5b6bc02d379db03a877d34d/library/core/src/fmt/mod.rs:1189:21
[INFO] [stdout]    6:     0x64250e9d5d23 - std::io::Write::write_fmt::h03bb0ca26e6faf8c
[INFO] [stdout]                                at /rustc/202008a1b8de96d2e5b6bc02d379db03a877d34d/library/std/src/io/mod.rs:1884:15
[INFO] [stdout]    7:     0x64250e9d8a92 - std::sys::backtrace::BacktraceLock::print::h5c19c1c038ee186d
[INFO] [stdout]                                at /rustc/202008a1b8de96d2e5b6bc02d379db03a877d34d/library/std/src/sys/backtrace.rs:42:9
[INFO] [stdout]    8:     0x64250e9da0cd - std::panicking::default_hook::{{closure}}::h77172f079a1fcb13
[INFO] [stdout]                                at /rustc/202008a1b8de96d2e5b6bc02d379db03a877d34d/library/std/src/panicking.rs:268:22
[INFO] [stdout]    9:     0x64250e9d9ed7 - std::panicking::default_hook::he5f8e3b203ccddba
[INFO] [stdout]                                at /rustc/202008a1b8de96d2e5b6bc02d379db03a877d34d/library/std/src/panicking.rs:292:9
[INFO] [stdout]   10:     0x64250e89b6e7 - <alloc::boxed::Box<F,A> as core::ops::function::Fn<Args>>::call::h7a3c7b4a1ae77f2f
[INFO] [stdout]                                at /rustc/202008a1b8de96d2e5b6bc02d379db03a877d34d/library/alloc/src/boxed.rs:1986:9
[INFO] [stdout]   11:     0x64250e89b6e7 - test::test_main::{{closure}}::hf0d3b69ae9b353d1
[INFO] [stdout]                                at /rustc/202008a1b8de96d2e5b6bc02d379db03a877d34d/library/test/src/lib.rs:134:21
[INFO] [stdout]   12:     0x64250e9da778 - <alloc::boxed::Box<F,A> as core::ops::function::Fn<Args>>::call::h6332e82e7b189abd
[INFO] [stdout]                                at /rustc/202008a1b8de96d2e5b6bc02d379db03a877d34d/library/alloc/src/boxed.rs:1986:9
[INFO] [stdout]   13:     0x64250e9da778 - std::panicking::rust_panic_with_hook::h53863d4e9018df39
[INFO] [stdout]                                at /rustc/202008a1b8de96d2e5b6bc02d379db03a877d34d/library/std/src/panicking.rs:809:13
[INFO] [stdout]   14:     0x64250e9da53a - std::panicking::begin_panic_handler::{{closure}}::h67280e6fa0757873
[INFO] [stdout]                                at /rustc/202008a1b8de96d2e5b6bc02d379db03a877d34d/library/std/src/panicking.rs:674:13
[INFO] [stdout]   15:     0x64250e9d9129 - std::sys::backtrace::__rust_end_short_backtrace::h1dac3f54d6fbbeb2
[INFO] [stdout]                                at /rustc/202008a1b8de96d2e5b6bc02d379db03a877d34d/library/std/src/sys/backtrace.rs:170:18
[INFO] [stdout]   16:     0x64250e9da1cc - rust_begin_unwind
[INFO] [stdout]                                at /rustc/202008a1b8de96d2e5b6bc02d379db03a877d34d/library/std/src/panicking.rs:665:5
[INFO] [stdout]   17:     0x64250e7d40b0 - core::panicking::panic_fmt::h6792bd1b2bf01041
[INFO] [stdout]                                at /rustc/202008a1b8de96d2e5b6bc02d379db03a877d34d/library/core/src/panicking.rs:76:14
[INFO] [stdout]   18:     0x64250e7d44f6 - core::result::unwrap_failed::h05e0602ed34287c5
[INFO] [stdout]                                at /rustc/202008a1b8de96d2e5b6bc02d379db03a877d34d/library/core/src/result.rs:1699:5
[INFO] [stdout]   19:     0x64250e85ae80 - core::result::Result<T,E>::unwrap::h3f0947512d72e3dc
[INFO] [stdout]                                at /rustc/202008a1b8de96d2e5b6bc02d379db03a877d34d/library/core/src/result.rs:1104:23
[INFO] [stdout]   20:     0x64250e85ae80 - mintsim::simtools::simscope::SimScope::export::h67f0050bb4ee7182
[INFO] [stdout]                                at /opt/rustwide/workdir/src/simtools/simscope.rs:48:39
[INFO] [stdout]   21:     0x64250e7f2d66 - <mintsim::simtools::simrunner::simrun_test::RLCCircuit as mintsim::simtools::simrunner::SimTarget>::after_sim::h0e541c345defea51
[INFO] [stdout]                                at /opt/rustwide/workdir/src/simtools/simrunner.rs:202:13
[INFO] [stdout]   22:     0x64250e80e80d - mintsim::simtools::simrunner::SimRunner<T>::run_sim::h7423508c326eeec1
[INFO] [stdout]                                at /opt/rustwide/workdir/src/simtools/simrunner.rs:80:9
[INFO] [stdout]   23:     0x64250e7fd0c5 - mintsim::simtools::simrunner::simrun_test::rlc_test::h691db0e1adeda288
[INFO] [stdout]                                at /opt/rustwide/workdir/src/simtools/simrunner.rs:214:9
[INFO] [stdout]   24:     0x64250e7fd057 - mintsim::simtools::simrunner::simrun_test::rlc_test::{{closure}}::h87537e0cdf6928ca
[INFO] [stdout]                                at /opt/rustwide/workdir/src/simtools/simrunner.rs:210:18
[INFO] [stdout]   25:     0x64250e817cd6 - core::ops::function::FnOnce::call_once::h153cb5ff187cc442
[INFO] [stdout]                                at /rustc/202008a1b8de96d2e5b6bc02d379db03a877d34d/library/core/src/ops/function.rs:250:5
[INFO] [stdout]   26:     0x64250e8a020b - core::ops::function::FnOnce::call_once::h871bf86719ec9aa4
[INFO] [stdout]                                at /rustc/202008a1b8de96d2e5b6bc02d379db03a877d34d/library/core/src/ops/function.rs:250:5
[INFO] [stdout]   27:     0x64250e8a020b - test::__rust_begin_short_backtrace::h2167df1e2b7d76fd
[INFO] [stdout]                                at /rustc/202008a1b8de96d2e5b6bc02d379db03a877d34d/library/test/src/lib.rs:632:18
[INFO] [stdout]   28:     0x64250e89fbf8 - test::run_test_in_process::{{closure}}::h15d92f75a3adfb79
[INFO] [stdout]                                at /rustc/202008a1b8de96d2e5b6bc02d379db03a877d34d/library/test/src/lib.rs:655:60
[INFO] [stdout]   29:     0x64250e89fbf8 - <core::panic::unwind_safe::AssertUnwindSafe<F> as core::ops::function::FnOnce<()>>::call_once::hb6c8955835a8dbbb
[INFO] [stdout]                                at /rustc/202008a1b8de96d2e5b6bc02d379db03a877d34d/library/core/src/panic/unwind_safe.rs:272:9
[INFO] [stdout]   30:     0x64250e89fbf8 - std::panicking::try::do_call::hc79d0fc888a0bd30
[INFO] [stdout]                                at /rustc/202008a1b8de96d2e5b6bc02d379db03a877d34d/library/std/src/panicking.rs:557:40
[INFO] [stdout]   31:     0x64250e89fbf8 - std::panicking::try::hb8a7878e3a8589d6
[INFO] [stdout]                                at /rustc/202008a1b8de96d2e5b6bc02d379db03a877d34d/library/std/src/panicking.rs:520:19
[INFO] [stdout]   32:     0x64250e89fbf8 - std::panic::catch_unwind::hb8e4600ff0ff5cfa
[INFO] [stdout]                                at /rustc/202008a1b8de96d2e5b6bc02d379db03a877d34d/library/std/src/panic.rs:358:14
[INFO] [stdout]   33:     0x64250e89fbf8 - test::run_test_in_process::hc2900b0b18688dd6
[INFO] [stdout]                                at /rustc/202008a1b8de96d2e5b6bc02d379db03a877d34d/library/test/src/lib.rs:655:27
[INFO] [stdout]   34:     0x64250e89fbf8 - test::run_test::{{closure}}::hac2a9cb07be3d48d
[INFO] [stdout]                                at /rustc/202008a1b8de96d2e5b6bc02d379db03a877d34d/library/test/src/lib.rs:576:43
[INFO] [stdout]   35:     0x64250e86369a - test::run_test::{{closure}}::h4a5b729e66a38cd8
[INFO] [stdout]                                at /rustc/202008a1b8de96d2e5b6bc02d379db03a877d34d/library/test/src/lib.rs:606:41
[INFO] [stdout]   36:     0x64250e86369a - std::sys::backtrace::__rust_begin_short_backtrace::h0496fb742492f573
[INFO] [stdout]                                at /rustc/202008a1b8de96d2e5b6bc02d379db03a877d34d/library/std/src/sys/backtrace.rs:154:18
[INFO] [stdout]   37:     0x64250e867014 - std::thread::Builder::spawn_unchecked_::{{closure}}::{{closure}}::hbb6d257c550a54bd
[INFO] [stdout]                                at /rustc/202008a1b8de96d2e5b6bc02d379db03a877d34d/library/std/src/thread/mod.rs:561:17
[INFO] [stdout]   38:     0x64250e867014 - <core::panic::unwind_safe::AssertUnwindSafe<F> as core::ops::function::FnOnce<()>>::call_once::h46696fe4a6832328
[INFO] [stdout]                                at /rustc/202008a1b8de96d2e5b6bc02d379db03a877d34d/library/core/src/panic/unwind_safe.rs:272:9
[INFO] [stdout]   39:     0x64250e867014 - std::panicking::try::do_call::h2625a51b667bfb64
[INFO] [stdout]                                at /rustc/202008a1b8de96d2e5b6bc02d379db03a877d34d/library/std/src/panicking.rs:557:40
[INFO] [stdout]   40:     0x64250e867014 - std::panicking::try::hb956a59a1973aa4c
[INFO] [stdout]                                at /rustc/202008a1b8de96d2e5b6bc02d379db03a877d34d/library/std/src/panicking.rs:520:19
[INFO] [stdout]   41:     0x64250e867014 - std::panic::catch_unwind::h64f3b9d1067ef6a0
[INFO] [stdout]                                at /rustc/202008a1b8de96d2e5b6bc02d379db03a877d34d/library/std/src/panic.rs:358:14
[INFO] [stdout]   42:     0x64250e867014 - std::thread::Builder::spawn_unchecked_::{{closure}}::h42b2841295b6c0b2
[INFO] [stdout]                                at /rustc/202008a1b8de96d2e5b6bc02d379db03a877d34d/library/std/src/thread/mod.rs:559:30
[INFO] [stdout]   43:     0x64250e867014 - core::ops::function::FnOnce::call_once{{vtable.shim}}::h6127de71b8124639
[INFO] [stdout]                                at /rustc/202008a1b8de96d2e5b6bc02d379db03a877d34d/library/core/src/ops/function.rs:250:5
[INFO] [stdout]   44:     0x64250e9de6cb - <alloc::boxed::Box<F,A> as core::ops::function::FnOnce<Args>>::call_once::h42f0ba71002a1b2c
[INFO] [stdout]                                at /rustc/202008a1b8de96d2e5b6bc02d379db03a877d34d/library/alloc/src/boxed.rs:1972:9
[INFO] [stdout]   45:     0x64250e9de6cb - <alloc::boxed::Box<F,A> as core::ops::function::FnOnce<Args>>::call_once::had9e47d7a3dcecb8
[INFO] [stdout]                                at /rustc/202008a1b8de96d2e5b6bc02d379db03a877d34d/library/alloc/src/boxed.rs:1972:9
[INFO] [stdout]   46:     0x64250e9de6cb - std::sys::pal::unix::thread::Thread::new::thread_start::h48cf765408f6f5f2
[INFO] [stdout]                                at /rustc/202008a1b8de96d2e5b6bc02d379db03a877d34d/library/std/src/sys/pal/unix/thread.rs:105:17
[INFO] [stdout]   47:     0x7547ada4dac3 - <unknown>
[INFO] [stdout]   48:     0x7547adadea04 - clone
[INFO] [stdout]   49:                0x0 - <unknown>
[INFO] [stdout] 
[INFO] [stdout] 
[INFO] [stdout] failures:
[INFO] [stdout]     simtools::simrunner::simrun_test::bab_test
[INFO] [stdout]     simtools::simrunner::simrun_test::integrator_test
[INFO] [stdout]     simtools::simrunner::simrun_test::rlc_test
[INFO] [stdout]     simtools::simscope::scope_test::scope_pushtest
[INFO] [stdout] 
[INFO] [stdout] test result: FAILED. 21 passed; 4 failed; 0 ignored; 0 measured; 0 filtered out; finished in 0.40s
[INFO] [stdout] 
[INFO] [stderr] error: test failed, to rerun pass `--lib`
[INFO] running `Command { std: "docker" "inspect" "9089a71babb42fe7b6a5243f7a8402be9b368aa13b65584f34e1a51fa0fbcf09", kill_on_drop: false }`
[INFO] running `Command { std: "docker" "rm" "-f" "9089a71babb42fe7b6a5243f7a8402be9b368aa13b65584f34e1a51fa0fbcf09", kill_on_drop: false }`
[INFO] [stdout] 9089a71babb42fe7b6a5243f7a8402be9b368aa13b65584f34e1a51fa0fbcf09
