[INFO] cloning repository https://github.com/uqbar-dao/process_lib
[INFO] running `Command { std: "git" "-c" "credential.helper=" "-c" "credential.helper=/workspace/cargo-home/bin/git-credential-null" "clone" "--bare" "https://github.com/uqbar-dao/process_lib" "/workspace/cache/git-repos/https%3A%2F%2Fgithub.com%2Fuqbar-dao%2Fprocess_lib", kill_on_drop: false }`
[INFO] [stderr] Cloning into bare repository '/workspace/cache/git-repos/https%3A%2F%2Fgithub.com%2Fuqbar-dao%2Fprocess_lib'...
[INFO] running `Command { std: "git" "rev-parse" "HEAD", kill_on_drop: false }`
[INFO] [stdout] 746a1f5e79deaad4e7ad1474a4da4daac4f30d5f
[INFO] testing uqbar-dao/process_lib against 1.83.0 for beta-1.84.0-4-retry
[INFO] running `Command { std: "git" "clone" "/workspace/cache/git-repos/https%3A%2F%2Fgithub.com%2Fuqbar-dao%2Fprocess_lib" "/workspace/builds/worker-1-tc1/source", kill_on_drop: false }`
[INFO] [stderr] Cloning into '/workspace/builds/worker-1-tc1/source'...
[INFO] [stderr] done.
[INFO] validating manifest of git repo https://github.com/uqbar-dao/process_lib on toolchain 1.83.0
[INFO] running `Command { std: CARGO_HOME="/workspace/cargo-home" RUSTUP_HOME="/workspace/rustup-home" "/workspace/cargo-home/bin/cargo" "+1.83.0" "metadata" "--manifest-path" "Cargo.toml" "--no-deps", kill_on_drop: false }`
[INFO] started tweaking git repo https://github.com/uqbar-dao/process_lib
[INFO] finished tweaking git repo https://github.com/uqbar-dao/process_lib
[INFO] tweaked toml for git repo https://github.com/uqbar-dao/process_lib written to /workspace/builds/worker-1-tc1/source/Cargo.toml
[INFO] crate git repo https://github.com/uqbar-dao/process_lib already has a lockfile, it will not be regenerated
[INFO] running `Command { std: CARGO_HOME="/workspace/cargo-home" RUSTUP_HOME="/workspace/rustup-home" "/workspace/cargo-home/bin/cargo" "+1.83.0" "fetch" "--manifest-path" "Cargo.toml", kill_on_drop: false }`
[INFO] [stderr]  Downloading crates ...
[INFO] [stderr]   Downloaded wit-bindgen-rust v0.24.0
[INFO] [stderr]   Downloaded wasm-metadata v0.202.0
[INFO] [stderr]   Downloaded wit-bindgen v0.24.0
[INFO] [stderr]   Downloaded wasm-encoder v0.202.0
[INFO] [stderr]   Downloaded wit-bindgen-rust-macro v0.24.0
[INFO] [stderr]   Downloaded alloy-core v0.7.7
[INFO] [stderr]   Downloaded alloy-signer v0.1.4
[INFO] [stderr]   Downloaded alloy-sol-type-parser v0.7.7
[INFO] [stderr]   Downloaded alloy-json-abi v0.7.7
[INFO] [stderr]   Downloaded alloy-dyn-abi v0.7.7
[INFO] [stderr]   Downloaded alloy-provider v0.1.4
[INFO] [stderr]   Downloaded wit-component v0.202.0
[INFO] [stderr]   Downloaded wasmparser v0.202.0
[INFO] [stderr]   Downloaded alloy-chains v0.1.31
[INFO] [stderr]   Downloaded alloy-consensus v0.1.4
[INFO] [stderr]   Downloaded alloy-rpc-types-eth v0.1.4
[INFO] [stderr]   Downloaded alloy v0.1.4
[INFO] [stderr]   Downloaded wit-bindgen-core v0.24.0
[INFO] [stderr]   Downloaded alloy-genesis v0.1.4
[INFO] [stderr]   Downloaded wit-parser v0.202.0
[INFO] [stderr]   Downloaded alloy-network v0.1.4
[INFO] [stderr]   Downloaded alloy-rpc-client v0.1.4
[INFO] [stderr]   Downloaded alloy-eips v0.1.4
[INFO] [stderr]   Downloaded alloy-transport v0.1.4
[INFO] [stderr]   Downloaded alloy-serde v0.1.4
[INFO] [stderr]   Downloaded alloy-json-rpc v0.1.4
[INFO] [stderr]   Downloaded alloy-rpc-types v0.1.4
[INFO] [stderr]   Downloaded wit-bindgen-rt v0.24.0
[INFO] [stderr]   Downloaded alloy-transport-http v0.1.4
[INFO] running `Command { std: "docker" "create" "-v" "/var/lib/crater-agent-workspace/builds/worker-1-tc1/target:/opt/rustwide/target:rw,Z" "-v" "/var/lib/crater-agent-workspace/builds/worker-1-tc1/source:/opt/rustwide/workdir:ro,Z" "-v" "/var/lib/crater-agent-workspace/cargo-home:/opt/rustwide/cargo-home:ro,Z" "-v" "/var/lib/crater-agent-workspace/rustup-home:/opt/rustwide/rustup-home:ro,Z" "-e" "SOURCE_DIR=/opt/rustwide/workdir" "-e" "CARGO_TARGET_DIR=/opt/rustwide/target" "-e" "CARGO_HOME=/opt/rustwide/cargo-home" "-e" "RUSTUP_HOME=/opt/rustwide/rustup-home" "-w" "/opt/rustwide/workdir" "-m" "1610612736" "--user" "0:0" "--network" "none" "ghcr.io/rust-lang/crates-build-env/linux@sha256:f3a9d4ad9d972b27faf3965f35b62e55ba32bbce8f20bc8fe909558a86702fde" "/opt/rustwide/cargo-home/bin/cargo" "+1.83.0" "metadata" "--no-deps" "--format-version=1", kill_on_drop: false }`
[INFO] [stdout] 2cc68edf296c33b430765e2a256d9e1ca579e622cdf2e7586fb72264cbb2ecde
[INFO] running `Command { std: "docker" "start" "-a" "2cc68edf296c33b430765e2a256d9e1ca579e622cdf2e7586fb72264cbb2ecde", kill_on_drop: false }`
[INFO] running `Command { std: "docker" "inspect" "2cc68edf296c33b430765e2a256d9e1ca579e622cdf2e7586fb72264cbb2ecde", kill_on_drop: false }`
[INFO] running `Command { std: "docker" "rm" "-f" "2cc68edf296c33b430765e2a256d9e1ca579e622cdf2e7586fb72264cbb2ecde", kill_on_drop: false }`
[INFO] [stdout] 2cc68edf296c33b430765e2a256d9e1ca579e622cdf2e7586fb72264cbb2ecde
[INFO] running `Command { std: "docker" "create" "-v" "/var/lib/crater-agent-workspace/builds/worker-1-tc1/target:/opt/rustwide/target:rw,Z" "-v" "/var/lib/crater-agent-workspace/builds/worker-1-tc1/source:/opt/rustwide/workdir:ro,Z" "-v" "/var/lib/crater-agent-workspace/cargo-home:/opt/rustwide/cargo-home:ro,Z" "-v" "/var/lib/crater-agent-workspace/rustup-home:/opt/rustwide/rustup-home:ro,Z" "-e" "SOURCE_DIR=/opt/rustwide/workdir" "-e" "CARGO_TARGET_DIR=/opt/rustwide/target" "-e" "CARGO_INCREMENTAL=0" "-e" "RUST_BACKTRACE=full" "-e" "RUSTFLAGS=--cap-lints=warn" "-e" "RUSTDOCFLAGS=--cap-lints=warn" "-e" "CARGO_HOME=/opt/rustwide/cargo-home" "-e" "RUSTUP_HOME=/opt/rustwide/rustup-home" "-w" "/opt/rustwide/workdir" "-m" "1610612736" "--user" "0:0" "--network" "none" "ghcr.io/rust-lang/crates-build-env/linux@sha256:f3a9d4ad9d972b27faf3965f35b62e55ba32bbce8f20bc8fe909558a86702fde" "/opt/rustwide/cargo-home/bin/cargo" "+1.83.0" "build" "--frozen" "--message-format=json", kill_on_drop: false }`
[INFO] [stdout] 6a1dee6e94cc380dce981dfeec2adbec2c332d48ccf1bfb1c2d9ef5699ab047c
[INFO] running `Command { std: "docker" "start" "-a" "6a1dee6e94cc380dce981dfeec2adbec2c332d48ccf1bfb1c2d9ef5699ab047c", kill_on_drop: false }`
[INFO] [stderr]    Compiling proc-macro2 v1.0.86
[INFO] [stderr]    Compiling unicode-ident v1.0.13
[INFO] [stderr]    Compiling version_check v0.9.5
[INFO] [stderr]    Compiling itoa v1.0.11
[INFO] [stderr]    Compiling serde v1.0.210
[INFO] [stderr]    Compiling cfg-if v1.0.0
[INFO] [stderr]    Compiling cpufeatures v0.2.14
[INFO] [stderr]    Compiling ryu v1.0.18
[INFO] [stderr]    Compiling memchr v2.7.4
[INFO] [stderr]    Compiling equivalent v1.0.1
[INFO] [stderr]    Compiling hashbrown v0.14.5
[INFO] [stderr]    Compiling crunchy v0.2.2
[INFO] [stderr]    Compiling tiny-keccak v2.0.2
[INFO] [stderr]    Compiling arrayvec v0.7.6
[INFO] [stderr]    Compiling typenum v1.17.0
[INFO] [stderr]    Compiling paste v1.0.15
[INFO] [stderr]    Compiling generic-array v0.14.7
[INFO] [stderr]    Compiling convert_case v0.4.0
[INFO] [stderr]    Compiling ruint-macro v1.2.1
[INFO] [stderr]    Compiling quote v1.0.37
[INFO] [stderr]    Compiling semver v1.0.23
[INFO] [stderr]    Compiling hex-literal v0.4.1
[INFO] [stderr]    Compiling proc-macro-error-attr v1.0.4
[INFO] [stderr]    Compiling anyhow v1.0.89
[INFO] [stderr]    Compiling syn v2.0.77
[INFO] [stderr]    Compiling syn v1.0.109
[INFO] [stderr]    Compiling bitflags v2.6.0
[INFO] [stderr]    Compiling serde_json v1.0.128
[INFO] [stderr]    Compiling proc-macro-error v1.0.4
[INFO] [stderr]    Compiling const-hex v1.12.0
[INFO] [stderr]    Compiling heck v0.5.0
[INFO] [stderr]    Compiling dunce v1.0.5
[INFO] [stderr]    Compiling id-arena v2.2.1
[INFO] [stderr]    Compiling byteorder v1.5.0
[INFO] [stderr]    Compiling thiserror v1.0.63
[INFO] [stderr]    Compiling libc v0.2.158
[INFO] [stderr]    Compiling unicode-xid v0.2.5
[INFO] [stderr]    Compiling smallvec v1.13.2
[INFO] [stderr]    Compiling log v0.4.22
[INFO] [stderr]    Compiling leb128 v0.2.5
[INFO] [stderr]    Compiling spdx v0.10.6
[INFO] [stderr]    Compiling wasm-encoder v0.202.0
[INFO] [stderr]    Compiling unicase v2.7.0
[INFO] [stderr]    Compiling autocfg v1.3.0
[INFO] [stderr]    Compiling crypto-common v0.1.6
[INFO] [stderr]    Compiling block-buffer v0.10.4
[INFO] [stderr]    Compiling digest v0.10.7
[INFO] [stderr]    Compiling sha2 v0.10.8
[INFO] [stderr]    Compiling num-traits v0.2.19
[INFO] [stderr]    Compiling once_cell v1.19.0
[INFO] [stderr]    Compiling wit-bindgen-rust v0.24.0
[INFO] [stderr]    Compiling unicode-segmentation v1.12.0
[INFO] [stderr]    Compiling either v1.13.0
[INFO] [stderr]    Compiling tinyvec_macros v0.1.1
[INFO] [stderr]    Compiling tinyvec v1.8.0
[INFO] [stderr]    Compiling itertools v0.13.0
[INFO] [stderr]    Compiling heck v0.4.1
[INFO] [stderr]    Compiling getrandom v0.2.15
[INFO] [stderr]    Compiling tracing-core v0.1.32
[INFO] [stderr]    Compiling pin-project-lite v0.2.14
[INFO] [stderr]    Compiling wit-bindgen-rt v0.24.0
[INFO] [stderr]    Compiling wit-bindgen-rust-macro v0.24.0
[INFO] [stderr]    Compiling mime_guess v2.0.5
[INFO] [stderr]    Compiling rand_core v0.6.4
[INFO] [stderr]    Compiling indexmap v2.5.0
[INFO] [stderr]    Compiling unicode-normalization v0.1.24
[INFO] [stderr]    Compiling percent-encoding v2.3.1
[INFO] [stderr]    Compiling unicode-bidi v0.3.15
[INFO] [stderr]    Compiling form_urlencoded v1.2.1
[INFO] [stderr]    Compiling fnv v1.0.7
[INFO] [stderr]    Compiling mime v0.3.17
[INFO] [stderr]    Compiling idna v0.5.0
[INFO] [stderr]    Compiling wasmparser v0.202.0
[INFO] [stderr]    Compiling rmp v0.8.14
[INFO] [stderr]    Compiling syn-solidity v0.7.7
[INFO] [stderr]    Compiling url v2.5.2
[INFO] [stderr]    Compiling serde_derive v1.0.210
[INFO] [stderr]    Compiling alloy-rlp-derive v0.3.8
[INFO] [stderr]    Compiling derive_more v0.99.18
[INFO] [stderr]    Compiling thiserror-impl v1.0.63
[INFO] [stderr]    Compiling zerocopy-derive v0.7.35
[INFO] [stderr]    Compiling tracing-attributes v0.1.27
[INFO] [stderr]    Compiling zerocopy v0.7.35
[INFO] [stderr]    Compiling tracing v0.1.40
[INFO] [stderr]    Compiling alloy-sol-macro-input v0.7.7
[INFO] [stderr]    Compiling ppv-lite86 v0.2.20
[INFO] [stderr]    Compiling alloy-sol-macro-expander v0.7.7
[INFO] [stderr]    Compiling rand_chacha v0.3.1
[INFO] [stderr]    Compiling rand v0.8.5
[INFO] [stderr]    Compiling wit-parser v0.202.0
[INFO] [stderr]    Compiling wasm-metadata v0.202.0
[INFO] [stderr]    Compiling alloy-sol-macro v0.7.7
[INFO] [stderr]    Compiling wit-component v0.202.0
[INFO] [stderr]    Compiling wit-bindgen-core v0.24.0
[INFO] [stderr]    Compiling bytes v1.7.1
[INFO] [stderr]    Compiling rmp-serde v1.3.0
[INFO] [stderr]    Compiling bincode v1.3.3
[INFO] [stderr]    Compiling alloy-rlp v0.3.8
[INFO] [stderr]    Compiling http v1.1.0
[INFO] [stderr]    Compiling ruint v1.12.3
[INFO] [stderr]    Compiling alloy-primitives v0.7.7
[INFO] [stderr]    Compiling alloy-serde v0.1.4
[INFO] [stderr]    Compiling alloy-sol-types v0.7.7
[INFO] [stderr]    Compiling alloy-json-rpc v0.1.4
[INFO] [stderr]    Compiling alloy-core v0.7.7
[INFO] [stderr]    Compiling alloy-eips v0.1.4
[INFO] [stderr]    Compiling alloy-consensus v0.1.4
[INFO] [stderr]    Compiling alloy-rpc-types-eth v0.1.4
[INFO] [stderr]    Compiling wit-bindgen v0.24.0
[INFO] [stderr]    Compiling alloy-rpc-types v0.1.4
[INFO] [stderr]    Compiling alloy v0.1.4
[INFO] [stderr]    Compiling kinode_process_lib v0.9.7 (/opt/rustwide/workdir)
[INFO] [stderr]     Finished `dev` profile [unoptimized + debuginfo] target(s) in 1m 53s
[INFO] running `Command { std: "docker" "inspect" "6a1dee6e94cc380dce981dfeec2adbec2c332d48ccf1bfb1c2d9ef5699ab047c", kill_on_drop: false }`
[INFO] running `Command { std: "docker" "rm" "-f" "6a1dee6e94cc380dce981dfeec2adbec2c332d48ccf1bfb1c2d9ef5699ab047c", kill_on_drop: false }`
[INFO] [stdout] 6a1dee6e94cc380dce981dfeec2adbec2c332d48ccf1bfb1c2d9ef5699ab047c
[INFO] running `Command { std: "docker" "create" "-v" "/var/lib/crater-agent-workspace/builds/worker-1-tc1/target:/opt/rustwide/target:rw,Z" "-v" "/var/lib/crater-agent-workspace/builds/worker-1-tc1/source:/opt/rustwide/workdir:ro,Z" "-v" "/var/lib/crater-agent-workspace/cargo-home:/opt/rustwide/cargo-home:ro,Z" "-v" "/var/lib/crater-agent-workspace/rustup-home:/opt/rustwide/rustup-home:ro,Z" "-e" "SOURCE_DIR=/opt/rustwide/workdir" "-e" "CARGO_TARGET_DIR=/opt/rustwide/target" "-e" "CARGO_INCREMENTAL=0" "-e" "RUST_BACKTRACE=full" "-e" "RUSTFLAGS=--cap-lints=warn" "-e" "RUSTDOCFLAGS=--cap-lints=warn" "-e" "CARGO_HOME=/opt/rustwide/cargo-home" "-e" "RUSTUP_HOME=/opt/rustwide/rustup-home" "-w" "/opt/rustwide/workdir" "-m" "1610612736" "--user" "0:0" "--network" "none" "ghcr.io/rust-lang/crates-build-env/linux@sha256:f3a9d4ad9d972b27faf3965f35b62e55ba32bbce8f20bc8fe909558a86702fde" "/opt/rustwide/cargo-home/bin/cargo" "+1.83.0" "test" "--frozen" "--no-run" "--message-format=json", kill_on_drop: false }`
[INFO] [stdout] 3e80d3142ec216ecabf12c83a1984a2bd8ef3c83c34c2661a67431fd260740b1
[INFO] running `Command { std: "docker" "start" "-a" "3e80d3142ec216ecabf12c83a1984a2bd8ef3c83c34c2661a67431fd260740b1", kill_on_drop: false }`
[INFO] [stderr]    Compiling kinode_process_lib v0.9.7 (/opt/rustwide/workdir)
[INFO] [stderr]     Finished `test` profile [unoptimized + debuginfo] target(s) in 5.65s
[INFO] running `Command { std: "docker" "inspect" "3e80d3142ec216ecabf12c83a1984a2bd8ef3c83c34c2661a67431fd260740b1", kill_on_drop: false }`
[INFO] running `Command { std: "docker" "rm" "-f" "3e80d3142ec216ecabf12c83a1984a2bd8ef3c83c34c2661a67431fd260740b1", kill_on_drop: false }`
[INFO] [stdout] 3e80d3142ec216ecabf12c83a1984a2bd8ef3c83c34c2661a67431fd260740b1
[INFO] running `Command { std: "docker" "create" "-v" "/var/lib/crater-agent-workspace/builds/worker-1-tc1/target:/opt/rustwide/target:rw,Z" "-v" "/var/lib/crater-agent-workspace/builds/worker-1-tc1/source:/opt/rustwide/workdir:ro,Z" "-v" "/var/lib/crater-agent-workspace/cargo-home:/opt/rustwide/cargo-home:ro,Z" "-v" "/var/lib/crater-agent-workspace/rustup-home:/opt/rustwide/rustup-home:ro,Z" "-e" "SOURCE_DIR=/opt/rustwide/workdir" "-e" "CARGO_TARGET_DIR=/opt/rustwide/target" "-e" "CARGO_INCREMENTAL=0" "-e" "RUST_BACKTRACE=full" "-e" "RUSTFLAGS=--cap-lints=warn" "-e" "RUSTDOCFLAGS=--cap-lints=warn" "-e" "CARGO_HOME=/opt/rustwide/cargo-home" "-e" "RUSTUP_HOME=/opt/rustwide/rustup-home" "-w" "/opt/rustwide/workdir" "-m" "1610612736" "--user" "0:0" "--network" "none" "ghcr.io/rust-lang/crates-build-env/linux@sha256:f3a9d4ad9d972b27faf3965f35b62e55ba32bbce8f20bc8fe909558a86702fde" "/opt/rustwide/cargo-home/bin/cargo" "+1.83.0" "test" "--frozen", kill_on_drop: false }`
[INFO] [stdout] 856cce1ada2752d5902abd48c71dc3528305a810fe2d4f32305cdb52492e67fe
[INFO] running `Command { std: "docker" "start" "-a" "856cce1ada2752d5902abd48c71dc3528305a810fe2d4f32305cdb52492e67fe", kill_on_drop: false }`
[INFO] [stderr]     Finished `test` profile [unoptimized + debuginfo] target(s) in 0.32s
[INFO] [stderr]      Running unittests src/lib.rs (/opt/rustwide/target/debug/deps/kinode_process_lib-e4ac3cfd1ce3e46b)
[INFO] [stdout] 
[INFO] [stdout] running 9 tests
[INFO] [stdout] test types::address::tests::test_display ... ok
[INFO] [stdout] test types::address::tests::test_empty_input ... ok
[INFO] [stdout] test types::address::tests::test_missing_node_id ... ok
[INFO] [stdout] test types::address::tests::test_too_many_ats ... ok
[INFO] [stdout] test types::address::tests::test_valid_address ... ok
[INFO] [stdout] test types::address::tests::test_too_many_colons ... ok
[INFO] [stdout] test types::capability::tests::test_capability_json ... ok
[INFO] [stdout] test types::address::tests::test_missing_field ... ok
[INFO] [stdout] test types::capability::tests::test_capability ... ok
[INFO] [stdout] 
[INFO] [stdout] test result: ok. 9 passed; 0 failed; 0 ignored; 0 measured; 0 filtered out; finished in 0.01s
[INFO] [stdout] 
[INFO] [stderr]    Doc-tests kinode_process_lib
[INFO] [stdout] 
[INFO] [stdout] running 10 tests
[INFO] [stdout] test src/lib.rs - await_message (line 139) - compile ... ok
[INFO] [stdout] test src/lib.rs - get_typed_blob (line 227) - compile ... ok
[INFO] [stdout] test src/lib.rs - Spawn (line 315) - compile ... FAILED
[INFO] [stdout] test src/lib.rs - Spawn (line 335) - compile ... FAILED
[INFO] [stdout] test src/kimap.rs - kimap::Kimap::notes_filter (line 542) ... FAILED
[INFO] [stdout] test src/lib.rs - Spawn (line 351) - compile ... FAILED
[INFO] [stdout] test src/lib.rs - get_typed_state (line 263) - compile ... ok
[INFO] [stdout] test src/kimap.rs - kimap::Kimap::facts_filter (line 558) ... FAILED
[INFO] [stdout] test src/scripting/mod.rs - scripting::widget (line 51) - compile ... FAILED
[INFO] [stdout] test src/lib.rs - make_blob (line 193) - compile ... FAILED
[INFO] [stdout] 
[INFO] [stdout] failures:
[INFO] [stdout] 
[INFO] [stdout] ---- src/lib.rs - Spawn (line 315) stdout ----
[INFO] [stdout] error: unexpected token: `...`
[INFO] [stdout]  --> src/lib.rs:321:5
[INFO] [stdout]   |
[INFO] [stdout] 8 |     ...
[INFO] [stdout]   |     ^^^
[INFO] [stdout]   |
[INFO] [stdout] help: use `..` for an exclusive range
[INFO] [stdout]   |
[INFO] [stdout] 8 |     ..
[INFO] [stdout]   |
[INFO] [stdout] help: or `..=` for an inclusive range
[INFO] [stdout]   |
[INFO] [stdout] 8 |     ..=
[INFO] [stdout]   |
[INFO] [stdout] 
[INFO] [stdout] error[E0586]: inclusive range with no end
[INFO] [stdout]  --> src/lib.rs:321:5
[INFO] [stdout]   |
[INFO] [stdout] 8 |     ...
[INFO] [stdout]   |     ^^^
[INFO] [stdout]   |
[INFO] [stdout]   = note: inclusive ranges must be bounded at the end (`..=b` or `a..=b`)
[INFO] [stdout] help: use `..` instead
[INFO] [stdout]   |
[INFO] [stdout] 8 -     ...
[INFO] [stdout] 8 +     ..
[INFO] [stdout]   |
[INFO] [stdout] 
[INFO] [stdout] error: cannot find macro `Spawn` in this scope
[INFO] [stdout]  --> src/lib.rs:318:5
[INFO] [stdout]   |
[INFO] [stdout] 5 |     Spawn!(|parent: Address| {
[INFO] [stdout]   |     ^^^^^
[INFO] [stdout]   |
[INFO] [stdout] help: consider importing this macro
[INFO] [stdout]   |
[INFO] [stdout] 2 + use kinode_process_lib::Spawn;
[INFO] [stdout]   |
[INFO] [stdout] 
[INFO] [stdout] error[E0412]: cannot find type `Address` in this scope
[INFO] [stdout]  --> src/lib.rs:316:14
[INFO] [stdout]   |
[INFO] [stdout] 3 | fn init(our: Address) {
[INFO] [stdout]   |              ^^^^^^^ not found in this scope
[INFO] [stdout]   |
[INFO] [stdout] help: consider importing one of these structs
[INFO] [stdout]   |
[INFO] [stdout] 2 + use alloy_primitives::Address;
[INFO] [stdout]   |
[INFO] [stdout] 2 + use alloy_sol_types::sol_data::Address;
[INFO] [stdout]   |
[INFO] [stdout] 2 + use kinode_process_lib::Address;
[INFO] [stdout]   |
[INFO] [stdout] 2 + use kinode_process_lib::eth::Address;
[INFO] [stdout]   |
[INFO] [stdout] 
[INFO] [stdout] error: aborting due to 4 previous errors
[INFO] [stdout] 
[INFO] [stdout] Some errors have detailed explanations: E0412, E0586.
[INFO] [stdout] For more information about an error, try `rustc --explain E0412`.
[INFO] [stdout] Couldn't compile the test.
[INFO] [stdout] ---- src/lib.rs - Spawn (line 335) stdout ----
[INFO] [stdout] error: unexpected token: `...`
[INFO] [stdout]  --> src/lib.rs:339:5
[INFO] [stdout]   |
[INFO] [stdout] 6 |     ...
[INFO] [stdout]   |     ^^^
[INFO] [stdout]   |
[INFO] [stdout] help: use `..` for an exclusive range
[INFO] [stdout]   |
[INFO] [stdout] 6 |     ..
[INFO] [stdout]   |
[INFO] [stdout] help: or `..=` for an inclusive range
[INFO] [stdout]   |
[INFO] [stdout] 6 |     ..=
[INFO] [stdout]   |
[INFO] [stdout] 
[INFO] [stdout] error[E0586]: inclusive range with no end
[INFO] [stdout]  --> src/lib.rs:339:5
[INFO] [stdout]   |
[INFO] [stdout] 6 |     ...
[INFO] [stdout]   |     ^^^
[INFO] [stdout]   |
[INFO] [stdout]   = note: inclusive ranges must be bounded at the end (`..=b` or `a..=b`)
[INFO] [stdout] help: use `..` instead
[INFO] [stdout]   |
[INFO] [stdout] 6 -     ...
[INFO] [stdout] 6 +     ..
[INFO] [stdout]   |
[INFO] [stdout] 
[INFO] [stdout] error: cannot find macro `Spawn` in this scope
[INFO] [stdout]  --> src/lib.rs:338:5
[INFO] [stdout]   |
[INFO] [stdout] 5 |     Spawn!(my_function(parent));
[INFO] [stdout]   |     ^^^^^
[INFO] [stdout]   |
[INFO] [stdout] help: consider importing this macro
[INFO] [stdout]   |
[INFO] [stdout] 2 + use kinode_process_lib::Spawn;
[INFO] [stdout]   |
[INFO] [stdout] 
[INFO] [stdout] error[E0412]: cannot find type `Address` in this scope
[INFO] [stdout]  --> src/lib.rs:336:14
[INFO] [stdout]   |
[INFO] [stdout] 3 | fn init(our: Address) {
[INFO] [stdout]   |              ^^^^^^^ not found in this scope
[INFO] [stdout]   |
[INFO] [stdout] help: consider importing one of these structs
[INFO] [stdout]   |
[INFO] [stdout] 2 + use alloy_primitives::Address;
[INFO] [stdout]   |
[INFO] [stdout] 2 + use alloy_sol_types::sol_data::Address;
[INFO] [stdout]   |
[INFO] [stdout] 2 + use kinode_process_lib::Address;
[INFO] [stdout]   |
[INFO] [stdout] 2 + use kinode_process_lib::eth::Address;
[INFO] [stdout]   |
[INFO] [stdout] 
[INFO] [stdout] error: aborting due to 4 previous errors
[INFO] [stdout] 
[INFO] [stdout] Some errors have detailed explanations: E0412, E0586.
[INFO] [stdout] For more information about an error, try `rustc --explain E0412`.
[INFO] [stdout] Couldn't compile the test.
[INFO] [stdout] ---- src/kimap.rs - kimap::Kimap::notes_filter (line 542) stdout ----
[INFO] [stdout] error[E0425]: cannot find value `kimap` in this scope
[INFO] [stdout]  --> src/kimap.rs:543:14
[INFO] [stdout]   |
[INFO] [stdout] 3 | let filter = kimap.notes_filter(&["~note1", "~note2"]);
[INFO] [stdout]   |              ^^^^^ not found in this scope
[INFO] [stdout] 
[INFO] [stdout] error: aborting due to 1 previous error
[INFO] [stdout] 
[INFO] [stdout] For more information about this error, try `rustc --explain E0425`.
[INFO] [stdout] Couldn't compile the test.
[INFO] [stdout] ---- src/lib.rs - Spawn (line 351) stdout ----
[INFO] [stdout] error: unexpected token: `...`
[INFO] [stdout]  --> src/lib.rs:355:5
[INFO] [stdout]   |
[INFO] [stdout] 6 |     ...
[INFO] [stdout]   |     ^^^
[INFO] [stdout]   |
[INFO] [stdout] help: use `..` for an exclusive range
[INFO] [stdout]   |
[INFO] [stdout] 6 |     ..
[INFO] [stdout]   |
[INFO] [stdout] help: or `..=` for an inclusive range
[INFO] [stdout]   |
[INFO] [stdout] 6 |     ..=
[INFO] [stdout]   |
[INFO] [stdout] 
[INFO] [stdout] error[E0586]: inclusive range with no end
[INFO] [stdout]  --> src/lib.rs:355:5
[INFO] [stdout]   |
[INFO] [stdout] 6 |     ...
[INFO] [stdout]   |     ^^^
[INFO] [stdout]   |
[INFO] [stdout]   = note: inclusive ranges must be bounded at the end (`..=b` or `a..=b`)
[INFO] [stdout] help: use `..` instead
[INFO] [stdout]   |
[INFO] [stdout] 6 -     ...
[INFO] [stdout] 6 +     ..
[INFO] [stdout]   |
[INFO] [stdout] 
[INFO] [stdout] error: cannot find macro `Spawn` in this scope
[INFO] [stdout]  --> src/lib.rs:354:5
[INFO] [stdout]   |
[INFO] [stdout] 5 |     Spawn!(my_function(parent), name: "hello-world", public: true);
[INFO] [stdout]   |     ^^^^^
[INFO] [stdout]   |
[INFO] [stdout] help: consider importing this macro
[INFO] [stdout]   |
[INFO] [stdout] 2 + use kinode_process_lib::Spawn;
[INFO] [stdout]   |
[INFO] [stdout] 
[INFO] [stdout] error[E0412]: cannot find type `Address` in this scope
[INFO] [stdout]  --> src/lib.rs:352:14
[INFO] [stdout]   |
[INFO] [stdout] 3 | fn init(our: Address) {
[INFO] [stdout]   |              ^^^^^^^ not found in this scope
[INFO] [stdout]   |
[INFO] [stdout] help: consider importing one of these structs
[INFO] [stdout]   |
[INFO] [stdout] 2 + use alloy_primitives::Address;
[INFO] [stdout]   |
[INFO] [stdout] 2 + use alloy_sol_types::sol_data::Address;
[INFO] [stdout]   |
[INFO] [stdout] 2 + use kinode_process_lib::Address;
[INFO] [stdout]   |
[INFO] [stdout] 2 + use kinode_process_lib::eth::Address;
[INFO] [stdout]   |
[INFO] [stdout] 
[INFO] [stdout] error: aborting due to 4 previous errors
[INFO] [stdout] 
[INFO] [stdout] Some errors have detailed explanations: E0412, E0586.
[INFO] [stdout] For more information about an error, try `rustc --explain E0412`.
[INFO] [stdout] Couldn't compile the test.
[INFO] [stdout] ---- src/kimap.rs - kimap::Kimap::facts_filter (line 558) stdout ----
[INFO] [stdout] error[E0425]: cannot find value `kimap` in this scope
[INFO] [stdout]  --> src/kimap.rs:559:14
[INFO] [stdout]   |
[INFO] [stdout] 3 | let filter = kimap.facts_filter(&["!fact1", "!fact2"]);
[INFO] [stdout]   |              ^^^^^ not found in this scope
[INFO] [stdout] 
[INFO] [stdout] error: aborting due to 1 previous error
[INFO] [stdout] 
[INFO] [stdout] For more information about this error, try `rustc --explain E0425`.
[INFO] [stdout] Couldn't compile the test.
[INFO] [stdout] ---- src/scripting/mod.rs - scripting::widget (line 51) stdout ----
[INFO] [stdout] error: failed to read path for WIT [/opt/rustwide/workdir/target/wit]
[INFO] [stdout]        
[INFO] [stdout]        Caused by:
[INFO] [stdout]          No such file or directory (os error 2)
[INFO] [stdout]  --> src/scripting/mod.rs:53:1
[INFO] [stdout]   |
[INFO] [stdout] 5 | / wit_bindgen::generate!({
[INFO] [stdout] 6 | |     path: "target/wit",
[INFO] [stdout] 7 | |     world: "process-v0",
[INFO] [stdout] 8 | | });
[INFO] [stdout]   | |__^
[INFO] [stdout]   |
[INFO] [stdout]   = note: this error originates in the macro `wit_bindgen::generate` (in Nightly builds, run with -Z macro-backtrace for more info)
[INFO] [stdout] 
[INFO] [stdout] error: cannot find macro `export` in this scope
[INFO] [stdout]   --> src/scripting/mod.rs:58:1
[INFO] [stdout]    |
[INFO] [stdout] 10 | kinode_process_lib::widget!("My widget", create_widget);
[INFO] [stdout]    | ^^^^^^^^^^^^^^^^^^^^^^^^^^^^^^^^^^^^^^^^^^^^^^^^^^^^^^^
[INFO] [stdout]    |
[INFO] [stdout]    = note: this error originates in the macro `kinode_process_lib::widget` (in Nightly builds, run with -Z macro-backtrace for more info)
[INFO] [stdout] 
[INFO] [stdout] error[E0405]: cannot find trait `Guest` in this scope
[INFO] [stdout]   --> src/scripting/mod.rs:58:1
[INFO] [stdout]    |
[INFO] [stdout] 10 | kinode_process_lib::widget!("My widget", create_widget);
[INFO] [stdout]    | ^^^^^^^^^^^^^^^^^^^^^^^^^^^^^^^^^^^^^^^^^^^^^^^^^^^^^^^ not found in this scope
[INFO] [stdout]    |
[INFO] [stdout]    = note: this error originates in the macro `kinode_process_lib::widget` (in Nightly builds, run with -Z macro-backtrace for more info)
[INFO] [stdout] 
[INFO] [stdout] error: aborting due to 3 previous errors
[INFO] [stdout] 
[INFO] [stdout] For more information about this error, try `rustc --explain E0405`.
[INFO] [stdout] Couldn't compile the test.
[INFO] [stdout] ---- src/lib.rs - make_blob (line 193) stdout ----
[INFO] [stdout] error[E0283]: type annotations needed
[INFO] [stdout]    --> src/lib.rs:210:25
[INFO] [stdout]     |
[INFO] [stdout] 20  | make_blob(&my_type, |t| Ok(bincode::serialize(t)?));
[INFO] [stdout]     |                         ^^ cannot infer type of the type parameter `E` declared on the enum `Result`
[INFO] [stdout]     |
[INFO] [stdout]     = note: cannot satisfy `_: StdError`
[INFO] [stdout] note: required by a bound in `make_blob`
[INFO] [stdout]    --> /opt/rustwide/workdir/src/lib.rs:214:8
[INFO] [stdout]     |
[INFO] [stdout] 211 | pub fn make_blob<T, F, E>(blob: &T, serializer: F) -> Result<LazyLoadBlob, E>
[INFO] [stdout]     |        --------- required by a bound in this function
[INFO] [stdout] ...
[INFO] [stdout] 214 |     E: std::error::Error,
[INFO] [stdout]     |        ^^^^^^^^^^^^^^^^^ required by this bound in `make_blob`
[INFO] [stdout] help: consider specifying the generic arguments
[INFO] [stdout]     |
[INFO] [stdout] 20  | make_blob(&my_type, |t| Ok::<Vec<u8>, E>(bincode::serialize(t)?));
[INFO] [stdout]     |                           ++++++++++++++
[INFO] [stdout] 
[INFO] [stdout] error: aborting due to 1 previous error
[INFO] [stdout] 
[INFO] [stdout] For more information about this error, try `rustc --explain E0283`.
[INFO] [stdout] Couldn't compile the test.
[INFO] [stdout] 
[INFO] [stdout] failures:
[INFO] [stdout]     src/kimap.rs - kimap::Kimap::facts_filter (line 558)
[INFO] [stdout]     src/kimap.rs - kimap::Kimap::notes_filter (line 542)
[INFO] [stdout]     src/lib.rs - Spawn (line 315)
[INFO] [stdout]     src/lib.rs - Spawn (line 335)
[INFO] [stdout]     src/lib.rs - Spawn (line 351)
[INFO] [stdout]     src/lib.rs - make_blob (line 193)
[INFO] [stdout]     src/scripting/mod.rs - scripting::widget (line 51)
[INFO] [stdout] 
[INFO] [stdout] test result: FAILED. 3 passed; 7 failed; 0 ignored; 0 measured; 0 filtered out; finished in 0.91s
[INFO] [stdout] 
[INFO] [stderr] error: doctest failed, to rerun pass `--doc`
[INFO] running `Command { std: "docker" "inspect" "856cce1ada2752d5902abd48c71dc3528305a810fe2d4f32305cdb52492e67fe", kill_on_drop: false }`
[INFO] running `Command { std: "docker" "rm" "-f" "856cce1ada2752d5902abd48c71dc3528305a810fe2d4f32305cdb52492e67fe", kill_on_drop: false }`
[INFO] [stdout] 856cce1ada2752d5902abd48c71dc3528305a810fe2d4f32305cdb52492e67fe
