[INFO] cloning repository https://github.com/undecidedapollo/chip8
[INFO] running `Command { std: "git" "-c" "credential.helper=" "-c" "credential.helper=/workspace/cargo-home/bin/git-credential-null" "clone" "--bare" "https://github.com/undecidedapollo/chip8" "/workspace/cache/git-repos/https%3A%2F%2Fgithub.com%2Fundecidedapollo%2Fchip8", kill_on_drop: false }`
[INFO] [stderr] Cloning into bare repository '/workspace/cache/git-repos/https%3A%2F%2Fgithub.com%2Fundecidedapollo%2Fchip8'...
[INFO] running `Command { std: "git" "rev-parse" "HEAD", kill_on_drop: false }`
[INFO] [stdout] 1f3f993034a2e59e27fc37c1eb808125c09a32ce
[INFO] testing undecidedapollo/chip8 against 1.83.0 for beta-1.84.0-4-retry
[INFO] running `Command { std: "git" "clone" "/workspace/cache/git-repos/https%3A%2F%2Fgithub.com%2Fundecidedapollo%2Fchip8" "/workspace/builds/worker-2-tc1/source", kill_on_drop: false }`
[INFO] [stderr] Cloning into '/workspace/builds/worker-2-tc1/source'...
[INFO] [stderr] done.
[INFO] validating manifest of git repo https://github.com/undecidedapollo/chip8 on toolchain 1.83.0
[INFO] running `Command { std: CARGO_HOME="/workspace/cargo-home" RUSTUP_HOME="/workspace/rustup-home" "/workspace/cargo-home/bin/cargo" "+1.83.0" "metadata" "--manifest-path" "Cargo.toml" "--no-deps", kill_on_drop: false }`
[INFO] removed /workspace/builds/worker-2-tc1/source/rust-toolchain.toml
[INFO] started tweaking git repo https://github.com/undecidedapollo/chip8
[INFO] finished tweaking git repo https://github.com/undecidedapollo/chip8
[INFO] tweaked toml for git repo https://github.com/undecidedapollo/chip8 written to /workspace/builds/worker-2-tc1/source/Cargo.toml
[INFO] crate git repo https://github.com/undecidedapollo/chip8 already has a lockfile, it will not be regenerated
[INFO] running `Command { std: CARGO_HOME="/workspace/cargo-home" RUSTUP_HOME="/workspace/rustup-home" "/workspace/cargo-home/bin/cargo" "+1.83.0" "fetch" "--manifest-path" "Cargo.toml", kill_on_drop: false }`
[INFO] [stderr]  Downloading crates ...
[INFO] [stderr]   Downloaded hexdump v0.1.2
[INFO] running `Command { std: "docker" "create" "-v" "/var/lib/crater-agent-workspace/builds/worker-2-tc1/target:/opt/rustwide/target:rw,Z" "-v" "/var/lib/crater-agent-workspace/builds/worker-2-tc1/source:/opt/rustwide/workdir:ro,Z" "-v" "/var/lib/crater-agent-workspace/cargo-home:/opt/rustwide/cargo-home:ro,Z" "-v" "/var/lib/crater-agent-workspace/rustup-home:/opt/rustwide/rustup-home:ro,Z" "-e" "SOURCE_DIR=/opt/rustwide/workdir" "-e" "CARGO_TARGET_DIR=/opt/rustwide/target" "-e" "CARGO_HOME=/opt/rustwide/cargo-home" "-e" "RUSTUP_HOME=/opt/rustwide/rustup-home" "-w" "/opt/rustwide/workdir" "-m" "1610612736" "--user" "0:0" "--network" "none" "ghcr.io/rust-lang/crates-build-env/linux@sha256:f3a9d4ad9d972b27faf3965f35b62e55ba32bbce8f20bc8fe909558a86702fde" "/opt/rustwide/cargo-home/bin/cargo" "+1.83.0" "metadata" "--no-deps" "--format-version=1", kill_on_drop: false }`
[INFO] [stdout] cbceabea18770455d783c8654810e0afedfa579a1bc5bd8149a28a2b83747c96
[INFO] running `Command { std: "docker" "start" "-a" "cbceabea18770455d783c8654810e0afedfa579a1bc5bd8149a28a2b83747c96", kill_on_drop: false }`
[INFO] running `Command { std: "docker" "inspect" "cbceabea18770455d783c8654810e0afedfa579a1bc5bd8149a28a2b83747c96", kill_on_drop: false }`
[INFO] running `Command { std: "docker" "rm" "-f" "cbceabea18770455d783c8654810e0afedfa579a1bc5bd8149a28a2b83747c96", kill_on_drop: false }`
[INFO] [stdout] cbceabea18770455d783c8654810e0afedfa579a1bc5bd8149a28a2b83747c96
[INFO] running `Command { std: "docker" "create" "-v" "/var/lib/crater-agent-workspace/builds/worker-2-tc1/target:/opt/rustwide/target:rw,Z" "-v" "/var/lib/crater-agent-workspace/builds/worker-2-tc1/source:/opt/rustwide/workdir:ro,Z" "-v" "/var/lib/crater-agent-workspace/cargo-home:/opt/rustwide/cargo-home:ro,Z" "-v" "/var/lib/crater-agent-workspace/rustup-home:/opt/rustwide/rustup-home:ro,Z" "-e" "SOURCE_DIR=/opt/rustwide/workdir" "-e" "CARGO_TARGET_DIR=/opt/rustwide/target" "-e" "CARGO_INCREMENTAL=0" "-e" "RUST_BACKTRACE=full" "-e" "RUSTFLAGS=--cap-lints=warn" "-e" "RUSTDOCFLAGS=--cap-lints=warn" "-e" "CARGO_HOME=/opt/rustwide/cargo-home" "-e" "RUSTUP_HOME=/opt/rustwide/rustup-home" "-w" "/opt/rustwide/workdir" "-m" "1610612736" "--user" "0:0" "--network" "none" "ghcr.io/rust-lang/crates-build-env/linux@sha256:f3a9d4ad9d972b27faf3965f35b62e55ba32bbce8f20bc8fe909558a86702fde" "/opt/rustwide/cargo-home/bin/cargo" "+1.83.0" "build" "--frozen" "--message-format=json", kill_on_drop: false }`
[INFO] [stdout] 3e5b24ae2308fb4ce91908d9483ccb9ecb21753b768716e9652c377145d0e234
[INFO] running `Command { std: "docker" "start" "-a" "3e5b24ae2308fb4ce91908d9483ccb9ecb21753b768716e9652c377145d0e234", kill_on_drop: false }`
[INFO] [stderr]    Compiling libc v0.2.155
[INFO] [stderr]    Compiling proc-macro2 v1.0.86
[INFO] [stderr]    Compiling unicode-ident v1.0.12
[INFO] [stderr]    Compiling cfg-if v1.0.0
[INFO] [stderr]    Compiling autocfg v1.3.0
[INFO] [stderr]    Compiling byteorder v1.5.0
[INFO] [stderr]    Compiling signal-hook v0.3.17
[INFO] [stderr]    Compiling parking_lot_core v0.9.10
[INFO] [stderr]    Compiling smallvec v1.13.2
[INFO] [stderr]    Compiling scopeguard v1.2.0
[INFO] [stderr]    Compiling log v0.4.22
[INFO] [stderr]    Compiling rustix v0.38.34
[INFO] [stderr]    Compiling thiserror v1.0.63
[INFO] [stderr]    Compiling bitflags v2.6.0
[INFO] [stderr]    Compiling linux-raw-sys v0.4.14
[INFO] [stderr]    Compiling arrayvec v0.5.2
[INFO] [stderr]    Compiling lock_api v0.4.12
[INFO] [stderr]    Compiling hexdump v0.1.2
[INFO] [stderr]    Compiling quote v1.0.36
[INFO] [stderr]    Compiling syn v2.0.72
[INFO] [stderr]    Compiling signal-hook-registry v1.4.2
[INFO] [stderr]    Compiling getrandom v0.2.15
[INFO] [stderr]    Compiling mio v1.0.1
[INFO] [stderr]    Compiling rand_core v0.6.4
[INFO] [stderr]    Compiling parking_lot v0.12.3
[INFO] [stderr]    Compiling signal-hook-mio v0.2.4
[INFO] [stderr]    Compiling crossterm v0.28.1
[INFO] [stderr]    Compiling zerocopy-derive v0.6.6
[INFO] [stderr]    Compiling thiserror-impl v1.0.63
[INFO] [stderr]    Compiling zerocopy v0.6.6
[INFO] [stderr]    Compiling ppv-lite86 v0.2.18
[INFO] [stderr]    Compiling rand_chacha v0.3.1
[INFO] [stderr]    Compiling rand v0.8.5
[INFO] [stderr]    Compiling chip8-core v0.1.0 (/opt/rustwide/workdir/core)
[INFO] [stdout] warning: unused imports: `Duration`, `f32::consts::E`, `mem`, and `thread`
[INFO] [stdout]  --> core/src/cpu.rs:2:5
[INFO] [stdout]   |
[INFO] [stdout] 2 |     f32::consts::E,
[INFO] [stdout]   |     ^^^^^^^^^^^^^^
[INFO] [stdout] ...
[INFO] [stdout] 5 |     mem, thread,
[INFO] [stdout]   |     ^^^  ^^^^^^
[INFO] [stdout] 6 |     time::{Duration, Instant},
[INFO] [stdout]   |            ^^^^^^^^
[INFO] [stdout]   |
[INFO] [stdout]   = note: `#[warn(unused_imports)]` on by default
[INFO] [stdout] 
[INFO] [stdout] 
[INFO] [stdout] warning: unused imports: `thread` and `time::Duration`
[INFO] [stdout]  --> core/src/input.rs:1:11
[INFO] [stdout]   |
[INFO] [stdout] 1 | use std::{thread, time::Duration};
[INFO] [stdout]   |           ^^^^^^  ^^^^^^^^^^^^^^
[INFO] [stdout] 
[INFO] [stdout] 
[INFO] [stdout] warning: unreachable pattern
[INFO] [stdout]    --> core/src/cpu.rs:446:13
[INFO] [stdout]     |
[INFO] [stdout] 446 |             _ => Err(Chip8Error::UnknownOpcodeError(opcode)),
[INFO] [stdout]     |             ^ no value can reach this
[INFO] [stdout]     |
[INFO] [stdout] note: multiple earlier patterns match some of the same values
[INFO] [stdout]    --> core/src/cpu.rs:446:13
[INFO] [stdout]     |
[INFO] [stdout] 154 |             OpCodes::_0NNN { .. } => {
[INFO] [stdout]     |             --------------------- matches some of the same values
[INFO] [stdout] ...
[INFO] [stdout] 159 |             OpCodes::_00E0 => {
[INFO] [stdout]     |             -------------- matches some of the same values
[INFO] [stdout] ...
[INFO] [stdout] 164 |             OpCodes::_00EE => {
[INFO] [stdout]     |             -------------- matches some of the same values
[INFO] [stdout] ...
[INFO] [stdout] 179 |             OpCodes::_1NNN { nnn } => {
[INFO] [stdout]     |             ---------------------- matches some of the same values
[INFO] [stdout] ...
[INFO] [stdout] 446 |             _ => Err(Chip8Error::UnknownOpcodeError(opcode)),
[INFO] [stdout]     |             ^ ...and 31 other patterns collectively make this unreachable
[INFO] [stdout]     = note: `#[warn(unreachable_patterns)]` on by default
[INFO] [stdout] 
[INFO] [stdout] 
[INFO] [stdout] warning: method `load_at_program_counter` is never used
[INFO] [stdout]    --> core/src/cpu.rs:121:19
[INFO] [stdout]     |
[INFO] [stdout] 76  | / impl<'a, TScreen, TInput> CPU<'a, TScreen, TInput>
[INFO] [stdout] 77  | | where
[INFO] [stdout] 78  | |     TScreen: Chip8Screen,
[INFO] [stdout] 79  | |     TInput: Chip8Input,
[INFO] [stdout]     | |_______________________- method in this implementation
[INFO] [stdout] ...
[INFO] [stdout] 121 |       pub(crate) fn load_at_program_counter(&mut self, data: &[u8]) -> Result<(), std::io::Error> {
[INFO] [stdout]     |                     ^^^^^^^^^^^^^^^^^^^^^^^
[INFO] [stdout]     |
[INFO] [stdout]     = note: `#[warn(dead_code)]` on by default
[INFO] [stdout] 
[INFO] [stdout] 
[INFO] [stdout] warning: struct `NoopScreen` is never constructed
[INFO] [stdout]  --> core/src/test.rs:6:19
[INFO] [stdout]   |
[INFO] [stdout] 6 | pub(crate) struct NoopScreen;
[INFO] [stdout]   |                   ^^^^^^^^^^
[INFO] [stdout] 
[INFO] [stdout] 
[INFO] [stdout] warning: function `u16_to_u8` is never used
[INFO] [stdout]   --> core/src/test.rs:17:15
[INFO] [stdout]    |
[INFO] [stdout] 17 | pub(crate) fn u16_to_u8(data: &[u16]) -> Vec<u8> {
[INFO] [stdout]    |               ^^^^^^^^^
[INFO] [stdout] 
[INFO] [stdout] 
[INFO] [stdout] warning: function `run_program` is never used
[INFO] [stdout]   --> core/src/test.rs:27:15
[INFO] [stdout]    |
[INFO] [stdout] 27 | pub(crate) fn run_program<TScreen: Chip8Screen, TInput: Chip8Input>(
[INFO] [stdout]    |               ^^^^^^^^^^^
[INFO] [stdout] 
[INFO] [stdout] 
[INFO] [stdout] warning: function `run_from_program_counter` is never used
[INFO] [stdout]   --> core/src/test.rs:37:15
[INFO] [stdout]    |
[INFO] [stdout] 37 | pub(crate) fn run_from_program_counter<TScreen: Chip8Screen, TInput: Chip8Input>(
[INFO] [stdout]    |               ^^^^^^^^^^^^^^^^^^^^^^^^
[INFO] [stdout] 
[INFO] [stdout] 
[INFO] [stdout] warning: function `op_run_from_program_counter` is never used
[INFO] [stdout]   --> core/src/test.rs:58:15
[INFO] [stdout]    |
[INFO] [stdout] 58 | pub(crate) fn op_run_from_program_counter<TScreen: Chip8Screen, TInput: Chip8Input>(
[INFO] [stdout]    |               ^^^^^^^^^^^^^^^^^^^^^^^^^^^
[INFO] [stdout] 
[INFO] [stdout] 
[INFO] [stderr]    Compiling chip8-cli v0.1.0 (/opt/rustwide/workdir/cli)
[INFO] [stdout] warning: unused import: `KeyEventKind`
[INFO] [stdout]   --> cli/src/cli.rs:10:32
[INFO] [stdout]    |
[INFO] [stdout] 10 |     event::{KeyCode, KeyEvent, KeyEventKind, KeyModifiers},
[INFO] [stdout]    |                                ^^^^^^^^^^^^
[INFO] [stdout]    |
[INFO] [stdout]    = note: `#[warn(unused_imports)]` on by default
[INFO] [stdout] 
[INFO] [stdout] 
[INFO] [stdout] warning: unused import: `thread::sleep`
[INFO] [stdout]  --> core/src/bin/term.rs:2:11
[INFO] [stdout]   |
[INFO] [stdout] 2 | use std::{thread::sleep, time::Duration};
[INFO] [stdout]   |           ^^^^^^^^^^^^^
[INFO] [stdout]   |
[INFO] [stdout]   = note: `#[warn(unused_imports)]` on by default
[INFO] [stdout] 
[INFO] [stdout] 
[INFO] [stdout] warning: unused imports: `KeyboardEnhancementFlags` and `PushKeyboardEnhancementFlags`
[INFO] [stdout]  --> cli/src/main.rs:6:13
[INFO] [stdout]   |
[INFO] [stdout] 6 |     event::{KeyboardEnhancementFlags, PushKeyboardEnhancementFlags},
[INFO] [stdout]   |             ^^^^^^^^^^^^^^^^^^^^^^^^  ^^^^^^^^^^^^^^^^^^^^^^^^^^^^
[INFO] [stdout]   |
[INFO] [stdout]   = note: `#[warn(unused_imports)]` on by default
[INFO] [stdout] 
[INFO] [stdout] 
[INFO] [stdout] warning: unused variable: `did_draw`
[INFO] [stdout]   --> cli/src/main.rs:33:13
[INFO] [stdout]    |
[INFO] [stdout] 33 |         let did_draw = cli_manager.draw_if_needed();
[INFO] [stdout]    |             ^^^^^^^^ help: if this is intentional, prefix it with an underscore: `_did_draw`
[INFO] [stdout]    |
[INFO] [stdout]    = note: `#[warn(unused_variables)]` on by default
[INFO] [stdout] 
[INFO] [stdout] 
[INFO] [stderr]     Finished `dev` profile [unoptimized + debuginfo] target(s) in 20.94s
[INFO] running `Command { std: "docker" "inspect" "3e5b24ae2308fb4ce91908d9483ccb9ecb21753b768716e9652c377145d0e234", kill_on_drop: false }`
[INFO] running `Command { std: "docker" "rm" "-f" "3e5b24ae2308fb4ce91908d9483ccb9ecb21753b768716e9652c377145d0e234", kill_on_drop: false }`
[INFO] [stdout] 3e5b24ae2308fb4ce91908d9483ccb9ecb21753b768716e9652c377145d0e234
[INFO] running `Command { std: "docker" "create" "-v" "/var/lib/crater-agent-workspace/builds/worker-2-tc1/target:/opt/rustwide/target:rw,Z" "-v" "/var/lib/crater-agent-workspace/builds/worker-2-tc1/source:/opt/rustwide/workdir:ro,Z" "-v" "/var/lib/crater-agent-workspace/cargo-home:/opt/rustwide/cargo-home:ro,Z" "-v" "/var/lib/crater-agent-workspace/rustup-home:/opt/rustwide/rustup-home:ro,Z" "-e" "SOURCE_DIR=/opt/rustwide/workdir" "-e" "CARGO_TARGET_DIR=/opt/rustwide/target" "-e" "CARGO_INCREMENTAL=0" "-e" "RUST_BACKTRACE=full" "-e" "RUSTFLAGS=--cap-lints=warn" "-e" "RUSTDOCFLAGS=--cap-lints=warn" "-e" "CARGO_HOME=/opt/rustwide/cargo-home" "-e" "RUSTUP_HOME=/opt/rustwide/rustup-home" "-w" "/opt/rustwide/workdir" "-m" "1610612736" "--user" "0:0" "--network" "none" "ghcr.io/rust-lang/crates-build-env/linux@sha256:f3a9d4ad9d972b27faf3965f35b62e55ba32bbce8f20bc8fe909558a86702fde" "/opt/rustwide/cargo-home/bin/cargo" "+1.83.0" "test" "--frozen" "--no-run" "--message-format=json", kill_on_drop: false }`
[INFO] [stdout] 60c7c08642ae4636d401cf140e72216106eadfc37f87b7351ed412fb0b048ab3
[INFO] running `Command { std: "docker" "start" "-a" "60c7c08642ae4636d401cf140e72216106eadfc37f87b7351ed412fb0b048ab3", kill_on_drop: false }`
[INFO] [stderr]    Compiling chip8-core v0.1.0 (/opt/rustwide/workdir/core)
[INFO] [stderr]    Compiling chip8-cli v0.1.0 (/opt/rustwide/workdir/cli)
[INFO] [stdout] warning: unused imports: `Duration`, `f32::consts::E`, `mem`, and `thread`
[INFO] [stdout]  --> core/src/cpu.rs:2:5
[INFO] [stdout]   |
[INFO] [stdout] 2 |     f32::consts::E,
[INFO] [stdout]   |     ^^^^^^^^^^^^^^
[INFO] [stdout] ...
[INFO] [stdout] 5 |     mem, thread,
[INFO] [stdout]   |     ^^^  ^^^^^^
[INFO] [stdout] 6 |     time::{Duration, Instant},
[INFO] [stdout]   |            ^^^^^^^^
[INFO] [stdout]   |
[INFO] [stdout]   = note: `#[warn(unused_imports)]` on by default
[INFO] [stdout] 
[INFO] [stdout] 
[INFO] [stdout] warning: unused imports: `thread` and `time::Duration`
[INFO] [stdout]  --> core/src/input.rs:1:11
[INFO] [stdout]   |
[INFO] [stdout] 1 | use std::{thread, time::Duration};
[INFO] [stdout]   |           ^^^^^^  ^^^^^^^^^^^^^^
[INFO] [stdout] 
[INFO] [stdout] 
[INFO] [stdout] warning: unreachable pattern
[INFO] [stdout]    --> core/src/cpu.rs:446:13
[INFO] [stdout]     |
[INFO] [stdout] 446 |             _ => Err(Chip8Error::UnknownOpcodeError(opcode)),
[INFO] [stdout]     |             ^ no value can reach this
[INFO] [stdout]     |
[INFO] [stdout] note: multiple earlier patterns match some of the same values
[INFO] [stdout]    --> core/src/cpu.rs:446:13
[INFO] [stdout]     |
[INFO] [stdout] 154 |             OpCodes::_0NNN { .. } => {
[INFO] [stdout]     |             --------------------- matches some of the same values
[INFO] [stdout] ...
[INFO] [stdout] 159 |             OpCodes::_00E0 => {
[INFO] [stdout]     |             -------------- matches some of the same values
[INFO] [stdout] ...
[INFO] [stdout] 164 |             OpCodes::_00EE => {
[INFO] [stdout]     |             -------------- matches some of the same values
[INFO] [stdout] ...
[INFO] [stdout] 179 |             OpCodes::_1NNN { nnn } => {
[INFO] [stdout]     |             ---------------------- matches some of the same values
[INFO] [stdout] ...
[INFO] [stdout] 446 |             _ => Err(Chip8Error::UnknownOpcodeError(opcode)),
[INFO] [stdout]     |             ^ ...and 31 other patterns collectively make this unreachable
[INFO] [stdout]     = note: `#[warn(unreachable_patterns)]` on by default
[INFO] [stdout] 
[INFO] [stdout] 
[INFO] [stdout] warning: method `load_at_program_counter` is never used
[INFO] [stdout]    --> core/src/cpu.rs:121:19
[INFO] [stdout]     |
[INFO] [stdout] 76  | / impl<'a, TScreen, TInput> CPU<'a, TScreen, TInput>
[INFO] [stdout] 77  | | where
[INFO] [stdout] 78  | |     TScreen: Chip8Screen,
[INFO] [stdout] 79  | |     TInput: Chip8Input,
[INFO] [stdout]     | |_______________________- method in this implementation
[INFO] [stdout] ...
[INFO] [stdout] 121 |       pub(crate) fn load_at_program_counter(&mut self, data: &[u8]) -> Result<(), std::io::Error> {
[INFO] [stdout]     |                     ^^^^^^^^^^^^^^^^^^^^^^^
[INFO] [stdout]     |
[INFO] [stdout]     = note: `#[warn(dead_code)]` on by default
[INFO] [stdout] 
[INFO] [stdout] 
[INFO] [stdout] warning: struct `NoopScreen` is never constructed
[INFO] [stdout]  --> core/src/test.rs:6:19
[INFO] [stdout]   |
[INFO] [stdout] 6 | pub(crate) struct NoopScreen;
[INFO] [stdout]   |                   ^^^^^^^^^^
[INFO] [stdout] 
[INFO] [stdout] 
[INFO] [stdout] warning: function `u16_to_u8` is never used
[INFO] [stdout]   --> core/src/test.rs:17:15
[INFO] [stdout]    |
[INFO] [stdout] 17 | pub(crate) fn u16_to_u8(data: &[u16]) -> Vec<u8> {
[INFO] [stdout]    |               ^^^^^^^^^
[INFO] [stdout] 
[INFO] [stdout] 
[INFO] [stdout] warning: function `run_program` is never used
[INFO] [stdout]   --> core/src/test.rs:27:15
[INFO] [stdout]    |
[INFO] [stdout] 27 | pub(crate) fn run_program<TScreen: Chip8Screen, TInput: Chip8Input>(
[INFO] [stdout]    |               ^^^^^^^^^^^
[INFO] [stdout] 
[INFO] [stdout] 
[INFO] [stdout] warning: function `run_from_program_counter` is never used
[INFO] [stdout]   --> core/src/test.rs:37:15
[INFO] [stdout]    |
[INFO] [stdout] 37 | pub(crate) fn run_from_program_counter<TScreen: Chip8Screen, TInput: Chip8Input>(
[INFO] [stdout]    |               ^^^^^^^^^^^^^^^^^^^^^^^^
[INFO] [stdout] 
[INFO] [stdout] 
[INFO] [stdout] warning: function `op_run_from_program_counter` is never used
[INFO] [stdout]   --> core/src/test.rs:58:15
[INFO] [stdout]    |
[INFO] [stdout] 58 | pub(crate) fn op_run_from_program_counter<TScreen: Chip8Screen, TInput: Chip8Input>(
[INFO] [stdout]    |               ^^^^^^^^^^^^^^^^^^^^^^^^^^^
[INFO] [stdout] 
[INFO] [stdout] 
[INFO] [stdout] warning: unused import: `KeyEventKind`
[INFO] [stdout]   --> cli/src/cli.rs:10:32
[INFO] [stdout]    |
[INFO] [stdout] 10 |     event::{KeyCode, KeyEvent, KeyEventKind, KeyModifiers},
[INFO] [stdout]    |                                ^^^^^^^^^^^^
[INFO] [stdout]    |
[INFO] [stdout]    = note: `#[warn(unused_imports)]` on by default
[INFO] [stdout] 
[INFO] [stdout] 
[INFO] [stdout] warning: unused import: `thread::sleep`
[INFO] [stdout]  --> core/src/bin/term.rs:2:11
[INFO] [stdout]   |
[INFO] [stdout] 2 | use std::{thread::sleep, time::Duration};
[INFO] [stdout]   |           ^^^^^^^^^^^^^
[INFO] [stdout]   |
[INFO] [stdout]   = note: `#[warn(unused_imports)]` on by default
[INFO] [stdout] 
[INFO] [stdout] 
[INFO] [stdout] warning: unused import: `KeyEventKind`
[INFO] [stdout]   --> cli/src/cli.rs:10:32
[INFO] [stdout]    |
[INFO] [stdout] 10 |     event::{KeyCode, KeyEvent, KeyEventKind, KeyModifiers},
[INFO] [stdout]    |                                ^^^^^^^^^^^^
[INFO] [stdout]    |
[INFO] [stdout]    = note: `#[warn(unused_imports)]` on by default
[INFO] [stdout] 
[INFO] [stdout] 
[INFO] [stdout] warning: unused imports: `KeyboardEnhancementFlags` and `PushKeyboardEnhancementFlags`
[INFO] [stdout]  --> cli/src/main.rs:6:13
[INFO] [stdout]   |
[INFO] [stdout] 6 |     event::{KeyboardEnhancementFlags, PushKeyboardEnhancementFlags},
[INFO] [stdout]   |             ^^^^^^^^^^^^^^^^^^^^^^^^  ^^^^^^^^^^^^^^^^^^^^^^^^^^^^
[INFO] [stdout]   |
[INFO] [stdout]   = note: `#[warn(unused_imports)]` on by default
[INFO] [stdout] 
[INFO] [stdout] 
[INFO] [stdout] warning: unused imports: `Duration`, `f32::consts::E`, `mem`, and `thread`
[INFO] [stdout]  --> core/src/cpu.rs:2:5
[INFO] [stdout]   |
[INFO] [stdout] 2 |     f32::consts::E,
[INFO] [stdout]   |     ^^^^^^^^^^^^^^
[INFO] [stdout] ...
[INFO] [stdout] 5 |     mem, thread,
[INFO] [stdout]   |     ^^^  ^^^^^^
[INFO] [stdout] 6 |     time::{Duration, Instant},
[INFO] [stdout]   |            ^^^^^^^^
[INFO] [stdout]   |
[INFO] [stdout]   = note: `#[warn(unused_imports)]` on by default
[INFO] [stdout] 
[INFO] [stdout] 
[INFO] [stdout] warning: unused imports: `thread` and `time::Duration`
[INFO] [stdout]  --> core/src/input.rs:1:11
[INFO] [stdout]   |
[INFO] [stdout] 1 | use std::{thread, time::Duration};
[INFO] [stdout]   |           ^^^^^^  ^^^^^^^^^^^^^^
[INFO] [stdout] 
[INFO] [stdout] 
[INFO] [stdout] warning: unused variable: `did_draw`
[INFO] [stdout]   --> cli/src/main.rs:33:13
[INFO] [stdout]    |
[INFO] [stdout] 33 |         let did_draw = cli_manager.draw_if_needed();
[INFO] [stdout]    |             ^^^^^^^^ help: if this is intentional, prefix it with an underscore: `_did_draw`
[INFO] [stdout]    |
[INFO] [stdout]    = note: `#[warn(unused_variables)]` on by default
[INFO] [stdout] 
[INFO] [stdout] 
[INFO] [stdout] warning: unreachable pattern
[INFO] [stdout]    --> core/src/cpu.rs:446:13
[INFO] [stdout]     |
[INFO] [stdout] 446 |             _ => Err(Chip8Error::UnknownOpcodeError(opcode)),
[INFO] [stdout]     |             ^ no value can reach this
[INFO] [stdout]     |
[INFO] [stdout] note: multiple earlier patterns match some of the same values
[INFO] [stdout]    --> core/src/cpu.rs:446:13
[INFO] [stdout]     |
[INFO] [stdout] 154 |             OpCodes::_0NNN { .. } => {
[INFO] [stdout]     |             --------------------- matches some of the same values
[INFO] [stdout] ...
[INFO] [stdout] 159 |             OpCodes::_00E0 => {
[INFO] [stdout]     |             -------------- matches some of the same values
[INFO] [stdout] ...
[INFO] [stdout] 164 |             OpCodes::_00EE => {
[INFO] [stdout]     |             -------------- matches some of the same values
[INFO] [stdout] ...
[INFO] [stdout] 179 |             OpCodes::_1NNN { nnn } => {
[INFO] [stdout]     |             ---------------------- matches some of the same values
[INFO] [stdout] ...
[INFO] [stdout] 446 |             _ => Err(Chip8Error::UnknownOpcodeError(opcode)),
[INFO] [stdout]     |             ^ ...and 31 other patterns collectively make this unreachable
[INFO] [stdout]     = note: `#[warn(unreachable_patterns)]` on by default
[INFO] [stdout] 
[INFO] [stdout] 
[INFO] [stdout] warning: method `load_at_program_counter` is never used
[INFO] [stdout]    --> core/src/cpu.rs:121:19
[INFO] [stdout]     |
[INFO] [stdout] 76  | / impl<'a, TScreen, TInput> CPU<'a, TScreen, TInput>
[INFO] [stdout] 77  | | where
[INFO] [stdout] 78  | |     TScreen: Chip8Screen,
[INFO] [stdout] 79  | |     TInput: Chip8Input,
[INFO] [stdout]     | |_______________________- method in this implementation
[INFO] [stdout] ...
[INFO] [stdout] 121 |       pub(crate) fn load_at_program_counter(&mut self, data: &[u8]) -> Result<(), std::io::Error> {
[INFO] [stdout]     |                     ^^^^^^^^^^^^^^^^^^^^^^^
[INFO] [stdout]     |
[INFO] [stdout]     = note: `#[warn(dead_code)]` on by default
[INFO] [stdout] 
[INFO] [stdout] 
[INFO] [stdout] warning: function `u16_to_u8` is never used
[INFO] [stdout]   --> core/src/test.rs:17:15
[INFO] [stdout]    |
[INFO] [stdout] 17 | pub(crate) fn u16_to_u8(data: &[u16]) -> Vec<u8> {
[INFO] [stdout]    |               ^^^^^^^^^
[INFO] [stdout] 
[INFO] [stdout] 
[INFO] [stdout] warning: function `run_program` is never used
[INFO] [stdout]   --> core/src/test.rs:27:15
[INFO] [stdout]    |
[INFO] [stdout] 27 | pub(crate) fn run_program<TScreen: Chip8Screen, TInput: Chip8Input>(
[INFO] [stdout]    |               ^^^^^^^^^^^
[INFO] [stdout] 
[INFO] [stdout] 
[INFO] [stdout] warning: function `run_from_program_counter` is never used
[INFO] [stdout]   --> core/src/test.rs:37:15
[INFO] [stdout]    |
[INFO] [stdout] 37 | pub(crate) fn run_from_program_counter<TScreen: Chip8Screen, TInput: Chip8Input>(
[INFO] [stdout]    |               ^^^^^^^^^^^^^^^^^^^^^^^^
[INFO] [stdout] 
[INFO] [stdout] 
[INFO] [stdout] warning: function `op_run_from_program_counter` is never used
[INFO] [stdout]   --> core/src/test.rs:58:15
[INFO] [stdout]    |
[INFO] [stdout] 58 | pub(crate) fn op_run_from_program_counter<TScreen: Chip8Screen, TInput: Chip8Input>(
[INFO] [stdout]    |               ^^^^^^^^^^^^^^^^^^^^^^^^^^^
[INFO] [stdout] 
[INFO] [stdout] 
[INFO] [stderr]     Finished `test` profile [unoptimized + debuginfo] target(s) in 2.21s
[INFO] running `Command { std: "docker" "inspect" "60c7c08642ae4636d401cf140e72216106eadfc37f87b7351ed412fb0b048ab3", kill_on_drop: false }`
[INFO] running `Command { std: "docker" "rm" "-f" "60c7c08642ae4636d401cf140e72216106eadfc37f87b7351ed412fb0b048ab3", kill_on_drop: false }`
[INFO] [stdout] 60c7c08642ae4636d401cf140e72216106eadfc37f87b7351ed412fb0b048ab3
[INFO] running `Command { std: "docker" "create" "-v" "/var/lib/crater-agent-workspace/builds/worker-2-tc1/target:/opt/rustwide/target:rw,Z" "-v" "/var/lib/crater-agent-workspace/builds/worker-2-tc1/source:/opt/rustwide/workdir:ro,Z" "-v" "/var/lib/crater-agent-workspace/cargo-home:/opt/rustwide/cargo-home:ro,Z" "-v" "/var/lib/crater-agent-workspace/rustup-home:/opt/rustwide/rustup-home:ro,Z" "-e" "SOURCE_DIR=/opt/rustwide/workdir" "-e" "CARGO_TARGET_DIR=/opt/rustwide/target" "-e" "CARGO_INCREMENTAL=0" "-e" "RUST_BACKTRACE=full" "-e" "RUSTFLAGS=--cap-lints=warn" "-e" "RUSTDOCFLAGS=--cap-lints=warn" "-e" "CARGO_HOME=/opt/rustwide/cargo-home" "-e" "RUSTUP_HOME=/opt/rustwide/rustup-home" "-w" "/opt/rustwide/workdir" "-m" "1610612736" "--user" "0:0" "--network" "none" "ghcr.io/rust-lang/crates-build-env/linux@sha256:f3a9d4ad9d972b27faf3965f35b62e55ba32bbce8f20bc8fe909558a86702fde" "/opt/rustwide/cargo-home/bin/cargo" "+1.83.0" "test" "--frozen", kill_on_drop: false }`
[INFO] [stdout] feeac230829d36a7eab4f57a5878ea492f644d0cf1201fcc1fc6e27fe2a93d62
[INFO] running `Command { std: "docker" "start" "-a" "feeac230829d36a7eab4f57a5878ea492f644d0cf1201fcc1fc6e27fe2a93d62", kill_on_drop: false }`
[INFO] [stderr] warning: unused imports: `Duration`, `f32::consts::E`, `mem`, and `thread`
[INFO] [stderr]  --> core/src/cpu.rs:2:5
[INFO] [stderr]   |
[INFO] [stderr] 2 |     f32::consts::E,
[INFO] [stderr]   |     ^^^^^^^^^^^^^^
[INFO] [stderr] ...
[INFO] [stderr] 5 |     mem, thread,
[INFO] [stderr]   |     ^^^  ^^^^^^
[INFO] [stderr] 6 |     time::{Duration, Instant},
[INFO] [stderr]   |            ^^^^^^^^
[INFO] [stderr]   |
[INFO] [stderr]   = note: `#[warn(unused_imports)]` on by default
[INFO] [stderr] 
[INFO] [stderr] warning: unused imports: `thread` and `time::Duration`
[INFO] [stderr]  --> core/src/input.rs:1:11
[INFO] [stderr]   |
[INFO] [stderr] 1 | use std::{thread, time::Duration};
[INFO] [stderr]   |           ^^^^^^  ^^^^^^^^^^^^^^
[INFO] [stderr] 
[INFO] [stderr] warning: unreachable pattern
[INFO] [stderr]    --> core/src/cpu.rs:446:13
[INFO] [stderr]     |
[INFO] [stderr] 446 |             _ => Err(Chip8Error::UnknownOpcodeError(opcode)),
[INFO] [stderr]     |             ^ no value can reach this
[INFO] [stderr]     |
[INFO] [stderr] note: multiple earlier patterns match some of the same values
[INFO] [stderr]    --> core/src/cpu.rs:446:13
[INFO] [stderr]     |
[INFO] [stderr] 154 |             OpCodes::_0NNN { .. } => {
[INFO] [stderr]     |             --------------------- matches some of the same values
[INFO] [stderr] ...
[INFO] [stderr] 159 |             OpCodes::_00E0 => {
[INFO] [stderr]     |             -------------- matches some of the same values
[INFO] [stderr] ...
[INFO] [stderr] 164 |             OpCodes::_00EE => {
[INFO] [stderr]     |             -------------- matches some of the same values
[INFO] [stderr] ...
[INFO] [stderr] 179 |             OpCodes::_1NNN { nnn } => {
[INFO] [stderr]     |             ---------------------- matches some of the same values
[INFO] [stderr] ...
[INFO] [stderr] 446 |             _ => Err(Chip8Error::UnknownOpcodeError(opcode)),
[INFO] [stderr]     |             ^ ...and 31 other patterns collectively make this unreachable
[INFO] [stderr]     = note: `#[warn(unreachable_patterns)]` on by default
[INFO] [stderr] 
[INFO] [stderr] warning: method `load_at_program_counter` is never used
[INFO] [stderr]    --> core/src/cpu.rs:121:19
[INFO] [stderr]     |
[INFO] [stderr] 76  | / impl<'a, TScreen, TInput> CPU<'a, TScreen, TInput>
[INFO] [stderr] 77  | | where
[INFO] [stderr] 78  | |     TScreen: Chip8Screen,
[INFO] [stderr] 79  | |     TInput: Chip8Input,
[INFO] [stderr]     | |_______________________- method in this implementation
[INFO] [stderr] ...
[INFO] [stderr] 121 |       pub(crate) fn load_at_program_counter(&mut self, data: &[u8]) -> Result<(), std::io::Error> {
[INFO] [stderr]     |                     ^^^^^^^^^^^^^^^^^^^^^^^
[INFO] [stderr]     |
[INFO] [stderr]     = note: `#[warn(dead_code)]` on by default
[INFO] [stderr] 
[INFO] [stderr] warning: struct `NoopScreen` is never constructed
[INFO] [stderr]  --> core/src/test.rs:6:19
[INFO] [stderr]   |
[INFO] [stderr] 6 | pub(crate) struct NoopScreen;
[INFO] [stderr]   |                   ^^^^^^^^^^
[INFO] [stderr] 
[INFO] [stderr] warning: function `u16_to_u8` is never used
[INFO] [stderr]   --> core/src/test.rs:17:15
[INFO] [stderr]    |
[INFO] [stderr] 17 | pub(crate) fn u16_to_u8(data: &[u16]) -> Vec<u8> {
[INFO] [stderr]    |               ^^^^^^^^^
[INFO] [stderr] 
[INFO] [stderr] warning: function `run_program` is never used
[INFO] [stderr]   --> core/src/test.rs:27:15
[INFO] [stderr]    |
[INFO] [stderr] 27 | pub(crate) fn run_program<TScreen: Chip8Screen, TInput: Chip8Input>(
[INFO] [stderr]    |               ^^^^^^^^^^^
[INFO] [stderr] 
[INFO] [stderr] warning: function `run_from_program_counter` is never used
[INFO] [stderr]   --> core/src/test.rs:37:15
[INFO] [stderr]    |
[INFO] [stderr] 37 | pub(crate) fn run_from_program_counter<TScreen: Chip8Screen, TInput: Chip8Input>(
[INFO] [stderr]    |               ^^^^^^^^^^^^^^^^^^^^^^^^
[INFO] [stderr] 
[INFO] [stderr] warning: function `op_run_from_program_counter` is never used
[INFO] [stderr]   --> core/src/test.rs:58:15
[INFO] [stderr]    |
[INFO] [stderr] 58 | pub(crate) fn op_run_from_program_counter<TScreen: Chip8Screen, TInput: Chip8Input>(
[INFO] [stderr]    |               ^^^^^^^^^^^^^^^^^^^^^^^^^^^
[INFO] [stderr] 
[INFO] [stderr] warning: `chip8-core` (lib) generated 9 warnings (run `cargo fix --lib -p chip8-core` to apply 2 suggestions)
[INFO] [stderr] warning: unused import: `KeyEventKind`
[INFO] [stderr]   --> cli/src/cli.rs:10:32
[INFO] [stderr]    |
[INFO] [stderr] 10 |     event::{KeyCode, KeyEvent, KeyEventKind, KeyModifiers},
[INFO] [stderr]    |                                ^^^^^^^^^^^^
[INFO] [stderr]    |
[INFO] [stderr]    = note: `#[warn(unused_imports)]` on by default
[INFO] [stderr] 
[INFO] [stderr] warning: unused import: `thread::sleep`
[INFO] [stderr]  --> core/src/bin/term.rs:2:11
[INFO] [stderr]   |
[INFO] [stderr] 2 | use std::{thread::sleep, time::Duration};
[INFO] [stderr]   |           ^^^^^^^^^^^^^
[INFO] [stderr]   |
[INFO] [stderr]   = note: `#[warn(unused_imports)]` on by default
[INFO] [stderr] 
[INFO] [stderr] warning: `chip8-cli` (lib) generated 1 warning (run `cargo fix --lib -p chip8-cli` to apply 1 suggestion)
[INFO] [stderr] warning: `chip8-cli` (lib test) generated 1 warning (1 duplicate)
[INFO] [stderr] warning: `chip8-core` (bin "term" test) generated 1 warning (run `cargo fix --bin "term" --tests` to apply 1 suggestion)
[INFO] [stderr] warning: `chip8-core` (lib test) generated 8 warnings (8 duplicates)
[INFO] [stderr] warning: unused imports: `KeyboardEnhancementFlags` and `PushKeyboardEnhancementFlags`
[INFO] [stderr]  --> cli/src/main.rs:6:13
[INFO] [stderr]   |
[INFO] [stderr] 6 |     event::{KeyboardEnhancementFlags, PushKeyboardEnhancementFlags},
[INFO] [stderr]   |             ^^^^^^^^^^^^^^^^^^^^^^^^  ^^^^^^^^^^^^^^^^^^^^^^^^^^^^
[INFO] [stderr]   |
[INFO] [stderr]   = note: `#[warn(unused_imports)]` on by default
[INFO] [stderr] 
[INFO] [stderr] warning: unused variable: `did_draw`
[INFO] [stderr]   --> cli/src/main.rs:33:13
[INFO] [stderr]    |
[INFO] [stderr] 33 |         let did_draw = cli_manager.draw_if_needed();
[INFO] [stderr]    |             ^^^^^^^^ help: if this is intentional, prefix it with an underscore: `_did_draw`
[INFO] [stderr]    |
[INFO] [stderr]    = note: `#[warn(unused_variables)]` on by default
[INFO] [stderr] 
[INFO] [stderr] warning: `chip8-cli` (bin "chip8-cli" test) generated 2 warnings (run `cargo fix --bin "chip8-cli" --tests` to apply 1 suggestion)
[INFO] [stderr]     Finished `test` profile [unoptimized + debuginfo] target(s) in 0.08s
[INFO] [stderr]      Running unittests src/lib.rs (/opt/rustwide/target/debug/deps/chip8_cli-368a02eaa3ba73aa)
[INFO] [stdout] 
[INFO] [stdout] running 0 tests
[INFO] [stdout] 
[INFO] [stdout] test result: ok. 0 passed; 0 failed; 0 ignored; 0 measured; 0 filtered out; finished in 0.00s
[INFO] [stdout] 
[INFO] [stderr]      Running unittests src/main.rs (/opt/rustwide/target/debug/deps/chip8_cli-eebac662d9c063e4)
[INFO] [stderr]      Running unittests src/lib.rs (/opt/rustwide/target/debug/deps/chip8_core-54f5d454dda120f1)
[INFO] [stdout] 
[INFO] [stdout] running 0 tests
[INFO] [stdout] 
[INFO] [stdout] test result: ok. 0 passed; 0 failed; 0 ignored; 0 measured; 0 filtered out; finished in 0.00s
[INFO] [stdout] 
[INFO] [stdout] 
[INFO] [stdout] running 13 tests
[INFO] [stdout] test cpu::tests::instructions::_7xnn ... ok
[INFO] [stdout] test cpu::tests::instructions::_3xnn ... ok
[INFO] [stdout] test cpu::tests::instructions::_6xnn ... ok
[INFO] [stdout] test cpu::tests::instructions::_8xy1 ... ok
[INFO] [stdout] test cpu::tests::instructions::_8xy2 ... ok
[INFO] [stdout] test cpu::tests::instructions::_8xy4 ... ok
[INFO] [stdout] test cpu::tests::instructions::_8xye ... ok
[INFO] [stdout] test cpu::tests::instructions::_8xy0 ... ok
[INFO] [stdout] test cpu::tests::instructions::_8xy6 ... ok
[INFO] [stdout] test cpu::tests::test_cpu ... ok
[INFO] [stdout] test cpu::tests::instructions::_8xy3 ... ok
[INFO] [stdout] test cpu::tests::instructions::_8xy7 ... FAILED
[INFO] [stdout] test cpu::tests::instructions::_8xy5 ... FAILED
[INFO] [stdout] 
[INFO] [stdout] failures:
[INFO] [stdout] 
[INFO] [stdout] ---- cpu::tests::instructions::_8xy7 stdout ----
[INFO] [stdout] thread 'cpu::tests::instructions::_8xy7' panicked at core/src/cpu.rs:678:13:
[INFO] [stdout] assertion `left == right` failed
[INFO] [stdout]   left: 1
[INFO] [stdout]  right: 0
[INFO] [stdout] stack backtrace:
[INFO] [stdout]    0:     0x59012102ea1a - std::backtrace_rs::backtrace::libunwind::trace::h5a5b8284f2d0c266
[INFO] [stdout]                                at /rustc/90b35a6239c3d8bdabc530a6a0816f7ff89a0aaf/library/std/src/../../backtrace/src/backtrace/libunwind.rs:116:5
[INFO] [stdout]    1:     0x59012102ea1a - std::backtrace_rs::backtrace::trace_unsynchronized::h76d4f1c9b0b875e3
[INFO] [stdout]                                at /rustc/90b35a6239c3d8bdabc530a6a0816f7ff89a0aaf/library/std/src/../../backtrace/src/backtrace/mod.rs:66:5
[INFO] [stdout]    2:     0x59012102ea1a - std::sys::backtrace::_print_fmt::hc4546b8364a537c6
[INFO] [stdout]                                at /rustc/90b35a6239c3d8bdabc530a6a0816f7ff89a0aaf/library/std/src/sys/backtrace.rs:66:9
[INFO] [stdout]    3:     0x59012102ea1a - <std::sys::backtrace::BacktraceLock::print::DisplayBacktrace as core::fmt::Display>::fmt::h5b6bd5631a6d1f6b
[INFO] [stdout]                                at /rustc/90b35a6239c3d8bdabc530a6a0816f7ff89a0aaf/library/std/src/sys/backtrace.rs:39:26
[INFO] [stdout]    4:     0x590121053e23 - core::fmt::rt::Argument::fmt::h270f6602a2b96f62
[INFO] [stdout]                                at /rustc/90b35a6239c3d8bdabc530a6a0816f7ff89a0aaf/library/core/src/fmt/rt.rs:177:76
[INFO] [stdout]    5:     0x590121053e23 - core::fmt::write::h7550c97b06c86515
[INFO] [stdout]                                at /rustc/90b35a6239c3d8bdabc530a6a0816f7ff89a0aaf/library/core/src/fmt/mod.rs:1186:21
[INFO] [stdout]    6:     0x59012102bbe3 - std::io::Write::write_fmt::h509ff860e5956e5e
[INFO] [stdout]                                at /rustc/90b35a6239c3d8bdabc530a6a0816f7ff89a0aaf/library/std/src/io/mod.rs:1839:15
[INFO] [stdout]    7:     0x59012102e862 - std::sys::backtrace::BacktraceLock::print::h2395ccd2c84ba3aa
[INFO] [stdout]                                at /rustc/90b35a6239c3d8bdabc530a6a0816f7ff89a0aaf/library/std/src/sys/backtrace.rs:42:9
[INFO] [stdout]    8:     0x59012102fe7a - std::panicking::default_hook::{{closure}}::he19d4c7230e07961
[INFO] [stdout]                                at /rustc/90b35a6239c3d8bdabc530a6a0816f7ff89a0aaf/library/std/src/panicking.rs:268:22
[INFO] [stdout]    9:     0x59012102fc84 - std::panicking::default_hook::hf614597d3c67bbdb
[INFO] [stdout]                                at /rustc/90b35a6239c3d8bdabc530a6a0816f7ff89a0aaf/library/std/src/panicking.rs:292:9
[INFO] [stdout]   10:     0x590120fc1cd9 - <alloc::boxed::Box<F,A> as core::ops::function::Fn<Args>>::call::h39b51ce4599c23d1
[INFO] [stdout]                                at /rustc/90b35a6239c3d8bdabc530a6a0816f7ff89a0aaf/library/alloc/src/boxed.rs:2468:9
[INFO] [stdout]   11:     0x590120fc1cd9 - test::test_main::{{closure}}::he977ae839a582784
[INFO] [stdout]                                at /rustc/90b35a6239c3d8bdabc530a6a0816f7ff89a0aaf/library/test/src/lib.rs:133:21
[INFO] [stdout]   12:     0x590121030518 - <alloc::boxed::Box<F,A> as core::ops::function::Fn<Args>>::call::h9455091b6b06f9fb
[INFO] [stdout]                                at /rustc/90b35a6239c3d8bdabc530a6a0816f7ff89a0aaf/library/alloc/src/boxed.rs:2468:9
[INFO] [stdout]   13:     0x590121030518 - std::panicking::rust_panic_with_hook::h8942133a8b252070
[INFO] [stdout]                                at /rustc/90b35a6239c3d8bdabc530a6a0816f7ff89a0aaf/library/std/src/panicking.rs:809:13
[INFO] [stdout]   14:     0x5901210302da - std::panicking::begin_panic_handler::{{closure}}::hb5f5963570096b29
[INFO] [stdout]                                at /rustc/90b35a6239c3d8bdabc530a6a0816f7ff89a0aaf/library/std/src/panicking.rs:674:13
[INFO] [stdout]   15:     0x59012102eef9 - std::sys::backtrace::__rust_end_short_backtrace::h6208cedc1922feda
[INFO] [stdout]                                at /rustc/90b35a6239c3d8bdabc530a6a0816f7ff89a0aaf/library/std/src/sys/backtrace.rs:170:18
[INFO] [stdout]   16:     0x59012102ff6c - rust_begin_unwind
[INFO] [stdout]                                at /rustc/90b35a6239c3d8bdabc530a6a0816f7ff89a0aaf/library/std/src/panicking.rs:665:5
[INFO] [stdout]   17:     0x590120f7afe0 - core::panicking::panic_fmt::h0c3082644d1bf418
[INFO] [stdout]                                at /rustc/90b35a6239c3d8bdabc530a6a0816f7ff89a0aaf/library/core/src/panicking.rs:74:14
[INFO] [stdout]   18:     0x590120f7b3ab - core::panicking::assert_failed_inner::h2ddf1fcc067fa858
[INFO] [stdout]   19:     0x590120f7eb34 - core::panicking::assert_failed::h0f2a1918642969c3
[INFO] [stdout]                                at /rustc/90b35a6239c3d8bdabc530a6a0816f7ff89a0aaf/library/core/src/panicking.rs:367:5
[INFO] [stdout]   20:     0x590120f86168 - chip8_core::cpu::tests::instructions::_8xy7::h2a5d6efc75b88e74
[INFO] [stdout]                                at /opt/rustwide/workdir/core/src/cpu.rs:678:13
[INFO] [stdout]   21:     0x590120f85f67 - chip8_core::cpu::tests::instructions::_8xy7::{{closure}}::hee6334f4ffed3294
[INFO] [stdout]                                at /opt/rustwide/workdir/core/src/cpu.rs:668:19
[INFO] [stdout]   22:     0x590120f7d896 - core::ops::function::FnOnce::call_once::h8d62ff9d4b0bac3c
[INFO] [stdout]                                at /rustc/90b35a6239c3d8bdabc530a6a0816f7ff89a0aaf/library/core/src/ops/function.rs:250:5
[INFO] [stdout]   23:     0x590120fc669b - core::ops::function::FnOnce::call_once::h109cf8051a59b34e
[INFO] [stdout]                                at /rustc/90b35a6239c3d8bdabc530a6a0816f7ff89a0aaf/library/core/src/ops/function.rs:250:5
[INFO] [stdout]   24:     0x590120fc669b - test::__rust_begin_short_backtrace::hf4fff89d377446ba
[INFO] [stdout]                                at /rustc/90b35a6239c3d8bdabc530a6a0816f7ff89a0aaf/library/test/src/lib.rs:621:18
[INFO] [stdout]   25:     0x590120fc5ed7 - test::run_test_in_process::{{closure}}::h0e39181dd7ee5a43
[INFO] [stdout]                                at /rustc/90b35a6239c3d8bdabc530a6a0816f7ff89a0aaf/library/test/src/lib.rs:644:60
[INFO] [stdout]   26:     0x590120fc5ed7 - <core::panic::unwind_safe::AssertUnwindSafe<F> as core::ops::function::FnOnce<()>>::call_once::hc5a66a30f0bdfd1f
[INFO] [stdout]                                at /rustc/90b35a6239c3d8bdabc530a6a0816f7ff89a0aaf/library/core/src/panic/unwind_safe.rs:272:9
[INFO] [stdout]   27:     0x590120fc5ed7 - std::panicking::try::do_call::h873b7cf639554a5e
[INFO] [stdout]                                at /rustc/90b35a6239c3d8bdabc530a6a0816f7ff89a0aaf/library/std/src/panicking.rs:557:40
[INFO] [stdout]   28:     0x590120fc5ed7 - std::panicking::try::hdb19862fad9c8bd1
[INFO] [stdout]                                at /rustc/90b35a6239c3d8bdabc530a6a0816f7ff89a0aaf/library/std/src/panicking.rs:520:19
[INFO] [stdout]   29:     0x590120fc5ed7 - std::panic::catch_unwind::h281fe732d236d260
[INFO] [stdout]                                at /rustc/90b35a6239c3d8bdabc530a6a0816f7ff89a0aaf/library/std/src/panic.rs:358:14
[INFO] [stdout]   30:     0x590120fc5ed7 - test::run_test_in_process::h949b6df8457ed338
[INFO] [stdout]                                at /rustc/90b35a6239c3d8bdabc530a6a0816f7ff89a0aaf/library/test/src/lib.rs:644:27
[INFO] [stdout]   31:     0x590120fc5ed7 - test::run_test::{{closure}}::h52c556a6d4740e10
[INFO] [stdout]                                at /rustc/90b35a6239c3d8bdabc530a6a0816f7ff89a0aaf/library/test/src/lib.rs:565:43
[INFO] [stdout]   32:     0x590120f8b1b4 - test::run_test::{{closure}}::h4237f6381c45ccb9
[INFO] [stdout]                                at /rustc/90b35a6239c3d8bdabc530a6a0816f7ff89a0aaf/library/test/src/lib.rs:595:41
[INFO] [stdout]   33:     0x590120f8b1b4 - std::sys::backtrace::__rust_begin_short_backtrace::h505c97a579eca628
[INFO] [stdout]                                at /rustc/90b35a6239c3d8bdabc530a6a0816f7ff89a0aaf/library/std/src/sys/backtrace.rs:154:18
[INFO] [stdout]   34:     0x590120f8e87e - std::thread::Builder::spawn_unchecked_::{{closure}}::{{closure}}::h9e86b2e2bc107ea3
[INFO] [stdout]                                at /rustc/90b35a6239c3d8bdabc530a6a0816f7ff89a0aaf/library/std/src/thread/mod.rs:538:17
[INFO] [stdout]   35:     0x590120f8e87e - <core::panic::unwind_safe::AssertUnwindSafe<F> as core::ops::function::FnOnce<()>>::call_once::h8b06ddb275ff4a25
[INFO] [stdout]                                at /rustc/90b35a6239c3d8bdabc530a6a0816f7ff89a0aaf/library/core/src/panic/unwind_safe.rs:272:9
[INFO] [stdout]   36:     0x590120f8e87e - std::panicking::try::do_call::hb26ecd7cd9a9355d
[INFO] [stdout]                                at /rustc/90b35a6239c3d8bdabc530a6a0816f7ff89a0aaf/library/std/src/panicking.rs:557:40
[INFO] [stdout]   37:     0x590120f8e87e - std::panicking::try::h8ddeca9d705f9069
[INFO] [stdout]                                at /rustc/90b35a6239c3d8bdabc530a6a0816f7ff89a0aaf/library/std/src/panicking.rs:520:19
[INFO] [stdout]   38:     0x590120f8e87e - std::panic::catch_unwind::h49e1c33078844c46
[INFO] [stdout]                                at /rustc/90b35a6239c3d8bdabc530a6a0816f7ff89a0aaf/library/std/src/panic.rs:358:14
[INFO] [stdout]   39:     0x590120f8e87e - std::thread::Builder::spawn_unchecked_::{{closure}}::h6073db6ff56ad35d
[INFO] [stdout]                                at /rustc/90b35a6239c3d8bdabc530a6a0816f7ff89a0aaf/library/std/src/thread/mod.rs:537:30
[INFO] [stdout]   40:     0x590120f8e87e - core::ops::function::FnOnce::call_once{{vtable.shim}}::h2c5a5f3779c774f1
[INFO] [stdout]                                at /rustc/90b35a6239c3d8bdabc530a6a0816f7ff89a0aaf/library/core/src/ops/function.rs:250:5
[INFO] [stdout]   41:     0x59012103426b - <alloc::boxed::Box<F,A> as core::ops::function::FnOnce<Args>>::call_once::hf75717d9f28faebf
[INFO] [stdout]                                at /rustc/90b35a6239c3d8bdabc530a6a0816f7ff89a0aaf/library/alloc/src/boxed.rs:2454:9
[INFO] [stdout]   42:     0x59012103426b - <alloc::boxed::Box<F,A> as core::ops::function::FnOnce<Args>>::call_once::h7bd883a5f3c5f3c1
[INFO] [stdout]                                at /rustc/90b35a6239c3d8bdabc530a6a0816f7ff89a0aaf/library/alloc/src/boxed.rs:2454:9
[INFO] [stdout]   43:     0x59012103426b - std::sys::pal::unix::thread::Thread::new::thread_start::hcc78f3943333fa94
[INFO] [stdout]                                at /rustc/90b35a6239c3d8bdabc530a6a0816f7ff89a0aaf/library/std/src/sys/pal/unix/thread.rs:105:17
[INFO] [stdout]   44:     0x7f2213d41ac3 - <unknown>
[INFO] [stdout]   45:     0x7f2213dd2a04 - clone
[INFO] [stdout]   46:                0x0 - <unknown>
[INFO] [stdout] 
[INFO] [stdout] ---- cpu::tests::instructions::_8xy5 stdout ----
[INFO] [stdout] thread 'cpu::tests::instructions::_8xy5' panicked at core/src/cpu.rs:628:13:
[INFO] [stdout] assertion `left == right` failed
[INFO] [stdout]   left: 1
[INFO] [stdout]  right: 0
[INFO] [stdout] stack backtrace:
[INFO] [stdout]    0:     0x59012102ea1a - std::backtrace_rs::backtrace::libunwind::trace::h5a5b8284f2d0c266
[INFO] [stdout]                                at /rustc/90b35a6239c3d8bdabc530a6a0816f7ff89a0aaf/library/std/src/../../backtrace/src/backtrace/libunwind.rs:116:5
[INFO] [stdout]    1:     0x59012102ea1a - std::backtrace_rs::backtrace::trace_unsynchronized::h76d4f1c9b0b875e3
[INFO] [stdout]                                at /rustc/90b35a6239c3d8bdabc530a6a0816f7ff89a0aaf/library/std/src/../../backtrace/src/backtrace/mod.rs:66:5
[INFO] [stdout]    2:     0x59012102ea1a - std::sys::backtrace::_print_fmt::hc4546b8364a537c6
[INFO] [stdout]                                at /rustc/90b35a6239c3d8bdabc530a6a0816f7ff89a0aaf/library/std/src/sys/backtrace.rs:66:9
[INFO] [stdout]    3:     0x59012102ea1a - <std::sys::backtrace::BacktraceLock::print::DisplayBacktrace as core::fmt::Display>::fmt::h5b6bd5631a6d1f6b
[INFO] [stdout]                                at /rustc/90b35a6239c3d8bdabc530a6a0816f7ff89a0aaf/library/std/src/sys/backtrace.rs:39:26
[INFO] [stdout]    4:     0x590121053e23 - core::fmt::rt::Argument::fmt::h270f6602a2b96f62
[INFO] [stdout]                                at /rustc/90b35a6239c3d8bdabc530a6a0816f7ff89a0aaf/library/core/src/fmt/rt.rs:177:76
[INFO] [stdout]    5:     0x590121053e23 - core::fmt::write::h7550c97b06c86515
[INFO] [stdout]                                at /rustc/90b35a6239c3d8bdabc530a6a0816f7ff89a0aaf/library/core/src/fmt/mod.rs:1186:21
[INFO] [stdout]    6:     0x59012102bbe3 - std::io::Write::write_fmt::h509ff860e5956e5e
[INFO] [stdout]                                at /rustc/90b35a6239c3d8bdabc530a6a0816f7ff89a0aaf/library/std/src/io/mod.rs:1839:15
[INFO] [stdout]    7:     0x59012102e862 - std::sys::backtrace::BacktraceLock::print::h2395ccd2c84ba3aa
[INFO] [stdout]                                at /rustc/90b35a6239c3d8bdabc530a6a0816f7ff89a0aaf/library/std/src/sys/backtrace.rs:42:9
[INFO] [stdout]    8:     0x59012102fe7a - std::panicking::default_hook::{{closure}}::he19d4c7230e07961
[INFO] [stdout]                                at /rustc/90b35a6239c3d8bdabc530a6a0816f7ff89a0aaf/library/std/src/panicking.rs:268:22
[INFO] [stdout]    9:     0x59012102fc84 - std::panicking::default_hook::hf614597d3c67bbdb
[INFO] [stdout]                                at /rustc/90b35a6239c3d8bdabc530a6a0816f7ff89a0aaf/library/std/src/panicking.rs:292:9
[INFO] [stdout]   10:     0x590120fc1cd9 - <alloc::boxed::Box<F,A> as core::ops::function::Fn<Args>>::call::h39b51ce4599c23d1
[INFO] [stdout]                                at /rustc/90b35a6239c3d8bdabc530a6a0816f7ff89a0aaf/library/alloc/src/boxed.rs:2468:9
[INFO] [stdout]   11:     0x590120fc1cd9 - test::test_main::{{closure}}::he977ae839a582784
[INFO] [stdout]                                at /rustc/90b35a6239c3d8bdabc530a6a0816f7ff89a0aaf/library/test/src/lib.rs:133:21
[INFO] [stdout]   12:     0x590121030518 - <alloc::boxed::Box<F,A> as core::ops::function::Fn<Args>>::call::h9455091b6b06f9fb
[INFO] [stdout]                                at /rustc/90b35a6239c3d8bdabc530a6a0816f7ff89a0aaf/library/alloc/src/boxed.rs:2468:9
[INFO] [stdout]   13:     0x590121030518 - std::panicking::rust_panic_with_hook::h8942133a8b252070
[INFO] [stdout]                                at /rustc/90b35a6239c3d8bdabc530a6a0816f7ff89a0aaf/library/std/src/panicking.rs:809:13
[INFO] [stdout]   14:     0x5901210302da - std::panicking::begin_panic_handler::{{closure}}::hb5f5963570096b29
[INFO] [stdout]                                at /rustc/90b35a6239c3d8bdabc530a6a0816f7ff89a0aaf/library/std/src/panicking.rs:674:13
[INFO] [stdout]   15:     0x59012102eef9 - std::sys::backtrace::__rust_end_short_backtrace::h6208cedc1922feda
[INFO] [stdout]                                at /rustc/90b35a6239c3d8bdabc530a6a0816f7ff89a0aaf/library/std/src/sys/backtrace.rs:170:18
[INFO] [stdout]   16:     0x59012102ff6c - rust_begin_unwind
[INFO] [stdout]                                at /rustc/90b35a6239c3d8bdabc530a6a0816f7ff89a0aaf/library/std/src/panicking.rs:665:5
[INFO] [stdout]   17:     0x590120f7afe0 - core::panicking::panic_fmt::h0c3082644d1bf418
[INFO] [stdout]                                at /rustc/90b35a6239c3d8bdabc530a6a0816f7ff89a0aaf/library/core/src/panicking.rs:74:14
[INFO] [stdout]   18:     0x590120f7b3ab - core::panicking::assert_failed_inner::h2ddf1fcc067fa858
[INFO] [stdout]   19:     0x590120f7eb34 - core::panicking::assert_failed::h0f2a1918642969c3
[INFO] [stdout]                                at /rustc/90b35a6239c3d8bdabc530a6a0816f7ff89a0aaf/library/core/src/panicking.rs:367:5
[INFO] [stdout]   20:     0x590120f8597b - chip8_core::cpu::tests::instructions::_8xy5::h3e77184e4c4f3147
[INFO] [stdout]                                at /opt/rustwide/workdir/core/src/cpu.rs:628:13
[INFO] [stdout]   21:     0x590120f85777 - chip8_core::cpu::tests::instructions::_8xy5::{{closure}}::heb47e94208dbd272
[INFO] [stdout]                                at /opt/rustwide/workdir/core/src/cpu.rs:618:19
[INFO] [stdout]   22:     0x590120f7d9a6 - core::ops::function::FnOnce::call_once::hbca1dbb4566aa66b
[INFO] [stdout]                                at /rustc/90b35a6239c3d8bdabc530a6a0816f7ff89a0aaf/library/core/src/ops/function.rs:250:5
[INFO] [stdout]   23:     0x590120fc669b - core::ops::function::FnOnce::call_once::h109cf8051a59b34e
[INFO] [stdout]                                at /rustc/90b35a6239c3d8bdabc530a6a0816f7ff89a0aaf/library/core/src/ops/function.rs:250:5
[INFO] [stdout]   24:     0x590120fc669b - test::__rust_begin_short_backtrace::hf4fff89d377446ba
[INFO] [stdout]                                at /rustc/90b35a6239c3d8bdabc530a6a0816f7ff89a0aaf/library/test/src/lib.rs:621:18
[INFO] [stdout]   25:     0x590120fc5ed7 - test::run_test_in_process::{{closure}}::h0e39181dd7ee5a43
[INFO] [stdout]                                at /rustc/90b35a6239c3d8bdabc530a6a0816f7ff89a0aaf/library/test/src/lib.rs:644:60
[INFO] [stdout]   26:     0x590120fc5ed7 - <core::panic::unwind_safe::AssertUnwindSafe<F> as core::ops::function::FnOnce<()>>::call_once::hc5a66a30f0bdfd1f
[INFO] [stdout]                                at /rustc/90b35a6239c3d8bdabc530a6a0816f7ff89a0aaf/library/core/src/panic/unwind_safe.rs:272:9
[INFO] [stdout]   27:     0x590120fc5ed7 - std::panicking::try::do_call::h873b7cf639554a5e
[INFO] [stdout]                                at /rustc/90b35a6239c3d8bdabc530a6a0816f7ff89a0aaf/library/std/src/panicking.rs:557:40
[INFO] [stdout]   28:     0x590120fc5ed7 - std::panicking::try::hdb19862fad9c8bd1
[INFO] [stdout]                                at /rustc/90b35a6239c3d8bdabc530a6a0816f7ff89a0aaf/library/std/src/panicking.rs:520:19
[INFO] [stdout]   29:     0x590120fc5ed7 - std::panic::catch_unwind::h281fe732d236d260
[INFO] [stdout]                                at /rustc/90b35a6239c3d8bdabc530a6a0816f7ff89a0aaf/library/std/src/panic.rs:358:14
[INFO] [stdout]   30:     0x590120fc5ed7 - test::run_test_in_process::h949b6df8457ed338
[INFO] [stdout]                                at /rustc/90b35a6239c3d8bdabc530a6a0816f7ff89a0aaf/library/test/src/lib.rs:644:27
[INFO] [stdout]   31:     0x590120fc5ed7 - test::run_test::{{closure}}::h52c556a6d4740e10
[INFO] [stdout]                                at /rustc/90b35a6239c3d8bdabc530a6a0816f7ff89a0aaf/library/test/src/lib.rs:565:43
[INFO] [stdout]   32:     0x590120f8b1b4 - test::run_test::{{closure}}::h4237f6381c45ccb9
[INFO] [stdout]                                at /rustc/90b35a6239c3d8bdabc530a6a0816f7ff89a0aaf/library/test/src/lib.rs:595:41
[INFO] [stdout]   33:     0x590120f8b1b4 - std::sys::backtrace::__rust_begin_short_backtrace::h505c97a579eca628
[INFO] [stdout]                                at /rustc/90b35a6239c3d8bdabc530a6a0816f7ff89a0aaf/library/std/src/sys/backtrace.rs:154:18
[INFO] [stdout]   34:     0x590120f8e87e - std::thread::Builder::spawn_unchecked_::{{closure}}::{{closure}}::h9e86b2e2bc107ea3
[INFO] [stdout]                                at /rustc/90b35a6239c3d8bdabc530a6a0816f7ff89a0aaf/library/std/src/thread/mod.rs:538:17
[INFO] [stdout]   35:     0x590120f8e87e - <core::panic::unwind_safe::AssertUnwindSafe<F> as core::ops::function::FnOnce<()>>::call_once::h8b06ddb275ff4a25
[INFO] [stdout]                                at /rustc/90b35a6239c3d8bdabc530a6a0816f7ff89a0aaf/library/core/src/panic/unwind_safe.rs:272:9
[INFO] [stdout]   36:     0x590120f8e87e - std::panicking::try::do_call::hb26ecd7cd9a9355d
[INFO] [stdout]                                at /rustc/90b35a6239c3d8bdabc530a6a0816f7ff89a0aaf/library/std/src/panicking.rs:557:40
[INFO] [stdout]   37:     0x590120f8e87e - std::panicking::try::h8ddeca9d705f9069
[INFO] [stdout]                                at /rustc/90b35a6239c3d8bdabc530a6a0816f7ff89a0aaf/library/std/src/panicking.rs:520:19
[INFO] [stdout]   38:     0x590120f8e87e - std::panic::catch_unwind::h49e1c33078844c46
[INFO] [stdout]                                at /rustc/90b35a6239c3d8bdabc530a6a0816f7ff89a0aaf/library/std/src/panic.rs:358:14
[INFO] [stdout]   39:     0x590120f8e87e - std::thread::Builder::spawn_unchecked_::{{closure}}::h6073db6ff56ad35d
[INFO] [stdout]                                at /rustc/90b35a6239c3d8bdabc530a6a0816f7ff89a0aaf/library/std/src/thread/mod.rs:537:30
[INFO] [stdout]   40:     0x590120f8e87e - core::ops::function::FnOnce::call_once{{vtable.shim}}::h2c5a5f3779c774f1
[INFO] [stdout]                                at /rustc/90b35a6239c3d8bdabc530a6a0816f7ff89a0aaf/library/core/src/ops/function.rs:250:5
[INFO] [stdout]   41:     0x59012103426b - <alloc::boxed::Box<F,A> as core::ops::function::FnOnce<Args>>::call_once::hf75717d9f28faebf
[INFO] [stdout]                                at /rustc/90b35a6239c3d8bdabc530a6a0816f7ff89a0aaf/library/alloc/src/boxed.rs:2454:9
[INFO] [stdout]   42:     0x59012103426b - <alloc::boxed::Box<F,A> as core::ops::function::FnOnce<Args>>::call_once::h7bd883a5f3c5f3c1
[INFO] [stdout]                                at /rustc/90b35a6239c3d8bdabc530a6a0816f7ff89a0aaf/library/alloc/src/boxed.rs:2454:9
[INFO] [stdout]   43:     0x59012103426b - std::sys::pal::unix::thread::Thread::new::thread_start::hcc78f3943333fa94
[INFO] [stdout]                                at /rustc/90b35a6239c3d8bdabc530a6a0816f7ff89a0aaf/library/std/src/sys/pal/unix/thread.rs:105:17
[INFO] [stdout]   44:     0x7f2213d41ac3 - <unknown>
[INFO] [stdout]   45:     0x7f2213dd2a04 - clone
[INFO] [stdout]   46:                0x0 - <unknown>
[INFO] [stdout] 
[INFO] [stdout] 
[INFO] [stdout] failures:
[INFO] [stdout]     cpu::tests::instructions::_8xy5
[INFO] [stdout]     cpu::tests::instructions::_8xy7
[INFO] [stdout] 
[INFO] [stdout] test result: FAILED. 11 passed; 2 failed; 0 ignored; 0 measured; 0 filtered out; finished in 0.04s
[INFO] [stdout] 
[INFO] [stderr] error: test failed, to rerun pass `-p chip8-core --lib`
[INFO] running `Command { std: "docker" "inspect" "feeac230829d36a7eab4f57a5878ea492f644d0cf1201fcc1fc6e27fe2a93d62", kill_on_drop: false }`
[INFO] running `Command { std: "docker" "rm" "-f" "feeac230829d36a7eab4f57a5878ea492f644d0cf1201fcc1fc6e27fe2a93d62", kill_on_drop: false }`
[INFO] [stdout] feeac230829d36a7eab4f57a5878ea492f644d0cf1201fcc1fc6e27fe2a93d62
