[INFO] cloning repository https://github.com/um-univie/molecules
[INFO] running `Command { std: "git" "-c" "credential.helper=" "-c" "credential.helper=/workspace/cargo-home/bin/git-credential-null" "clone" "--bare" "https://github.com/um-univie/molecules" "/workspace/cache/git-repos/https%3A%2F%2Fgithub.com%2Fum-univie%2Fmolecules", kill_on_drop: false }`
[INFO] [stderr] Cloning into bare repository '/workspace/cache/git-repos/https%3A%2F%2Fgithub.com%2Fum-univie%2Fmolecules'...
[INFO] running `Command { std: "git" "rev-parse" "HEAD", kill_on_drop: false }`
[INFO] [stdout] 8f77941ff5e6d62cf30512de23df5b5764b29448
[INFO] testing um-univie/molecules against beta-2024-12-08 for beta-1.84.0-4-retry
[INFO] running `Command { std: "git" "clone" "/workspace/cache/git-repos/https%3A%2F%2Fgithub.com%2Fum-univie%2Fmolecules" "/workspace/builds/worker-5-tc2/source", kill_on_drop: false }`
[INFO] [stderr] Cloning into '/workspace/builds/worker-5-tc2/source'...
[INFO] [stderr] done.
[INFO] validating manifest of git repo https://github.com/um-univie/molecules on toolchain beta-2024-12-08
[INFO] running `Command { std: CARGO_HOME="/workspace/cargo-home" RUSTUP_HOME="/workspace/rustup-home" "/workspace/cargo-home/bin/cargo" "+beta-2024-12-08" "metadata" "--manifest-path" "Cargo.toml" "--no-deps", kill_on_drop: false }`
[INFO] started tweaking git repo https://github.com/um-univie/molecules
[INFO] finished tweaking git repo https://github.com/um-univie/molecules
[INFO] tweaked toml for git repo https://github.com/um-univie/molecules written to /workspace/builds/worker-5-tc2/source/Cargo.toml
[INFO] crate git repo https://github.com/um-univie/molecules already has a lockfile, it will not be regenerated
[INFO] running `Command { std: CARGO_HOME="/workspace/cargo-home" RUSTUP_HOME="/workspace/rustup-home" "/workspace/cargo-home/bin/cargo" "+beta-2024-12-08" "fetch" "--manifest-path" "Cargo.toml", kill_on_drop: false }`
[INFO] running `Command { std: "docker" "create" "-v" "/var/lib/crater-agent-workspace/builds/worker-5-tc2/target:/opt/rustwide/target:rw,Z" "-v" "/var/lib/crater-agent-workspace/builds/worker-5-tc2/source:/opt/rustwide/workdir:ro,Z" "-v" "/var/lib/crater-agent-workspace/cargo-home:/opt/rustwide/cargo-home:ro,Z" "-v" "/var/lib/crater-agent-workspace/rustup-home:/opt/rustwide/rustup-home:ro,Z" "-e" "SOURCE_DIR=/opt/rustwide/workdir" "-e" "CARGO_TARGET_DIR=/opt/rustwide/target" "-e" "CARGO_HOME=/opt/rustwide/cargo-home" "-e" "RUSTUP_HOME=/opt/rustwide/rustup-home" "-w" "/opt/rustwide/workdir" "-m" "1610612736" "--user" "0:0" "--network" "none" "ghcr.io/rust-lang/crates-build-env/linux@sha256:f3a9d4ad9d972b27faf3965f35b62e55ba32bbce8f20bc8fe909558a86702fde" "/opt/rustwide/cargo-home/bin/cargo" "+beta-2024-12-08" "metadata" "--no-deps" "--format-version=1", kill_on_drop: false }`
[INFO] [stdout] 80d7cf9c57d6719fb3353f0d82792d014abb22bf14f519019cdf72cb9dbab0f3
[INFO] running `Command { std: "docker" "start" "-a" "80d7cf9c57d6719fb3353f0d82792d014abb22bf14f519019cdf72cb9dbab0f3", kill_on_drop: false }`
[INFO] running `Command { std: "docker" "inspect" "80d7cf9c57d6719fb3353f0d82792d014abb22bf14f519019cdf72cb9dbab0f3", kill_on_drop: false }`
[INFO] running `Command { std: "docker" "rm" "-f" "80d7cf9c57d6719fb3353f0d82792d014abb22bf14f519019cdf72cb9dbab0f3", kill_on_drop: false }`
[INFO] [stdout] 80d7cf9c57d6719fb3353f0d82792d014abb22bf14f519019cdf72cb9dbab0f3
[INFO] running `Command { std: "docker" "create" "-v" "/var/lib/crater-agent-workspace/builds/worker-5-tc2/target:/opt/rustwide/target:rw,Z" "-v" "/var/lib/crater-agent-workspace/builds/worker-5-tc2/source:/opt/rustwide/workdir:ro,Z" "-v" "/var/lib/crater-agent-workspace/cargo-home:/opt/rustwide/cargo-home:ro,Z" "-v" "/var/lib/crater-agent-workspace/rustup-home:/opt/rustwide/rustup-home:ro,Z" "-e" "SOURCE_DIR=/opt/rustwide/workdir" "-e" "CARGO_TARGET_DIR=/opt/rustwide/target" "-e" "CARGO_INCREMENTAL=0" "-e" "RUST_BACKTRACE=full" "-e" "RUSTFLAGS=--cap-lints=warn" "-e" "RUSTDOCFLAGS=--cap-lints=warn" "-e" "CARGO_HOME=/opt/rustwide/cargo-home" "-e" "RUSTUP_HOME=/opt/rustwide/rustup-home" "-w" "/opt/rustwide/workdir" "-m" "1610612736" "--user" "0:0" "--network" "none" "ghcr.io/rust-lang/crates-build-env/linux@sha256:f3a9d4ad9d972b27faf3965f35b62e55ba32bbce8f20bc8fe909558a86702fde" "/opt/rustwide/cargo-home/bin/cargo" "+beta-2024-12-08" "build" "--frozen" "--message-format=json", kill_on_drop: false }`
[INFO] [stdout] b9c62022833f2b8ddb8f52583714fecc15b335628066cdc56933287f039d655b
[INFO] running `Command { std: "docker" "start" "-a" "b9c62022833f2b8ddb8f52583714fecc15b335628066cdc56933287f039d655b", kill_on_drop: false }`
[INFO] [stderr]    Compiling proc-macro2 v1.0.86
[INFO] [stderr]    Compiling unicode-ident v1.0.12
[INFO] [stderr]    Compiling cfg-if v1.0.0
[INFO] [stderr]    Compiling libc v0.2.158
[INFO] [stderr]    Compiling autocfg v1.3.0
[INFO] [stderr]    Compiling crossbeam-utils v0.8.20
[INFO] [stderr]    Compiling once_cell v1.19.0
[INFO] [stderr]    Compiling rustversion v1.0.17
[INFO] [stderr]    Compiling log v0.4.22
[INFO] [stderr]    Compiling byteorder v1.5.0
[INFO] [stderr]    Compiling az v1.2.1
[INFO] [stderr]    Compiling typenum v1.17.0
[INFO] [stderr]    Compiling either v1.13.0
[INFO] [stderr]    Compiling rayon-core v1.12.1
[INFO] [stderr]    Compiling overload v0.1.1
[INFO] [stderr]    Compiling lazy_static v1.5.0
[INFO] [stderr]    Compiling fixed v1.28.0
[INFO] [stderr]    Compiling doc-comment v0.3.3
[INFO] [stderr]    Compiling sharded-slab v0.1.7
[INFO] [stderr]    Compiling nu-ansi-term v0.46.0
[INFO] [stderr]    Compiling tracing-core v0.1.32
[INFO] [stderr]    Compiling thread_local v1.1.8
[INFO] [stderr]    Compiling half v2.4.1
[INFO] [stderr]    Compiling smallvec v1.13.2
[INFO] [stderr]    Compiling bytemuck v1.17.1
[INFO] [stderr]    Compiling equivalent v1.0.1
[INFO] [stderr]    Compiling pin-project-lite v0.2.14
[INFO] [stderr]    Compiling hashbrown v0.14.5
[INFO] [stderr]    Compiling quote v1.0.37
[INFO] [stderr]    Compiling num-traits v0.2.19
[INFO] [stderr]    Compiling syn v2.0.77
[INFO] [stderr]    Compiling itertools v0.13.0
[INFO] [stderr]    Compiling tracing-log v0.2.0
[INFO] [stderr]    Compiling divrem v1.0.0
[INFO] [stderr]    Compiling ubyte v0.10.4
[INFO] [stderr]    Compiling fixedbitset v0.4.2
[INFO] [stderr]    Compiling init_with v1.1.0
[INFO] [stderr]    Compiling sorted-vec v0.8.3
[INFO] [stderr]    Compiling elapsed v0.1.2
[INFO] [stderr]    Compiling itertools v0.12.1
[INFO] [stderr]    Compiling chemistry_consts v0.1.4
[INFO] [stderr]    Compiling tracing-subscriber v0.3.18
[INFO] [stderr]    Compiling nohash-hasher v0.2.0
[INFO] [stderr]    Compiling tinyvec v1.8.0
[INFO] [stderr]    Compiling generator v0.8.3
[INFO] [stderr]    Compiling crossbeam-epoch v0.9.18
[INFO] [stderr]    Compiling indexmap v2.5.0
[INFO] [stderr]    Compiling ordered-float v4.2.2
[INFO] [stderr]    Compiling crossbeam-deque v0.8.5
[INFO] [stderr]    Compiling getrandom v0.2.15
[INFO] [stderr]    Compiling rand_core v0.6.4
[INFO] [stderr]    Compiling petgraph v0.6.5
[INFO] [stderr]    Compiling rayon v1.10.0
[INFO] [stderr]    Compiling zerocopy-derive v0.7.35
[INFO] [stderr]    Compiling tracing-attributes v0.1.27
[INFO] [stderr]    Compiling zerocopy v0.7.35
[INFO] [stderr]    Compiling tracing v0.1.40
[INFO] [stderr]    Compiling ppv-lite86 v0.2.20
[INFO] [stderr]    Compiling rand_chacha v0.3.1
[INFO] [stderr]    Compiling rand v0.8.5
[INFO] [stderr]    Compiling kiddo v4.2.1
[INFO] [stderr]    Compiling molecules v0.1.8 (/opt/rustwide/workdir)
[INFO] [stdout] warning: unused variable: `relevant_ligands`
[INFO] [stdout]    --> src/chirality.rs:460:46
[INFO] [stdout]     |
[INFO] [stdout] 460 |         let ((shape, winding), viewing_axis, relevant_ligands) = self.identify_octahedral_configuration(&vectors);
[INFO] [stdout]     |                                              ^^^^^^^^^^^^^^^^ help: if this is intentional, prefix it with an underscore: `_relevant_ligands`
[INFO] [stdout]     |
[INFO] [stdout]     = note: `#[warn(unused_variables)]` on by default
[INFO] [stdout] 
[INFO] [stdout] 
[INFO] [stdout] warning: associated function `from_sdf_line` is never used
[INFO] [stdout]   --> src/atom.rs:74:8
[INFO] [stdout]    |
[INFO] [stdout] 20 | impl Atom {
[INFO] [stdout]    | --------- associated function in this implementation
[INFO] [stdout] ...
[INFO] [stdout] 74 |     fn from_sdf_line(line: &str) -> Result<Self, Box<dyn std::error::Error>> {
[INFO] [stdout]    |        ^^^^^^^^^^^^^
[INFO] [stdout]    |
[INFO] [stdout]    = note: `#[warn(dead_code)]` on by default
[INFO] [stdout] 
[INFO] [stdout] 
[INFO] [stdout] warning: field `ring_atoms` is never read
[INFO] [stdout]   --> src/io.rs:37:5
[INFO] [stdout]    |
[INFO] [stdout] 25 | pub struct SMILESParser {
[INFO] [stdout]    |            ------------ field in this struct
[INFO] [stdout] ...
[INFO] [stdout] 37 |     ring_atoms: Vec<usize>,
[INFO] [stdout]    |     ^^^^^^^^^^
[INFO] [stdout] 
[INFO] [stdout] 
[INFO] [stdout] warning: associated function `aromatic` is never used
[INFO] [stdout]   --> src/bond.rs:31:8
[INFO] [stdout]    |
[INFO] [stdout] 9  | impl BondTarget {
[INFO] [stdout]    | --------------- associated function in this implementation
[INFO] [stdout] ...
[INFO] [stdout] 31 |     fn aromatic(target: usize) -> BondTarget {
[INFO] [stdout]    |        ^^^^^^^^
[INFO] [stdout] 
[INFO] [stdout] 
[INFO] [stdout] warning: function `parse_counts_line` is never used
[INFO] [stdout]    --> src/sdf.rs:120:4
[INFO] [stdout]     |
[INFO] [stdout] 120 | fn parse_counts_line(line: &str) -> Result<(usize, usize), Box<dyn std::error::Error>> {
[INFO] [stdout]     |    ^^^^^^^^^^^^^^^^^
[INFO] [stdout] 
[INFO] [stdout] 
[INFO] [stdout] warning: multiple fields are never read
[INFO] [stdout]    --> src/sdf.rs:189:9
[INFO] [stdout]     |
[INFO] [stdout] 188 | pub struct CountsLine {
[INFO] [stdout]     |            ---------- fields in this struct
[INFO] [stdout] 189 |     pub num_atoms: u16,
[INFO] [stdout]     |         ^^^^^^^^^
[INFO] [stdout] 190 |     pub num_bonds: u16,
[INFO] [stdout]     |         ^^^^^^^^^
[INFO] [stdout] 191 |     pub num_atom_lists: u16,
[INFO] [stdout]     |         ^^^^^^^^^^^^^^
[INFO] [stdout] 192 |     pub chiral_flag: u8,
[INFO] [stdout]     |         ^^^^^^^^^^^
[INFO] [stdout] 193 |     pub num_stext_entries: u16,
[INFO] [stdout]     |         ^^^^^^^^^^^^^^^^^
[INFO] [stdout] 194 |     pub num_properties: u16,
[INFO] [stdout]     |         ^^^^^^^^^^^^^^
[INFO] [stdout] 195 |     pub version: String,
[INFO] [stdout]     |         ^^^^^^^
[INFO] [stdout]     |
[INFO] [stdout]     = note: `CountsLine` has a derived impl for the trait `Debug`, but this is intentionally ignored during dead code analysis
[INFO] [stdout] 
[INFO] [stdout] 
[INFO] [stdout] warning: fields `atom1`, `atom2`, `bond_type`, `bond_stereo`, `bond_topology`, and `reacting_center_status` are never read
[INFO] [stdout]    --> src/sdf.rs:393:9
[INFO] [stdout]     |
[INFO] [stdout] 392 | pub struct BondV2000 {
[INFO] [stdout]     |            --------- fields in this struct
[INFO] [stdout] 393 |     pub atom1: usize,
[INFO] [stdout]     |         ^^^^^
[INFO] [stdout] 394 |     pub atom2: usize,
[INFO] [stdout]     |         ^^^^^
[INFO] [stdout] 395 |     pub bond_type: u8,
[INFO] [stdout]     |         ^^^^^^^^^
[INFO] [stdout] 396 |     pub bond_stereo: u8,
[INFO] [stdout]     |         ^^^^^^^^^^^
[INFO] [stdout] 397 |     pub bond_topology: Option<u8>,
[INFO] [stdout]     |         ^^^^^^^^^^^^^
[INFO] [stdout] 398 |     pub reacting_center_status: Option<u8>,
[INFO] [stdout]     |         ^^^^^^^^^^^^^^^^^^^^^^
[INFO] [stdout]     |
[INFO] [stdout]     = note: `BondV2000` has a derived impl for the trait `Debug`, but this is intentionally ignored during dead code analysis
[INFO] [stdout] 
[INFO] [stdout] 
[INFO] [stdout] warning: multiple fields are never read
[INFO] [stdout]    --> src/sdf.rs:403:9
[INFO] [stdout]     |
[INFO] [stdout] 402 | pub struct SGroup {
[INFO] [stdout]     |            ------ fields in this struct
[INFO] [stdout] 403 |     pub sgroup_type: String,
[INFO] [stdout]     |         ^^^^^^^^^^^
[INFO] [stdout] 404 |     pub atoms: Vec<usize>,
[INFO] [stdout]     |         ^^^^^
[INFO] [stdout] 405 |     pub parent: Option<usize>,
[INFO] [stdout]     |         ^^^^^^
[INFO] [stdout] 406 |     pub component_number: Option<u8>,
[INFO] [stdout]     |         ^^^^^^^^^^^^^^^^
[INFO] [stdout] 407 |     pub connectivity: Option<String>,
[INFO] [stdout]     |         ^^^^^^^^^^^^
[INFO] [stdout] 408 |     pub subscript: Option<String>,
[INFO] [stdout]     |         ^^^^^^^^^
[INFO] [stdout] 409 |     pub expansion: Option<bool>,
[INFO] [stdout]     |         ^^^^^^^^^
[INFO] [stdout] 410 |     pub bracket_style: Option<u8>,
[INFO] [stdout]     |         ^^^^^^^^^^^^^
[INFO] [stdout] 411 |     pub class: Option<String>,
[INFO] [stdout]     |         ^^^^^
[INFO] [stdout]     |
[INFO] [stdout]     = note: `SGroup` has a derived impl for the trait `Debug`, but this is intentionally ignored during dead code analysis
[INFO] [stdout] 
[INFO] [stdout] 
[INFO] [stdout] warning: multiple fields are never read
[INFO] [stdout]    --> src/sdf.rs:416:9
[INFO] [stdout]     |
[INFO] [stdout] 415 | pub struct MoleculeV2000 {
[INFO] [stdout]     |            ------------- fields in this struct
[INFO] [stdout] 416 |     pub atoms: Vec<AtomV2000>,
[INFO] [stdout]     |         ^^^^^
[INFO] [stdout] 417 |     pub bonds: Vec<BondV2000>,
[INFO] [stdout]     |         ^^^^^
[INFO] [stdout] 418 |     pub sgroups: Vec<SGroup>,
[INFO] [stdout]     |         ^^^^^^^
[INFO] [stdout] 419 |     pub properties: Vec<String>,
[INFO] [stdout]     |         ^^^^^^^^^^
[INFO] [stdout] 420 |     pub chiral: bool,
[INFO] [stdout]     |         ^^^^^^
[INFO] [stdout] 421 |     pub name: String,
[INFO] [stdout]     |         ^^^^
[INFO] [stdout] 422 |     pub comment: String,
[INFO] [stdout]     |         ^^^^^^^
[INFO] [stdout] 423 |     pub dimension: u8,
[INFO] [stdout]     |         ^^^^^^^^^
[INFO] [stdout]     |
[INFO] [stdout]     = note: `MoleculeV2000` has a derived impl for the trait `Debug`, but this is intentionally ignored during dead code analysis
[INFO] [stdout] 
[INFO] [stdout] 
[INFO] [stdout] warning: method `combine` is never used
[INFO] [stdout]    --> src/molecular_formula.rs:349:8
[INFO] [stdout]     |
[INFO] [stdout] 259 | impl IsotopicPattern {
[INFO] [stdout]     | -------------------- method in this implementation
[INFO] [stdout] ...
[INFO] [stdout] 349 |     fn combine(&self, other: &Self, n_peaks: usize) -> Self {
[INFO] [stdout]     |        ^^^^^^^
[INFO] [stdout] 
[INFO] [stdout] 
[INFO] [stdout] warning: struct `SmilesParameters` is never constructed
[INFO] [stdout]     --> src/molecule.rs:1615:8
[INFO] [stdout]      |
[INFO] [stdout] 1615 | struct SmilesParameters {
[INFO] [stdout]      |        ^^^^^^^^^^^^^^^^
[INFO] [stdout] 
[INFO] [stdout] 
[INFO] [stdout] warning: methods `find_minimum_cycle`, `bfs_for_cycle`, and `canonicalize` are never used
[INFO] [stdout]     --> src/molecule.rs:1943:8
[INFO] [stdout]      |
[INFO] [stdout] 1860 | impl Molecule3D {
[INFO] [stdout]      | --------------- methods in this implementation
[INFO] [stdout] ...
[INFO] [stdout] 1943 |     fn find_minimum_cycle(&self, atom_set: &HashSet<usize>) -> Option<Vec<usize>> {
[INFO] [stdout]      |        ^^^^^^^^^^^^^^^^^^
[INFO] [stdout] ...
[INFO] [stdout] 1964 |     fn bfs_for_cycle(&self, start: usize, end: usize) -> Option<Vec<usize>> {
[INFO] [stdout]      |        ^^^^^^^^^^^^^
[INFO] [stdout] ...
[INFO] [stdout] 1987 |     fn canonicalize(&self) -> IntMap<usize, usize> {
[INFO] [stdout]      |        ^^^^^^^^^^^^
[INFO] [stdout] 
[INFO] [stdout] 
[INFO] [stdout] warning: function `order_by_degree` is never used
[INFO] [stdout]     --> src/molecule.rs:2162:4
[INFO] [stdout]      |
[INFO] [stdout] 2162 | fn order_by_degree(degrees: &[usize]) -> Vec<usize> {
[INFO] [stdout]      |    ^^^^^^^^^^^^^^^
[INFO] [stdout] 
[INFO] [stdout] 
[INFO] [stdout] warning: struct `BondTypeChange` is never constructed
[INFO] [stdout]     --> src/molecule.rs:2168:8
[INFO] [stdout]      |
[INFO] [stdout] 2168 | struct BondTypeChange {
[INFO] [stdout]      |        ^^^^^^^^^^^^^^
[INFO] [stdout] 
[INFO] [stdout] 
[INFO] [stdout] warning: function `is_hueckel_satisfied` is never used
[INFO] [stdout]     --> src/molecule.rs:2275:4
[INFO] [stdout]      |
[INFO] [stdout] 2275 | fn is_hueckel_satisfied(number_of_pi_electrons: usize) -> bool {
[INFO] [stdout]      |    ^^^^^^^^^^^^^^^^^^^^
[INFO] [stdout] 
[INFO] [stdout] 
[INFO] [stderr]     Finished `dev` profile [unoptimized + debuginfo] target(s) in 27.92s
[INFO] running `Command { std: "docker" "inspect" "b9c62022833f2b8ddb8f52583714fecc15b335628066cdc56933287f039d655b", kill_on_drop: false }`
[INFO] running `Command { std: "docker" "rm" "-f" "b9c62022833f2b8ddb8f52583714fecc15b335628066cdc56933287f039d655b", kill_on_drop: false }`
[INFO] [stdout] b9c62022833f2b8ddb8f52583714fecc15b335628066cdc56933287f039d655b
[INFO] running `Command { std: "docker" "create" "-v" "/var/lib/crater-agent-workspace/builds/worker-5-tc2/target:/opt/rustwide/target:rw,Z" "-v" "/var/lib/crater-agent-workspace/builds/worker-5-tc2/source:/opt/rustwide/workdir:ro,Z" "-v" "/var/lib/crater-agent-workspace/cargo-home:/opt/rustwide/cargo-home:ro,Z" "-v" "/var/lib/crater-agent-workspace/rustup-home:/opt/rustwide/rustup-home:ro,Z" "-e" "SOURCE_DIR=/opt/rustwide/workdir" "-e" "CARGO_TARGET_DIR=/opt/rustwide/target" "-e" "CARGO_INCREMENTAL=0" "-e" "RUST_BACKTRACE=full" "-e" "RUSTFLAGS=--cap-lints=warn" "-e" "RUSTDOCFLAGS=--cap-lints=warn" "-e" "CARGO_HOME=/opt/rustwide/cargo-home" "-e" "RUSTUP_HOME=/opt/rustwide/rustup-home" "-w" "/opt/rustwide/workdir" "-m" "1610612736" "--user" "0:0" "--network" "none" "ghcr.io/rust-lang/crates-build-env/linux@sha256:f3a9d4ad9d972b27faf3965f35b62e55ba32bbce8f20bc8fe909558a86702fde" "/opt/rustwide/cargo-home/bin/cargo" "+beta-2024-12-08" "test" "--frozen" "--no-run" "--message-format=json", kill_on_drop: false }`
[INFO] [stdout] 40ed5c7cf72749367531c7b10a3bff69a1586cbc414fbcd3bfd4ca3117f90068
[INFO] running `Command { std: "docker" "start" "-a" "40ed5c7cf72749367531c7b10a3bff69a1586cbc414fbcd3bfd4ca3117f90068", kill_on_drop: false }`
[INFO] [stdout] warning: unused variable: `relevant_ligands`
[INFO] [stdout]    --> src/chirality.rs:460:46
[INFO] [stdout]     |
[INFO] [stdout] 460 |         let ((shape, winding), viewing_axis, relevant_ligands) = self.identify_octahedral_configuration(&vectors);
[INFO] [stdout]     |                                              ^^^^^^^^^^^^^^^^ help: if this is intentional, prefix it with an underscore: `_relevant_ligands`
[INFO] [stdout]     |
[INFO] [stdout]     = note: `#[warn(unused_variables)]` on by default
[INFO] [stdout] 
[INFO] [stdout] 
[INFO] [stdout] warning: associated function `from_sdf_line` is never used
[INFO] [stdout]   --> src/atom.rs:74:8
[INFO] [stdout]    |
[INFO] [stdout] 20 | impl Atom {
[INFO] [stdout]    | --------- associated function in this implementation
[INFO] [stdout] ...
[INFO] [stdout] 74 |     fn from_sdf_line(line: &str) -> Result<Self, Box<dyn std::error::Error>> {
[INFO] [stdout]    |        ^^^^^^^^^^^^^
[INFO] [stdout]    |
[INFO] [stdout]    = note: `#[warn(dead_code)]` on by default
[INFO] [stdout] 
[INFO] [stdout] 
[INFO] [stdout] warning: field `ring_atoms` is never read
[INFO] [stdout]   --> src/io.rs:37:5
[INFO] [stdout]    |
[INFO] [stdout] 25 | pub struct SMILESParser {
[INFO] [stdout]    |            ------------ field in this struct
[INFO] [stdout] ...
[INFO] [stdout] 37 |     ring_atoms: Vec<usize>,
[INFO] [stdout]    |     ^^^^^^^^^^
[INFO] [stdout] 
[INFO] [stdout] 
[INFO] [stdout] warning: associated function `aromatic` is never used
[INFO] [stdout]   --> src/bond.rs:31:8
[INFO] [stdout]    |
[INFO] [stdout] 9  | impl BondTarget {
[INFO] [stdout]    | --------------- associated function in this implementation
[INFO] [stdout] ...
[INFO] [stdout] 31 |     fn aromatic(target: usize) -> BondTarget {
[INFO] [stdout]    |        ^^^^^^^^
[INFO] [stdout] 
[INFO] [stdout] 
[INFO] [stdout] warning: function `parse_counts_line` is never used
[INFO] [stdout]    --> src/sdf.rs:120:4
[INFO] [stdout]     |
[INFO] [stdout] 120 | fn parse_counts_line(line: &str) -> Result<(usize, usize), Box<dyn std::error::Error>> {
[INFO] [stdout]     |    ^^^^^^^^^^^^^^^^^
[INFO] [stdout] 
[INFO] [stdout] 
[INFO] [stdout] warning: multiple fields are never read
[INFO] [stdout]    --> src/sdf.rs:189:9
[INFO] [stdout]     |
[INFO] [stdout] 188 | pub struct CountsLine {
[INFO] [stdout]     |            ---------- fields in this struct
[INFO] [stdout] 189 |     pub num_atoms: u16,
[INFO] [stdout]     |         ^^^^^^^^^
[INFO] [stdout] 190 |     pub num_bonds: u16,
[INFO] [stdout]     |         ^^^^^^^^^
[INFO] [stdout] 191 |     pub num_atom_lists: u16,
[INFO] [stdout]     |         ^^^^^^^^^^^^^^
[INFO] [stdout] 192 |     pub chiral_flag: u8,
[INFO] [stdout]     |         ^^^^^^^^^^^
[INFO] [stdout] 193 |     pub num_stext_entries: u16,
[INFO] [stdout]     |         ^^^^^^^^^^^^^^^^^
[INFO] [stdout] 194 |     pub num_properties: u16,
[INFO] [stdout]     |         ^^^^^^^^^^^^^^
[INFO] [stdout] 195 |     pub version: String,
[INFO] [stdout]     |         ^^^^^^^
[INFO] [stdout]     |
[INFO] [stdout]     = note: `CountsLine` has a derived impl for the trait `Debug`, but this is intentionally ignored during dead code analysis
[INFO] [stdout] 
[INFO] [stdout] 
[INFO] [stdout] warning: fields `atom1`, `atom2`, `bond_type`, `bond_stereo`, `bond_topology`, and `reacting_center_status` are never read
[INFO] [stdout]    --> src/sdf.rs:393:9
[INFO] [stdout]     |
[INFO] [stdout] 392 | pub struct BondV2000 {
[INFO] [stdout]     |            --------- fields in this struct
[INFO] [stdout] 393 |     pub atom1: usize,
[INFO] [stdout]     |         ^^^^^
[INFO] [stdout] 394 |     pub atom2: usize,
[INFO] [stdout]     |         ^^^^^
[INFO] [stdout] 395 |     pub bond_type: u8,
[INFO] [stdout]     |         ^^^^^^^^^
[INFO] [stdout] 396 |     pub bond_stereo: u8,
[INFO] [stdout]     |         ^^^^^^^^^^^
[INFO] [stdout] 397 |     pub bond_topology: Option<u8>,
[INFO] [stdout]     |         ^^^^^^^^^^^^^
[INFO] [stdout] 398 |     pub reacting_center_status: Option<u8>,
[INFO] [stdout]     |         ^^^^^^^^^^^^^^^^^^^^^^
[INFO] [stdout]     |
[INFO] [stdout]     = note: `BondV2000` has a derived impl for the trait `Debug`, but this is intentionally ignored during dead code analysis
[INFO] [stdout] 
[INFO] [stdout] 
[INFO] [stdout] warning: multiple fields are never read
[INFO] [stdout]    --> src/sdf.rs:403:9
[INFO] [stdout]     |
[INFO] [stdout] 402 | pub struct SGroup {
[INFO] [stdout]     |            ------ fields in this struct
[INFO] [stdout] 403 |     pub sgroup_type: String,
[INFO] [stdout]     |         ^^^^^^^^^^^
[INFO] [stdout] 404 |     pub atoms: Vec<usize>,
[INFO] [stdout]     |         ^^^^^
[INFO] [stdout] 405 |     pub parent: Option<usize>,
[INFO] [stdout]     |         ^^^^^^
[INFO] [stdout] 406 |     pub component_number: Option<u8>,
[INFO] [stdout]     |         ^^^^^^^^^^^^^^^^
[INFO] [stdout] 407 |     pub connectivity: Option<String>,
[INFO] [stdout]     |         ^^^^^^^^^^^^
[INFO] [stdout] 408 |     pub subscript: Option<String>,
[INFO] [stdout]     |         ^^^^^^^^^
[INFO] [stdout] 409 |     pub expansion: Option<bool>,
[INFO] [stdout]     |         ^^^^^^^^^
[INFO] [stdout] 410 |     pub bracket_style: Option<u8>,
[INFO] [stdout]     |         ^^^^^^^^^^^^^
[INFO] [stdout] 411 |     pub class: Option<String>,
[INFO] [stdout]     |         ^^^^^
[INFO] [stdout]     |
[INFO] [stdout]     = note: `SGroup` has a derived impl for the trait `Debug`, but this is intentionally ignored during dead code analysis
[INFO] [stdout] 
[INFO] [stdout] 
[INFO] [stdout] warning: multiple fields are never read
[INFO] [stdout]    --> src/sdf.rs:416:9
[INFO] [stdout]     |
[INFO] [stdout] 415 | pub struct MoleculeV2000 {
[INFO] [stdout]     |            ------------- fields in this struct
[INFO] [stdout] 416 |     pub atoms: Vec<AtomV2000>,
[INFO] [stdout]     |         ^^^^^
[INFO] [stdout] 417 |     pub bonds: Vec<BondV2000>,
[INFO] [stdout]     |         ^^^^^
[INFO] [stdout] 418 |     pub sgroups: Vec<SGroup>,
[INFO] [stdout]     |         ^^^^^^^
[INFO] [stdout] 419 |     pub properties: Vec<String>,
[INFO] [stdout]     |         ^^^^^^^^^^
[INFO] [stdout] 420 |     pub chiral: bool,
[INFO] [stdout]     |         ^^^^^^
[INFO] [stdout] 421 |     pub name: String,
[INFO] [stdout]     |         ^^^^
[INFO] [stdout] 422 |     pub comment: String,
[INFO] [stdout]     |         ^^^^^^^
[INFO] [stdout] 423 |     pub dimension: u8,
[INFO] [stdout]     |         ^^^^^^^^^
[INFO] [stdout]     |
[INFO] [stdout]     = note: `MoleculeV2000` has a derived impl for the trait `Debug`, but this is intentionally ignored during dead code analysis
[INFO] [stdout] 
[INFO] [stdout] 
[INFO] [stdout] warning: method `combine` is never used
[INFO] [stdout]    --> src/molecular_formula.rs:349:8
[INFO] [stdout]     |
[INFO] [stdout] 259 | impl IsotopicPattern {
[INFO] [stdout]     | -------------------- method in this implementation
[INFO] [stdout] ...
[INFO] [stdout] 349 |     fn combine(&self, other: &Self, n_peaks: usize) -> Self {
[INFO] [stdout]     |        ^^^^^^^
[INFO] [stdout] 
[INFO] [stdout] 
[INFO] [stdout] warning: struct `SmilesParameters` is never constructed
[INFO] [stdout]     --> src/molecule.rs:1615:8
[INFO] [stdout]      |
[INFO] [stdout] 1615 | struct SmilesParameters {
[INFO] [stdout]      |        ^^^^^^^^^^^^^^^^
[INFO] [stdout] 
[INFO] [stdout] 
[INFO] [stdout] warning: methods `find_minimum_cycle`, `bfs_for_cycle`, and `canonicalize` are never used
[INFO] [stdout]     --> src/molecule.rs:1943:8
[INFO] [stdout]      |
[INFO] [stdout] 1860 | impl Molecule3D {
[INFO] [stdout]      | --------------- methods in this implementation
[INFO] [stdout] ...
[INFO] [stdout] 1943 |     fn find_minimum_cycle(&self, atom_set: &HashSet<usize>) -> Option<Vec<usize>> {
[INFO] [stdout]      |        ^^^^^^^^^^^^^^^^^^
[INFO] [stdout] ...
[INFO] [stdout] 1964 |     fn bfs_for_cycle(&self, start: usize, end: usize) -> Option<Vec<usize>> {
[INFO] [stdout]      |        ^^^^^^^^^^^^^
[INFO] [stdout] ...
[INFO] [stdout] 1987 |     fn canonicalize(&self) -> IntMap<usize, usize> {
[INFO] [stdout]      |        ^^^^^^^^^^^^
[INFO] [stdout] 
[INFO] [stdout] 
[INFO] [stdout] warning: function `order_by_degree` is never used
[INFO] [stdout]     --> src/molecule.rs:2162:4
[INFO] [stdout]      |
[INFO] [stdout] 2162 | fn order_by_degree(degrees: &[usize]) -> Vec<usize> {
[INFO] [stdout]      |    ^^^^^^^^^^^^^^^
[INFO] [stdout] 
[INFO] [stdout] 
[INFO] [stdout] warning: struct `BondTypeChange` is never constructed
[INFO] [stdout]     --> src/molecule.rs:2168:8
[INFO] [stdout]      |
[INFO] [stdout] 2168 | struct BondTypeChange {
[INFO] [stdout]      |        ^^^^^^^^^^^^^^
[INFO] [stdout] 
[INFO] [stdout] 
[INFO] [stdout] warning: function `is_hueckel_satisfied` is never used
[INFO] [stdout]     --> src/molecule.rs:2275:4
[INFO] [stdout]      |
[INFO] [stdout] 2275 | fn is_hueckel_satisfied(number_of_pi_electrons: usize) -> bool {
[INFO] [stdout]      |    ^^^^^^^^^^^^^^^^^^^^
[INFO] [stdout] 
[INFO] [stdout] 
[INFO] [stderr]    Compiling molecules v0.1.8 (/opt/rustwide/workdir)
[INFO] [stdout] warning: unused variable: `relevant_ligands`
[INFO] [stdout]    --> src/chirality.rs:460:46
[INFO] [stdout]     |
[INFO] [stdout] 460 |         let ((shape, winding), viewing_axis, relevant_ligands) = self.identify_octahedral_configuration(&vectors);
[INFO] [stdout]     |                                              ^^^^^^^^^^^^^^^^ help: if this is intentional, prefix it with an underscore: `_relevant_ligands`
[INFO] [stdout]     |
[INFO] [stdout]     = note: `#[warn(unused_variables)]` on by default
[INFO] [stdout] 
[INFO] [stdout] 
[INFO] [stdout] warning: associated function `from_sdf_line` is never used
[INFO] [stdout]   --> src/atom.rs:74:8
[INFO] [stdout]    |
[INFO] [stdout] 20 | impl Atom {
[INFO] [stdout]    | --------- associated function in this implementation
[INFO] [stdout] ...
[INFO] [stdout] 74 |     fn from_sdf_line(line: &str) -> Result<Self, Box<dyn std::error::Error>> {
[INFO] [stdout]    |        ^^^^^^^^^^^^^
[INFO] [stdout]    |
[INFO] [stdout]    = note: `#[warn(dead_code)]` on by default
[INFO] [stdout] 
[INFO] [stdout] 
[INFO] [stdout] warning: field `ring_atoms` is never read
[INFO] [stdout]   --> src/io.rs:37:5
[INFO] [stdout]    |
[INFO] [stdout] 25 | pub struct SMILESParser {
[INFO] [stdout]    |            ------------ field in this struct
[INFO] [stdout] ...
[INFO] [stdout] 37 |     ring_atoms: Vec<usize>,
[INFO] [stdout]    |     ^^^^^^^^^^
[INFO] [stdout] 
[INFO] [stdout] 
[INFO] [stdout] warning: associated function `aromatic` is never used
[INFO] [stdout]   --> src/bond.rs:31:8
[INFO] [stdout]    |
[INFO] [stdout] 9  | impl BondTarget {
[INFO] [stdout]    | --------------- associated function in this implementation
[INFO] [stdout] ...
[INFO] [stdout] 31 |     fn aromatic(target: usize) -> BondTarget {
[INFO] [stdout]    |        ^^^^^^^^
[INFO] [stdout] 
[INFO] [stdout] 
[INFO] [stdout] warning: function `parse_counts_line` is never used
[INFO] [stdout]    --> src/sdf.rs:120:4
[INFO] [stdout]     |
[INFO] [stdout] 120 | fn parse_counts_line(line: &str) -> Result<(usize, usize), Box<dyn std::error::Error>> {
[INFO] [stdout]     |    ^^^^^^^^^^^^^^^^^
[INFO] [stdout] 
[INFO] [stdout] 
[INFO] [stdout] warning: multiple fields are never read
[INFO] [stdout]    --> src/sdf.rs:189:9
[INFO] [stdout]     |
[INFO] [stdout] 188 | pub struct CountsLine {
[INFO] [stdout]     |            ---------- fields in this struct
[INFO] [stdout] 189 |     pub num_atoms: u16,
[INFO] [stdout]     |         ^^^^^^^^^
[INFO] [stdout] 190 |     pub num_bonds: u16,
[INFO] [stdout]     |         ^^^^^^^^^
[INFO] [stdout] 191 |     pub num_atom_lists: u16,
[INFO] [stdout]     |         ^^^^^^^^^^^^^^
[INFO] [stdout] 192 |     pub chiral_flag: u8,
[INFO] [stdout]     |         ^^^^^^^^^^^
[INFO] [stdout] 193 |     pub num_stext_entries: u16,
[INFO] [stdout]     |         ^^^^^^^^^^^^^^^^^
[INFO] [stdout] 194 |     pub num_properties: u16,
[INFO] [stdout]     |         ^^^^^^^^^^^^^^
[INFO] [stdout] 195 |     pub version: String,
[INFO] [stdout]     |         ^^^^^^^
[INFO] [stdout]     |
[INFO] [stdout]     = note: `CountsLine` has a derived impl for the trait `Debug`, but this is intentionally ignored during dead code analysis
[INFO] [stdout] 
[INFO] [stdout] 
[INFO] [stdout] warning: fields `atom1`, `atom2`, `bond_type`, `bond_stereo`, `bond_topology`, and `reacting_center_status` are never read
[INFO] [stdout]    --> src/sdf.rs:393:9
[INFO] [stdout]     |
[INFO] [stdout] 392 | pub struct BondV2000 {
[INFO] [stdout]     |            --------- fields in this struct
[INFO] [stdout] 393 |     pub atom1: usize,
[INFO] [stdout]     |         ^^^^^
[INFO] [stdout] 394 |     pub atom2: usize,
[INFO] [stdout]     |         ^^^^^
[INFO] [stdout] 395 |     pub bond_type: u8,
[INFO] [stdout]     |         ^^^^^^^^^
[INFO] [stdout] 396 |     pub bond_stereo: u8,
[INFO] [stdout]     |         ^^^^^^^^^^^
[INFO] [stdout] 397 |     pub bond_topology: Option<u8>,
[INFO] [stdout]     |         ^^^^^^^^^^^^^
[INFO] [stdout] 398 |     pub reacting_center_status: Option<u8>,
[INFO] [stdout]     |         ^^^^^^^^^^^^^^^^^^^^^^
[INFO] [stdout]     |
[INFO] [stdout]     = note: `BondV2000` has a derived impl for the trait `Debug`, but this is intentionally ignored during dead code analysis
[INFO] [stdout] 
[INFO] [stdout] 
[INFO] [stdout] warning: multiple fields are never read
[INFO] [stdout]    --> src/sdf.rs:403:9
[INFO] [stdout]     |
[INFO] [stdout] 402 | pub struct SGroup {
[INFO] [stdout]     |            ------ fields in this struct
[INFO] [stdout] 403 |     pub sgroup_type: String,
[INFO] [stdout]     |         ^^^^^^^^^^^
[INFO] [stdout] 404 |     pub atoms: Vec<usize>,
[INFO] [stdout]     |         ^^^^^
[INFO] [stdout] 405 |     pub parent: Option<usize>,
[INFO] [stdout]     |         ^^^^^^
[INFO] [stdout] 406 |     pub component_number: Option<u8>,
[INFO] [stdout]     |         ^^^^^^^^^^^^^^^^
[INFO] [stdout] 407 |     pub connectivity: Option<String>,
[INFO] [stdout]     |         ^^^^^^^^^^^^
[INFO] [stdout] 408 |     pub subscript: Option<String>,
[INFO] [stdout]     |         ^^^^^^^^^
[INFO] [stdout] 409 |     pub expansion: Option<bool>,
[INFO] [stdout]     |         ^^^^^^^^^
[INFO] [stdout] 410 |     pub bracket_style: Option<u8>,
[INFO] [stdout]     |         ^^^^^^^^^^^^^
[INFO] [stdout] 411 |     pub class: Option<String>,
[INFO] [stdout]     |         ^^^^^
[INFO] [stdout]     |
[INFO] [stdout]     = note: `SGroup` has a derived impl for the trait `Debug`, but this is intentionally ignored during dead code analysis
[INFO] [stdout] 
[INFO] [stdout] 
[INFO] [stdout] warning: multiple fields are never read
[INFO] [stdout]    --> src/sdf.rs:416:9
[INFO] [stdout]     |
[INFO] [stdout] 415 | pub struct MoleculeV2000 {
[INFO] [stdout]     |            ------------- fields in this struct
[INFO] [stdout] 416 |     pub atoms: Vec<AtomV2000>,
[INFO] [stdout]     |         ^^^^^
[INFO] [stdout] 417 |     pub bonds: Vec<BondV2000>,
[INFO] [stdout]     |         ^^^^^
[INFO] [stdout] 418 |     pub sgroups: Vec<SGroup>,
[INFO] [stdout]     |         ^^^^^^^
[INFO] [stdout] 419 |     pub properties: Vec<String>,
[INFO] [stdout]     |         ^^^^^^^^^^
[INFO] [stdout] 420 |     pub chiral: bool,
[INFO] [stdout]     |         ^^^^^^
[INFO] [stdout] 421 |     pub name: String,
[INFO] [stdout]     |         ^^^^
[INFO] [stdout] 422 |     pub comment: String,
[INFO] [stdout]     |         ^^^^^^^
[INFO] [stdout] 423 |     pub dimension: u8,
[INFO] [stdout]     |         ^^^^^^^^^
[INFO] [stdout]     |
[INFO] [stdout]     = note: `MoleculeV2000` has a derived impl for the trait `Debug`, but this is intentionally ignored during dead code analysis
[INFO] [stdout] 
[INFO] [stdout] 
[INFO] [stdout] warning: method `combine` is never used
[INFO] [stdout]    --> src/molecular_formula.rs:349:8
[INFO] [stdout]     |
[INFO] [stdout] 259 | impl IsotopicPattern {
[INFO] [stdout]     | -------------------- method in this implementation
[INFO] [stdout] ...
[INFO] [stdout] 349 |     fn combine(&self, other: &Self, n_peaks: usize) -> Self {
[INFO] [stdout]     |        ^^^^^^^
[INFO] [stdout] 
[INFO] [stdout] 
[INFO] [stdout] warning: struct `SmilesParameters` is never constructed
[INFO] [stdout]     --> src/molecule.rs:1615:8
[INFO] [stdout]      |
[INFO] [stdout] 1615 | struct SmilesParameters {
[INFO] [stdout]      |        ^^^^^^^^^^^^^^^^
[INFO] [stdout] 
[INFO] [stdout] 
[INFO] [stdout] warning: methods `find_minimum_cycle`, `bfs_for_cycle`, and `canonicalize` are never used
[INFO] [stdout]     --> src/molecule.rs:1943:8
[INFO] [stdout]      |
[INFO] [stdout] 1860 | impl Molecule3D {
[INFO] [stdout]      | --------------- methods in this implementation
[INFO] [stdout] ...
[INFO] [stdout] 1943 |     fn find_minimum_cycle(&self, atom_set: &HashSet<usize>) -> Option<Vec<usize>> {
[INFO] [stdout]      |        ^^^^^^^^^^^^^^^^^^
[INFO] [stdout] ...
[INFO] [stdout] 1964 |     fn bfs_for_cycle(&self, start: usize, end: usize) -> Option<Vec<usize>> {
[INFO] [stdout]      |        ^^^^^^^^^^^^^
[INFO] [stdout] ...
[INFO] [stdout] 1987 |     fn canonicalize(&self) -> IntMap<usize, usize> {
[INFO] [stdout]      |        ^^^^^^^^^^^^
[INFO] [stdout] 
[INFO] [stdout] 
[INFO] [stdout] warning: function `order_by_degree` is never used
[INFO] [stdout]     --> src/molecule.rs:2162:4
[INFO] [stdout]      |
[INFO] [stdout] 2162 | fn order_by_degree(degrees: &[usize]) -> Vec<usize> {
[INFO] [stdout]      |    ^^^^^^^^^^^^^^^
[INFO] [stdout] 
[INFO] [stdout] 
[INFO] [stdout] warning: struct `BondTypeChange` is never constructed
[INFO] [stdout]     --> src/molecule.rs:2168:8
[INFO] [stdout]      |
[INFO] [stdout] 2168 | struct BondTypeChange {
[INFO] [stdout]      |        ^^^^^^^^^^^^^^
[INFO] [stdout] 
[INFO] [stdout] 
[INFO] [stdout] warning: function `is_hueckel_satisfied` is never used
[INFO] [stdout]     --> src/molecule.rs:2275:4
[INFO] [stdout]      |
[INFO] [stdout] 2275 | fn is_hueckel_satisfied(number_of_pi_electrons: usize) -> bool {
[INFO] [stdout]      |    ^^^^^^^^^^^^^^^^^^^^
[INFO] [stdout] 
[INFO] [stdout] 
[INFO] [stderr]     Finished `test` profile [unoptimized + debuginfo] target(s) in 3.17s
[INFO] running `Command { std: "docker" "inspect" "40ed5c7cf72749367531c7b10a3bff69a1586cbc414fbcd3bfd4ca3117f90068", kill_on_drop: false }`
[INFO] running `Command { std: "docker" "rm" "-f" "40ed5c7cf72749367531c7b10a3bff69a1586cbc414fbcd3bfd4ca3117f90068", kill_on_drop: false }`
[INFO] [stdout] 40ed5c7cf72749367531c7b10a3bff69a1586cbc414fbcd3bfd4ca3117f90068
[INFO] running `Command { std: "docker" "create" "-v" "/var/lib/crater-agent-workspace/builds/worker-5-tc2/target:/opt/rustwide/target:rw,Z" "-v" "/var/lib/crater-agent-workspace/builds/worker-5-tc2/source:/opt/rustwide/workdir:ro,Z" "-v" "/var/lib/crater-agent-workspace/cargo-home:/opt/rustwide/cargo-home:ro,Z" "-v" "/var/lib/crater-agent-workspace/rustup-home:/opt/rustwide/rustup-home:ro,Z" "-e" "SOURCE_DIR=/opt/rustwide/workdir" "-e" "CARGO_TARGET_DIR=/opt/rustwide/target" "-e" "CARGO_INCREMENTAL=0" "-e" "RUST_BACKTRACE=full" "-e" "RUSTFLAGS=--cap-lints=warn" "-e" "RUSTDOCFLAGS=--cap-lints=warn" "-e" "CARGO_HOME=/opt/rustwide/cargo-home" "-e" "RUSTUP_HOME=/opt/rustwide/rustup-home" "-w" "/opt/rustwide/workdir" "-m" "1610612736" "--user" "0:0" "--network" "none" "ghcr.io/rust-lang/crates-build-env/linux@sha256:f3a9d4ad9d972b27faf3965f35b62e55ba32bbce8f20bc8fe909558a86702fde" "/opt/rustwide/cargo-home/bin/cargo" "+beta-2024-12-08" "test" "--frozen", kill_on_drop: false }`
[INFO] [stdout] f93e7c00908cce18bb39bf7e0929fd6d6c928b329ad03499b796dcb16aae38af
[INFO] running `Command { std: "docker" "start" "-a" "f93e7c00908cce18bb39bf7e0929fd6d6c928b329ad03499b796dcb16aae38af", kill_on_drop: false }`
[INFO] [stderr] warning: unused variable: `relevant_ligands`
[INFO] [stderr]    --> src/chirality.rs:460:46
[INFO] [stderr]     |
[INFO] [stderr] 460 |         let ((shape, winding), viewing_axis, relevant_ligands) = self.identify_octahedral_configuration(&vectors);
[INFO] [stderr]     |                                              ^^^^^^^^^^^^^^^^ help: if this is intentional, prefix it with an underscore: `_relevant_ligands`
[INFO] [stderr]     |
[INFO] [stderr]     = note: `#[warn(unused_variables)]` on by default
[INFO] [stderr] 
[INFO] [stderr] warning: associated function `from_sdf_line` is never used
[INFO] [stderr]   --> src/atom.rs:74:8
[INFO] [stderr]    |
[INFO] [stderr] 20 | impl Atom {
[INFO] [stderr]    | --------- associated function in this implementation
[INFO] [stderr] ...
[INFO] [stderr] 74 |     fn from_sdf_line(line: &str) -> Result<Self, Box<dyn std::error::Error>> {
[INFO] [stderr]    |        ^^^^^^^^^^^^^
[INFO] [stderr]    |
[INFO] [stderr]    = note: `#[warn(dead_code)]` on by default
[INFO] [stderr] 
[INFO] [stderr] warning: field `ring_atoms` is never read
[INFO] [stderr]   --> src/io.rs:37:5
[INFO] [stderr]    |
[INFO] [stderr] 25 | pub struct SMILESParser {
[INFO] [stderr]    |            ------------ field in this struct
[INFO] [stderr] ...
[INFO] [stderr] 37 |     ring_atoms: Vec<usize>,
[INFO] [stderr]    |     ^^^^^^^^^^
[INFO] [stderr] 
[INFO] [stderr] warning: associated function `aromatic` is never used
[INFO] [stderr]   --> src/bond.rs:31:8
[INFO] [stderr]    |
[INFO] [stderr] 9  | impl BondTarget {
[INFO] [stderr]    | --------------- associated function in this implementation
[INFO] [stderr] ...
[INFO] [stderr] 31 |     fn aromatic(target: usize) -> BondTarget {
[INFO] [stderr]    |        ^^^^^^^^
[INFO] [stderr] 
[INFO] [stderr] warning: function `parse_counts_line` is never used
[INFO] [stderr]    --> src/sdf.rs:120:4
[INFO] [stderr]     |
[INFO] [stderr] 120 | fn parse_counts_line(line: &str) -> Result<(usize, usize), Box<dyn std::error::Error>> {
[INFO] [stderr]     |    ^^^^^^^^^^^^^^^^^
[INFO] [stderr] 
[INFO] [stderr] warning: multiple fields are never read
[INFO] [stderr]    --> src/sdf.rs:189:9
[INFO] [stderr]     |
[INFO] [stderr] 188 | pub struct CountsLine {
[INFO] [stderr]     |            ---------- fields in this struct
[INFO] [stderr] 189 |     pub num_atoms: u16,
[INFO] [stderr]     |         ^^^^^^^^^
[INFO] [stderr] 190 |     pub num_bonds: u16,
[INFO] [stderr]     |         ^^^^^^^^^
[INFO] [stderr] 191 |     pub num_atom_lists: u16,
[INFO] [stderr]     |         ^^^^^^^^^^^^^^
[INFO] [stderr] 192 |     pub chiral_flag: u8,
[INFO] [stderr]     |         ^^^^^^^^^^^
[INFO] [stderr] 193 |     pub num_stext_entries: u16,
[INFO] [stderr]     |         ^^^^^^^^^^^^^^^^^
[INFO] [stderr] 194 |     pub num_properties: u16,
[INFO] [stderr]     |         ^^^^^^^^^^^^^^
[INFO] [stderr] 195 |     pub version: String,
[INFO] [stderr]     |         ^^^^^^^
[INFO] [stderr]     |
[INFO] [stderr]     = note: `CountsLine` has a derived impl for the trait `Debug`, but this is intentionally ignored during dead code analysis
[INFO] [stderr] 
[INFO] [stderr] warning: fields `atom1`, `atom2`, `bond_type`, `bond_stereo`, `bond_topology`, and `reacting_center_status` are never read
[INFO] [stderr]    --> src/sdf.rs:393:9
[INFO] [stderr]     |
[INFO] [stderr] 392 | pub struct BondV2000 {
[INFO] [stderr]     |            --------- fields in this struct
[INFO] [stderr] 393 |     pub atom1: usize,
[INFO] [stderr]     |         ^^^^^
[INFO] [stderr] 394 |     pub atom2: usize,
[INFO] [stderr]     |         ^^^^^
[INFO] [stderr] 395 |     pub bond_type: u8,
[INFO] [stderr]     |         ^^^^^^^^^
[INFO] [stderr] 396 |     pub bond_stereo: u8,
[INFO] [stderr]     |         ^^^^^^^^^^^
[INFO] [stderr] 397 |     pub bond_topology: Option<u8>,
[INFO] [stderr]     |         ^^^^^^^^^^^^^
[INFO] [stderr] 398 |     pub reacting_center_status: Option<u8>,
[INFO] [stderr]     |         ^^^^^^^^^^^^^^^^^^^^^^
[INFO] [stderr]     |
[INFO] [stderr]     = note: `BondV2000` has a derived impl for the trait `Debug`, but this is intentionally ignored during dead code analysis
[INFO] [stderr] 
[INFO] [stderr] warning: multiple fields are never read
[INFO] [stderr]    --> src/sdf.rs:403:9
[INFO] [stderr]     |
[INFO] [stderr] 402 | pub struct SGroup {
[INFO] [stderr]     |            ------ fields in this struct
[INFO] [stderr] 403 |     pub sgroup_type: String,
[INFO] [stderr]     |         ^^^^^^^^^^^
[INFO] [stderr] 404 |     pub atoms: Vec<usize>,
[INFO] [stderr]     |         ^^^^^
[INFO] [stderr] 405 |     pub parent: Option<usize>,
[INFO] [stderr]     |         ^^^^^^
[INFO] [stderr] 406 |     pub component_number: Option<u8>,
[INFO] [stderr]     |         ^^^^^^^^^^^^^^^^
[INFO] [stderr] 407 |     pub connectivity: Option<String>,
[INFO] [stderr]     |         ^^^^^^^^^^^^
[INFO] [stderr] 408 |     pub subscript: Option<String>,
[INFO] [stderr]     |         ^^^^^^^^^
[INFO] [stderr] 409 |     pub expansion: Option<bool>,
[INFO] [stderr]     |         ^^^^^^^^^
[INFO] [stderr] 410 |     pub bracket_style: Option<u8>,
[INFO] [stderr]     |         ^^^^^^^^^^^^^
[INFO] [stderr] 411 |     pub class: Option<String>,
[INFO] [stderr]     |         ^^^^^
[INFO] [stderr]     |
[INFO] [stderr]     = note: `SGroup` has a derived impl for the trait `Debug`, but this is intentionally ignored during dead code analysis
[INFO] [stderr] 
[INFO] [stderr] warning: multiple fields are never read
[INFO] [stderr]    --> src/sdf.rs:416:9
[INFO] [stderr]     |
[INFO] [stderr] 415 | pub struct MoleculeV2000 {
[INFO] [stderr]     |            ------------- fields in this struct
[INFO] [stderr] 416 |     pub atoms: Vec<AtomV2000>,
[INFO] [stderr]     |         ^^^^^
[INFO] [stderr] 417 |     pub bonds: Vec<BondV2000>,
[INFO] [stderr]     |         ^^^^^
[INFO] [stderr] 418 |     pub sgroups: Vec<SGroup>,
[INFO] [stderr]     |         ^^^^^^^
[INFO] [stderr] 419 |     pub properties: Vec<String>,
[INFO] [stderr]     |         ^^^^^^^^^^
[INFO] [stderr] 420 |     pub chiral: bool,
[INFO] [stderr]     |         ^^^^^^
[INFO] [stderr] 421 |     pub name: String,
[INFO] [stderr]     |         ^^^^
[INFO] [stderr] 422 |     pub comment: String,
[INFO] [stderr]     |         ^^^^^^^
[INFO] [stderr] 423 |     pub dimension: u8,
[INFO] [stderr]     |         ^^^^^^^^^
[INFO] [stderr]     |
[INFO] [stderr]     = note: `MoleculeV2000` has a derived impl for the trait `Debug`, but this is intentionally ignored during dead code analysis
[INFO] [stderr] 
[INFO] [stderr] warning: method `combine` is never used
[INFO] [stderr]    --> src/molecular_formula.rs:349:8
[INFO] [stderr]     |
[INFO] [stderr] 259 | impl IsotopicPattern {
[INFO] [stderr]     | -------------------- method in this implementation
[INFO] [stderr] ...
[INFO] [stderr] 349 |     fn combine(&self, other: &Self, n_peaks: usize) -> Self {
[INFO] [stderr]     |        ^^^^^^^
[INFO] [stderr] 
[INFO] [stderr] warning: struct `SmilesParameters` is never constructed
[INFO] [stderr]     --> src/molecule.rs:1615:8
[INFO] [stderr]      |
[INFO] [stderr] 1615 | struct SmilesParameters {
[INFO] [stderr]      |        ^^^^^^^^^^^^^^^^
[INFO] [stderr] 
[INFO] [stderr] warning: methods `find_minimum_cycle`, `bfs_for_cycle`, and `canonicalize` are never used
[INFO] [stderr]     --> src/molecule.rs:1943:8
[INFO] [stderr]      |
[INFO] [stderr] 1860 | impl Molecule3D {
[INFO] [stderr]      | --------------- methods in this implementation
[INFO] [stderr] ...
[INFO] [stderr] 1943 |     fn find_minimum_cycle(&self, atom_set: &HashSet<usize>) -> Option<Vec<usize>> {
[INFO] [stderr]      |        ^^^^^^^^^^^^^^^^^^
[INFO] [stderr] ...
[INFO] [stderr] 1964 |     fn bfs_for_cycle(&self, start: usize, end: usize) -> Option<Vec<usize>> {
[INFO] [stderr]      |        ^^^^^^^^^^^^^
[INFO] [stderr] ...
[INFO] [stderr] 1987 |     fn canonicalize(&self) -> IntMap<usize, usize> {
[INFO] [stderr]      |        ^^^^^^^^^^^^
[INFO] [stderr] 
[INFO] [stderr] warning: function `order_by_degree` is never used
[INFO] [stderr]     --> src/molecule.rs:2162:4
[INFO] [stderr]      |
[INFO] [stderr] 2162 | fn order_by_degree(degrees: &[usize]) -> Vec<usize> {
[INFO] [stderr]      |    ^^^^^^^^^^^^^^^
[INFO] [stderr] 
[INFO] [stderr] warning: struct `BondTypeChange` is never constructed
[INFO] [stderr]     --> src/molecule.rs:2168:8
[INFO] [stderr]      |
[INFO] [stderr] 2168 | struct BondTypeChange {
[INFO] [stderr]      |        ^^^^^^^^^^^^^^
[INFO] [stderr] 
[INFO] [stderr] warning: function `is_hueckel_satisfied` is never used
[INFO] [stderr]     --> src/molecule.rs:2275:4
[INFO] [stderr]      |
[INFO] [stderr] 2275 | fn is_hueckel_satisfied(number_of_pi_electrons: usize) -> bool {
[INFO] [stderr]      |    ^^^^^^^^^^^^^^^^^^^^
[INFO] [stderr] 
[INFO] [stderr] warning: `molecules` (lib) generated 15 warnings
[INFO] [stderr] warning: `molecules` (lib test) generated 15 warnings (15 duplicates)
[INFO] [stderr]     Finished `test` profile [unoptimized + debuginfo] target(s) in 0.08s
[INFO] [stderr]      Running unittests src/lib.rs (/opt/rustwide/target/debug/deps/molecules-463bc102ce86ac9b)
[INFO] [stdout] 
[INFO] [stdout] running 50 tests
[INFO] [stdout] test io::tests::test_parse_smiles ... ok
[INFO] [stdout] test io::tests::test_parse_smiles_with_complex_atom_and_isotope ... ok
[INFO] [stdout] test io::tests::test_bond_parsing ... ok
[INFO] [stdout] test io::tests::test_parse_smiles_with_chiral_class ... ok
[INFO] [stdout] test io::tests::test_parse_smiles_with_complex_atom_and_hydrogen ... ok
[INFO] [stdout] test io::tests::test_submolecule ... ok
[INFO] [stdout] test chirality::tests::test_cis_trans_chirality ... ok
[INFO] [stdout] test io::tests::test_parse_smiles_with_isotope ... ok
[INFO] [stdout] test chirality::tests::test_trigonal_bipyramidal_chirality ... ok
[INFO] [stdout] test molecule::tests::test_extract_atom ... ok
[INFO] [stdout] test molecule::tests::test_vector_angle ... ok
[INFO] [stdout] test chirality::tests::test_is_chiral ... ok
[INFO] [stdout] test sdf::tests::test_parse_sdf_file_empty_input ... ok
[INFO] [stdout] test molecule::tests::test_cross_product ... ok
[INFO] [stdout] test molecule::tests::test_bond_angle ... ok
[INFO] [stdout] test sdf::tests::test_parse_sdf_file ... ok
[INFO] [stdout] test sdf::tests::test_parse_sdf_file_missing_end_delimiter ... ok
[INFO] [stdout] test sdf::tests::test_parse_sdf_file_no_data_fields ... ok
[INFO] [stdout] test sdf::tests::test_parse_sdf_file_single_entry ... ok
[INFO] [stdout] test vector::tests::test_normalized_vector_operations ... ok
[INFO] [stdout] test molecule::tests::test_alternate_covalent_radii ... ok
[INFO] [stdout] test vector::tests::test_vector_addition ... ok
[INFO] [stdout] test vector::tests::test_vector_angle_between ... ok
[INFO] [stdout] test vector::tests::test_vector_are_vectors_parallel ... ok
[INFO] [stdout] test vector::tests::test_vector_as_array ... ok
[INFO] [stdout] test vector::tests::test_vector_as_tuple ... ok
[INFO] [stdout] test vector::tests::test_vector_as_vec ... ok
[INFO] [stdout] test vector::tests::test_vector_cross_product ... ok
[INFO] [stdout] test vector::tests::test_vector_creation ... ok
[INFO] [stdout] test vector::tests::test_vector_distance ... ok
[INFO] [stdout] test vector::tests::test_vector_element_wise_mul ... ok
[INFO] [stdout] test vector::tests::test_vector_from_vec ... ok
[INFO] [stdout] test vector::tests::test_vector_is_opposite ... ok
[INFO] [stdout] test vector::tests::test_vector_normalize ... ok
[INFO] [stdout] test vector::tests::test_vector_reflect ... ok
[INFO] [stdout] test vector::tests::test_vector_rotate_around ... ok
[INFO] [stdout] test vector::tests::test_vector_lerp ... ok
[INFO] [stdout] test vector::tests::test_vector_subtraction ... ok
[INFO] [stdout] test vector::tests::test_vector_scalar_division ... ok
[INFO] [stdout] test vector::tests::test_vector_scalar_multiplication ... ok
[INFO] [stdout] test vector::tests::test_vector_default ... ok
[INFO] [stdout] test vector::tests::test_vector_negation ... ok
[INFO] [stdout] test vector::tests::test_vector_project_onto ... ok
[INFO] [stdout] test vector::tests::test_vector_length ... ok
[INFO] [stdout] test chirality::tests::test_square_planar_chirality ... ok
[INFO] [stdout] test vector::tests::test_vector_dot_product ... ok
[INFO] [stdout] test vector::tests::test_vector_triple_product ... ok
[INFO] [stdout] test vector::tests::test_zero_vector_operations ... ok
[INFO] [stdout] test io::tests::parse_test_file ... ok
[INFO] [stdout] test vector::tests::test_vector_rotate_around_axis ... ok
[INFO] [stdout] 
[INFO] [stdout] test result: ok. 50 passed; 0 failed; 0 ignored; 0 measured; 0 filtered out; finished in 0.09s
[INFO] [stdout] 
[INFO] [stderr]    Doc-tests molecules
[INFO] [stdout] 
[INFO] [stdout] running 54 tests
[INFO] [stdout] test src/molecular_formula.rs - molecular_formula::MolecularFormula::combine (line 439) ... ok
[INFO] [stdout] test src/molecule.rs - molecule::Molecule3D::actual_valency (line 1405) ... ok
[INFO] [stdout] test src/io.rs - io::SMILESParser::parse_smiles (line 52) ... ok
[INFO] [stdout] test src/molecular_formula.rs - molecular_formula::MolecularFormula::monoisotopic_mass (line 459) ... ok
[INFO] [stdout] test src/molecular_formula.rs - molecular_formula::MolecularFormula::molecular_mass (line 477) ... ok
[INFO] [stdout] test src/atom.rs - atom::Atom::distance_squared (line 188) ... ok
[INFO] [stdout] test src/molecular_formula.rs - molecular_formula::MolecularFormula::from_str (line 201) ... ok
[INFO] [stdout] test src/atom.rs - atom::Atom::distance (line 168) ... ok
[INFO] [stdout] test src/molecular_formula.rs - molecular_formula::IsotopicPattern::add_entry (line 307) ... ok
[INFO] [stdout] test src/graphs.rs - graphs::T::to_gml (line 15) ... ok
[INFO] [stdout] test src/molecular_formula.rs - molecular_formula::IsotopicPattern::add (line 289) ... ok
[INFO] [stdout] test src/molecular_formula.rs - molecular_formula::MolecularFormula::merge (line 418) ... ok
[INFO] [stdout] test src/atom.rs - atom::Atom::expected_valency (line 94) ... ok
[INFO] [stdout] test src/chirality.rs - chirality::Molecule3D::determine_cis_trans_chirality (line 136) ... ok
[INFO] [stdout] test src/molecule.rs - molecule::Molecule3D::center (line 1235) ... ok
[INFO] [stdout] test src/atom.rs - atom::Atom::potential_energy (line 216) ... ok
[INFO] [stdout] test src/vector.rs - vector::Vector::cross (line 442) ... FAILED
[INFO] [stdout] test src/molecule.rs - molecule::Molecule3D::degrees (line 1379) ... ok
[INFO] [stdout] test src/molecule.rs - molecule::Molecule::cmp_electronegativities (line 135) ... ok
[INFO] [stdout] test src/molecule.rs - molecule::Molecule3D::dihedral_angle (line 1342) ... ok
[INFO] [stdout] test src/vector.rs - vector::Vector::angle_between_points (line 502) ... ok
[INFO] [stdout] test src/molecule.rs - molecule::Molecule::get_oxidation_state (line 177) ... ok
[INFO] [stdout] test src/molecule.rs - molecule::extract_atom_pdb (line 1790) ... ok
[INFO] [stdout] test src/molecule.rs - molecule::Molecule3D::dihedrals (line 1299) ... ok
[INFO] [stdout] test src/molecule.rs - molecule::Molecule3D::shortest_path (line 1911) ... ok
[INFO] [stdout] test src/vector.rs - vector::Vector::angle_between (line 460) ... ok
[INFO] [stdout] test src/molecule.rs - molecule::Molecule::electronegativity (line 160) ... ok
[INFO] [stdout] test src/molecule.rs - molecule::Molecule3D::from_xyz (line 1060) ... ok
[INFO] [stdout] test src/molecule.rs - molecule::Molecule3D::find_shortest_path_of_set (line 1864) ... ok
[INFO] [stdout] test src/molecule.rs - molecule::extract_atom_cif (line 1829) ... ok
[INFO] [stdout] test src/vector.rs - vector::Vector (line 10) ... ok
[INFO] [stdout] test src/vector.rs - vector::Vector::default (line 138) ... ok
[INFO] [stdout] test src/vector.rs - vector::Vector::distance (line 383) ... ok
[INFO] [stdout] test src/vector.rs - vector::Vector::difference (line 252) ... ok
[INFO] [stdout] test src/vector.rs - vector::Vector::are_vectors_parallel (line 340) ... ok
[INFO] [stdout] test src/vector.rs - vector::Vector::new_const (line 178) ... ok
[INFO] [stdout] test src/vector.rs - vector::Vector::element_wise_mul (line 686) ... ok
[INFO] [stdout] test src/vector.rs - vector::Vector::new (line 216) ... ok
[INFO] [stdout] test src/vector.rs - vector::Vector::dot (line 364) ... ok
[INFO] [stdout] test src/vector.rs - vector::Vector::from_vec (line 194) ... ok
[INFO] [stdout] test src/vector.rs - vector::Vector::mul (line 61) ... ok
[INFO] [stdout] test src/vector.rs - vector::Vector::lerp (line 739) ... ok
[INFO] [stdout] test src/vector.rs - vector::Vector::distance_squared (line 398) ... ok
[INFO] [stdout] test src/vector.rs - vector::Vector::is_opposite (line 561) ... ok
[INFO] [stdout] test src/vector.rs - vector::Vector::reflect (line 714) ... ok
[INFO] [stdout] test src/vector.rs - vector::Vector::length (line 276) ... ok
[INFO] [stdout] test src/vector.rs - vector::Vector::project_onto (line 597) ... ok
[INFO] [stdout] test src/vector.rs - vector::Vector::magnitude (line 296) ... ok
[INFO] [stdout] test src/vector.rs - vector::Vector::triple_product (line 518) ... ok
[INFO] [stdout] test src/vector.rs - vector::Vector::normalize (line 485) ... ok
[INFO] [stdout] test src/vector.rs - vector::Vector::random_unit_vector (line 415) ... ok
[INFO] [stdout] test src/vector.rs - vector::Vector::neg (line 766) ... ok
[INFO] [stdout] test src/vector.rs - vector::Vector::rotate_around_axis (line 623) ... ok
[INFO] [stdout] test src/vector.rs - vector::Vector::squared_length (line 317) ... ok
[INFO] [stdout] 
[INFO] [stdout] failures:
[INFO] [stdout] 
[INFO] [stdout] ---- src/vector.rs - vector::Vector::cross (line 442) stdout ----
[INFO] [stdout] error[E0061]: this function takes 1 argument but 0 arguments were supplied
[INFO] [stdout]    --> src/vector.rs:446:12
[INFO] [stdout]     |
[INFO] [stdout] 7   | let vec1 = Vector::x();
[INFO] [stdout]     |            ^^^^^^^^^-- argument #1 of type `&Vector` is missing
[INFO] [stdout]     |
[INFO] [stdout] note: method defined here
[INFO] [stdout]    --> /opt/rustwide/workdir/src/vector.rs:234:12
[INFO] [stdout]     |
[INFO] [stdout] 234 |     pub fn x(&self) -> f64 {
[INFO] [stdout]     |            ^
[INFO] [stdout] help: provide the argument
[INFO] [stdout]     |
[INFO] [stdout] 7   | let vec1 = Vector::x(/* &Vector */);
[INFO] [stdout]     |                     ~~~~~~~~~~~~~~~
[INFO] [stdout] 
[INFO] [stdout] error[E0061]: this function takes 1 argument but 0 arguments were supplied
[INFO] [stdout]    --> src/vector.rs:447:12
[INFO] [stdout]     |
[INFO] [stdout] 8   | let vec2 = Vector::y();
[INFO] [stdout]     |            ^^^^^^^^^-- argument #1 of type `&Vector` is missing
[INFO] [stdout]     |
[INFO] [stdout] note: method defined here
[INFO] [stdout]    --> /opt/rustwide/workdir/src/vector.rs:237:12
[INFO] [stdout]     |
[INFO] [stdout] 237 |     pub fn y(&self) -> f64 {
[INFO] [stdout]     |            ^
[INFO] [stdout] help: provide the argument
[INFO] [stdout]     |
[INFO] [stdout] 8   | let vec2 = Vector::y(/* &Vector */);
[INFO] [stdout]     |                     ~~~~~~~~~~~~~~~
[INFO] [stdout] 
[INFO] [stdout] error[E0599]: no method named `cross` found for type `f64` in the current scope
[INFO] [stdout]  --> src/vector.rs:448:17
[INFO] [stdout]   |
[INFO] [stdout] 9 | assert_eq!(vec1.cross(&vec2),Vector::z())
[INFO] [stdout]   |                 ^^^^^
[INFO] [stdout]   |
[INFO] [stdout] help: there is a method `cos` with a similar name, but with different arguments
[INFO] [stdout]  --> /rustc/202008a1b8de96d2e5b6bc02d379db03a877d34d/library/std/src/f64.rs:673:5
[INFO] [stdout] 
[INFO] [stdout] error[E0061]: this function takes 1 argument but 0 arguments were supplied
[INFO] [stdout]    --> src/vector.rs:448:30
[INFO] [stdout]     |
[INFO] [stdout] 9   | assert_eq!(vec1.cross(&vec2),Vector::z())
[INFO] [stdout]     |                              ^^^^^^^^^-- argument #1 of type `&Vector` is missing
[INFO] [stdout]     |
[INFO] [stdout] note: method defined here
[INFO] [stdout]    --> /opt/rustwide/workdir/src/vector.rs:240:12
[INFO] [stdout]     |
[INFO] [stdout] 240 |     pub fn z(&self) -> f64 {
[INFO] [stdout]     |            ^
[INFO] [stdout] help: provide the argument
[INFO] [stdout]     |
[INFO] [stdout] 9   | assert_eq!(vec1.cross(&vec2),Vector::z(/* &Vector */))
[INFO] [stdout]     |                                       ~~~~~~~~~~~~~~~
[INFO] [stdout] 
[INFO] [stdout] error: aborting due to 4 previous errors
[INFO] [stdout] 
[INFO] [stdout] Some errors have detailed explanations: E0061, E0599.
[INFO] [stdout] For more information about an error, try `rustc --explain E0061`.
[INFO] [stdout] Couldn't compile the test.
[INFO] [stdout] 
[INFO] [stdout] failures:
[INFO] [stdout]     src/vector.rs - vector::Vector::cross (line 442)
[INFO] [stdout] 
[INFO] [stdout] test result: FAILED. 53 passed; 1 failed; 0 ignored; 0 measured; 0 filtered out; finished in 12.11s
[INFO] [stdout] 
[INFO] [stderr] error: doctest failed, to rerun pass `--doc`
[INFO] running `Command { std: "docker" "inspect" "f93e7c00908cce18bb39bf7e0929fd6d6c928b329ad03499b796dcb16aae38af", kill_on_drop: false }`
[INFO] running `Command { std: "docker" "rm" "-f" "f93e7c00908cce18bb39bf7e0929fd6d6c928b329ad03499b796dcb16aae38af", kill_on_drop: false }`
[INFO] [stdout] f93e7c00908cce18bb39bf7e0929fd6d6c928b329ad03499b796dcb16aae38af
