[INFO] cloning repository https://github.com/u66u/flock
[INFO] running `Command { std: "git" "-c" "credential.helper=" "-c" "credential.helper=/workspace/cargo-home/bin/git-credential-null" "clone" "--bare" "https://github.com/u66u/flock" "/workspace/cache/git-repos/https%3A%2F%2Fgithub.com%2Fu66u%2Fflock", kill_on_drop: false }`
[INFO] [stderr] Cloning into bare repository '/workspace/cache/git-repos/https%3A%2F%2Fgithub.com%2Fu66u%2Fflock'...
[INFO] running `Command { std: "git" "rev-parse" "HEAD", kill_on_drop: false }`
[INFO] [stdout] 3315dc75139a7309271146188d4b063ed5f31224
[INFO] testing u66u/flock against beta-2024-12-08 for beta-1.84.0-4-retry
[INFO] running `Command { std: "git" "clone" "/workspace/cache/git-repos/https%3A%2F%2Fgithub.com%2Fu66u%2Fflock" "/workspace/builds/worker-5-tc2/source", kill_on_drop: false }`
[INFO] [stderr] Cloning into '/workspace/builds/worker-5-tc2/source'...
[INFO] [stderr] done.
[INFO] validating manifest of git repo https://github.com/u66u/flock on toolchain beta-2024-12-08
[INFO] running `Command { std: CARGO_HOME="/workspace/cargo-home" RUSTUP_HOME="/workspace/rustup-home" "/workspace/cargo-home/bin/cargo" "+beta-2024-12-08" "metadata" "--manifest-path" "Cargo.toml" "--no-deps", kill_on_drop: false }`
[INFO] started tweaking git repo https://github.com/u66u/flock
[INFO] finished tweaking git repo https://github.com/u66u/flock
[INFO] tweaked toml for git repo https://github.com/u66u/flock written to /workspace/builds/worker-5-tc2/source/Cargo.toml
[INFO] crate git repo https://github.com/u66u/flock already has a lockfile, it will not be regenerated
[INFO] running `Command { std: CARGO_HOME="/workspace/cargo-home" RUSTUP_HOME="/workspace/rustup-home" "/workspace/cargo-home/bin/cargo" "+beta-2024-12-08" "fetch" "--manifest-path" "Cargo.toml", kill_on_drop: false }`
[INFO] running `Command { std: "docker" "create" "-v" "/var/lib/crater-agent-workspace/builds/worker-5-tc2/target:/opt/rustwide/target:rw,Z" "-v" "/var/lib/crater-agent-workspace/builds/worker-5-tc2/source:/opt/rustwide/workdir:ro,Z" "-v" "/var/lib/crater-agent-workspace/cargo-home:/opt/rustwide/cargo-home:ro,Z" "-v" "/var/lib/crater-agent-workspace/rustup-home:/opt/rustwide/rustup-home:ro,Z" "-e" "SOURCE_DIR=/opt/rustwide/workdir" "-e" "CARGO_TARGET_DIR=/opt/rustwide/target" "-e" "CARGO_HOME=/opt/rustwide/cargo-home" "-e" "RUSTUP_HOME=/opt/rustwide/rustup-home" "-w" "/opt/rustwide/workdir" "-m" "1610612736" "--user" "0:0" "--network" "none" "ghcr.io/rust-lang/crates-build-env/linux@sha256:f3a9d4ad9d972b27faf3965f35b62e55ba32bbce8f20bc8fe909558a86702fde" "/opt/rustwide/cargo-home/bin/cargo" "+beta-2024-12-08" "metadata" "--no-deps" "--format-version=1", kill_on_drop: false }`
[INFO] [stdout] f443f488c2933e13b16fdcd766e7d975d4354e501b7d247710dcdf6e47c6a1d2
[INFO] running `Command { std: "docker" "start" "-a" "f443f488c2933e13b16fdcd766e7d975d4354e501b7d247710dcdf6e47c6a1d2", kill_on_drop: false }`
[INFO] running `Command { std: "docker" "inspect" "f443f488c2933e13b16fdcd766e7d975d4354e501b7d247710dcdf6e47c6a1d2", kill_on_drop: false }`
[INFO] running `Command { std: "docker" "rm" "-f" "f443f488c2933e13b16fdcd766e7d975d4354e501b7d247710dcdf6e47c6a1d2", kill_on_drop: false }`
[INFO] [stdout] f443f488c2933e13b16fdcd766e7d975d4354e501b7d247710dcdf6e47c6a1d2
[INFO] running `Command { std: "docker" "create" "-v" "/var/lib/crater-agent-workspace/builds/worker-5-tc2/target:/opt/rustwide/target:rw,Z" "-v" "/var/lib/crater-agent-workspace/builds/worker-5-tc2/source:/opt/rustwide/workdir:ro,Z" "-v" "/var/lib/crater-agent-workspace/cargo-home:/opt/rustwide/cargo-home:ro,Z" "-v" "/var/lib/crater-agent-workspace/rustup-home:/opt/rustwide/rustup-home:ro,Z" "-e" "SOURCE_DIR=/opt/rustwide/workdir" "-e" "CARGO_TARGET_DIR=/opt/rustwide/target" "-e" "CARGO_INCREMENTAL=0" "-e" "RUST_BACKTRACE=full" "-e" "RUSTFLAGS=--cap-lints=warn" "-e" "RUSTDOCFLAGS=--cap-lints=warn" "-e" "CARGO_HOME=/opt/rustwide/cargo-home" "-e" "RUSTUP_HOME=/opt/rustwide/rustup-home" "-w" "/opt/rustwide/workdir" "-m" "1610612736" "--user" "0:0" "--network" "none" "ghcr.io/rust-lang/crates-build-env/linux@sha256:f3a9d4ad9d972b27faf3965f35b62e55ba32bbce8f20bc8fe909558a86702fde" "/opt/rustwide/cargo-home/bin/cargo" "+beta-2024-12-08" "build" "--frozen" "--message-format=json", kill_on_drop: false }`
[INFO] [stdout] f6352a920eca9bbf89105eec9e175c76f04bfaf1ed9974c052284abfe9718693
[INFO] running `Command { std: "docker" "start" "-a" "f6352a920eca9bbf89105eec9e175c76f04bfaf1ed9974c052284abfe9718693", kill_on_drop: false }`
[INFO] [stderr]    Compiling cc v1.0.97
[INFO] [stderr]    Compiling unicode-ident v1.0.12
[INFO] [stderr]    Compiling proc-macro2 v1.0.82
[INFO] [stderr]    Compiling version_check v0.9.4
[INFO] [stderr]    Compiling cfg-if v1.0.0
[INFO] [stderr]    Compiling libc v0.2.154
[INFO] [stderr]    Compiling once_cell v1.19.0
[INFO] [stderr]    Compiling fnv v1.0.7
[INFO] [stderr]    Compiling zerocopy v0.7.34
[INFO] [stderr]    Compiling regex-syntax v0.8.3
[INFO] [stderr]    Compiling beef v0.5.2
[INFO] [stderr]    Compiling lazy_static v1.4.0
[INFO] [stderr]    Compiling allocator-api2 v0.2.18
[INFO] [stderr]    Compiling chumsky v1.0.0-alpha.7
[INFO] [stderr]    Compiling yansi v1.0.1
[INFO] [stderr]    Compiling unicode-width v0.1.12
[INFO] [stderr]    Compiling ariadne v0.4.1
[INFO] [stderr]    Compiling ahash v0.8.11
[INFO] [stderr]    Compiling quote v1.0.36
[INFO] [stderr]    Compiling hashbrown v0.14.5
[INFO] [stderr]    Compiling psm v0.1.21
[INFO] [stderr]    Compiling stacker v0.1.15
[INFO] [stderr]    Compiling syn v2.0.61
[INFO] [stderr]    Compiling logos-codegen v0.14.0
[INFO] [stderr]    Compiling logos-derive v0.14.0
[INFO] [stderr]    Compiling logos v0.14.0
[INFO] [stderr]    Compiling flock v0.1.0 (/opt/rustwide/workdir)
[INFO] [stdout] warning: unused import: `crate::ast::*`
[INFO] [stdout]  --> src/main.rs:5:5
[INFO] [stdout]   |
[INFO] [stdout] 5 | use crate::ast::*;
[INFO] [stdout]   |     ^^^^^^^^^^^^^
[INFO] [stdout]   |
[INFO] [stdout]   = note: `#[warn(unused_imports)]` on by default
[INFO] [stdout] 
[INFO] [stdout] 
[INFO] [stdout] warning: variant `Mult` is never constructed
[INFO] [stdout]  --> src/ast.rs:5:5
[INFO] [stdout]   |
[INFO] [stdout] 2 | pub enum Type {
[INFO] [stdout]   |          ---- variant in this enum
[INFO] [stdout] ...
[INFO] [stdout] 5 |     Mult(Box<Type>, Box<Type>),
[INFO] [stdout]   |     ^^^^
[INFO] [stdout]   |
[INFO] [stdout]   = note: `Type` has derived impls for the traits `Clone` and `Debug`, but these are intentionally ignored during dead code analysis
[INFO] [stdout]   = note: `#[warn(dead_code)]` on by default
[INFO] [stdout] 
[INFO] [stdout] 
[INFO] [stdout] warning: multiple variants are never constructed
[INFO] [stdout]   --> src/ast.rs:12:5
[INFO] [stdout]    |
[INFO] [stdout] 11 | pub enum Expr {
[INFO] [stdout]    |          ---- variants in this enum
[INFO] [stdout] 12 |     Var(String),
[INFO] [stdout]    |     ^^^
[INFO] [stdout] 13 |     Int(i64),
[INFO] [stdout]    |     ^^^
[INFO] [stdout] 14 |     Bool(bool),
[INFO] [stdout]    |     ^^^^
[INFO] [stdout] 15 |     Mult(Box<Expr>, Box<Expr>),
[INFO] [stdout]    |     ^^^^
[INFO] [stdout] 16 |     Divide(Box<Expr>, Box<Expr>),
[INFO] [stdout]    |     ^^^^^^
[INFO] [stdout] 17 |     Mod(Box<Expr>, Box<Expr>),
[INFO] [stdout]    |     ^^^
[INFO] [stdout] 18 |     Plus(Box<Expr>, Box<Expr>),
[INFO] [stdout]    |     ^^^^
[INFO] [stdout] 19 |     Minus(Box<Expr>, Box<Expr>),
[INFO] [stdout]    |     ^^^^^
[INFO] [stdout] 20 |     Equal(Box<Expr>, Box<Expr>),
[INFO] [stdout]    |     ^^^^^
[INFO] [stdout] 21 |     Less(Box<Expr>, Box<Expr>),
[INFO] [stdout]    |     ^^^^
[INFO] [stdout] 22 |     If(Box<Expr>, Box<Expr>, Box<Expr>),
[INFO] [stdout]    |     ^^
[INFO] [stdout] 23 |     Func(String, Box<Type>, Box<Expr>),
[INFO] [stdout]    |     ^^^^
[INFO] [stdout] 24 |     Apply(Box<Expr>, Box<Expr>),
[INFO] [stdout]    |     ^^^^^
[INFO] [stdout] 25 |     Pair(Box<Expr>, Box<Expr>),
[INFO] [stdout]    |     ^^^^
[INFO] [stdout] 26 |     First(Box<Expr>),
[INFO] [stdout]    |     ^^^^^
[INFO] [stdout] 27 |     Second(Box<Expr>),
[INFO] [stdout]    |     ^^^^^^
[INFO] [stdout] 28 |     Recursion(String, Box<Type>, Box<Expr>),
[INFO] [stdout]    |     ^^^^^^^^^
[INFO] [stdout] 29 |     None(Type),
[INFO] [stdout]    |     ^^^^
[INFO] [stdout] 30 |     Cons(Box<Expr>, Box<Expr>),
[INFO] [stdout]    |     ^^^^
[INFO] [stdout] 31 |     Match(Box<Expr>, Box<Type>, Box<Expr>, String, String, Box<Expr>),
[INFO] [stdout]    |     ^^^^^
[INFO] [stdout]    |
[INFO] [stdout]    = note: `Expr` has derived impls for the traits `Clone` and `Debug`, but these are intentionally ignored during dead code analysis
[INFO] [stdout] 
[INFO] [stdout] 
[INFO] [stdout] warning: enum `Commands` is never used
[INFO] [stdout]   --> src/ast.rs:34:10
[INFO] [stdout]    |
[INFO] [stdout] 34 | pub enum Commands {
[INFO] [stdout]    |          ^^^^^^^^
[INFO] [stdout] 
[INFO] [stdout] 
[INFO] [stdout] warning: methods `to_string_with_precedence` and `to_string` are never used
[INFO] [stdout]   --> src/ast.rs:55:8
[INFO] [stdout]    |
[INFO] [stdout] 54 | impl Type {
[INFO] [stdout]    | --------- methods in this implementation
[INFO] [stdout] 55 |     fn to_string_with_precedence(&self, outer_precedence: i32) -> String {
[INFO] [stdout]    |        ^^^^^^^^^^^^^^^^^^^^^^^^^
[INFO] [stdout] ...
[INFO] [stdout] 82 |     pub fn to_string(&self) -> String {
[INFO] [stdout]    |            ^^^^^^^^^
[INFO] [stdout] 
[INFO] [stdout] 
[INFO] [stdout] warning: associated items `to_string_with_precedence`, `to_string`, and `subst` are never used
[INFO] [stdout]    --> src/ast.rs:105:8
[INFO] [stdout]     |
[INFO] [stdout] 104 | impl Expr {
[INFO] [stdout]     | --------- associated items in this implementation
[INFO] [stdout] 105 |     fn to_string_with_precedence(&self, outer_precedence: i32) -> String {
[INFO] [stdout]     |        ^^^^^^^^^^^^^^^^^^^^^^^^^
[INFO] [stdout] ...
[INFO] [stdout] 227 |     pub fn to_string(&self) -> String {
[INFO] [stdout]     |            ^^^^^^^^^
[INFO] [stdout] ...
[INFO] [stdout] 231 |     pub fn subst(substitutions: &Vec<(String, Expr)>, expr: &Expr) -> Expr {
[INFO] [stdout]     |            ^^^^^
[INFO] [stdout] 
[INFO] [stdout] 
[INFO] [stdout] warning: variant `EOF` is never constructed
[INFO] [stdout]    --> src/lexer.rs:125:5
[INFO] [stdout]     |
[INFO] [stdout] 5   | pub enum Token {
[INFO] [stdout]     |          ----- variant in this enum
[INFO] [stdout] ...
[INFO] [stdout] 125 |     EOF,
[INFO] [stdout]     |     ^^^
[INFO] [stdout]     |
[INFO] [stdout]     = note: `Token` has derived impls for the traits `Clone` and `Debug`, but these are intentionally ignored during dead code analysis
[INFO] [stdout] 
[INFO] [stdout] 
[INFO] [stdout] warning: methods `parse_ty_list`, `parse_ty_times`, `parse_basic_binary_expr`, and `parse_binary_expr` are never used
[INFO] [stdout]    --> src/parser.rs:41:12
[INFO] [stdout]     |
[INFO] [stdout] 9   | / impl<I> Parser<I>
[INFO] [stdout] 10  | | where
[INFO] [stdout] 11  | |     I: Iterator<Item = Token>,
[INFO] [stdout]     | |______________________________- methods in this implementation
[INFO] [stdout] ...
[INFO] [stdout] 41  |       pub fn parse_ty_list(&mut self) -> Option<Type> {
[INFO] [stdout]     |              ^^^^^^^^^^^^^
[INFO] [stdout] ...
[INFO] [stdout] 53  |       pub fn parse_ty_times(&mut self) -> Option<Type> {
[INFO] [stdout]     |              ^^^^^^^^^^^^^^
[INFO] [stdout] ...
[INFO] [stdout] 93  |       pub fn parse_basic_binary_expr(&mut self) -> Option<Expr> {
[INFO] [stdout]     |              ^^^^^^^^^^^^^^^^^^^^^^^
[INFO] [stdout] ...
[INFO] [stdout] 121 |       pub fn parse_binary_expr(&mut self) -> Option<Expr> {
[INFO] [stdout]     |              ^^^^^^^^^^^^^^^^^
[INFO] [stdout] 
[INFO] [stdout] 
[INFO] [stderr]     Finished `dev` profile [unoptimized + debuginfo] target(s) in 10.05s
[INFO] running `Command { std: "docker" "inspect" "f6352a920eca9bbf89105eec9e175c76f04bfaf1ed9974c052284abfe9718693", kill_on_drop: false }`
[INFO] running `Command { std: "docker" "rm" "-f" "f6352a920eca9bbf89105eec9e175c76f04bfaf1ed9974c052284abfe9718693", kill_on_drop: false }`
[INFO] [stdout] f6352a920eca9bbf89105eec9e175c76f04bfaf1ed9974c052284abfe9718693
[INFO] running `Command { std: "docker" "create" "-v" "/var/lib/crater-agent-workspace/builds/worker-5-tc2/target:/opt/rustwide/target:rw,Z" "-v" "/var/lib/crater-agent-workspace/builds/worker-5-tc2/source:/opt/rustwide/workdir:ro,Z" "-v" "/var/lib/crater-agent-workspace/cargo-home:/opt/rustwide/cargo-home:ro,Z" "-v" "/var/lib/crater-agent-workspace/rustup-home:/opt/rustwide/rustup-home:ro,Z" "-e" "SOURCE_DIR=/opt/rustwide/workdir" "-e" "CARGO_TARGET_DIR=/opt/rustwide/target" "-e" "CARGO_INCREMENTAL=0" "-e" "RUST_BACKTRACE=full" "-e" "RUSTFLAGS=--cap-lints=warn" "-e" "RUSTDOCFLAGS=--cap-lints=warn" "-e" "CARGO_HOME=/opt/rustwide/cargo-home" "-e" "RUSTUP_HOME=/opt/rustwide/rustup-home" "-w" "/opt/rustwide/workdir" "-m" "1610612736" "--user" "0:0" "--network" "none" "ghcr.io/rust-lang/crates-build-env/linux@sha256:f3a9d4ad9d972b27faf3965f35b62e55ba32bbce8f20bc8fe909558a86702fde" "/opt/rustwide/cargo-home/bin/cargo" "+beta-2024-12-08" "test" "--frozen" "--no-run" "--message-format=json", kill_on_drop: false }`
[INFO] [stdout] aa4b9a11533b6ad0c24f375e239b93f0140d6dd0d75b78ae3db312b63e1475a3
[INFO] running `Command { std: "docker" "start" "-a" "aa4b9a11533b6ad0c24f375e239b93f0140d6dd0d75b78ae3db312b63e1475a3", kill_on_drop: false }`
[INFO] [stderr]    Compiling flock v0.1.0 (/opt/rustwide/workdir)
[INFO] [stdout] warning: unused import: `crate::ast::*`
[INFO] [stdout]  --> src/main.rs:5:5
[INFO] [stdout]   |
[INFO] [stdout] 5 | use crate::ast::*;
[INFO] [stdout]   |     ^^^^^^^^^^^^^
[INFO] [stdout]   |
[INFO] [stdout]   = note: `#[warn(unused_imports)]` on by default
[INFO] [stdout] 
[INFO] [stdout] 
[INFO] [stdout] warning: field `0` is never read
[INFO] [stdout]   --> src/ast.rs:14:10
[INFO] [stdout]    |
[INFO] [stdout] 14 |     Bool(bool),
[INFO] [stdout]    |     ---- ^^^^
[INFO] [stdout]    |     |
[INFO] [stdout]    |     field in this variant
[INFO] [stdout]    |
[INFO] [stdout]    = note: `Expr` has derived impls for the traits `Clone` and `Debug`, but these are intentionally ignored during dead code analysis
[INFO] [stdout]    = note: `#[warn(dead_code)]` on by default
[INFO] [stdout] help: consider changing the field to be of unit type to suppress this warning while preserving the field numbering, or remove the field
[INFO] [stdout]    |
[INFO] [stdout] 14 |     Bool(()),
[INFO] [stdout]    |          ~~
[INFO] [stdout] 
[INFO] [stdout] 
[INFO] [stdout] warning: multiple variants are never constructed
[INFO] [stdout]   --> src/ast.rs:12:5
[INFO] [stdout]    |
[INFO] [stdout] 11 | pub enum Expr {
[INFO] [stdout]    |          ---- variants in this enum
[INFO] [stdout] 12 |     Var(String),
[INFO] [stdout]    |     ^^^
[INFO] [stdout] 13 |     Int(i64),
[INFO] [stdout]    |     ^^^
[INFO] [stdout] 14 |     Bool(bool),
[INFO] [stdout] 15 |     Mult(Box<Expr>, Box<Expr>),
[INFO] [stdout]    |     ^^^^
[INFO] [stdout] 16 |     Divide(Box<Expr>, Box<Expr>),
[INFO] [stdout]    |     ^^^^^^
[INFO] [stdout] 17 |     Mod(Box<Expr>, Box<Expr>),
[INFO] [stdout]    |     ^^^
[INFO] [stdout] 18 |     Plus(Box<Expr>, Box<Expr>),
[INFO] [stdout]    |     ^^^^
[INFO] [stdout] 19 |     Minus(Box<Expr>, Box<Expr>),
[INFO] [stdout]    |     ^^^^^
[INFO] [stdout] 20 |     Equal(Box<Expr>, Box<Expr>),
[INFO] [stdout] 21 |     Less(Box<Expr>, Box<Expr>),
[INFO] [stdout]    |     ^^^^
[INFO] [stdout] 22 |     If(Box<Expr>, Box<Expr>, Box<Expr>),
[INFO] [stdout]    |     ^^
[INFO] [stdout] 23 |     Func(String, Box<Type>, Box<Expr>),
[INFO] [stdout]    |     ^^^^
[INFO] [stdout] 24 |     Apply(Box<Expr>, Box<Expr>),
[INFO] [stdout]    |     ^^^^^
[INFO] [stdout] 25 |     Pair(Box<Expr>, Box<Expr>),
[INFO] [stdout]    |     ^^^^
[INFO] [stdout] 26 |     First(Box<Expr>),
[INFO] [stdout]    |     ^^^^^
[INFO] [stdout] 27 |     Second(Box<Expr>),
[INFO] [stdout]    |     ^^^^^^
[INFO] [stdout] 28 |     Recursion(String, Box<Type>, Box<Expr>),
[INFO] [stdout]    |     ^^^^^^^^^
[INFO] [stdout] 29 |     None(Type),
[INFO] [stdout]    |     ^^^^
[INFO] [stdout] 30 |     Cons(Box<Expr>, Box<Expr>),
[INFO] [stdout]    |     ^^^^
[INFO] [stdout] 31 |     Match(Box<Expr>, Box<Type>, Box<Expr>, String, String, Box<Expr>),
[INFO] [stdout]    |     ^^^^^
[INFO] [stdout]    |
[INFO] [stdout]    = note: `Expr` has derived impls for the traits `Clone` and `Debug`, but these are intentionally ignored during dead code analysis
[INFO] [stdout] 
[INFO] [stdout] 
[INFO] [stdout] warning: enum `Commands` is never used
[INFO] [stdout]   --> src/ast.rs:34:10
[INFO] [stdout]    |
[INFO] [stdout] 34 | pub enum Commands {
[INFO] [stdout]    |          ^^^^^^^^
[INFO] [stdout] 
[INFO] [stdout] 
[INFO] [stdout] warning: methods `to_string_with_precedence` and `to_string` are never used
[INFO] [stdout]   --> src/ast.rs:55:8
[INFO] [stdout]    |
[INFO] [stdout] 54 | impl Type {
[INFO] [stdout]    | --------- methods in this implementation
[INFO] [stdout] 55 |     fn to_string_with_precedence(&self, outer_precedence: i32) -> String {
[INFO] [stdout]    |        ^^^^^^^^^^^^^^^^^^^^^^^^^
[INFO] [stdout] ...
[INFO] [stdout] 82 |     pub fn to_string(&self) -> String {
[INFO] [stdout]    |            ^^^^^^^^^
[INFO] [stdout] 
[INFO] [stdout] 
[INFO] [stdout] warning: associated items `to_string_with_precedence`, `to_string`, and `subst` are never used
[INFO] [stdout]    --> src/ast.rs:105:8
[INFO] [stdout]     |
[INFO] [stdout] 104 | impl Expr {
[INFO] [stdout]     | --------- associated items in this implementation
[INFO] [stdout] 105 |     fn to_string_with_precedence(&self, outer_precedence: i32) -> String {
[INFO] [stdout]     |        ^^^^^^^^^^^^^^^^^^^^^^^^^
[INFO] [stdout] ...
[INFO] [stdout] 227 |     pub fn to_string(&self) -> String {
[INFO] [stdout]     |            ^^^^^^^^^
[INFO] [stdout] ...
[INFO] [stdout] 231 |     pub fn subst(substitutions: &Vec<(String, Expr)>, expr: &Expr) -> Expr {
[INFO] [stdout]     |            ^^^^^
[INFO] [stdout] 
[INFO] [stdout] 
[INFO] [stdout] warning: variant `EOF` is never constructed
[INFO] [stdout]    --> src/lexer.rs:125:5
[INFO] [stdout]     |
[INFO] [stdout] 5   | pub enum Token {
[INFO] [stdout]     |          ----- variant in this enum
[INFO] [stdout] ...
[INFO] [stdout] 125 |     EOF,
[INFO] [stdout]     |     ^^^
[INFO] [stdout]     |
[INFO] [stdout]     = note: `Token` has derived impls for the traits `Clone` and `Debug`, but these are intentionally ignored during dead code analysis
[INFO] [stdout] 
[INFO] [stdout] 
[INFO] [stdout] warning: methods `parse_basic_binary_expr` and `parse_binary_expr` are never used
[INFO] [stdout]    --> src/parser.rs:93:12
[INFO] [stdout]     |
[INFO] [stdout] 9   | / impl<I> Parser<I>
[INFO] [stdout] 10  | | where
[INFO] [stdout] 11  | |     I: Iterator<Item = Token>,
[INFO] [stdout]     | |______________________________- methods in this implementation
[INFO] [stdout] ...
[INFO] [stdout] 93  |       pub fn parse_basic_binary_expr(&mut self) -> Option<Expr> {
[INFO] [stdout]     |              ^^^^^^^^^^^^^^^^^^^^^^^
[INFO] [stdout] ...
[INFO] [stdout] 121 |       pub fn parse_binary_expr(&mut self) -> Option<Expr> {
[INFO] [stdout]     |              ^^^^^^^^^^^^^^^^^
[INFO] [stdout] 
[INFO] [stdout] 
[INFO] [stderr]     Finished `test` profile [unoptimized + debuginfo] target(s) in 0.84s
[INFO] running `Command { std: "docker" "inspect" "aa4b9a11533b6ad0c24f375e239b93f0140d6dd0d75b78ae3db312b63e1475a3", kill_on_drop: false }`
[INFO] running `Command { std: "docker" "rm" "-f" "aa4b9a11533b6ad0c24f375e239b93f0140d6dd0d75b78ae3db312b63e1475a3", kill_on_drop: false }`
[INFO] [stdout] aa4b9a11533b6ad0c24f375e239b93f0140d6dd0d75b78ae3db312b63e1475a3
[INFO] running `Command { std: "docker" "create" "-v" "/var/lib/crater-agent-workspace/builds/worker-5-tc2/target:/opt/rustwide/target:rw,Z" "-v" "/var/lib/crater-agent-workspace/builds/worker-5-tc2/source:/opt/rustwide/workdir:ro,Z" "-v" "/var/lib/crater-agent-workspace/cargo-home:/opt/rustwide/cargo-home:ro,Z" "-v" "/var/lib/crater-agent-workspace/rustup-home:/opt/rustwide/rustup-home:ro,Z" "-e" "SOURCE_DIR=/opt/rustwide/workdir" "-e" "CARGO_TARGET_DIR=/opt/rustwide/target" "-e" "CARGO_INCREMENTAL=0" "-e" "RUST_BACKTRACE=full" "-e" "RUSTFLAGS=--cap-lints=warn" "-e" "RUSTDOCFLAGS=--cap-lints=warn" "-e" "CARGO_HOME=/opt/rustwide/cargo-home" "-e" "RUSTUP_HOME=/opt/rustwide/rustup-home" "-w" "/opt/rustwide/workdir" "-m" "1610612736" "--user" "0:0" "--network" "none" "ghcr.io/rust-lang/crates-build-env/linux@sha256:f3a9d4ad9d972b27faf3965f35b62e55ba32bbce8f20bc8fe909558a86702fde" "/opt/rustwide/cargo-home/bin/cargo" "+beta-2024-12-08" "test" "--frozen", kill_on_drop: false }`
[INFO] [stdout] ccf33fda71114159b087a4aa05f04d5b4692ec45a2cbe137705eae6a04294d06
[INFO] running `Command { std: "docker" "start" "-a" "ccf33fda71114159b087a4aa05f04d5b4692ec45a2cbe137705eae6a04294d06", kill_on_drop: false }`
[INFO] [stderr] warning: unused import: `crate::ast::*`
[INFO] [stderr]  --> src/main.rs:5:5
[INFO] [stderr]   |
[INFO] [stderr] 5 | use crate::ast::*;
[INFO] [stderr]   |     ^^^^^^^^^^^^^
[INFO] [stderr]   |
[INFO] [stderr]   = note: `#[warn(unused_imports)]` on by default
[INFO] [stderr] 
[INFO] [stderr] warning: field `0` is never read
[INFO] [stderr]   --> src/ast.rs:14:10
[INFO] [stderr]    |
[INFO] [stderr] 14 |     Bool(bool),
[INFO] [stderr]    |     ---- ^^^^
[INFO] [stderr]    |     |
[INFO] [stderr]    |     field in this variant
[INFO] [stderr]    |
[INFO] [stderr]    = note: `Expr` has derived impls for the traits `Clone` and `Debug`, but these are intentionally ignored during dead code analysis
[INFO] [stderr]    = note: `#[warn(dead_code)]` on by default
[INFO] [stderr] help: consider changing the field to be of unit type to suppress this warning while preserving the field numbering, or remove the field
[INFO] [stderr]    |
[INFO] [stderr] 14 |     Bool(()),
[INFO] [stderr]    |          ~~
[INFO] [stderr] 
[INFO] [stderr] warning: multiple variants are never constructed
[INFO] [stderr]   --> src/ast.rs:12:5
[INFO] [stderr]    |
[INFO] [stderr] 11 | pub enum Expr {
[INFO] [stderr]    |          ---- variants in this enum
[INFO] [stderr] 12 |     Var(String),
[INFO] [stderr]    |     ^^^
[INFO] [stderr] 13 |     Int(i64),
[INFO] [stderr]    |     ^^^
[INFO] [stderr] 14 |     Bool(bool),
[INFO] [stderr] 15 |     Mult(Box<Expr>, Box<Expr>),
[INFO] [stderr]    |     ^^^^
[INFO] [stderr] 16 |     Divide(Box<Expr>, Box<Expr>),
[INFO] [stderr]    |     ^^^^^^
[INFO] [stderr] 17 |     Mod(Box<Expr>, Box<Expr>),
[INFO] [stderr]    |     ^^^
[INFO] [stderr] 18 |     Plus(Box<Expr>, Box<Expr>),
[INFO] [stderr]    |     ^^^^
[INFO] [stderr] 19 |     Minus(Box<Expr>, Box<Expr>),
[INFO] [stderr]    |     ^^^^^
[INFO] [stderr] 20 |     Equal(Box<Expr>, Box<Expr>),
[INFO] [stderr] 21 |     Less(Box<Expr>, Box<Expr>),
[INFO] [stderr]    |     ^^^^
[INFO] [stderr] 22 |     If(Box<Expr>, Box<Expr>, Box<Expr>),
[INFO] [stderr]    |     ^^
[INFO] [stderr] 23 |     Func(String, Box<Type>, Box<Expr>),
[INFO] [stderr]    |     ^^^^
[INFO] [stderr] 24 |     Apply(Box<Expr>, Box<Expr>),
[INFO] [stderr]    |     ^^^^^
[INFO] [stderr] 25 |     Pair(Box<Expr>, Box<Expr>),
[INFO] [stderr]    |     ^^^^
[INFO] [stderr] 26 |     First(Box<Expr>),
[INFO] [stderr]    |     ^^^^^
[INFO] [stderr] 27 |     Second(Box<Expr>),
[INFO] [stderr]    |     ^^^^^^
[INFO] [stderr] 28 |     Recursion(String, Box<Type>, Box<Expr>),
[INFO] [stderr]    |     ^^^^^^^^^
[INFO] [stderr] 29 |     None(Type),
[INFO] [stderr]    |     ^^^^
[INFO] [stderr] 30 |     Cons(Box<Expr>, Box<Expr>),
[INFO] [stderr]    |     ^^^^
[INFO] [stderr] 31 |     Match(Box<Expr>, Box<Type>, Box<Expr>, String, String, Box<Expr>),
[INFO] [stderr]    |     ^^^^^
[INFO] [stderr]    |
[INFO] [stderr]    = note: `Expr` has derived impls for the traits `Clone` and `Debug`, but these are intentionally ignored during dead code analysis
[INFO] [stderr] 
[INFO] [stderr] warning: enum `Commands` is never used
[INFO] [stderr]   --> src/ast.rs:34:10
[INFO] [stderr]    |
[INFO] [stderr] 34 | pub enum Commands {
[INFO] [stderr]    |          ^^^^^^^^
[INFO] [stderr] 
[INFO] [stderr] warning: methods `to_string_with_precedence` and `to_string` are never used
[INFO] [stderr]   --> src/ast.rs:55:8
[INFO] [stderr]    |
[INFO] [stderr] 54 | impl Type {
[INFO] [stderr]    | --------- methods in this implementation
[INFO] [stderr] 55 |     fn to_string_with_precedence(&self, outer_precedence: i32) -> String {
[INFO] [stderr]    |        ^^^^^^^^^^^^^^^^^^^^^^^^^
[INFO] [stderr] ...
[INFO] [stderr] 82 |     pub fn to_string(&self) -> String {
[INFO] [stderr]    |            ^^^^^^^^^
[INFO] [stderr] 
[INFO] [stderr] warning: associated items `to_string_with_precedence`, `to_string`, and `subst` are never used
[INFO] [stderr]    --> src/ast.rs:105:8
[INFO] [stderr]     |
[INFO] [stderr] 104 | impl Expr {
[INFO] [stderr]     | --------- associated items in this implementation
[INFO] [stderr] 105 |     fn to_string_with_precedence(&self, outer_precedence: i32) -> String {
[INFO] [stderr]     |        ^^^^^^^^^^^^^^^^^^^^^^^^^
[INFO] [stderr] ...
[INFO] [stderr] 227 |     pub fn to_string(&self) -> String {
[INFO] [stderr]     |            ^^^^^^^^^
[INFO] [stderr] ...
[INFO] [stderr] 231 |     pub fn subst(substitutions: &Vec<(String, Expr)>, expr: &Expr) -> Expr {
[INFO] [stderr]     |            ^^^^^
[INFO] [stderr] 
[INFO] [stderr] warning: variant `EOF` is never constructed
[INFO] [stderr]    --> src/lexer.rs:125:5
[INFO] [stderr]     |
[INFO] [stderr] 5   | pub enum Token {
[INFO] [stderr]     |          ----- variant in this enum
[INFO] [stderr] ...
[INFO] [stderr] 125 |     EOF,
[INFO] [stderr]     |     ^^^
[INFO] [stderr]     |
[INFO] [stderr]     = note: `Token` has derived impls for the traits `Clone` and `Debug`, but these are intentionally ignored during dead code analysis
[INFO] [stderr] 
[INFO] [stderr] warning: methods `parse_basic_binary_expr` and `parse_binary_expr` are never used
[INFO] [stderr]    --> src/parser.rs:93:12
[INFO] [stderr]     |
[INFO] [stderr] 9   | / impl<I> Parser<I>
[INFO] [stderr] 10  | | where
[INFO] [stderr] 11  | |     I: Iterator<Item = Token>,
[INFO] [stderr]     | |______________________________- methods in this implementation
[INFO] [stderr] ...
[INFO] [stderr] 93  |       pub fn parse_basic_binary_expr(&mut self) -> Option<Expr> {
[INFO] [stderr]     |              ^^^^^^^^^^^^^^^^^^^^^^^
[INFO] [stderr] ...
[INFO] [stderr] 121 |       pub fn parse_binary_expr(&mut self) -> Option<Expr> {
[INFO] [stderr]     |              ^^^^^^^^^^^^^^^^^
[INFO] [stderr] 
[INFO] [stderr] warning: `flock` (bin "flock" test) generated 8 warnings (run `cargo fix --bin "flock" --tests` to apply 1 suggestion)
[INFO] [stderr]     Finished `test` profile [unoptimized + debuginfo] target(s) in 0.06s
[INFO] [stderr]      Running unittests src/main.rs (/opt/rustwide/target/debug/deps/flock-fe4fbbc95ddb48a3)
[INFO] [stdout] 
[INFO] [stdout] running 14 tests
[INFO] [stdout] test parser::tests::parse_simple_ty_times ... ok
[INFO] [stdout] test parser::tests::parse_single_ty_list ... ok
[INFO] [stdout] test parser::tests::parse_nested_ty_times ... ok
[INFO] [stdout] test parser::tests::parse_ty_times_with_list ... ok
[INFO] [stdout] test parser::tests::test_parse_ty_list_list_of_int ... ok
[INFO] [stdout] test parser::tests::test_parse_ty_simple_bool ... ok
[INFO] [stdout] test parser::tests::test_parser_integration ... ok
[INFO] [stdout] test parser::tests::test_parse_ty_simple_int ... ok
[INFO] [stdout] test parser::tests::test_parse_nil ... ok
[INFO] [stdout] test parser::tests::test_parse_simple_type ... ok
[INFO] [stdout] test parser::tests::full_flow_test ... ok
[INFO] [stdout] test parser::tests::test_parse_ty_list_int ... ok
[INFO] [stdout] test parser::tests::test_parse_arrow_type ... ok
[INFO] [stdout] test parser::tests::test_simple_boolean_expression ... FAILED
[INFO] [stdout] 
[INFO] [stdout] failures:
[INFO] [stdout] 
[INFO] [stdout] ---- parser::tests::test_simple_boolean_expression stdout ----
[INFO] [stdout] thread 'parser::tests::test_simple_boolean_expression' panicked at src/parser.rs:306:9:
[INFO] [stdout] assertion `left == right` failed
[INFO] [stdout]   left: Some(Equal(Bool(true), Bool(false)))
[INFO] [stdout]  right: Some(Equal(Bool(true), Bool(false)))
[INFO] [stdout] stack backtrace:
[INFO] [stdout]    0:     0x64bd9a50100a - std::backtrace_rs::backtrace::libunwind::trace::h8810477743020387
[INFO] [stdout]                                at /rustc/202008a1b8de96d2e5b6bc02d379db03a877d34d/library/std/src/../../backtrace/src/backtrace/libunwind.rs:116:5
[INFO] [stdout]    1:     0x64bd9a50100a - std::backtrace_rs::backtrace::trace_unsynchronized::h3aa55355dd6c54a6
[INFO] [stdout]                                at /rustc/202008a1b8de96d2e5b6bc02d379db03a877d34d/library/std/src/../../backtrace/src/backtrace/mod.rs:66:5
[INFO] [stdout]    2:     0x64bd9a50100a - std::sys::backtrace::_print_fmt::h8588b0f62410823f
[INFO] [stdout]                                at /rustc/202008a1b8de96d2e5b6bc02d379db03a877d34d/library/std/src/sys/backtrace.rs:66:9
[INFO] [stdout]    3:     0x64bd9a50100a - <std::sys::backtrace::BacktraceLock::print::DisplayBacktrace as core::fmt::Display>::fmt::h98c26ac25ffe89bb
[INFO] [stdout]                                at /rustc/202008a1b8de96d2e5b6bc02d379db03a877d34d/library/std/src/sys/backtrace.rs:39:26
[INFO] [stdout]    4:     0x64bd9a5279e3 - core::fmt::rt::Argument::fmt::hf95377f4aebd453b
[INFO] [stdout]                                at /rustc/202008a1b8de96d2e5b6bc02d379db03a877d34d/library/core/src/fmt/rt.rs:177:76
[INFO] [stdout]    5:     0x64bd9a5279e3 - core::fmt::write::h0dd5f6e2238c7982
[INFO] [stdout]                                at /rustc/202008a1b8de96d2e5b6bc02d379db03a877d34d/library/core/src/fmt/mod.rs:1189:21
[INFO] [stdout]    6:     0x64bd9a4fe1a3 - std::io::Write::write_fmt::h03bb0ca26e6faf8c
[INFO] [stdout]                                at /rustc/202008a1b8de96d2e5b6bc02d379db03a877d34d/library/std/src/io/mod.rs:1884:15
[INFO] [stdout]    7:     0x64bd9a500e52 - std::sys::backtrace::BacktraceLock::print::h5c19c1c038ee186d
[INFO] [stdout]                                at /rustc/202008a1b8de96d2e5b6bc02d379db03a877d34d/library/std/src/sys/backtrace.rs:42:9
[INFO] [stdout]    8:     0x64bd9a50248d - std::panicking::default_hook::{{closure}}::h77172f079a1fcb13
[INFO] [stdout]                                at /rustc/202008a1b8de96d2e5b6bc02d379db03a877d34d/library/std/src/panicking.rs:268:22
[INFO] [stdout]    9:     0x64bd9a502297 - std::panicking::default_hook::he5f8e3b203ccddba
[INFO] [stdout]                                at /rustc/202008a1b8de96d2e5b6bc02d379db03a877d34d/library/std/src/panicking.rs:292:9
[INFO] [stdout]   10:     0x64bd9a4cbbc7 - <alloc::boxed::Box<F,A> as core::ops::function::Fn<Args>>::call::h7a3c7b4a1ae77f2f
[INFO] [stdout]                                at /rustc/202008a1b8de96d2e5b6bc02d379db03a877d34d/library/alloc/src/boxed.rs:1986:9
[INFO] [stdout]   11:     0x64bd9a4cbbc7 - test::test_main::{{closure}}::hf0d3b69ae9b353d1
[INFO] [stdout]                                at /rustc/202008a1b8de96d2e5b6bc02d379db03a877d34d/library/test/src/lib.rs:134:21
[INFO] [stdout]   12:     0x64bd9a502b38 - <alloc::boxed::Box<F,A> as core::ops::function::Fn<Args>>::call::h6332e82e7b189abd
[INFO] [stdout]                                at /rustc/202008a1b8de96d2e5b6bc02d379db03a877d34d/library/alloc/src/boxed.rs:1986:9
[INFO] [stdout]   13:     0x64bd9a502b38 - std::panicking::rust_panic_with_hook::h53863d4e9018df39
[INFO] [stdout]                                at /rustc/202008a1b8de96d2e5b6bc02d379db03a877d34d/library/std/src/panicking.rs:809:13
[INFO] [stdout]   14:     0x64bd9a5028fa - std::panicking::begin_panic_handler::{{closure}}::h67280e6fa0757873
[INFO] [stdout]                                at /rustc/202008a1b8de96d2e5b6bc02d379db03a877d34d/library/std/src/panicking.rs:674:13
[INFO] [stdout]   15:     0x64bd9a5014e9 - std::sys::backtrace::__rust_end_short_backtrace::h1dac3f54d6fbbeb2
[INFO] [stdout]                                at /rustc/202008a1b8de96d2e5b6bc02d379db03a877d34d/library/std/src/sys/backtrace.rs:170:18
[INFO] [stdout]   16:     0x64bd9a50258c - rust_begin_unwind
[INFO] [stdout]                                at /rustc/202008a1b8de96d2e5b6bc02d379db03a877d34d/library/std/src/panicking.rs:665:5
[INFO] [stdout]   17:     0x64bd9a47faa0 - core::panicking::panic_fmt::h6792bd1b2bf01041
[INFO] [stdout]                                at /rustc/202008a1b8de96d2e5b6bc02d379db03a877d34d/library/core/src/panicking.rs:76:14
[INFO] [stdout]   18:     0x64bd9a47fe6b - core::panicking::assert_failed_inner::hf2c17e6d30928787
[INFO] [stdout]   19:     0x64bd9a4906fa - core::panicking::assert_failed::h5d5df6ca2575319f
[INFO] [stdout]                                at /rustc/202008a1b8de96d2e5b6bc02d379db03a877d34d/library/core/src/panicking.rs:373:5
[INFO] [stdout]   20:     0x64bd9a487cd7 - flock::parser::tests::test_simple_boolean_expression::h1974c72aa1a162e6
[INFO] [stdout]                                at /opt/rustwide/workdir/src/parser.rs:306:9
[INFO] [stdout]   21:     0x64bd9a487827 - flock::parser::tests::test_simple_boolean_expression::{{closure}}::h5723acd36d8dd184
[INFO] [stdout]                                at /opt/rustwide/workdir/src/parser.rs:296:40
[INFO] [stdout]   22:     0x64bd9a48ea86 - core::ops::function::FnOnce::call_once::hb8923ee52f927325
[INFO] [stdout]                                at /rustc/202008a1b8de96d2e5b6bc02d379db03a877d34d/library/core/src/ops/function.rs:250:5
[INFO] [stdout]   23:     0x64bd9a4d06eb - core::ops::function::FnOnce::call_once::h871bf86719ec9aa4
[INFO] [stdout]                                at /rustc/202008a1b8de96d2e5b6bc02d379db03a877d34d/library/core/src/ops/function.rs:250:5
[INFO] [stdout]   24:     0x64bd9a4d06eb - test::__rust_begin_short_backtrace::h2167df1e2b7d76fd
[INFO] [stdout]                                at /rustc/202008a1b8de96d2e5b6bc02d379db03a877d34d/library/test/src/lib.rs:632:18
[INFO] [stdout]   25:     0x64bd9a4d00d8 - test::run_test_in_process::{{closure}}::h15d92f75a3adfb79
[INFO] [stdout]                                at /rustc/202008a1b8de96d2e5b6bc02d379db03a877d34d/library/test/src/lib.rs:655:60
[INFO] [stdout]   26:     0x64bd9a4d00d8 - <core::panic::unwind_safe::AssertUnwindSafe<F> as core::ops::function::FnOnce<()>>::call_once::hb6c8955835a8dbbb
[INFO] [stdout]                                at /rustc/202008a1b8de96d2e5b6bc02d379db03a877d34d/library/core/src/panic/unwind_safe.rs:272:9
[INFO] [stdout]   27:     0x64bd9a4d00d8 - std::panicking::try::do_call::hc79d0fc888a0bd30
[INFO] [stdout]                                at /rustc/202008a1b8de96d2e5b6bc02d379db03a877d34d/library/std/src/panicking.rs:557:40
[INFO] [stdout]   28:     0x64bd9a4d00d8 - std::panicking::try::hb8a7878e3a8589d6
[INFO] [stdout]                                at /rustc/202008a1b8de96d2e5b6bc02d379db03a877d34d/library/std/src/panicking.rs:520:19
[INFO] [stdout]   29:     0x64bd9a4d00d8 - std::panic::catch_unwind::hb8e4600ff0ff5cfa
[INFO] [stdout]                                at /rustc/202008a1b8de96d2e5b6bc02d379db03a877d34d/library/std/src/panic.rs:358:14
[INFO] [stdout]   30:     0x64bd9a4d00d8 - test::run_test_in_process::hc2900b0b18688dd6
[INFO] [stdout]                                at /rustc/202008a1b8de96d2e5b6bc02d379db03a877d34d/library/test/src/lib.rs:655:27
[INFO] [stdout]   31:     0x64bd9a4d00d8 - test::run_test::{{closure}}::hac2a9cb07be3d48d
[INFO] [stdout]                                at /rustc/202008a1b8de96d2e5b6bc02d379db03a877d34d/library/test/src/lib.rs:576:43
[INFO] [stdout]   32:     0x64bd9a493b7a - test::run_test::{{closure}}::h4a5b729e66a38cd8
[INFO] [stdout]                                at /rustc/202008a1b8de96d2e5b6bc02d379db03a877d34d/library/test/src/lib.rs:606:41
[INFO] [stdout]   33:     0x64bd9a493b7a - std::sys::backtrace::__rust_begin_short_backtrace::h0496fb742492f573
[INFO] [stdout]                                at /rustc/202008a1b8de96d2e5b6bc02d379db03a877d34d/library/std/src/sys/backtrace.rs:154:18
[INFO] [stdout]   34:     0x64bd9a4974f4 - std::thread::Builder::spawn_unchecked_::{{closure}}::{{closure}}::hbb6d257c550a54bd
[INFO] [stdout]                                at /rustc/202008a1b8de96d2e5b6bc02d379db03a877d34d/library/std/src/thread/mod.rs:561:17
[INFO] [stdout]   35:     0x64bd9a4974f4 - <core::panic::unwind_safe::AssertUnwindSafe<F> as core::ops::function::FnOnce<()>>::call_once::h46696fe4a6832328
[INFO] [stdout]                                at /rustc/202008a1b8de96d2e5b6bc02d379db03a877d34d/library/core/src/panic/unwind_safe.rs:272:9
[INFO] [stdout]   36:     0x64bd9a4974f4 - std::panicking::try::do_call::h2625a51b667bfb64
[INFO] [stdout]                                at /rustc/202008a1b8de96d2e5b6bc02d379db03a877d34d/library/std/src/panicking.rs:557:40
[INFO] [stdout]   37:     0x64bd9a4974f4 - std::panicking::try::hb956a59a1973aa4c
[INFO] [stdout]                                at /rustc/202008a1b8de96d2e5b6bc02d379db03a877d34d/library/std/src/panicking.rs:520:19
[INFO] [stdout]   38:     0x64bd9a4974f4 - std::panic::catch_unwind::h64f3b9d1067ef6a0
[INFO] [stdout]                                at /rustc/202008a1b8de96d2e5b6bc02d379db03a877d34d/library/std/src/panic.rs:358:14
[INFO] [stdout]   39:     0x64bd9a4974f4 - std::thread::Builder::spawn_unchecked_::{{closure}}::h42b2841295b6c0b2
[INFO] [stdout]                                at /rustc/202008a1b8de96d2e5b6bc02d379db03a877d34d/library/std/src/thread/mod.rs:559:30
[INFO] [stdout]   40:     0x64bd9a4974f4 - core::ops::function::FnOnce::call_once{{vtable.shim}}::h6127de71b8124639
[INFO] [stdout]                                at /rustc/202008a1b8de96d2e5b6bc02d379db03a877d34d/library/core/src/ops/function.rs:250:5
[INFO] [stdout]   41:     0x64bd9a506a7b - <alloc::boxed::Box<F,A> as core::ops::function::FnOnce<Args>>::call_once::h42f0ba71002a1b2c
[INFO] [stdout]                                at /rustc/202008a1b8de96d2e5b6bc02d379db03a877d34d/library/alloc/src/boxed.rs:1972:9
[INFO] [stdout]   42:     0x64bd9a506a7b - <alloc::boxed::Box<F,A> as core::ops::function::FnOnce<Args>>::call_once::had9e47d7a3dcecb8
[INFO] [stdout]                                at /rustc/202008a1b8de96d2e5b6bc02d379db03a877d34d/library/alloc/src/boxed.rs:1972:9
[INFO] [stdout]   43:     0x64bd9a506a7b - std::sys::pal::unix::thread::Thread::new::thread_start::h48cf765408f6f5f2
[INFO] [stdout]                                at /rustc/202008a1b8de96d2e5b6bc02d379db03a877d34d/library/std/src/sys/pal/unix/thread.rs:105:17
[INFO] [stdout]   44:     0x7751176e4ac3 - <unknown>
[INFO] [stdout]   45:     0x775117775a04 - clone
[INFO] [stdout]   46:                0x0 - <unknown>
[INFO] [stdout] 
[INFO] [stdout] 
[INFO] [stdout] failures:
[INFO] [stdout]     parser::tests::test_simple_boolean_expression
[INFO] [stdout] 
[INFO] [stdout] test result: FAILED. 13 passed; 1 failed; 0 ignored; 0 measured; 0 filtered out; finished in 0.04s
[INFO] [stdout] 
[INFO] [stderr] error: test failed, to rerun pass `--bin flock`
[INFO] running `Command { std: "docker" "inspect" "ccf33fda71114159b087a4aa05f04d5b4692ec45a2cbe137705eae6a04294d06", kill_on_drop: false }`
[INFO] running `Command { std: "docker" "rm" "-f" "ccf33fda71114159b087a4aa05f04d5b4692ec45a2cbe137705eae6a04294d06", kill_on_drop: false }`
[INFO] [stdout] ccf33fda71114159b087a4aa05f04d5b4692ec45a2cbe137705eae6a04294d06
