[INFO] cloning repository https://github.com/tukinami/merge-pna
[INFO] running `Command { std: "git" "-c" "credential.helper=" "-c" "credential.helper=/workspace/cargo-home/bin/git-credential-null" "clone" "--bare" "https://github.com/tukinami/merge-pna" "/workspace/cache/git-repos/https%3A%2F%2Fgithub.com%2Ftukinami%2Fmerge-pna", kill_on_drop: false }`
[INFO] [stderr] Cloning into bare repository '/workspace/cache/git-repos/https%3A%2F%2Fgithub.com%2Ftukinami%2Fmerge-pna'...
[INFO] running `Command { std: "git" "rev-parse" "HEAD", kill_on_drop: false }`
[INFO] [stdout] e9e7468640ec6e8da76b48c11dcfed49bbf40be1
[INFO] testing tukinami/merge-pna against beta-2024-12-08 for beta-1.84.0-4-retry
[INFO] running `Command { std: "git" "clone" "/workspace/cache/git-repos/https%3A%2F%2Fgithub.com%2Ftukinami%2Fmerge-pna" "/workspace/builds/worker-6-tc2/source", kill_on_drop: false }`
[INFO] [stderr] Cloning into '/workspace/builds/worker-6-tc2/source'...
[INFO] [stderr] done.
[INFO] validating manifest of git repo https://github.com/tukinami/merge-pna on toolchain beta-2024-12-08
[INFO] running `Command { std: CARGO_HOME="/workspace/cargo-home" RUSTUP_HOME="/workspace/rustup-home" "/workspace/cargo-home/bin/cargo" "+beta-2024-12-08" "metadata" "--manifest-path" "Cargo.toml" "--no-deps", kill_on_drop: false }`
[INFO] started tweaking git repo https://github.com/tukinami/merge-pna
[INFO] finished tweaking git repo https://github.com/tukinami/merge-pna
[INFO] tweaked toml for git repo https://github.com/tukinami/merge-pna written to /workspace/builds/worker-6-tc2/source/Cargo.toml
[INFO] crate git repo https://github.com/tukinami/merge-pna already has a lockfile, it will not be regenerated
[INFO] running `Command { std: CARGO_HOME="/workspace/cargo-home" RUSTUP_HOME="/workspace/rustup-home" "/workspace/cargo-home/bin/cargo" "+beta-2024-12-08" "fetch" "--manifest-path" "Cargo.toml", kill_on_drop: false }`
[INFO] running `Command { std: "docker" "create" "-v" "/var/lib/crater-agent-workspace/builds/worker-6-tc2/target:/opt/rustwide/target:rw,Z" "-v" "/var/lib/crater-agent-workspace/builds/worker-6-tc2/source:/opt/rustwide/workdir:ro,Z" "-v" "/var/lib/crater-agent-workspace/cargo-home:/opt/rustwide/cargo-home:ro,Z" "-v" "/var/lib/crater-agent-workspace/rustup-home:/opt/rustwide/rustup-home:ro,Z" "-e" "SOURCE_DIR=/opt/rustwide/workdir" "-e" "CARGO_TARGET_DIR=/opt/rustwide/target" "-e" "CARGO_HOME=/opt/rustwide/cargo-home" "-e" "RUSTUP_HOME=/opt/rustwide/rustup-home" "-w" "/opt/rustwide/workdir" "-m" "1610612736" "--user" "0:0" "--network" "none" "ghcr.io/rust-lang/crates-build-env/linux@sha256:f3a9d4ad9d972b27faf3965f35b62e55ba32bbce8f20bc8fe909558a86702fde" "/opt/rustwide/cargo-home/bin/cargo" "+beta-2024-12-08" "metadata" "--no-deps" "--format-version=1", kill_on_drop: false }`
[INFO] [stdout] e2f8117200bf67c66673b35d3716abef710669d6ff302c320ec075c302ccf7c6
[INFO] running `Command { std: "docker" "start" "-a" "e2f8117200bf67c66673b35d3716abef710669d6ff302c320ec075c302ccf7c6", kill_on_drop: false }`
[INFO] running `Command { std: "docker" "inspect" "e2f8117200bf67c66673b35d3716abef710669d6ff302c320ec075c302ccf7c6", kill_on_drop: false }`
[INFO] running `Command { std: "docker" "rm" "-f" "e2f8117200bf67c66673b35d3716abef710669d6ff302c320ec075c302ccf7c6", kill_on_drop: false }`
[INFO] [stdout] e2f8117200bf67c66673b35d3716abef710669d6ff302c320ec075c302ccf7c6
[INFO] running `Command { std: "docker" "create" "-v" "/var/lib/crater-agent-workspace/builds/worker-6-tc2/target:/opt/rustwide/target:rw,Z" "-v" "/var/lib/crater-agent-workspace/builds/worker-6-tc2/source:/opt/rustwide/workdir:ro,Z" "-v" "/var/lib/crater-agent-workspace/cargo-home:/opt/rustwide/cargo-home:ro,Z" "-v" "/var/lib/crater-agent-workspace/rustup-home:/opt/rustwide/rustup-home:ro,Z" "-e" "SOURCE_DIR=/opt/rustwide/workdir" "-e" "CARGO_TARGET_DIR=/opt/rustwide/target" "-e" "CARGO_INCREMENTAL=0" "-e" "RUST_BACKTRACE=full" "-e" "RUSTFLAGS=--cap-lints=warn" "-e" "RUSTDOCFLAGS=--cap-lints=warn" "-e" "CARGO_HOME=/opt/rustwide/cargo-home" "-e" "RUSTUP_HOME=/opt/rustwide/rustup-home" "-w" "/opt/rustwide/workdir" "-m" "1610612736" "--user" "0:0" "--network" "none" "ghcr.io/rust-lang/crates-build-env/linux@sha256:f3a9d4ad9d972b27faf3965f35b62e55ba32bbce8f20bc8fe909558a86702fde" "/opt/rustwide/cargo-home/bin/cargo" "+beta-2024-12-08" "build" "--frozen" "--message-format=json", kill_on_drop: false }`
[INFO] [stdout] 6ca965f1367406941c0c3a80c4e9efa7c09e22b1a89bef438d9d8e678c142cbe
[INFO] running `Command { std: "docker" "start" "-a" "6ca965f1367406941c0c3a80c4e9efa7c09e22b1a89bef438d9d8e678c142cbe", kill_on_drop: false }`
[INFO] [stderr]    Compiling version_check v0.9.4
[INFO] [stderr]    Compiling proc-macro2 v1.0.46
[INFO] [stderr]    Compiling quote v1.0.21
[INFO] [stderr]    Compiling unicode-ident v1.0.4
[INFO] [stderr]    Compiling syn v1.0.101
[INFO] [stderr]    Compiling libc v0.2.134
[INFO] [stderr]    Compiling crc32fast v1.3.2
[INFO] [stderr]    Compiling adler v1.0.2
[INFO] [stderr]    Compiling cfg-if v1.0.0
[INFO] [stderr]    Compiling miniz_oxide v0.5.4
[INFO] [stderr]    Compiling os_str_bytes v6.3.0
[INFO] [stderr]    Compiling heck v0.4.0
[INFO] [stderr]    Compiling bitflags v1.3.2
[INFO] [stderr]    Compiling proc-macro-error-attr v1.0.4
[INFO] [stderr]    Compiling proc-macro-error v1.0.4
[INFO] [stderr]    Compiling clap_lex v0.3.0
[INFO] [stderr]    Compiling strsim v0.10.0
[INFO] [stderr]    Compiling termcolor v1.1.3
[INFO] [stderr]    Compiling once_cell v1.15.0
[INFO] [stderr]    Compiling flate2 v1.0.24
[INFO] [stderr]    Compiling atty v0.2.14
[INFO] [stderr]    Compiling png v0.17.6
[INFO] [stderr]    Compiling clap_derive v4.0.10
[INFO] [stderr]    Compiling clap v4.0.10
[INFO] [stderr]    Compiling merge-pna v1.0.0 (/opt/rustwide/workdir)
[INFO] [stdout] warning: field `0` is never read
[INFO] [stdout]  --> src/error.rs:3:8
[INFO] [stdout]   |
[INFO] [stdout] 3 |     Io(std::io::Error),
[INFO] [stdout]   |     -- ^^^^^^^^^^^^^^
[INFO] [stdout]   |     |
[INFO] [stdout]   |     field in this variant
[INFO] [stdout]   |
[INFO] [stdout]   = note: `ConfigError` has a derived impl for the trait `Debug`, but this is intentionally ignored during dead code analysis
[INFO] [stdout]   = note: `#[warn(dead_code)]` on by default
[INFO] [stdout] help: consider changing the field to be of unit type to suppress this warning while preserving the field numbering, or remove the field
[INFO] [stdout]   |
[INFO] [stdout] 3 |     Io(()),
[INFO] [stdout]   |        ~~
[INFO] [stdout] 
[INFO] [stdout] 
[INFO] [stdout] warning: field `0` is never read
[INFO] [stdout]   --> src/error.rs:10:8
[INFO] [stdout]    |
[INFO] [stdout] 10 |     Io(std::io::Error),
[INFO] [stdout]    |     -- ^^^^^^^^^^^^^^
[INFO] [stdout]    |     |
[INFO] [stdout]    |     field in this variant
[INFO] [stdout]    |
[INFO] [stdout]    = note: `MergeError` has a derived impl for the trait `Debug`, but this is intentionally ignored during dead code analysis
[INFO] [stdout] help: consider changing the field to be of unit type to suppress this warning while preserving the field numbering, or remove the field
[INFO] [stdout]    |
[INFO] [stdout] 10 |     Io(()),
[INFO] [stdout]    |        ~~
[INFO] [stdout] 
[INFO] [stdout] 
[INFO] [stdout] warning: field `0` is never read
[INFO] [stdout]   --> src/error.rs:11:19
[INFO] [stdout]    |
[INFO] [stdout] 11 |     DecodingError(png::DecodingError),
[INFO] [stdout]    |     ------------- ^^^^^^^^^^^^^^^^^^
[INFO] [stdout]    |     |
[INFO] [stdout]    |     field in this variant
[INFO] [stdout]    |
[INFO] [stdout]    = note: `MergeError` has a derived impl for the trait `Debug`, but this is intentionally ignored during dead code analysis
[INFO] [stdout] help: consider changing the field to be of unit type to suppress this warning while preserving the field numbering, or remove the field
[INFO] [stdout]    |
[INFO] [stdout] 11 |     DecodingError(()),
[INFO] [stdout]    |                   ~~
[INFO] [stdout] 
[INFO] [stdout] 
[INFO] [stdout] warning: field `0` is never read
[INFO] [stdout]   --> src/error.rs:12:19
[INFO] [stdout]    |
[INFO] [stdout] 12 |     EncodingError(png::EncodingError),
[INFO] [stdout]    |     ------------- ^^^^^^^^^^^^^^^^^^
[INFO] [stdout]    |     |
[INFO] [stdout]    |     field in this variant
[INFO] [stdout]    |
[INFO] [stdout]    = note: `MergeError` has a derived impl for the trait `Debug`, but this is intentionally ignored during dead code analysis
[INFO] [stdout] help: consider changing the field to be of unit type to suppress this warning while preserving the field numbering, or remove the field
[INFO] [stdout]    |
[INFO] [stdout] 12 |     EncodingError(()),
[INFO] [stdout]    |                   ~~
[INFO] [stdout] 
[INFO] [stdout] 
[INFO] [stderr]     Finished `dev` profile [unoptimized + debuginfo] target(s) in 23.68s
[INFO] running `Command { std: "docker" "inspect" "6ca965f1367406941c0c3a80c4e9efa7c09e22b1a89bef438d9d8e678c142cbe", kill_on_drop: false }`
[INFO] running `Command { std: "docker" "rm" "-f" "6ca965f1367406941c0c3a80c4e9efa7c09e22b1a89bef438d9d8e678c142cbe", kill_on_drop: false }`
[INFO] [stdout] 6ca965f1367406941c0c3a80c4e9efa7c09e22b1a89bef438d9d8e678c142cbe
[INFO] running `Command { std: "docker" "create" "-v" "/var/lib/crater-agent-workspace/builds/worker-6-tc2/target:/opt/rustwide/target:rw,Z" "-v" "/var/lib/crater-agent-workspace/builds/worker-6-tc2/source:/opt/rustwide/workdir:ro,Z" "-v" "/var/lib/crater-agent-workspace/cargo-home:/opt/rustwide/cargo-home:ro,Z" "-v" "/var/lib/crater-agent-workspace/rustup-home:/opt/rustwide/rustup-home:ro,Z" "-e" "SOURCE_DIR=/opt/rustwide/workdir" "-e" "CARGO_TARGET_DIR=/opt/rustwide/target" "-e" "CARGO_INCREMENTAL=0" "-e" "RUST_BACKTRACE=full" "-e" "RUSTFLAGS=--cap-lints=warn" "-e" "RUSTDOCFLAGS=--cap-lints=warn" "-e" "CARGO_HOME=/opt/rustwide/cargo-home" "-e" "RUSTUP_HOME=/opt/rustwide/rustup-home" "-w" "/opt/rustwide/workdir" "-m" "1610612736" "--user" "0:0" "--network" "none" "ghcr.io/rust-lang/crates-build-env/linux@sha256:f3a9d4ad9d972b27faf3965f35b62e55ba32bbce8f20bc8fe909558a86702fde" "/opt/rustwide/cargo-home/bin/cargo" "+beta-2024-12-08" "test" "--frozen" "--no-run" "--message-format=json", kill_on_drop: false }`
[INFO] [stdout] 6d0600835ddc6e43daef5e588ff3332abf10f89663fe5f7b12a96d664a48c8c6
[INFO] running `Command { std: "docker" "start" "-a" "6d0600835ddc6e43daef5e588ff3332abf10f89663fe5f7b12a96d664a48c8c6", kill_on_drop: false }`
[INFO] [stderr]    Compiling merge-pna v1.0.0 (/opt/rustwide/workdir)
[INFO] [stdout] warning: field `0` is never read
[INFO] [stdout]  --> src/error.rs:3:8
[INFO] [stdout]   |
[INFO] [stdout] 3 |     Io(std::io::Error),
[INFO] [stdout]   |     -- ^^^^^^^^^^^^^^
[INFO] [stdout]   |     |
[INFO] [stdout]   |     field in this variant
[INFO] [stdout]   |
[INFO] [stdout]   = note: `ConfigError` has a derived impl for the trait `Debug`, but this is intentionally ignored during dead code analysis
[INFO] [stdout]   = note: `#[warn(dead_code)]` on by default
[INFO] [stdout] help: consider changing the field to be of unit type to suppress this warning while preserving the field numbering, or remove the field
[INFO] [stdout]   |
[INFO] [stdout] 3 |     Io(()),
[INFO] [stdout]   |        ~~
[INFO] [stdout] 
[INFO] [stdout] 
[INFO] [stdout] warning: field `0` is never read
[INFO] [stdout]   --> src/error.rs:10:8
[INFO] [stdout]    |
[INFO] [stdout] 10 |     Io(std::io::Error),
[INFO] [stdout]    |     -- ^^^^^^^^^^^^^^
[INFO] [stdout]    |     |
[INFO] [stdout]    |     field in this variant
[INFO] [stdout]    |
[INFO] [stdout]    = note: `MergeError` has a derived impl for the trait `Debug`, but this is intentionally ignored during dead code analysis
[INFO] [stdout] help: consider changing the field to be of unit type to suppress this warning while preserving the field numbering, or remove the field
[INFO] [stdout]    |
[INFO] [stdout] 10 |     Io(()),
[INFO] [stdout]    |        ~~
[INFO] [stdout] 
[INFO] [stdout] 
[INFO] [stdout] warning: field `0` is never read
[INFO] [stdout]   --> src/error.rs:11:19
[INFO] [stdout]    |
[INFO] [stdout] 11 |     DecodingError(png::DecodingError),
[INFO] [stdout]    |     ------------- ^^^^^^^^^^^^^^^^^^
[INFO] [stdout]    |     |
[INFO] [stdout]    |     field in this variant
[INFO] [stdout]    |
[INFO] [stdout]    = note: `MergeError` has a derived impl for the trait `Debug`, but this is intentionally ignored during dead code analysis
[INFO] [stdout] help: consider changing the field to be of unit type to suppress this warning while preserving the field numbering, or remove the field
[INFO] [stdout]    |
[INFO] [stdout] 11 |     DecodingError(()),
[INFO] [stdout]    |                   ~~
[INFO] [stdout] 
[INFO] [stdout] 
[INFO] [stdout] warning: field `0` is never read
[INFO] [stdout]   --> src/error.rs:12:19
[INFO] [stdout]    |
[INFO] [stdout] 12 |     EncodingError(png::EncodingError),
[INFO] [stdout]    |     ------------- ^^^^^^^^^^^^^^^^^^
[INFO] [stdout]    |     |
[INFO] [stdout]    |     field in this variant
[INFO] [stdout]    |
[INFO] [stdout]    = note: `MergeError` has a derived impl for the trait `Debug`, but this is intentionally ignored during dead code analysis
[INFO] [stdout] help: consider changing the field to be of unit type to suppress this warning while preserving the field numbering, or remove the field
[INFO] [stdout]    |
[INFO] [stdout] 12 |     EncodingError(()),
[INFO] [stdout]    |                   ~~
[INFO] [stdout] 
[INFO] [stdout] 
[INFO] [stderr]     Finished `test` profile [unoptimized + debuginfo] target(s) in 1.49s
[INFO] running `Command { std: "docker" "inspect" "6d0600835ddc6e43daef5e588ff3332abf10f89663fe5f7b12a96d664a48c8c6", kill_on_drop: false }`
[INFO] running `Command { std: "docker" "rm" "-f" "6d0600835ddc6e43daef5e588ff3332abf10f89663fe5f7b12a96d664a48c8c6", kill_on_drop: false }`
[INFO] [stdout] 6d0600835ddc6e43daef5e588ff3332abf10f89663fe5f7b12a96d664a48c8c6
[INFO] running `Command { std: "docker" "create" "-v" "/var/lib/crater-agent-workspace/builds/worker-6-tc2/target:/opt/rustwide/target:rw,Z" "-v" "/var/lib/crater-agent-workspace/builds/worker-6-tc2/source:/opt/rustwide/workdir:ro,Z" "-v" "/var/lib/crater-agent-workspace/cargo-home:/opt/rustwide/cargo-home:ro,Z" "-v" "/var/lib/crater-agent-workspace/rustup-home:/opt/rustwide/rustup-home:ro,Z" "-e" "SOURCE_DIR=/opt/rustwide/workdir" "-e" "CARGO_TARGET_DIR=/opt/rustwide/target" "-e" "CARGO_INCREMENTAL=0" "-e" "RUST_BACKTRACE=full" "-e" "RUSTFLAGS=--cap-lints=warn" "-e" "RUSTDOCFLAGS=--cap-lints=warn" "-e" "CARGO_HOME=/opt/rustwide/cargo-home" "-e" "RUSTUP_HOME=/opt/rustwide/rustup-home" "-w" "/opt/rustwide/workdir" "-m" "1610612736" "--user" "0:0" "--network" "none" "ghcr.io/rust-lang/crates-build-env/linux@sha256:f3a9d4ad9d972b27faf3965f35b62e55ba32bbce8f20bc8fe909558a86702fde" "/opt/rustwide/cargo-home/bin/cargo" "+beta-2024-12-08" "test" "--frozen", kill_on_drop: false }`
[INFO] [stdout] 4ee51c43c5a2d17ca256124defd7d76dc62e30a3f2e25ba212cdd2826388bbce
[INFO] running `Command { std: "docker" "start" "-a" "4ee51c43c5a2d17ca256124defd7d76dc62e30a3f2e25ba212cdd2826388bbce", kill_on_drop: false }`
[INFO] [stderr] warning: field `0` is never read
[INFO] [stderr]  --> src/error.rs:3:8
[INFO] [stderr]   |
[INFO] [stderr] 3 |     Io(std::io::Error),
[INFO] [stderr]   |     -- ^^^^^^^^^^^^^^
[INFO] [stderr]   |     |
[INFO] [stderr]   |     field in this variant
[INFO] [stderr]   |
[INFO] [stderr]   = note: `ConfigError` has a derived impl for the trait `Debug`, but this is intentionally ignored during dead code analysis
[INFO] [stderr]   = note: `#[warn(dead_code)]` on by default
[INFO] [stderr] help: consider changing the field to be of unit type to suppress this warning while preserving the field numbering, or remove the field
[INFO] [stderr]   |
[INFO] [stderr] 3 |     Io(()),
[INFO] [stderr]   |        ~~
[INFO] [stderr] 
[INFO] [stderr] warning: field `0` is never read
[INFO] [stderr]   --> src/error.rs:10:8
[INFO] [stderr]    |
[INFO] [stderr] 10 |     Io(std::io::Error),
[INFO] [stderr]    |     -- ^^^^^^^^^^^^^^
[INFO] [stderr]    |     |
[INFO] [stderr]    |     field in this variant
[INFO] [stderr]    |
[INFO] [stderr]    = note: `MergeError` has a derived impl for the trait `Debug`, but this is intentionally ignored during dead code analysis
[INFO] [stderr] help: consider changing the field to be of unit type to suppress this warning while preserving the field numbering, or remove the field
[INFO] [stderr]    |
[INFO] [stderr] 10 |     Io(()),
[INFO] [stderr]    |        ~~
[INFO] [stderr] 
[INFO] [stderr] warning: field `0` is never read
[INFO] [stderr]   --> src/error.rs:11:19
[INFO] [stderr]    |
[INFO] [stderr] 11 |     DecodingError(png::DecodingError),
[INFO] [stderr]    |     ------------- ^^^^^^^^^^^^^^^^^^
[INFO] [stderr]    |     |
[INFO] [stderr]    |     field in this variant
[INFO] [stderr]    |
[INFO] [stderr]    = note: `MergeError` has a derived impl for the trait `Debug`, but this is intentionally ignored during dead code analysis
[INFO] [stderr] help: consider changing the field to be of unit type to suppress this warning while preserving the field numbering, or remove the field
[INFO] [stderr]    |
[INFO] [stderr] 11 |     DecodingError(()),
[INFO] [stderr]    |                   ~~
[INFO] [stderr] 
[INFO] [stderr] warning: field `0` is never read
[INFO] [stderr]   --> src/error.rs:12:19
[INFO] [stderr]    |
[INFO] [stderr] 12 |     EncodingError(png::EncodingError),
[INFO] [stderr]    |     ------------- ^^^^^^^^^^^^^^^^^^
[INFO] [stderr]    |     |
[INFO] [stderr]    |     field in this variant
[INFO] [stderr]    |
[INFO] [stderr]    = note: `MergeError` has a derived impl for the trait `Debug`, but this is intentionally ignored during dead code analysis
[INFO] [stderr] help: consider changing the field to be of unit type to suppress this warning while preserving the field numbering, or remove the field
[INFO] [stderr]    |
[INFO] [stderr] 12 |     EncodingError(()),
[INFO] [stderr]    |                   ~~
[INFO] [stderr] 
[INFO] [stderr] warning: `merge-pna` (bin "merge-pna" test) generated 4 warnings
[INFO] [stderr]     Finished `test` profile [unoptimized + debuginfo] target(s) in 0.04s
[INFO] [stderr]      Running unittests src/main.rs (/opt/rustwide/target/debug/deps/merge_pna-a482492dc8352ce7)
[INFO] [stdout] 
[INFO] [stdout] running 32 tests
[INFO] [stdout] test pna::tests::buf_to_alpha_mask::success_when_valid_buf_for_indexed ... ok
[INFO] [stdout] test pna::tests::buf_to_alpha_mask::success_when_valid_buf_for_grayscale_alpha ... ok
[INFO] [stdout] test pna::tests::buf_to_alpha_mask::success_when_valid_buf_for_grayscale ... ok
[INFO] [stdout] test pna::tests::buf_to_alpha_mask::success_when_valid_buf_for_rgba ... ok
[INFO] [stdout] test pna::tests::buf_to_alpha_mask::success_when_valid_buf_for_rgb ... ok
[INFO] [stdout] test pna::tests::buf_to_rgba::success_when_valid_buf_for_indexed ... ok
[INFO] [stdout] test pna::tests::buf_to_rgba::success_when_valid_buf_for_rgb ... ok
[INFO] [stdout] test pna::tests::buf_to_rgba::success_when_valid_buf_for_rgba ... ok
[INFO] [stdout] test pna::tests::merge_pna::success_when_valid_param ... ok
[INFO] [stdout] test pna::tests::read_byte_for_bit_depth_8::failed_when_less_value_for_bit_depth_16 ... ok
[INFO] [stdout] test pna::tests::read_byte_for_bit_depth_8::success_but_none_when_no_values ... ok
[INFO] [stdout] test pna::tests::read_byte_for_bit_depth_8::success_when_value_exists_for_bit_depth_1 ... ok
[INFO] [stdout] test pna::tests::buf_to_rgba::success_when_valid_buf_for_grayscale_alpha ... ok
[INFO] [stdout] test pna::tests::read_byte_for_bit_depth_8::success_when_value_exits_for_bit_depth_16 ... ok
[INFO] [stdout] test pna::tests::read_byte_for_bit_depth_8::success_when_value_exits_for_bit_depth_2 ... ok
[INFO] [stdout] test pna::tests::read_byte_for_bit_depth_8::success_when_value_exits_for_bit_depth_4 ... ok
[INFO] [stdout] test pna::tests::read_byte_for_bit_depth_8::success_when_value_exits_for_bit_depth_8 ... ok
[INFO] [stdout] test pna::tests::read_byte_for_usize::failed_when_less_value_for_bit_depth_16 ... ok
[INFO] [stdout] test pna::tests::read_byte_for_usize::success_but_none_when_no_values ... ok
[INFO] [stdout] test pna::tests::read_byte_for_usize::success_when_value_exists_for_bit_depth_1 ... ok
[INFO] [stdout] test pna::tests::read_byte_for_usize::success_when_value_exits_for_bit_depth_16 ... ok
[INFO] [stdout] test pna::tests::read_byte_for_usize::success_when_value_exits_for_bit_depth_2 ... ok
[INFO] [stdout] test pna::tests::read_byte_for_usize::success_when_value_exits_for_bit_depth_4 ... ok
[INFO] [stdout] test pna::tests::read_byte_for_usize::success_when_value_exits_for_bit_depth_8 ... ok
[INFO] [stdout] test pna::tests::read_bytes_for_bit_depth_8::failed_when_invalid_bytes ... ok
[INFO] [stdout] test pna::tests::read_bytes_for_bit_depth_8::success_when_valid_bytes_loaded_by_one ... ok
[INFO] [stdout] test pna::tests::read_bytes_for_bit_depth_8::success_when_valid_bytes_loaded_by_two ... ok
[INFO] [stdout] test pna::tests::read_bytes_for_usize::failed_when_invalid_bytes ... ok
[INFO] [stdout] test pna::tests::read_bytes_for_usize::success_when_valid_bytes_loaded_by_one ... ok
[INFO] [stdout] test pna::tests::read_bytes_for_usize::success_when_valud_bytes_loaded_by_two ... ok
[INFO] [stdout] test pna::tests::buf_to_rgba::success_when_valid_buf_for_grayscale ... ok
[INFO] [stdout] test process::tests::process::success_when_valid_config ... FAILED
[INFO] [stdout] 
[INFO] [stdout] failures:
[INFO] [stdout] 
[INFO] [stdout] ---- process::tests::process::success_when_valid_config stdout ----
[INFO] [stdout] thread 'process::tests::process::success_when_valid_config' panicked at src/process.rs:56:29:
[INFO] [stdout] called `Result::unwrap()` on an `Err` value: Io(Os { code: 2, kind: NotFound, message: "No such file or directory" })
[INFO] [stdout] stack backtrace:
[INFO] [stdout]    0:     0x64ae1f3bcb1a - std::backtrace_rs::backtrace::libunwind::trace::h8810477743020387
[INFO] [stdout]                                at /rustc/202008a1b8de96d2e5b6bc02d379db03a877d34d/library/std/src/../../backtrace/src/backtrace/libunwind.rs:116:5
[INFO] [stdout]    1:     0x64ae1f3bcb1a - std::backtrace_rs::backtrace::trace_unsynchronized::h3aa55355dd6c54a6
[INFO] [stdout]                                at /rustc/202008a1b8de96d2e5b6bc02d379db03a877d34d/library/std/src/../../backtrace/src/backtrace/mod.rs:66:5
[INFO] [stdout]    2:     0x64ae1f3bcb1a - std::sys::backtrace::_print_fmt::h8588b0f62410823f
[INFO] [stdout]                                at /rustc/202008a1b8de96d2e5b6bc02d379db03a877d34d/library/std/src/sys/backtrace.rs:66:9
[INFO] [stdout]    3:     0x64ae1f3bcb1a - <std::sys::backtrace::BacktraceLock::print::DisplayBacktrace as core::fmt::Display>::fmt::h98c26ac25ffe89bb
[INFO] [stdout]                                at /rustc/202008a1b8de96d2e5b6bc02d379db03a877d34d/library/std/src/sys/backtrace.rs:39:26
[INFO] [stdout]    4:     0x64ae1f3e2623 - core::fmt::rt::Argument::fmt::hf95377f4aebd453b
[INFO] [stdout]                                at /rustc/202008a1b8de96d2e5b6bc02d379db03a877d34d/library/core/src/fmt/rt.rs:177:76
[INFO] [stdout]    5:     0x64ae1f3e2623 - core::fmt::write::h0dd5f6e2238c7982
[INFO] [stdout]                                at /rustc/202008a1b8de96d2e5b6bc02d379db03a877d34d/library/core/src/fmt/mod.rs:1189:21
[INFO] [stdout]    6:     0x64ae1f3b9b13 - std::io::Write::write_fmt::h03bb0ca26e6faf8c
[INFO] [stdout]                                at /rustc/202008a1b8de96d2e5b6bc02d379db03a877d34d/library/std/src/io/mod.rs:1884:15
[INFO] [stdout]    7:     0x64ae1f3bc962 - std::sys::backtrace::BacktraceLock::print::h5c19c1c038ee186d
[INFO] [stdout]                                at /rustc/202008a1b8de96d2e5b6bc02d379db03a877d34d/library/std/src/sys/backtrace.rs:42:9
[INFO] [stdout]    8:     0x64ae1f3bdf9d - std::panicking::default_hook::{{closure}}::h77172f079a1fcb13
[INFO] [stdout]                                at /rustc/202008a1b8de96d2e5b6bc02d379db03a877d34d/library/std/src/panicking.rs:268:22
[INFO] [stdout]    9:     0x64ae1f3bdda7 - std::panicking::default_hook::he5f8e3b203ccddba
[INFO] [stdout]                                at /rustc/202008a1b8de96d2e5b6bc02d379db03a877d34d/library/std/src/panicking.rs:292:9
[INFO] [stdout]   10:     0x64ae1f32dcd7 - <alloc::boxed::Box<F,A> as core::ops::function::Fn<Args>>::call::h7a3c7b4a1ae77f2f
[INFO] [stdout]                                at /rustc/202008a1b8de96d2e5b6bc02d379db03a877d34d/library/alloc/src/boxed.rs:1986:9
[INFO] [stdout]   11:     0x64ae1f32dcd7 - test::test_main::{{closure}}::hf0d3b69ae9b353d1
[INFO] [stdout]                                at /rustc/202008a1b8de96d2e5b6bc02d379db03a877d34d/library/test/src/lib.rs:134:21
[INFO] [stdout]   12:     0x64ae1f3be648 - <alloc::boxed::Box<F,A> as core::ops::function::Fn<Args>>::call::h6332e82e7b189abd
[INFO] [stdout]                                at /rustc/202008a1b8de96d2e5b6bc02d379db03a877d34d/library/alloc/src/boxed.rs:1986:9
[INFO] [stdout]   13:     0x64ae1f3be648 - std::panicking::rust_panic_with_hook::h53863d4e9018df39
[INFO] [stdout]                                at /rustc/202008a1b8de96d2e5b6bc02d379db03a877d34d/library/std/src/panicking.rs:809:13
[INFO] [stdout]   14:     0x64ae1f3be40a - std::panicking::begin_panic_handler::{{closure}}::h67280e6fa0757873
[INFO] [stdout]                                at /rustc/202008a1b8de96d2e5b6bc02d379db03a877d34d/library/std/src/panicking.rs:674:13
[INFO] [stdout]   15:     0x64ae1f3bcff9 - std::sys::backtrace::__rust_end_short_backtrace::h1dac3f54d6fbbeb2
[INFO] [stdout]                                at /rustc/202008a1b8de96d2e5b6bc02d379db03a877d34d/library/std/src/sys/backtrace.rs:170:18
[INFO] [stdout]   16:     0x64ae1f3be09c - rust_begin_unwind
[INFO] [stdout]                                at /rustc/202008a1b8de96d2e5b6bc02d379db03a877d34d/library/std/src/panicking.rs:665:5
[INFO] [stdout]   17:     0x64ae1f2d4070 - core::panicking::panic_fmt::h6792bd1b2bf01041
[INFO] [stdout]                                at /rustc/202008a1b8de96d2e5b6bc02d379db03a877d34d/library/core/src/panicking.rs:76:14
[INFO] [stdout]   18:     0x64ae1f2d44f6 - core::result::unwrap_failed::h05e0602ed34287c5
[INFO] [stdout]                                at /rustc/202008a1b8de96d2e5b6bc02d379db03a877d34d/library/core/src/result.rs:1699:5
[INFO] [stdout]   19:     0x64ae1f2f4397 - core::result::Result<T,E>::unwrap::h36cf2770a6583e5e
[INFO] [stdout]                                at /rustc/202008a1b8de96d2e5b6bc02d379db03a877d34d/library/core/src/result.rs:1104:23
[INFO] [stdout]   20:     0x64ae1f2f4397 - merge_pna::process::tests::process::success_when_valid_config::h512dd5b380dd4e6d
[INFO] [stdout]                                at /opt/rustwide/workdir/src/process.rs:56:13
[INFO] [stdout]   21:     0x64ae1f2f3f07 - merge_pna::process::tests::process::success_when_valid_config::{{closure}}::h281d6e4befa84937
[INFO] [stdout]                                at /opt/rustwide/workdir/src/process.rs:45:39
[INFO] [stdout]   22:     0x64ae1f2e9d06 - core::ops::function::FnOnce::call_once::hd9544166e67e279c
[INFO] [stdout]                                at /rustc/202008a1b8de96d2e5b6bc02d379db03a877d34d/library/core/src/ops/function.rs:250:5
[INFO] [stdout]   23:     0x64ae1f3327fb - core::ops::function::FnOnce::call_once::h871bf86719ec9aa4
[INFO] [stdout]                                at /rustc/202008a1b8de96d2e5b6bc02d379db03a877d34d/library/core/src/ops/function.rs:250:5
[INFO] [stdout]   24:     0x64ae1f3327fb - test::__rust_begin_short_backtrace::h2167df1e2b7d76fd
[INFO] [stdout]                                at /rustc/202008a1b8de96d2e5b6bc02d379db03a877d34d/library/test/src/lib.rs:632:18
[INFO] [stdout]   25:     0x64ae1f3321e8 - test::run_test_in_process::{{closure}}::h15d92f75a3adfb79
[INFO] [stdout]                                at /rustc/202008a1b8de96d2e5b6bc02d379db03a877d34d/library/test/src/lib.rs:655:60
[INFO] [stdout]   26:     0x64ae1f3321e8 - <core::panic::unwind_safe::AssertUnwindSafe<F> as core::ops::function::FnOnce<()>>::call_once::hb6c8955835a8dbbb
[INFO] [stdout]                                at /rustc/202008a1b8de96d2e5b6bc02d379db03a877d34d/library/core/src/panic/unwind_safe.rs:272:9
[INFO] [stdout]   27:     0x64ae1f3321e8 - std::panicking::try::do_call::hc79d0fc888a0bd30
[INFO] [stdout]                                at /rustc/202008a1b8de96d2e5b6bc02d379db03a877d34d/library/std/src/panicking.rs:557:40
[INFO] [stdout]   28:     0x64ae1f3321e8 - std::panicking::try::hb8a7878e3a8589d6
[INFO] [stdout]                                at /rustc/202008a1b8de96d2e5b6bc02d379db03a877d34d/library/std/src/panicking.rs:520:19
[INFO] [stdout]   29:     0x64ae1f3321e8 - std::panic::catch_unwind::hb8e4600ff0ff5cfa
[INFO] [stdout]                                at /rustc/202008a1b8de96d2e5b6bc02d379db03a877d34d/library/std/src/panic.rs:358:14
[INFO] [stdout]   30:     0x64ae1f3321e8 - test::run_test_in_process::hc2900b0b18688dd6
[INFO] [stdout]                                at /rustc/202008a1b8de96d2e5b6bc02d379db03a877d34d/library/test/src/lib.rs:655:27
[INFO] [stdout]   31:     0x64ae1f3321e8 - test::run_test::{{closure}}::hac2a9cb07be3d48d
[INFO] [stdout]                                at /rustc/202008a1b8de96d2e5b6bc02d379db03a877d34d/library/test/src/lib.rs:576:43
[INFO] [stdout]   32:     0x64ae1f2f5c8a - test::run_test::{{closure}}::h4a5b729e66a38cd8
[INFO] [stdout]                                at /rustc/202008a1b8de96d2e5b6bc02d379db03a877d34d/library/test/src/lib.rs:606:41
[INFO] [stdout]   33:     0x64ae1f2f5c8a - std::sys::backtrace::__rust_begin_short_backtrace::h0496fb742492f573
[INFO] [stdout]                                at /rustc/202008a1b8de96d2e5b6bc02d379db03a877d34d/library/std/src/sys/backtrace.rs:154:18
[INFO] [stdout]   34:     0x64ae1f2f9604 - std::thread::Builder::spawn_unchecked_::{{closure}}::{{closure}}::hbb6d257c550a54bd
[INFO] [stdout]                                at /rustc/202008a1b8de96d2e5b6bc02d379db03a877d34d/library/std/src/thread/mod.rs:561:17
[INFO] [stdout]   35:     0x64ae1f2f9604 - <core::panic::unwind_safe::AssertUnwindSafe<F> as core::ops::function::FnOnce<()>>::call_once::h46696fe4a6832328
[INFO] [stdout]                                at /rustc/202008a1b8de96d2e5b6bc02d379db03a877d34d/library/core/src/panic/unwind_safe.rs:272:9
[INFO] [stdout]   36:     0x64ae1f2f9604 - std::panicking::try::do_call::h2625a51b667bfb64
[INFO] [stdout]                                at /rustc/202008a1b8de96d2e5b6bc02d379db03a877d34d/library/std/src/panicking.rs:557:40
[INFO] [stdout]   37:     0x64ae1f2f9604 - std::panicking::try::hb956a59a1973aa4c
[INFO] [stdout]                                at /rustc/202008a1b8de96d2e5b6bc02d379db03a877d34d/library/std/src/panicking.rs:520:19
[INFO] [stdout]   38:     0x64ae1f2f9604 - std::panic::catch_unwind::h64f3b9d1067ef6a0
[INFO] [stdout]                                at /rustc/202008a1b8de96d2e5b6bc02d379db03a877d34d/library/std/src/panic.rs:358:14
[INFO] [stdout]   39:     0x64ae1f2f9604 - std::thread::Builder::spawn_unchecked_::{{closure}}::h42b2841295b6c0b2
[INFO] [stdout]                                at /rustc/202008a1b8de96d2e5b6bc02d379db03a877d34d/library/std/src/thread/mod.rs:559:30
[INFO] [stdout]   40:     0x64ae1f2f9604 - core::ops::function::FnOnce::call_once{{vtable.shim}}::h6127de71b8124639
[INFO] [stdout]                                at /rustc/202008a1b8de96d2e5b6bc02d379db03a877d34d/library/core/src/ops/function.rs:250:5
[INFO] [stdout]   41:     0x64ae1f3c259b - <alloc::boxed::Box<F,A> as core::ops::function::FnOnce<Args>>::call_once::h42f0ba71002a1b2c
[INFO] [stdout]                                at /rustc/202008a1b8de96d2e5b6bc02d379db03a877d34d/library/alloc/src/boxed.rs:1972:9
[INFO] [stdout]   42:     0x64ae1f3c259b - <alloc::boxed::Box<F,A> as core::ops::function::FnOnce<Args>>::call_once::had9e47d7a3dcecb8
[INFO] [stdout]                                at /rustc/202008a1b8de96d2e5b6bc02d379db03a877d34d/library/alloc/src/boxed.rs:1972:9
[INFO] [stdout]   43:     0x64ae1f3c259b - std::sys::pal::unix::thread::Thread::new::thread_start::h48cf765408f6f5f2
[INFO] [stdout]                                at /rustc/202008a1b8de96d2e5b6bc02d379db03a877d34d/library/std/src/sys/pal/unix/thread.rs:105:17
[INFO] [stdout]   44:     0x7c65f8f04ac3 - <unknown>
[INFO] [stdout]   45:     0x7c65f8f95a04 - clone
[INFO] [stdout]   46:                0x0 - <unknown>
[INFO] [stdout] 
[INFO] [stdout] 
[INFO] [stdout] failures:
[INFO] [stdout]     process::tests::process::success_when_valid_config
[INFO] [stdout] 
[INFO] [stdout] test result: FAILED. 31 passed; 1 failed; 0 ignored; 0 measured; 0 filtered out; finished in 0.08s
[INFO] [stdout] 
[INFO] [stderr] error: test failed, to rerun pass `--bin merge-pna`
[INFO] running `Command { std: "docker" "inspect" "4ee51c43c5a2d17ca256124defd7d76dc62e30a3f2e25ba212cdd2826388bbce", kill_on_drop: false }`
[INFO] running `Command { std: "docker" "rm" "-f" "4ee51c43c5a2d17ca256124defd7d76dc62e30a3f2e25ba212cdd2826388bbce", kill_on_drop: false }`
[INFO] [stdout] 4ee51c43c5a2d17ca256124defd7d76dc62e30a3f2e25ba212cdd2826388bbce
