[INFO] cloning repository https://github.com/tsturzenegger/rhttpfile
[INFO] running `Command { std: "git" "-c" "credential.helper=" "-c" "credential.helper=/workspace/cargo-home/bin/git-credential-null" "clone" "--bare" "https://github.com/tsturzenegger/rhttpfile" "/workspace/cache/git-repos/https%3A%2F%2Fgithub.com%2Ftsturzenegger%2Frhttpfile", kill_on_drop: false }`
[INFO] [stderr] Cloning into bare repository '/workspace/cache/git-repos/https%3A%2F%2Fgithub.com%2Ftsturzenegger%2Frhttpfile'...
[INFO] running `Command { std: "git" "rev-parse" "HEAD", kill_on_drop: false }`
[INFO] [stdout] 828b2f91860b8458b7f3162c18ddc5f0b3994991
[INFO] testing tsturzenegger/rhttpfile against 1.83.0 for beta-1.84.0-4-retry
[INFO] running `Command { std: "git" "clone" "/workspace/cache/git-repos/https%3A%2F%2Fgithub.com%2Ftsturzenegger%2Frhttpfile" "/workspace/builds/worker-2-tc1/source", kill_on_drop: false }`
[INFO] [stderr] Cloning into '/workspace/builds/worker-2-tc1/source'...
[INFO] [stderr] done.
[INFO] validating manifest of git repo https://github.com/tsturzenegger/rhttpfile on toolchain 1.83.0
[INFO] running `Command { std: CARGO_HOME="/workspace/cargo-home" RUSTUP_HOME="/workspace/rustup-home" "/workspace/cargo-home/bin/cargo" "+1.83.0" "metadata" "--manifest-path" "Cargo.toml" "--no-deps", kill_on_drop: false }`
[INFO] started tweaking git repo https://github.com/tsturzenegger/rhttpfile
[INFO] finished tweaking git repo https://github.com/tsturzenegger/rhttpfile
[INFO] tweaked toml for git repo https://github.com/tsturzenegger/rhttpfile written to /workspace/builds/worker-2-tc1/source/Cargo.toml
[INFO] crate git repo https://github.com/tsturzenegger/rhttpfile already has a lockfile, it will not be regenerated
[INFO] running `Command { std: CARGO_HOME="/workspace/cargo-home" RUSTUP_HOME="/workspace/rustup-home" "/workspace/cargo-home/bin/cargo" "+1.83.0" "fetch" "--manifest-path" "Cargo.toml", kill_on_drop: false }`
[INFO] running `Command { std: "docker" "create" "-v" "/var/lib/crater-agent-workspace/builds/worker-2-tc1/target:/opt/rustwide/target:rw,Z" "-v" "/var/lib/crater-agent-workspace/builds/worker-2-tc1/source:/opt/rustwide/workdir:ro,Z" "-v" "/var/lib/crater-agent-workspace/cargo-home:/opt/rustwide/cargo-home:ro,Z" "-v" "/var/lib/crater-agent-workspace/rustup-home:/opt/rustwide/rustup-home:ro,Z" "-e" "SOURCE_DIR=/opt/rustwide/workdir" "-e" "CARGO_TARGET_DIR=/opt/rustwide/target" "-e" "CARGO_HOME=/opt/rustwide/cargo-home" "-e" "RUSTUP_HOME=/opt/rustwide/rustup-home" "-w" "/opt/rustwide/workdir" "-m" "1610612736" "--user" "0:0" "--network" "none" "ghcr.io/rust-lang/crates-build-env/linux@sha256:f3a9d4ad9d972b27faf3965f35b62e55ba32bbce8f20bc8fe909558a86702fde" "/opt/rustwide/cargo-home/bin/cargo" "+1.83.0" "metadata" "--no-deps" "--format-version=1", kill_on_drop: false }`
[INFO] [stdout] bb30a87b24bdc46db11f7e576f19a6eb88a90db81a0afeeb8881fcd8f474ed52
[INFO] running `Command { std: "docker" "start" "-a" "bb30a87b24bdc46db11f7e576f19a6eb88a90db81a0afeeb8881fcd8f474ed52", kill_on_drop: false }`
[INFO] running `Command { std: "docker" "inspect" "bb30a87b24bdc46db11f7e576f19a6eb88a90db81a0afeeb8881fcd8f474ed52", kill_on_drop: false }`
[INFO] running `Command { std: "docker" "rm" "-f" "bb30a87b24bdc46db11f7e576f19a6eb88a90db81a0afeeb8881fcd8f474ed52", kill_on_drop: false }`
[INFO] [stdout] bb30a87b24bdc46db11f7e576f19a6eb88a90db81a0afeeb8881fcd8f474ed52
[INFO] running `Command { std: "docker" "create" "-v" "/var/lib/crater-agent-workspace/builds/worker-2-tc1/target:/opt/rustwide/target:rw,Z" "-v" "/var/lib/crater-agent-workspace/builds/worker-2-tc1/source:/opt/rustwide/workdir:ro,Z" "-v" "/var/lib/crater-agent-workspace/cargo-home:/opt/rustwide/cargo-home:ro,Z" "-v" "/var/lib/crater-agent-workspace/rustup-home:/opt/rustwide/rustup-home:ro,Z" "-e" "SOURCE_DIR=/opt/rustwide/workdir" "-e" "CARGO_TARGET_DIR=/opt/rustwide/target" "-e" "CARGO_INCREMENTAL=0" "-e" "RUST_BACKTRACE=full" "-e" "RUSTFLAGS=--cap-lints=warn" "-e" "RUSTDOCFLAGS=--cap-lints=warn" "-e" "CARGO_HOME=/opt/rustwide/cargo-home" "-e" "RUSTUP_HOME=/opt/rustwide/rustup-home" "-w" "/opt/rustwide/workdir" "-m" "1610612736" "--user" "0:0" "--network" "none" "ghcr.io/rust-lang/crates-build-env/linux@sha256:f3a9d4ad9d972b27faf3965f35b62e55ba32bbce8f20bc8fe909558a86702fde" "/opt/rustwide/cargo-home/bin/cargo" "+1.83.0" "build" "--frozen" "--message-format=json", kill_on_drop: false }`
[INFO] [stdout] fbb8d91af6975478f6e82869d64280168e88168480175743eff619d125b79c9a
[INFO] running `Command { std: "docker" "start" "-a" "fbb8d91af6975478f6e82869d64280168e88168480175743eff619d125b79c9a", kill_on_drop: false }`
[INFO] [stderr]    Compiling proc-macro2 v1.0.87
[INFO] [stderr]    Compiling libc v0.2.159
[INFO] [stderr]    Compiling bytes v1.7.2
[INFO] [stderr]    Compiling autocfg v1.4.0
[INFO] [stderr]    Compiling serde v1.0.210
[INFO] [stderr]    Compiling yansi v1.0.1
[INFO] [stderr]    Compiling futures-core v0.3.31
[INFO] [stderr]    Compiling fnv v1.0.7
[INFO] [stderr]    Compiling equivalent v1.0.1
[INFO] [stderr]    Compiling proc-macro2-diagnostics v0.10.1
[INFO] [stderr]    Compiling cc v1.1.30
[INFO] [stderr]    Compiling hashbrown v0.15.0
[INFO] [stderr]    Compiling once_cell v1.20.2
[INFO] [stderr]    Compiling time-core v0.1.2
[INFO] [stderr]    Compiling num-conv v0.1.0
[INFO] [stderr]    Compiling spin v0.9.8
[INFO] [stderr]    Compiling futures-sink v0.3.31
[INFO] [stderr]    Compiling httparse v1.9.5
[INFO] [stderr]    Compiling powerfmt v0.2.0
[INFO] [stderr]    Compiling untrusted v0.9.0
[INFO] [stderr]    Compiling deranged v0.3.11
[INFO] [stderr]    Compiling tracing-core v0.1.32
[INFO] [stderr]    Compiling futures-channel v0.3.31
[INFO] [stderr]    Compiling futures-io v0.3.31
[INFO] [stderr]    Compiling time-macros v0.2.18
[INFO] [stderr]    Compiling futures-task v0.3.31
[INFO] [stderr]    Compiling inlinable_string v0.1.15
[INFO] [stderr]    Compiling try-lock v0.2.5
[INFO] [stderr]    Compiling cookie v0.18.1
[INFO] [stderr]    Compiling httpdate v1.0.3
[INFO] [stderr]    Compiling want v0.3.1
[INFO] [stderr]    Compiling http v0.2.12
[INFO] [stderr]    Compiling ref-cast v1.0.23
[INFO] [stderr]    Compiling tower-service v0.3.3
[INFO] [stderr]    Compiling smallvec v1.13.2
[INFO] [stderr]    Compiling slab v0.4.9
[INFO] [stderr]    Compiling futures-util v0.3.31
[INFO] [stderr]    Compiling uncased v0.9.10
[INFO] [stderr]    Compiling tracing v0.1.40
[INFO] [stderr]    Compiling bitflags v2.6.0
[INFO] [stderr]    Compiling rustls v0.21.12
[INFO] [stderr]    Compiling lock_api v0.4.12
[INFO] [stderr]    Compiling stable-pattern v0.1.0
[INFO] [stderr]    Compiling either v1.13.0
[INFO] [stderr]    Compiling parking_lot_core v0.9.10
[INFO] [stderr]    Compiling state v0.6.0
[INFO] [stderr]    Compiling winnow v0.6.20
[INFO] [stderr]    Compiling quote v1.0.37
[INFO] [stderr]    Compiling rustix v0.38.37
[INFO] [stderr]    Compiling utf8parse v0.2.2
[INFO] [stderr]    Compiling log v0.4.22
[INFO] [stderr]    Compiling syn v2.0.79
[INFO] [stderr]    Compiling anstyle-parse v0.2.5
[INFO] [stderr]    Compiling indexmap v2.6.0
[INFO] [stderr]    Compiling mio v1.0.2
[INFO] [stderr]    Compiling socket2 v0.5.7
[INFO] [stderr]    Compiling getrandom v0.2.15
[INFO] [stderr]    Compiling signal-hook-registry v1.4.2
[INFO] [stderr]    Compiling http-body v0.4.6
[INFO] [stderr]    Compiling is-terminal v0.4.13
[INFO] [stderr]    Compiling rand_core v0.6.4
[INFO] [stderr]    Compiling figment v0.10.19
[INFO] [stderr]    Compiling multer v3.1.0
[INFO] [stderr]    Compiling linux-raw-sys v0.4.14
[INFO] [stderr]    Compiling anstyle v1.0.8
[INFO] [stderr]    Compiling scopeguard v1.2.0
[INFO] [stderr]    Compiling is_terminal_polyfill v1.70.1
[INFO] [stderr]    Compiling anstyle-query v1.1.1
[INFO] [stderr]    Compiling base64 v0.21.7
[INFO] [stderr]    Compiling colorchoice v1.0.2
[INFO] [stderr]    Compiling tokio v1.40.0
[INFO] [stderr]    Compiling rustls-pemfile v1.0.4
[INFO] [stderr]    Compiling anstream v0.6.15
[INFO] [stderr]    Compiling http v1.1.0
[INFO] [stderr]    Compiling rocket v0.5.1
[INFO] [stderr]    Compiling encoding_rs v0.8.34
[INFO] [stderr]    Compiling ring v0.17.8
[INFO] [stderr]    Compiling clap_lex v0.7.2
[INFO] [stderr]    Compiling unicode-xid v0.2.6
[INFO] [stderr]    Compiling mime v0.3.17
[INFO] [stderr]    Compiling heck v0.5.0
[INFO] [stderr]    Compiling strsim v0.11.1
[INFO] [stderr]    Compiling time v0.3.36
[INFO] [stderr]    Compiling glob v0.3.1
[INFO] [stderr]    Compiling base64 v0.22.1
[INFO] [stderr]    Compiling parking_lot v0.12.3
[INFO] [stderr]    Compiling clap_builder v4.5.20
[INFO] [stderr]    Compiling pem v3.0.4
[INFO] [stderr]    Compiling num_cpus v1.16.0
[INFO] [stderr]    Compiling futures v0.3.31
[INFO] [stderr]    Compiling atomic v0.5.3
[INFO] [stderr]    Compiling binascii v0.1.4
[INFO] [stderr]    Compiling rustls-pki-types v1.9.0
[INFO] [stderr]    Compiling yasna v0.5.2
[INFO] [stderr]    Compiling tempfile v3.13.0
[INFO] [stderr]    Compiling hyper v0.14.30
[INFO] [stderr]    Compiling devise_core v0.4.2
[INFO] [stderr]    Compiling serde_derive v1.0.210
[INFO] [stderr]    Compiling tokio-macros v2.4.0
[INFO] [stderr]    Compiling pear_codegen v0.2.9
[INFO] [stderr]    Compiling zerocopy-derive v0.7.35
[INFO] [stderr]    Compiling ref-cast-impl v1.0.23
[INFO] [stderr]    Compiling async-stream-impl v0.3.6
[INFO] [stderr]    Compiling clap_derive v4.5.18
[INFO] [stderr]    Compiling async-trait v0.1.83
[INFO] [stderr]    Compiling devise_codegen v0.4.2
[INFO] [stderr]    Compiling rustls-webpki v0.101.7
[INFO] [stderr]    Compiling sct v0.7.1
[INFO] [stderr]    Compiling rcgen v0.13.1
[INFO] [stderr]    Compiling async-stream v0.3.6
[INFO] [stderr]    Compiling devise v0.4.2
[INFO] [stderr]    Compiling zerocopy v0.7.35
[INFO] [stderr]    Compiling pear v0.2.9
[INFO] [stderr]    Compiling ppv-lite86 v0.2.20
[INFO] [stderr]    Compiling rand_chacha v0.3.1
[INFO] [stderr]    Compiling rand v0.8.5
[INFO] [stderr]    Compiling clap v4.5.20
[INFO] [stderr]    Compiling rocket_http v0.5.1
[INFO] [stderr]    Compiling rocket_codegen v0.5.1
[INFO] [stderr]    Compiling tokio-util v0.7.12
[INFO] [stderr]    Compiling tokio-rustls v0.24.1
[INFO] [stderr]    Compiling tokio-stream v0.1.16
[INFO] [stderr]    Compiling serde_spanned v0.6.8
[INFO] [stderr]    Compiling toml_datetime v0.6.8
[INFO] [stderr]    Compiling ubyte v0.10.4
[INFO] [stderr]    Compiling h2 v0.3.26
[INFO] [stderr]    Compiling toml_edit v0.22.22
[INFO] [stderr]    Compiling toml v0.8.19
[INFO] [stderr]    Compiling rhttpfile v0.1.0 (/opt/rustwide/workdir)
[INFO] [stderr]     Finished `dev` profile [unoptimized + debuginfo] target(s) in 1m 08s
[INFO] running `Command { std: "docker" "inspect" "fbb8d91af6975478f6e82869d64280168e88168480175743eff619d125b79c9a", kill_on_drop: false }`
[INFO] running `Command { std: "docker" "rm" "-f" "fbb8d91af6975478f6e82869d64280168e88168480175743eff619d125b79c9a", kill_on_drop: false }`
[INFO] [stdout] fbb8d91af6975478f6e82869d64280168e88168480175743eff619d125b79c9a
[INFO] running `Command { std: "docker" "create" "-v" "/var/lib/crater-agent-workspace/builds/worker-2-tc1/target:/opt/rustwide/target:rw,Z" "-v" "/var/lib/crater-agent-workspace/builds/worker-2-tc1/source:/opt/rustwide/workdir:ro,Z" "-v" "/var/lib/crater-agent-workspace/cargo-home:/opt/rustwide/cargo-home:ro,Z" "-v" "/var/lib/crater-agent-workspace/rustup-home:/opt/rustwide/rustup-home:ro,Z" "-e" "SOURCE_DIR=/opt/rustwide/workdir" "-e" "CARGO_TARGET_DIR=/opt/rustwide/target" "-e" "CARGO_INCREMENTAL=0" "-e" "RUST_BACKTRACE=full" "-e" "RUSTFLAGS=--cap-lints=warn" "-e" "RUSTDOCFLAGS=--cap-lints=warn" "-e" "CARGO_HOME=/opt/rustwide/cargo-home" "-e" "RUSTUP_HOME=/opt/rustwide/rustup-home" "-w" "/opt/rustwide/workdir" "-m" "1610612736" "--user" "0:0" "--network" "none" "ghcr.io/rust-lang/crates-build-env/linux@sha256:f3a9d4ad9d972b27faf3965f35b62e55ba32bbce8f20bc8fe909558a86702fde" "/opt/rustwide/cargo-home/bin/cargo" "+1.83.0" "test" "--frozen" "--no-run" "--message-format=json", kill_on_drop: false }`
[INFO] [stdout] 980e434dbad96edd28cbc97e3dca42d943e89490b7e37bbcd75fbc6f7bf9aeee
[INFO] running `Command { std: "docker" "start" "-a" "980e434dbad96edd28cbc97e3dca42d943e89490b7e37bbcd75fbc6f7bf9aeee", kill_on_drop: false }`
[INFO] [stderr]    Compiling rhttpfile v0.1.0 (/opt/rustwide/workdir)
[INFO] [stderr]     Finished `test` profile [unoptimized + debuginfo] target(s) in 6.43s
[INFO] running `Command { std: "docker" "inspect" "980e434dbad96edd28cbc97e3dca42d943e89490b7e37bbcd75fbc6f7bf9aeee", kill_on_drop: false }`
[INFO] running `Command { std: "docker" "rm" "-f" "980e434dbad96edd28cbc97e3dca42d943e89490b7e37bbcd75fbc6f7bf9aeee", kill_on_drop: false }`
[INFO] [stdout] 980e434dbad96edd28cbc97e3dca42d943e89490b7e37bbcd75fbc6f7bf9aeee
[INFO] running `Command { std: "docker" "create" "-v" "/var/lib/crater-agent-workspace/builds/worker-2-tc1/target:/opt/rustwide/target:rw,Z" "-v" "/var/lib/crater-agent-workspace/builds/worker-2-tc1/source:/opt/rustwide/workdir:ro,Z" "-v" "/var/lib/crater-agent-workspace/cargo-home:/opt/rustwide/cargo-home:ro,Z" "-v" "/var/lib/crater-agent-workspace/rustup-home:/opt/rustwide/rustup-home:ro,Z" "-e" "SOURCE_DIR=/opt/rustwide/workdir" "-e" "CARGO_TARGET_DIR=/opt/rustwide/target" "-e" "CARGO_INCREMENTAL=0" "-e" "RUST_BACKTRACE=full" "-e" "RUSTFLAGS=--cap-lints=warn" "-e" "RUSTDOCFLAGS=--cap-lints=warn" "-e" "CARGO_HOME=/opt/rustwide/cargo-home" "-e" "RUSTUP_HOME=/opt/rustwide/rustup-home" "-w" "/opt/rustwide/workdir" "-m" "1610612736" "--user" "0:0" "--network" "none" "ghcr.io/rust-lang/crates-build-env/linux@sha256:f3a9d4ad9d972b27faf3965f35b62e55ba32bbce8f20bc8fe909558a86702fde" "/opt/rustwide/cargo-home/bin/cargo" "+1.83.0" "test" "--frozen", kill_on_drop: false }`
[INFO] [stdout] 674333eccadfd6b08b22fb763283b23cd3e158a476766fe599696d0964e4f3f8
[INFO] running `Command { std: "docker" "start" "-a" "674333eccadfd6b08b22fb763283b23cd3e158a476766fe599696d0964e4f3f8", kill_on_drop: false }`
[INFO] [stderr]     Finished `test` profile [unoptimized + debuginfo] target(s) in 0.27s
[INFO] [stderr]      Running unittests src/main.rs (/opt/rustwide/target/debug/deps/rhttpfile-ad06766593315c54)
[INFO] [stdout] 
[INFO] [stdout] running 7 tests
[INFO] [stdout] test tests::test_cli ... ok
[INFO] [stdout] test tests::hello_world ... ok
[INFO] [stdout] test tests::test_file_upload ... FAILED
[INFO] [stdout] test tests::test_path_traversal ... FAILED
[INFO] [stdout] test tests::test_file_download ... FAILED
[INFO] [stdout] test tests::test_special_chars ... FAILED
[INFO] [stdout] test tests::test_long_filename ... ok
[INFO] [stdout] 
[INFO] [stdout] failures:
[INFO] [stdout] 
[INFO] [stdout] ---- tests::test_file_upload stdout ----
[INFO] [stdout] Configured for debug.
[INFO] [stdout]    >> address: 127.0.0.1
[INFO] [stdout]    >> port: 8000
[INFO] [stdout]    >> workers: 16
[INFO] [stdout]    >> max blocking threads: 512
[INFO] [stdout]    >> ident: Rocket
[INFO] [stdout]    >> IP header: X-Real-IP
[INFO] [stdout]    >> limits: bytes = 8KiB, data-form = 2MiB, file = 1MiB, form = 32KiB, json = 1MiB, msgpack = 1MiB, string = 8KiB
[INFO] [stdout]    >> temp dir: /tmp
[INFO] [stdout]    >> http/2: true
[INFO] [stdout]    >> keep-alive: 5s
[INFO] [stdout]    >> tls: disabled
[INFO] [stdout]    >> shutdown: ctrlc = true, force = true, signals = [SIGTERM], grace = 2s, mercy = 3s
[INFO] [stdout]    >> log level: normal
[INFO] [stdout]    >> cli colors: true
[INFO] [stdout] Routes:
[INFO] [stdout]    >> (upload) POST / multipart/form-data
[INFO] [stdout]    >> (index) GET /
[INFO] [stdout]    >> (retrieve) GET /<id>
[INFO] [stdout] Fairings:
[INFO] [stdout]    >> Shield (liftoff, response, singleton)
[INFO] [stdout] Shield:
[INFO] [stdout]    >> X-Frame-Options: SAMEORIGIN
[INFO] [stdout]    >> Permissions-Policy: interest-cohort=()
[INFO] [stdout]    >> X-Content-Type-Options: nosniff
[INFO] [stdout] Rocket has launched locally
[INFO] [stdout] POST / multipart/form-data:
[INFO] [stdout]    >> Matched: (upload) POST / multipart/form-data
[INFO] [stdout]    >> Outcome: Success(400 Bad Request)
[INFO] [stdout] thread 'tests::test_file_upload' panicked at src/main.rs:209:9:
[INFO] [stdout] assertion failed: body.contains("/dGVzdF9maWxlLnR4dA")
[INFO] [stdout] stack backtrace:
[INFO] [stdout]    0:     0x6167751de03a - std::backtrace_rs::backtrace::libunwind::trace::h5a5b8284f2d0c266
[INFO] [stdout]                                at /rustc/90b35a6239c3d8bdabc530a6a0816f7ff89a0aaf/library/std/src/../../backtrace/src/backtrace/libunwind.rs:116:5
[INFO] [stdout]    1:     0x6167751de03a - std::backtrace_rs::backtrace::trace_unsynchronized::h76d4f1c9b0b875e3
[INFO] [stdout]                                at /rustc/90b35a6239c3d8bdabc530a6a0816f7ff89a0aaf/library/std/src/../../backtrace/src/backtrace/mod.rs:66:5
[INFO] [stdout]    2:     0x6167751de03a - std::sys::backtrace::_print_fmt::hc4546b8364a537c6
[INFO] [stdout]                                at /rustc/90b35a6239c3d8bdabc530a6a0816f7ff89a0aaf/library/std/src/sys/backtrace.rs:66:9
[INFO] [stdout]    3:     0x6167751de03a - <std::sys::backtrace::BacktraceLock::print::DisplayBacktrace as core::fmt::Display>::fmt::h5b6bd5631a6d1f6b
[INFO] [stdout]                                at /rustc/90b35a6239c3d8bdabc530a6a0816f7ff89a0aaf/library/std/src/sys/backtrace.rs:39:26
[INFO] [stdout]    4:     0x616775208363 - core::fmt::rt::Argument::fmt::h270f6602a2b96f62
[INFO] [stdout]                                at /rustc/90b35a6239c3d8bdabc530a6a0816f7ff89a0aaf/library/core/src/fmt/rt.rs:177:76
[INFO] [stdout]    5:     0x616775208363 - core::fmt::write::h7550c97b06c86515
[INFO] [stdout]                                at /rustc/90b35a6239c3d8bdabc530a6a0816f7ff89a0aaf/library/core/src/fmt/mod.rs:1186:21
[INFO] [stdout]    6:     0x6167751dace3 - std::io::Write::write_fmt::h509ff860e5956e5e
[INFO] [stdout]                                at /rustc/90b35a6239c3d8bdabc530a6a0816f7ff89a0aaf/library/std/src/io/mod.rs:1839:15
[INFO] [stdout]    7:     0x6167751dde82 - std::sys::backtrace::BacktraceLock::print::h2395ccd2c84ba3aa
[INFO] [stdout]                                at /rustc/90b35a6239c3d8bdabc530a6a0816f7ff89a0aaf/library/std/src/sys/backtrace.rs:42:9
[INFO] [stdout]    8:     0x6167751df49a - std::panicking::default_hook::{{closure}}::he19d4c7230e07961
[INFO] [stdout]                                at /rustc/90b35a6239c3d8bdabc530a6a0816f7ff89a0aaf/library/std/src/panicking.rs:268:22
[INFO] [stdout]    9:     0x6167751df2a4 - std::panicking::default_hook::hf614597d3c67bbdb
[INFO] [stdout]                                at /rustc/90b35a6239c3d8bdabc530a6a0816f7ff89a0aaf/library/std/src/panicking.rs:292:9
[INFO] [stdout]   10:     0x616774aab649 - <alloc::boxed::Box<F,A> as core::ops::function::Fn<Args>>::call::h39b51ce4599c23d1
[INFO] [stdout]                                at /rustc/90b35a6239c3d8bdabc530a6a0816f7ff89a0aaf/library/alloc/src/boxed.rs:2468:9
[INFO] [stdout]   11:     0x616774aab649 - test::test_main::{{closure}}::he977ae839a582784
[INFO] [stdout]                                at /rustc/90b35a6239c3d8bdabc530a6a0816f7ff89a0aaf/library/test/src/lib.rs:133:21
[INFO] [stdout]   12:     0x6167751dfb38 - <alloc::boxed::Box<F,A> as core::ops::function::Fn<Args>>::call::h9455091b6b06f9fb
[INFO] [stdout]                                at /rustc/90b35a6239c3d8bdabc530a6a0816f7ff89a0aaf/library/alloc/src/boxed.rs:2468:9
[INFO] [stdout]   13:     0x6167751dfb38 - std::panicking::rust_panic_with_hook::h8942133a8b252070
[INFO] [stdout]                                at /rustc/90b35a6239c3d8bdabc530a6a0816f7ff89a0aaf/library/std/src/panicking.rs:809:13
[INFO] [stdout]   14:     0x6167751df8c6 - std::panicking::begin_panic_handler::{{closure}}::hb5f5963570096b29
[INFO] [stdout]                                at /rustc/90b35a6239c3d8bdabc530a6a0816f7ff89a0aaf/library/std/src/panicking.rs:667:13
[INFO] [stdout]   15:     0x6167751de519 - std::sys::backtrace::__rust_end_short_backtrace::h6208cedc1922feda
[INFO] [stdout]                                at /rustc/90b35a6239c3d8bdabc530a6a0816f7ff89a0aaf/library/std/src/sys/backtrace.rs:170:18
[INFO] [stdout]   16:     0x6167751df58c - rust_begin_unwind
[INFO] [stdout]                                at /rustc/90b35a6239c3d8bdabc530a6a0816f7ff89a0aaf/library/std/src/panicking.rs:665:5
[INFO] [stdout]   17:     0x6167749ef1f0 - core::panicking::panic_fmt::h0c3082644d1bf418
[INFO] [stdout]                                at /rustc/90b35a6239c3d8bdabc530a6a0816f7ff89a0aaf/library/core/src/panicking.rs:74:14
[INFO] [stdout]   18:     0x6167749ef27c - core::panicking::panic::h957f98c65a3b3074
[INFO] [stdout]                                at /rustc/90b35a6239c3d8bdabc530a6a0816f7ff89a0aaf/library/core/src/panicking.rs:148:5
[INFO] [stdout]   19:     0x616774a39b09 - rhttpfile::tests::test_file_upload::{{closure}}::h70a206ffab938060
[INFO] [stdout]                                at /opt/rustwide/workdir/src/main.rs:209:9
[INFO] [stdout]   20:     0x616774a6cb3d - <core::pin::Pin<P> as core::future::future::Future>::poll::h3b79cd9b4e17cc88
[INFO] [stdout]                                at /rustc/90b35a6239c3d8bdabc530a6a0816f7ff89a0aaf/library/core/src/future/future.rs:123:9
[INFO] [stdout]   21:     0x616774a191ef - tokio::runtime::park::CachedParkThread::block_on::{{closure}}::h49bf78f41c0e4409
[INFO] [stdout]                                at /opt/rustwide/cargo-home/registry/src/index.crates.io-6f17d22bba15001f/tokio-1.40.0/src/runtime/park.rs:281:63
[INFO] [stdout]   22:     0x616774a15386 - tokio::runtime::coop::with_budget::he17c68cb260178ac
[INFO] [stdout]                                at /opt/rustwide/cargo-home/registry/src/index.crates.io-6f17d22bba15001f/tokio-1.40.0/src/runtime/coop.rs:107:5
[INFO] [stdout]   23:     0x616774a15386 - tokio::runtime::coop::budget::he9d4fc32546d7199
[INFO] [stdout]                                at /opt/rustwide/cargo-home/registry/src/index.crates.io-6f17d22bba15001f/tokio-1.40.0/src/runtime/coop.rs:73:5
[INFO] [stdout]   24:     0x616774a15386 - tokio::runtime::park::CachedParkThread::block_on::h45e2f2c8a21c88b1
[INFO] [stdout]                                at /opt/rustwide/cargo-home/registry/src/index.crates.io-6f17d22bba15001f/tokio-1.40.0/src/runtime/park.rs:281:31
[INFO] [stdout]   25:     0x616774a533a0 - tokio::runtime::context::blocking::BlockingRegionGuard::block_on::h0da71edce374c7cb
[INFO] [stdout]                                at /opt/rustwide/cargo-home/registry/src/index.crates.io-6f17d22bba15001f/tokio-1.40.0/src/runtime/context/blocking.rs:66:9
[INFO] [stdout]   26:     0x616774a6b70e - tokio::runtime::scheduler::multi_thread::MultiThread::block_on::{{closure}}::h8c19755aa35d0417
[INFO] [stdout]                                at /opt/rustwide/cargo-home/registry/src/index.crates.io-6f17d22bba15001f/tokio-1.40.0/src/runtime/scheduler/multi_thread/mod.rs:87:13
[INFO] [stdout]   27:     0x616774a63c30 - tokio::runtime::context::runtime::enter_runtime::h87f61ad07bdb8fd4
[INFO] [stdout]                                at /opt/rustwide/cargo-home/registry/src/index.crates.io-6f17d22bba15001f/tokio-1.40.0/src/runtime/context/runtime.rs:65:16
[INFO] [stdout]   28:     0x616774a6b441 - tokio::runtime::scheduler::multi_thread::MultiThread::block_on::he9b3542dfa053134
[INFO] [stdout]                                at /opt/rustwide/cargo-home/registry/src/index.crates.io-6f17d22bba15001f/tokio-1.40.0/src/runtime/scheduler/multi_thread/mod.rs:86:9
[INFO] [stdout]   29:     0x616774a2d5c2 - tokio::runtime::runtime::Runtime::block_on_inner::h5042bfc8315d90df
[INFO] [stdout]                                at /opt/rustwide/cargo-home/registry/src/index.crates.io-6f17d22bba15001f/tokio-1.40.0/src/runtime/runtime.rs:363:45
[INFO] [stdout]   30:     0x616774a2eac8 - tokio::runtime::runtime::Runtime::block_on::hc5a516579ec9eff6
[INFO] [stdout]                                at /opt/rustwide/cargo-home/registry/src/index.crates.io-6f17d22bba15001f/tokio-1.40.0/src/runtime/runtime.rs:333:13
[INFO] [stdout]   31:     0x616774a2a3fd - rocket::async_run::hef832ce9f5dfaa0b
[INFO] [stdout]                                at /opt/rustwide/cargo-home/registry/src/index.crates.io-6f17d22bba15001f/rocket-0.5.1/src/lib.rs:250:18
[INFO] [stdout]   32:     0x616774a28c92 - rocket::async_test::hcd53e9038725f1ea
[INFO] [stdout]                                at /opt/rustwide/cargo-home/registry/src/index.crates.io-6f17d22bba15001f/rocket-0.5.1/src/lib.rs:261:5
[INFO] [stdout]   33:     0x616774a39866 - rhttpfile::tests::test_file_upload::h1b515fd7a25f05d6
[INFO] [stdout]                                at /opt/rustwide/workdir/src/main.rs:207:33
[INFO] [stdout]   34:     0x616774a39827 - rhttpfile::tests::test_file_upload::{{closure}}::hd8f68496cef97c4d
[INFO] [stdout]                                at /opt/rustwide/workdir/src/main.rs:207:32
[INFO] [stdout]   35:     0x616774a0d946 - core::ops::function::FnOnce::call_once::hfdb59df103756535
[INFO] [stdout]                                at /rustc/90b35a6239c3d8bdabc530a6a0816f7ff89a0aaf/library/core/src/ops/function.rs:250:5
[INFO] [stdout]   36:     0x616774ab000b - core::ops::function::FnOnce::call_once::h109cf8051a59b34e
[INFO] [stdout]                                at /rustc/90b35a6239c3d8bdabc530a6a0816f7ff89a0aaf/library/core/src/ops/function.rs:250:5
[INFO] [stdout]   37:     0x616774ab000b - test::__rust_begin_short_backtrace::hf4fff89d377446ba
[INFO] [stdout]                                at /rustc/90b35a6239c3d8bdabc530a6a0816f7ff89a0aaf/library/test/src/lib.rs:621:18
[INFO] [stdout]   38:     0x616774aaf847 - test::run_test_in_process::{{closure}}::h0e39181dd7ee5a43
[INFO] [stdout]                                at /rustc/90b35a6239c3d8bdabc530a6a0816f7ff89a0aaf/library/test/src/lib.rs:644:60
[INFO] [stdout]   39:     0x616774aaf847 - <core::panic::unwind_safe::AssertUnwindSafe<F> as core::ops::function::FnOnce<()>>::call_once::hc5a66a30f0bdfd1f
[INFO] [stdout]                                at /rustc/90b35a6239c3d8bdabc530a6a0816f7ff89a0aaf/library/core/src/panic/unwind_safe.rs:272:9
[INFO] [stdout]   40:     0x616774aaf847 - std::panicking::try::do_call::h873b7cf639554a5e
[INFO] [stdout]                                at /rustc/90b35a6239c3d8bdabc530a6a0816f7ff89a0aaf/library/std/src/panicking.rs:557:40
[INFO] [stdout]   41:     0x616774aaf847 - std::panicking::try::hdb19862fad9c8bd1
[INFO] [stdout]                                at /rustc/90b35a6239c3d8bdabc530a6a0816f7ff89a0aaf/library/std/src/panicking.rs:520:19
[INFO] [stdout]   42:     0x616774aaf847 - std::panic::catch_unwind::h281fe732d236d260
[INFO] [stdout]                                at /rustc/90b35a6239c3d8bdabc530a6a0816f7ff89a0aaf/library/std/src/panic.rs:358:14
[INFO] [stdout]   43:     0x616774aaf847 - test::run_test_in_process::h949b6df8457ed338
[INFO] [stdout]                                at /rustc/90b35a6239c3d8bdabc530a6a0816f7ff89a0aaf/library/test/src/lib.rs:644:27
[INFO] [stdout]   44:     0x616774aaf847 - test::run_test::{{closure}}::h52c556a6d4740e10
[INFO] [stdout]                                at /rustc/90b35a6239c3d8bdabc530a6a0816f7ff89a0aaf/library/test/src/lib.rs:565:43
[INFO] [stdout]   45:     0x616774a74b24 - test::run_test::{{closure}}::h4237f6381c45ccb9
[INFO] [stdout]                                at /rustc/90b35a6239c3d8bdabc530a6a0816f7ff89a0aaf/library/test/src/lib.rs:595:41
[INFO] [stdout]   46:     0x616774a74b24 - std::sys::backtrace::__rust_begin_short_backtrace::h505c97a579eca628
[INFO] [stdout]                                at /rustc/90b35a6239c3d8bdabc530a6a0816f7ff89a0aaf/library/std/src/sys/backtrace.rs:154:18
[INFO] [stdout]   47:     0x616774a781ee - std::thread::Builder::spawn_unchecked_::{{closure}}::{{closure}}::h9e86b2e2bc107ea3
[INFO] [stdout]                                at /rustc/90b35a6239c3d8bdabc530a6a0816f7ff89a0aaf/library/std/src/thread/mod.rs:538:17
[INFO] [stdout]   48:     0x616774a781ee - <core::panic::unwind_safe::AssertUnwindSafe<F> as core::ops::function::FnOnce<()>>::call_once::h8b06ddb275ff4a25
[INFO] [stdout]                                at /rustc/90b35a6239c3d8bdabc530a6a0816f7ff89a0aaf/library/core/src/panic/unwind_safe.rs:272:9
[INFO] [stdout]   49:     0x616774a781ee - std::panicking::try::do_call::hb26ecd7cd9a9355d
[INFO] [stdout]                                at /rustc/90b35a6239c3d8bdabc530a6a0816f7ff89a0aaf/library/std/src/panicking.rs:557:40
[INFO] [stdout]   50:     0x616774a781ee - std::panicking::try::h8ddeca9d705f9069
[INFO] [stdout]                                at /rustc/90b35a6239c3d8bdabc530a6a0816f7ff89a0aaf/library/std/src/panicking.rs:520:19
[INFO] [stdout]   51:     0x616774a781ee - std::panic::catch_unwind::h49e1c33078844c46
[INFO] [stdout]                                at /rustc/90b35a6239c3d8bdabc530a6a0816f7ff89a0aaf/library/std/src/panic.rs:358:14
[INFO] [stdout]   52:     0x616774a781ee - std::thread::Builder::spawn_unchecked_::{{closure}}::h6073db6ff56ad35d
[INFO] [stdout]                                at /rustc/90b35a6239c3d8bdabc530a6a0816f7ff89a0aaf/library/std/src/thread/mod.rs:537:30
[INFO] [stdout]   53:     0x616774a781ee - core::ops::function::FnOnce::call_once{{vtable.shim}}::h2c5a5f3779c774f1
[INFO] [stdout]                                at /rustc/90b35a6239c3d8bdabc530a6a0816f7ff89a0aaf/library/core/src/ops/function.rs:250:5
[INFO] [stdout]   54:     0x6167751e3feb - <alloc::boxed::Box<F,A> as core::ops::function::FnOnce<Args>>::call_once::hf75717d9f28faebf
[INFO] [stdout]                                at /rustc/90b35a6239c3d8bdabc530a6a0816f7ff89a0aaf/library/alloc/src/boxed.rs:2454:9
[INFO] [stdout]   55:     0x6167751e3feb - <alloc::boxed::Box<F,A> as core::ops::function::FnOnce<Args>>::call_once::h7bd883a5f3c5f3c1
[INFO] [stdout]                                at /rustc/90b35a6239c3d8bdabc530a6a0816f7ff89a0aaf/library/alloc/src/boxed.rs:2454:9
[INFO] [stdout]   56:     0x6167751e3feb - std::sys::pal::unix::thread::Thread::new::thread_start::hcc78f3943333fa94
[INFO] [stdout]                                at /rustc/90b35a6239c3d8bdabc530a6a0816f7ff89a0aaf/library/std/src/sys/pal/unix/thread.rs:105:17
[INFO] [stdout]   57:     0x73271c13aac3 - <unknown>
[INFO] [stdout]   58:     0x73271c1cba04 - clone
[INFO] [stdout]   59:                0x0 - <unknown>
[INFO] [stdout] 
[INFO] [stdout] ---- tests::test_path_traversal stdout ----
[INFO] [stdout] Configured for debug.
[INFO] [stdout]    >> address: 127.0.0.1
[INFO] [stdout]    >> port: 8000
[INFO] [stdout]    >> workers: 16
[INFO] [stdout]    >> max blocking threads: 512
[INFO] [stdout]    >> ident: Rocket
[INFO] [stdout]    >> IP header: X-Real-IP
[INFO] [stdout]    >> limits: bytes = 8KiB, data-form = 2MiB, file = 1MiB, form = 32KiB, json = 1MiB, msgpack = 1MiB, string = 8KiB
[INFO] [stdout]    >> temp dir: /tmp
[INFO] [stdout]    >> http/2: true
[INFO] [stdout]    >> keep-alive: 5s
[INFO] [stdout]    >> tls: disabled
[INFO] [stdout]    >> shutdown: ctrlc = true, force = true, signals = [SIGTERM], grace = 2s, mercy = 3s
[INFO] [stdout]    >> log level: normal
[INFO] [stdout]    >> cli colors: true
[INFO] [stdout] Routes:
[INFO] [stdout]    >> (upload) POST / multipart/form-data
[INFO] [stdout]    >> (index) GET /
[INFO] [stdout]    >> (retrieve) GET /<id>
[INFO] [stdout] Fairings:
[INFO] [stdout]    >> Shield (liftoff, response, singleton)
[INFO] [stdout] Shield:
[INFO] [stdout]    >> X-Frame-Options: SAMEORIGIN
[INFO] [stdout]    >> Permissions-Policy: interest-cohort=()
[INFO] [stdout]    >> X-Content-Type-Options: nosniff
[INFO] [stdout] Rocket has launched locally
[INFO] [stdout] POST / multipart/form-data:
[INFO] [stdout]    >> Matched: (upload) POST / multipart/form-data
[INFO] [stdout]    >> Outcome: Success(400 Bad Request)
[INFO] [stdout] Configured for debug.
[INFO] [stdout]    >> address: 127.0.0.1
[INFO] [stdout]    >> port: 8000
[INFO] [stdout]    >> workers: 16
[INFO] [stdout]    >> max blocking threads: 512
[INFO] [stdout]    >> ident: Rocket
[INFO] [stdout]    >> IP header: X-Real-IP
[INFO] [stdout]    >> limits: bytes = 8KiB, data-form = 2MiB, file = 1MiB, form = 32KiB, json = 1MiB, msgpack = 1MiB, string = 8KiB
[INFO] [stdout]    >> temp dir: /tmp
[INFO] [stdout]    >> http/2: true
[INFO] [stdout]    >> keep-alive: 5s
[INFO] [stdout]    >> tls: disabled
[INFO] [stdout]    >> shutdown: ctrlc = true, force = true, signals = [SIGTERM], grace = 2s, mercy = 3s
[INFO] [stdout]    >> log level: normal
[INFO] [stdout]    >> cli colors: true
[INFO] [stdout] Routes:
[INFO] [stdout]    >> (upload) POST / multipart/form-data
[INFO] [stdout]    >> (index) GET /
[INFO] [stdout]    >> (retrieve) GET /<id>
[INFO] [stdout] Fairings:
[INFO] [stdout]    >> Shield (liftoff, response, singleton)
[INFO] [stdout] Shield:
[INFO] [stdout]    >> X-Content-Type-Options: nosniff
[INFO] [stdout]    >> X-Frame-Options: SAMEORIGIN
[INFO] [stdout]    >> Permissions-Policy: interest-cohort=()
[INFO] [stdout] Rocket has launched locally
[INFO] [stdout] Error: invalid request URI: Path { source: None, data: Data { value: "Invalid cross-device link (os error 18)", decoded_segments: [uninitialized cell] } }
[INFO] [stdout]    >> No 400 catcher registered. Using Rocket default.
[INFO] [stdout] thread 'tests::test_path_traversal' panicked at src/main.rs:231:9:
[INFO] [stdout] assertion `left == right` failed
[INFO] [stdout]   left: Status { code: 400 }
[INFO] [stdout]  right: Status { code: 200 }
[INFO] [stdout] stack backtrace:
[INFO] [stdout]    0:     0x6167751de03a - std::backtrace_rs::backtrace::libunwind::trace::h5a5b8284f2d0c266
[INFO] [stdout]                                at /rustc/90b35a6239c3d8bdabc530a6a0816f7ff89a0aaf/library/std/src/../../backtrace/src/backtrace/libunwind.rs:116:5
[INFO] [stdout]    1:     0x6167751de03a - std::backtrace_rs::backtrace::trace_unsynchronized::h76d4f1c9b0b875e3
[INFO] [stdout]                                at /rustc/90b35a6239c3d8bdabc530a6a0816f7ff89a0aaf/library/std/src/../../backtrace/src/backtrace/mod.rs:66:5
[INFO] [stdout]    2:     0x6167751de03a - std::sys::backtrace::_print_fmt::hc4546b8364a537c6
[INFO] [stdout]                                at /rustc/90b35a6239c3d8bdabc530a6a0816f7ff89a0aaf/library/std/src/sys/backtrace.rs:66:9
[INFO] [stdout]    3:     0x6167751de03a - <std::sys::backtrace::BacktraceLock::print::DisplayBacktrace as core::fmt::Display>::fmt::h5b6bd5631a6d1f6b
[INFO] [stdout]                                at /rustc/90b35a6239c3d8bdabc530a6a0816f7ff89a0aaf/library/std/src/sys/backtrace.rs:39:26
[INFO] [stdout]    4:     0x616775208363 - core::fmt::rt::Argument::fmt::h270f6602a2b96f62
[INFO] [stdout]                                at /rustc/90b35a6239c3d8bdabc530a6a0816f7ff89a0aaf/library/core/src/fmt/rt.rs:177:76
[INFO] [stdout]    5:     0x616775208363 - core::fmt::write::h7550c97b06c86515
[INFO] [stdout]                                at /rustc/90b35a6239c3d8bdabc530a6a0816f7ff89a0aaf/library/core/src/fmt/mod.rs:1186:21
[INFO] [stdout]    6:     0x6167751dace3 - std::io::Write::write_fmt::h509ff860e5956e5e
[INFO] [stdout]                                at /rustc/90b35a6239c3d8bdabc530a6a0816f7ff89a0aaf/library/std/src/io/mod.rs:1839:15
[INFO] [stdout]    7:     0x6167751dde82 - std::sys::backtrace::BacktraceLock::print::h2395ccd2c84ba3aa
[INFO] [stdout]                                at /rustc/90b35a6239c3d8bdabc530a6a0816f7ff89a0aaf/library/std/src/sys/backtrace.rs:42:9
[INFO] [stdout]    8:     0x6167751df49a - std::panicking::default_hook::{{closure}}::he19d4c7230e07961
[INFO] [stdout]                                at /rustc/90b35a6239c3d8bdabc530a6a0816f7ff89a0aaf/library/std/src/panicking.rs:268:22
[INFO] [stdout]    9:     0x6167751df2a4 - std::panicking::default_hook::hf614597d3c67bbdb
[INFO] [stdout]                                at /rustc/90b35a6239c3d8bdabc530a6a0816f7ff89a0aaf/library/std/src/panicking.rs:292:9
[INFO] [stdout]   10:     0x616774aab649 - <alloc::boxed::Box<F,A> as core::ops::function::Fn<Args>>::call::h39b51ce4599c23d1
[INFO] [stdout]                                at /rustc/90b35a6239c3d8bdabc530a6a0816f7ff89a0aaf/library/alloc/src/boxed.rs:2468:9
[INFO] [stdout]   11:     0x616774aab649 - test::test_main::{{closure}}::he977ae839a582784
[INFO] [stdout]                                at /rustc/90b35a6239c3d8bdabc530a6a0816f7ff89a0aaf/library/test/src/lib.rs:133:21
[INFO] [stdout]   12:     0x6167751dfb38 - <alloc::boxed::Box<F,A> as core::ops::function::Fn<Args>>::call::h9455091b6b06f9fb
[INFO] [stdout]                                at /rustc/90b35a6239c3d8bdabc530a6a0816f7ff89a0aaf/library/alloc/src/boxed.rs:2468:9
[INFO] [stdout]   13:     0x6167751dfb38 - std::panicking::rust_panic_with_hook::h8942133a8b252070
[INFO] [stdout]                                at /rustc/90b35a6239c3d8bdabc530a6a0816f7ff89a0aaf/library/std/src/panicking.rs:809:13
[INFO] [stdout]   14:     0x6167751df8fa - std::panicking::begin_panic_handler::{{closure}}::hb5f5963570096b29
[INFO] [stdout]                                at /rustc/90b35a6239c3d8bdabc530a6a0816f7ff89a0aaf/library/std/src/panicking.rs:674:13
[INFO] [stdout]   15:     0x6167751de519 - std::sys::backtrace::__rust_end_short_backtrace::h6208cedc1922feda
[INFO] [stdout]                                at /rustc/90b35a6239c3d8bdabc530a6a0816f7ff89a0aaf/library/std/src/sys/backtrace.rs:170:18
[INFO] [stdout]   16:     0x6167751df58c - rust_begin_unwind
[INFO] [stdout]                                at /rustc/90b35a6239c3d8bdabc530a6a0816f7ff89a0aaf/library/std/src/panicking.rs:665:5
[INFO] [stdout]   17:     0x6167749ef1f0 - core::panicking::panic_fmt::h0c3082644d1bf418
[INFO] [stdout]                                at /rustc/90b35a6239c3d8bdabc530a6a0816f7ff89a0aaf/library/core/src/panicking.rs:74:14
[INFO] [stdout]   18:     0x6167749ef655 - core::panicking::assert_failed_inner::h2ddf1fcc067fa858
[INFO] [stdout]   19:     0x616774a5a2d3 - core::panicking::assert_failed::h5b0a0638f7dcb63a
[INFO] [stdout]                                at /rustc/90b35a6239c3d8bdabc530a6a0816f7ff89a0aaf/library/core/src/panicking.rs:367:5
[INFO] [stdout]   20:     0x616774a3adad - rhttpfile::tests::test_path_traversal::{{closure}}::h68f6fcdfa660fde5
[INFO] [stdout]                                at /opt/rustwide/workdir/src/main.rs:231:9
[INFO] [stdout]   21:     0x616774a6cefd - <core::pin::Pin<P> as core::future::future::Future>::poll::hc02131c049ab077e
[INFO] [stdout]                                at /rustc/90b35a6239c3d8bdabc530a6a0816f7ff89a0aaf/library/core/src/future/future.rs:123:9
[INFO] [stdout]   22:     0x616774a193ef - tokio::runtime::park::CachedParkThread::block_on::{{closure}}::hb5d5bd1d2cb0a7ba
[INFO] [stdout]                                at /opt/rustwide/cargo-home/registry/src/index.crates.io-6f17d22bba15001f/tokio-1.40.0/src/runtime/park.rs:281:63
[INFO] [stdout]   23:     0x616774a18e86 - tokio::runtime::coop::with_budget::hbf99dd8699e1de50
[INFO] [stdout]                                at /opt/rustwide/cargo-home/registry/src/index.crates.io-6f17d22bba15001f/tokio-1.40.0/src/runtime/coop.rs:107:5
[INFO] [stdout]   24:     0x616774a18e86 - tokio::runtime::coop::budget::hd85320815abb8b77
[INFO] [stdout]                                at /opt/rustwide/cargo-home/registry/src/index.crates.io-6f17d22bba15001f/tokio-1.40.0/src/runtime/coop.rs:73:5
[INFO] [stdout]   25:     0x616774a18e86 - tokio::runtime::park::CachedParkThread::block_on::hf37f84929a577c41
[INFO] [stdout]                                at /opt/rustwide/cargo-home/registry/src/index.crates.io-6f17d22bba15001f/tokio-1.40.0/src/runtime/park.rs:281:31
[INFO] [stdout]   26:     0x616774a53580 - tokio::runtime::context::blocking::BlockingRegionGuard::block_on::h16c5eea1f6a7b3f5
[INFO] [stdout]                                at /opt/rustwide/cargo-home/registry/src/index.crates.io-6f17d22bba15001f/tokio-1.40.0/src/runtime/context/blocking.rs:66:9
[INFO] [stdout]   27:     0x616774a6b75e - tokio::runtime::scheduler::multi_thread::MultiThread::block_on::{{closure}}::haee9074ced07f483
[INFO] [stdout]                                at /opt/rustwide/cargo-home/registry/src/index.crates.io-6f17d22bba15001f/tokio-1.40.0/src/runtime/scheduler/multi_thread/mod.rs:87:13
[INFO] [stdout]   28:     0x616774a641b0 - tokio::runtime::context::runtime::enter_runtime::ha229180f983c00a9
[INFO] [stdout]                                at /opt/rustwide/cargo-home/registry/src/index.crates.io-6f17d22bba15001f/tokio-1.40.0/src/runtime/context/runtime.rs:65:16
[INFO] [stdout]   29:     0x616774a6b401 - tokio::runtime::scheduler::multi_thread::MultiThread::block_on::he660f7e84087e665
[INFO] [stdout]                                at /opt/rustwide/cargo-home/registry/src/index.crates.io-6f17d22bba15001f/tokio-1.40.0/src/runtime/scheduler/multi_thread/mod.rs:86:9
[INFO] [stdout]   30:     0x616774a2d4b2 - tokio::runtime::runtime::Runtime::block_on_inner::h367e00bfb405a5ff
[INFO] [stdout]                                at /opt/rustwide/cargo-home/registry/src/index.crates.io-6f17d22bba15001f/tokio-1.40.0/src/runtime/runtime.rs:363:45
[INFO] [stdout]   31:     0x616774a2e547 - tokio::runtime::runtime::Runtime::block_on::h35f578cfd24c01cb
[INFO] [stdout]                                at /opt/rustwide/cargo-home/registry/src/index.crates.io-6f17d22bba15001f/tokio-1.40.0/src/runtime/runtime.rs:333:13
[INFO] [stdout]   32:     0x616774a2a070 - rocket::async_run::hbd89ff8555cf3cde
[INFO] [stdout]                                at /opt/rustwide/cargo-home/registry/src/index.crates.io-6f17d22bba15001f/rocket-0.5.1/src/lib.rs:250:18
[INFO] [stdout]   33:     0x616774a28c32 - rocket::async_test::h972685cdc3c6370f
[INFO] [stdout]                                at /opt/rustwide/cargo-home/registry/src/index.crates.io-6f17d22bba15001f/rocket-0.5.1/src/lib.rs:261:5
[INFO] [stdout]   34:     0x616774a3a655 - rhttpfile::tests::test_path_traversal::h7865618e1f99a3e9
[INFO] [stdout]                                at /opt/rustwide/workdir/src/main.rs:225:36
[INFO] [stdout]   35:     0x616774a3a607 - rhttpfile::tests::test_path_traversal::{{closure}}::h8d2191a583aa8cc9
[INFO] [stdout]                                at /opt/rustwide/workdir/src/main.rs:225:35
[INFO] [stdout]   36:     0x616774a0d706 - core::ops::function::FnOnce::call_once::hcf2d3d429ec3306f
[INFO] [stdout]                                at /rustc/90b35a6239c3d8bdabc530a6a0816f7ff89a0aaf/library/core/src/ops/function.rs:250:5
[INFO] [stdout]   37:     0x616774ab000b - core::ops::function::FnOnce::call_once::h109cf8051a59b34e
[INFO] [stdout]                                at /rustc/90b35a6239c3d8bdabc530a6a0816f7ff89a0aaf/library/core/src/ops/function.rs:250:5
[INFO] [stdout]   38:     0x616774ab000b - test::__rust_begin_short_backtrace::hf4fff89d377446ba
[INFO] [stdout]                                at /rustc/90b35a6239c3d8bdabc530a6a0816f7ff89a0aaf/library/test/src/lib.rs:621:18
[INFO] [stdout]   39:     0x616774aaf847 - test::run_test_in_process::{{closure}}::h0e39181dd7ee5a43
[INFO] [stdout]                                at /rustc/90b35a6239c3d8bdabc530a6a0816f7ff89a0aaf/library/test/src/lib.rs:644:60
[INFO] [stdout]   40:     0x616774aaf847 - <core::panic::unwind_safe::AssertUnwindSafe<F> as core::ops::function::FnOnce<()>>::call_once::hc5a66a30f0bdfd1f
[INFO] [stdout]                                at /rustc/90b35a6239c3d8bdabc530a6a0816f7ff89a0aaf/library/core/src/panic/unwind_safe.rs:272:9
[INFO] [stdout]   41:     0x616774aaf847 - std::panicking::try::do_call::h873b7cf639554a5e
[INFO] [stdout]                                at /rustc/90b35a6239c3d8bdabc530a6a0816f7ff89a0aaf/library/std/src/panicking.rs:557:40
[INFO] [stdout]   42:     0x616774aaf847 - std::panicking::try::hdb19862fad9c8bd1
[INFO] [stdout]                                at /rustc/90b35a6239c3d8bdabc530a6a0816f7ff89a0aaf/library/std/src/panicking.rs:520:19
[INFO] [stdout]   43:     0x616774aaf847 - std::panic::catch_unwind::h281fe732d236d260
[INFO] [stdout]                                at /rustc/90b35a6239c3d8bdabc530a6a0816f7ff89a0aaf/library/std/src/panic.rs:358:14
[INFO] [stdout]   44:     0x616774aaf847 - test::run_test_in_process::h949b6df8457ed338
[INFO] [stdout]                                at /rustc/90b35a6239c3d8bdabc530a6a0816f7ff89a0aaf/library/test/src/lib.rs:644:27
[INFO] [stdout]   45:     0x616774aaf847 - test::run_test::{{closure}}::h52c556a6d4740e10
[INFO] [stdout]                                at /rustc/90b35a6239c3d8bdabc530a6a0816f7ff89a0aaf/library/test/src/lib.rs:565:43
[INFO] [stdout]   46:     0x616774a74b24 - test::run_test::{{closure}}::h4237f6381c45ccb9
[INFO] [stdout]                                at /rustc/90b35a6239c3d8bdabc530a6a0816f7ff89a0aaf/library/test/src/lib.rs:595:41
[INFO] [stdout]   47:     0x616774a74b24 - std::sys::backtrace::__rust_begin_short_backtrace::h505c97a579eca628
[INFO] [stdout]                                at /rustc/90b35a6239c3d8bdabc530a6a0816f7ff89a0aaf/library/std/src/sys/backtrace.rs:154:18
[INFO] [stdout]   48:     0x616774a781ee - std::thread::Builder::spawn_unchecked_::{{closure}}::{{closure}}::h9e86b2e2bc107ea3
[INFO] [stdout]                                at /rustc/90b35a6239c3d8bdabc530a6a0816f7ff89a0aaf/library/std/src/thread/mod.rs:538:17
[INFO] [stdout]   49:     0x616774a781ee - <core::panic::unwind_safe::AssertUnwindSafe<F> as core::ops::function::FnOnce<()>>::call_once::h8b06ddb275ff4a25
[INFO] [stdout]                                at /rustc/90b35a6239c3d8bdabc530a6a0816f7ff89a0aaf/library/core/src/panic/unwind_safe.rs:272:9
[INFO] [stdout]   50:     0x616774a781ee - std::panicking::try::do_call::hb26ecd7cd9a9355d
[INFO] [stdout]                                at /rustc/90b35a6239c3d8bdabc530a6a0816f7ff89a0aaf/library/std/src/panicking.rs:557:40
[INFO] [stdout]   51:     0x616774a781ee - std::panicking::try::h8ddeca9d705f9069
[INFO] [stdout]                                at /rustc/90b35a6239c3d8bdabc530a6a0816f7ff89a0aaf/library/std/src/panicking.rs:520:19
[INFO] [stdout]   52:     0x616774a781ee - std::panic::catch_unwind::h49e1c33078844c46
[INFO] [stdout]                                at /rustc/90b35a6239c3d8bdabc530a6a0816f7ff89a0aaf/library/std/src/panic.rs:358:14
[INFO] [stdout]   53:     0x616774a781ee - std::thread::Builder::spawn_unchecked_::{{closure}}::h6073db6ff56ad35d
[INFO] [stdout]                                at /rustc/90b35a6239c3d8bdabc530a6a0816f7ff89a0aaf/library/std/src/thread/mod.rs:537:30
[INFO] [stdout]   54:     0x616774a781ee - core::ops::function::FnOnce::call_once{{vtable.shim}}::h2c5a5f3779c774f1
[INFO] [stdout]                                at /rustc/90b35a6239c3d8bdabc530a6a0816f7ff89a0aaf/library/core/src/ops/function.rs:250:5
[INFO] [stdout]   55:     0x6167751e3feb - <alloc::boxed::Box<F,A> as core::ops::function::FnOnce<Args>>::call_once::hf75717d9f28faebf
[INFO] [stdout]                                at /rustc/90b35a6239c3d8bdabc530a6a0816f7ff89a0aaf/library/alloc/src/boxed.rs:2454:9
[INFO] [stdout]   56:     0x6167751e3feb - <alloc::boxed::Box<F,A> as core::ops::function::FnOnce<Args>>::call_once::h7bd883a5f3c5f3c1
[INFO] [stdout]                                at /rustc/90b35a6239c3d8bdabc530a6a0816f7ff89a0aaf/library/alloc/src/boxed.rs:2454:9
[INFO] [stdout]   57:     0x6167751e3feb - std::sys::pal::unix::thread::Thread::new::thread_start::hcc78f3943333fa94
[INFO] [stdout]                                at /rustc/90b35a6239c3d8bdabc530a6a0816f7ff89a0aaf/library/std/src/sys/pal/unix/thread.rs:105:17
[INFO] [stdout]   58:     0x73271c13aac3 - <unknown>
[INFO] [stdout]   59:     0x73271c1cba04 - clone
[INFO] [stdout]   60:                0x0 - <unknown>
[INFO] [stdout] 
[INFO] [stdout] ---- tests::test_file_download stdout ----
[INFO] [stdout] Configured for debug.
[INFO] [stdout]    >> address: 127.0.0.1
[INFO] [stdout]    >> port: 8000
[INFO] [stdout]    >> workers: 16
[INFO] [stdout]    >> max blocking threads: 512
[INFO] [stdout]    >> ident: Rocket
[INFO] [stdout]    >> IP header: X-Real-IP
[INFO] [stdout]    >> limits: bytes = 8KiB, data-form = 2MiB, file = 1MiB, form = 32KiB, json = 1MiB, msgpack = 1MiB, string = 8KiB
[INFO] [stdout]    >> temp dir: /tmp
[INFO] [stdout]    >> http/2: true
[INFO] [stdout]    >> keep-alive: 5s
[INFO] [stdout]    >> tls: disabled
[INFO] [stdout]    >> shutdown: ctrlc = true, force = true, signals = [SIGTERM], grace = 2s, mercy = 3s
[INFO] [stdout]    >> log level: normal
[INFO] [stdout]    >> cli colors: true
[INFO] [stdout] Routes:
[INFO] [stdout]    >> (upload) POST / multipart/form-data
[INFO] [stdout]    >> (index) GET /
[INFO] [stdout]    >> (retrieve) GET /<id>
[INFO] [stdout] Fairings:
[INFO] [stdout]    >> Shield (liftoff, response, singleton)
[INFO] [stdout] Shield:
[INFO] [stdout]    >> X-Frame-Options: SAMEORIGIN
[INFO] [stdout]    >> Permissions-Policy: interest-cohort=()
[INFO] [stdout]    >> X-Content-Type-Options: nosniff
[INFO] [stdout] Rocket has launched locally
[INFO] [stdout] POST / multipart/form-data:
[INFO] [stdout]    >> Matched: (upload) POST / multipart/form-data
[INFO] [stdout]    >> Outcome: Success(400 Bad Request)
[INFO] [stdout] Configured for debug.
[INFO] [stdout]    >> address: 127.0.0.1
[INFO] [stdout]    >> port: 8000
[INFO] [stdout]    >> workers: 16
[INFO] [stdout]    >> max blocking threads: 512
[INFO] [stdout]    >> ident: Rocket
[INFO] [stdout]    >> IP header: X-Real-IP
[INFO] [stdout]    >> limits: bytes = 8KiB, data-form = 2MiB, file = 1MiB, form = 32KiB, json = 1MiB, msgpack = 1MiB, string = 8KiB
[INFO] [stdout]    >> temp dir: /tmp
[INFO] [stdout]    >> http/2: true
[INFO] [stdout]    >> keep-alive: 5s
[INFO] [stdout]    >> tls: disabled
[INFO] [stdout]    >> shutdown: ctrlc = true, force = true, signals = [SIGTERM], grace = 2s, mercy = 3s
[INFO] [stdout]    >> log level: normal
[INFO] [stdout]    >> cli colors: true
[INFO] [stdout] Routes:
[INFO] [stdout]    >> (upload) POST / multipart/form-data
[INFO] [stdout]    >> (index) GET /
[INFO] [stdout]    >> (retrieve) GET /<id>
[INFO] [stdout] Fairings:
[INFO] [stdout]    >> Shield (liftoff, response, singleton)
[INFO] [stdout] Shield:
[INFO] [stdout]    >> Permissions-Policy: interest-cohort=()
[INFO] [stdout]    >> X-Content-Type-Options: nosniff
[INFO] [stdout]    >> X-Frame-Options: SAMEORIGIN
[INFO] [stdout] Rocket has launched locally
[INFO] [stdout] Error: invalid request URI: Path { source: None, data: Data { value: "Invalid cross-device link (os error 18)", decoded_segments: [uninitialized cell] } }
[INFO] [stdout]    >> No 400 catcher registered. Using Rocket default.
[INFO] [stdout] thread 'tests::test_file_download' panicked at src/main.rs:219:9:
[INFO] [stdout] assertion `left == right` failed
[INFO] [stdout]   left: Status { code: 400 }
[INFO] [stdout]  right: Status { code: 200 }
[INFO] [stdout] stack backtrace:
[INFO] [stdout]    0:     0x6167751de03a - std::backtrace_rs::backtrace::libunwind::trace::h5a5b8284f2d0c266
[INFO] [stdout]                                at /rustc/90b35a6239c3d8bdabc530a6a0816f7ff89a0aaf/library/std/src/../../backtrace/src/backtrace/libunwind.rs:116:5
[INFO] [stdout]    1:     0x6167751de03a - std::backtrace_rs::backtrace::trace_unsynchronized::h76d4f1c9b0b875e3
[INFO] [stdout]                                at /rustc/90b35a6239c3d8bdabc530a6a0816f7ff89a0aaf/library/std/src/../../backtrace/src/backtrace/mod.rs:66:5
[INFO] [stdout]    2:     0x6167751de03a - std::sys::backtrace::_print_fmt::hc4546b8364a537c6
[INFO] [stdout]                                at /rustc/90b35a6239c3d8bdabc530a6a0816f7ff89a0aaf/library/std/src/sys/backtrace.rs:66:9
[INFO] [stdout]    3:     0x6167751de03a - <std::sys::backtrace::BacktraceLock::print::DisplayBacktrace as core::fmt::Display>::fmt::h5b6bd5631a6d1f6b
[INFO] [stdout]                                at /rustc/90b35a6239c3d8bdabc530a6a0816f7ff89a0aaf/library/std/src/sys/backtrace.rs:39:26
[INFO] [stdout]    4:     0x616775208363 - core::fmt::rt::Argument::fmt::h270f6602a2b96f62
[INFO] [stdout]                                at /rustc/90b35a6239c3d8bdabc530a6a0816f7ff89a0aaf/library/core/src/fmt/rt.rs:177:76
[INFO] [stdout]    5:     0x616775208363 - core::fmt::write::h7550c97b06c86515
[INFO] [stdout]                                at /rustc/90b35a6239c3d8bdabc530a6a0816f7ff89a0aaf/library/core/src/fmt/mod.rs:1186:21
[INFO] [stdout]    6:     0x6167751dace3 - std::io::Write::write_fmt::h509ff860e5956e5e
[INFO] [stdout]                                at /rustc/90b35a6239c3d8bdabc530a6a0816f7ff89a0aaf/library/std/src/io/mod.rs:1839:15
[INFO] [stdout]    7:     0x6167751dde82 - std::sys::backtrace::BacktraceLock::print::h2395ccd2c84ba3aa
[INFO] [stdout]                                at /rustc/90b35a6239c3d8bdabc530a6a0816f7ff89a0aaf/library/std/src/sys/backtrace.rs:42:9
[INFO] [stdout]    8:     0x6167751df49a - std::panicking::default_hook::{{closure}}::he19d4c7230e07961
[INFO] [stdout]                                at /rustc/90b35a6239c3d8bdabc530a6a0816f7ff89a0aaf/library/std/src/panicking.rs:268:22
[INFO] [stdout]    9:     0x6167751df2a4 - std::panicking::default_hook::hf614597d3c67bbdb
[INFO] [stdout]                                at /rustc/90b35a6239c3d8bdabc530a6a0816f7ff89a0aaf/library/std/src/panicking.rs:292:9
[INFO] [stdout]   10:     0x616774aab649 - <alloc::boxed::Box<F,A> as core::ops::function::Fn<Args>>::call::h39b51ce4599c23d1
[INFO] [stdout]                                at /rustc/90b35a6239c3d8bdabc530a6a0816f7ff89a0aaf/library/alloc/src/boxed.rs:2468:9
[INFO] [stdout]   11:     0x616774aab649 - test::test_main::{{closure}}::he977ae839a582784
[INFO] [stdout]                                at /rustc/90b35a6239c3d8bdabc530a6a0816f7ff89a0aaf/library/test/src/lib.rs:133:21
[INFO] [stdout]   12:     0x6167751dfb38 - <alloc::boxed::Box<F,A> as core::ops::function::Fn<Args>>::call::h9455091b6b06f9fb
[INFO] [stdout]                                at /rustc/90b35a6239c3d8bdabc530a6a0816f7ff89a0aaf/library/alloc/src/boxed.rs:2468:9
[INFO] [stdout]   13:     0x6167751dfb38 - std::panicking::rust_panic_with_hook::h8942133a8b252070
[INFO] [stdout]                                at /rustc/90b35a6239c3d8bdabc530a6a0816f7ff89a0aaf/library/std/src/panicking.rs:809:13
[INFO] [stdout]   14:     0x6167751df8fa - std::panicking::begin_panic_handler::{{closure}}::hb5f5963570096b29
[INFO] [stdout]                                at /rustc/90b35a6239c3d8bdabc530a6a0816f7ff89a0aaf/library/std/src/panicking.rs:674:13
[INFO] [stdout]   15:     0x6167751de519 - std::sys::backtrace::__rust_end_short_backtrace::h6208cedc1922feda
[INFO] [stdout]                                at /rustc/90b35a6239c3d8bdabc530a6a0816f7ff89a0aaf/library/std/src/sys/backtrace.rs:170:18
[INFO] [stdout]   16:     0x6167751df58c - rust_begin_unwind
[INFO] [stdout]                                at /rustc/90b35a6239c3d8bdabc530a6a0816f7ff89a0aaf/library/std/src/panicking.rs:665:5
[INFO] [stdout]   17:     0x6167749ef1f0 - core::panicking::panic_fmt::h0c3082644d1bf418
[INFO] [stdout]                                at /rustc/90b35a6239c3d8bdabc530a6a0816f7ff89a0aaf/library/core/src/panicking.rs:74:14
[INFO] [stdout]   18:     0x6167749ef655 - core::panicking::assert_failed_inner::h2ddf1fcc067fa858
[INFO] [stdout]   19:     0x616774a5a2d3 - core::panicking::assert_failed::h5b0a0638f7dcb63a
[INFO] [stdout]                                at /rustc/90b35a6239c3d8bdabc530a6a0816f7ff89a0aaf/library/core/src/panicking.rs:367:5
[INFO] [stdout]   20:     0x616774a3a30d - rhttpfile::tests::test_file_download::{{closure}}::hf0b1af0664bcd012
[INFO] [stdout]                                at /opt/rustwide/workdir/src/main.rs:219:9
[INFO] [stdout]   21:     0x616774a6cafd - <core::pin::Pin<P> as core::future::future::Future>::poll::h1077d27dd96a73d5
[INFO] [stdout]                                at /rustc/90b35a6239c3d8bdabc530a6a0816f7ff89a0aaf/library/core/src/future/future.rs:123:9
[INFO] [stdout]   22:     0x616774a192ef - tokio::runtime::park::CachedParkThread::block_on::{{closure}}::h9e38b41875506480
[INFO] [stdout]                                at /opt/rustwide/cargo-home/registry/src/index.crates.io-6f17d22bba15001f/tokio-1.40.0/src/runtime/park.rs:281:63
[INFO] [stdout]   23:     0x616774a14f66 - tokio::runtime::coop::with_budget::hefd8db54854ac938
[INFO] [stdout]                                at /opt/rustwide/cargo-home/registry/src/index.crates.io-6f17d22bba15001f/tokio-1.40.0/src/runtime/coop.rs:107:5
[INFO] [stdout]   24:     0x616774a14f66 - tokio::runtime::coop::budget::hda6b28b8ae852ee7
[INFO] [stdout]                                at /opt/rustwide/cargo-home/registry/src/index.crates.io-6f17d22bba15001f/tokio-1.40.0/src/runtime/coop.rs:73:5
[INFO] [stdout]   25:     0x616774a14f66 - tokio::runtime::park::CachedParkThread::block_on::h34b06aaf935215c3
[INFO] [stdout]                                at /opt/rustwide/cargo-home/registry/src/index.crates.io-6f17d22bba15001f/tokio-1.40.0/src/runtime/park.rs:281:31
[INFO] [stdout]   26:     0x616774a532a0 - tokio::runtime::context::blocking::BlockingRegionGuard::block_on::h01353feb2124e8ea
[INFO] [stdout]                                at /opt/rustwide/cargo-home/registry/src/index.crates.io-6f17d22bba15001f/tokio-1.40.0/src/runtime/context/blocking.rs:66:9
[INFO] [stdout]   27:     0x616774a6b46e - tokio::runtime::scheduler::multi_thread::MultiThread::block_on::{{closure}}::h1906b4b425a2a681
[INFO] [stdout]                                at /opt/rustwide/cargo-home/registry/src/index.crates.io-6f17d22bba15001f/tokio-1.40.0/src/runtime/scheduler/multi_thread/mod.rs:87:13
[INFO] [stdout]   28:     0x616774a62f70 - tokio::runtime::context::runtime::enter_runtime::h1c4a6adcc4e0422d
[INFO] [stdout]                                at /opt/rustwide/cargo-home/registry/src/index.crates.io-6f17d22bba15001f/tokio-1.40.0/src/runtime/context/runtime.rs:65:16
[INFO] [stdout]   29:     0x616774a6b211 - tokio::runtime::scheduler::multi_thread::MultiThread::block_on::h83952383dc0e1e05
[INFO] [stdout]                                at /opt/rustwide/cargo-home/registry/src/index.crates.io-6f17d22bba15001f/tokio-1.40.0/src/runtime/scheduler/multi_thread/mod.rs:86:9
[INFO] [stdout]   30:     0x616774a2dca2 - tokio::runtime::runtime::Runtime::block_on_inner::hde1537f63ccbdb26
[INFO] [stdout]                                at /opt/rustwide/cargo-home/registry/src/index.crates.io-6f17d22bba15001f/tokio-1.40.0/src/runtime/runtime.rs:363:45
[INFO] [stdout]   31:     0x616774a2e8f7 - tokio::runtime::runtime::Runtime::block_on::hb1f17d7b88703ee1
[INFO] [stdout]                                at /opt/rustwide/cargo-home/registry/src/index.crates.io-6f17d22bba15001f/tokio-1.40.0/src/runtime/runtime.rs:333:13
[INFO] [stdout]   32:     0x616774a2a780 - rocket::async_run::hf501b9e1104633b0
[INFO] [stdout]                                at /opt/rustwide/cargo-home/registry/src/index.crates.io-6f17d22bba15001f/rocket-0.5.1/src/lib.rs:250:18
[INFO] [stdout]   33:     0x616774a28bd2 - rocket::async_test::h0493de181797d8a4
[INFO] [stdout]                                at /opt/rustwide/cargo-home/registry/src/index.crates.io-6f17d22bba15001f/rocket-0.5.1/src/lib.rs:261:5
[INFO] [stdout]   34:     0x616774a39bb5 - rhttpfile::tests::test_file_download::hf46369b11e5c722b
[INFO] [stdout]                                at /opt/rustwide/workdir/src/main.rs:213:35
[INFO] [stdout]   35:     0x616774a39b67 - rhttpfile::tests::test_file_download::{{closure}}::h9d0d19974e1094d6
[INFO] [stdout]                                at /opt/rustwide/workdir/src/main.rs:213:34
[INFO] [stdout]   36:     0x616774a0d036 - core::ops::function::FnOnce::call_once::h28c515a0f87dde6a
[INFO] [stdout]                                at /rustc/90b35a6239c3d8bdabc530a6a0816f7ff89a0aaf/library/core/src/ops/function.rs:250:5
[INFO] [stdout]   37:     0x616774ab000b - core::ops::function::FnOnce::call_once::h109cf8051a59b34e
[INFO] [stdout]                                at /rustc/90b35a6239c3d8bdabc530a6a0816f7ff89a0aaf/library/core/src/ops/function.rs:250:5
[INFO] [stdout]   38:     0x616774ab000b - test::__rust_begin_short_backtrace::hf4fff89d377446ba
[INFO] [stdout]                                at /rustc/90b35a6239c3d8bdabc530a6a0816f7ff89a0aaf/library/test/src/lib.rs:621:18
[INFO] [stdout]   39:     0x616774aaf847 - test::run_test_in_process::{{closure}}::h0e39181dd7ee5a43
[INFO] [stdout]                                at /rustc/90b35a6239c3d8bdabc530a6a0816f7ff89a0aaf/library/test/src/lib.rs:644:60
[INFO] [stdout]   40:     0x616774aaf847 - <core::panic::unwind_safe::AssertUnwindSafe<F> as core::ops::function::FnOnce<()>>::call_once::hc5a66a30f0bdfd1f
[INFO] [stdout]                                at /rustc/90b35a6239c3d8bdabc530a6a0816f7ff89a0aaf/library/core/src/panic/unwind_safe.rs:272:9
[INFO] [stdout]   41:     0x616774aaf847 - std::panicking::try::do_call::h873b7cf639554a5e
[INFO] [stdout]                                at /rustc/90b35a6239c3d8bdabc530a6a0816f7ff89a0aaf/library/std/src/panicking.rs:557:40
[INFO] [stdout]   42:     0x616774aaf847 - std::panicking::try::hdb19862fad9c8bd1
[INFO] [stdout]                                at /rustc/90b35a6239c3d8bdabc530a6a0816f7ff89a0aaf/library/std/src/panicking.rs:520:19
[INFO] [stdout]   43:     0x616774aaf847 - std::panic::catch_unwind::h281fe732d236d260
[INFO] [stdout]                                at /rustc/90b35a6239c3d8bdabc530a6a0816f7ff89a0aaf/library/std/src/panic.rs:358:14
[INFO] [stdout]   44:     0x616774aaf847 - test::run_test_in_process::h949b6df8457ed338
[INFO] [stdout]                                at /rustc/90b35a6239c3d8bdabc530a6a0816f7ff89a0aaf/library/test/src/lib.rs:644:27
[INFO] [stdout]   45:     0x616774aaf847 - test::run_test::{{closure}}::h52c556a6d4740e10
[INFO] [stdout]                                at /rustc/90b35a6239c3d8bdabc530a6a0816f7ff89a0aaf/library/test/src/lib.rs:565:43
[INFO] [stdout]   46:     0x616774a74b24 - test::run_test::{{closure}}::h4237f6381c45ccb9
[INFO] [stdout]                                at /rustc/90b35a6239c3d8bdabc530a6a0816f7ff89a0aaf/library/test/src/lib.rs:595:41
[INFO] [stdout]   47:     0x616774a74b24 - std::sys::backtrace::__rust_begin_short_backtrace::h505c97a579eca628
[INFO] [stdout]                                at /rustc/90b35a6239c3d8bdabc530a6a0816f7ff89a0aaf/library/std/src/sys/backtrace.rs:154:18
[INFO] [stdout]   48:     0x616774a781ee - std::thread::Builder::spawn_unchecked_::{{closure}}::{{closure}}::h9e86b2e2bc107ea3
[INFO] [stdout]                                at /rustc/90b35a6239c3d8bdabc530a6a0816f7ff89a0aaf/library/std/src/thread/mod.rs:538:17
[INFO] [stdout]   49:     0x616774a781ee - <core::panic::unwind_safe::AssertUnwindSafe<F> as core::ops::function::FnOnce<()>>::call_once::h8b06ddb275ff4a25
[INFO] [stdout]                                at /rustc/90b35a6239c3d8bdabc530a6a0816f7ff89a0aaf/library/core/src/panic/unwind_safe.rs:272:9
[INFO] [stdout]   50:     0x616774a781ee - std::panicking::try::do_call::hb26ecd7cd9a9355d
[INFO] [stdout]                                at /rustc/90b35a6239c3d8bdabc530a6a0816f7ff89a0aaf/library/std/src/panicking.rs:557:40
[INFO] [stdout]   51:     0x616774a781ee - std::panicking::try::h8ddeca9d705f9069
[INFO] [stdout]                                at /rustc/90b35a6239c3d8bdabc530a6a0816f7ff89a0aaf/library/std/src/panicking.rs:520:19
[INFO] [stdout]   52:     0x616774a781ee - std::panic::catch_unwind::h49e1c33078844c46
[INFO] [stdout]                                at /rustc/90b35a6239c3d8bdabc530a6a0816f7ff89a0aaf/library/std/src/panic.rs:358:14
[INFO] [stdout]   53:     0x616774a781ee - std::thread::Builder::spawn_unchecked_::{{closure}}::h6073db6ff56ad35d
[INFO] [stdout]                                at /rustc/90b35a6239c3d8bdabc530a6a0816f7ff89a0aaf/library/std/src/thread/mod.rs:537:30
[INFO] [stdout]   54:     0x616774a781ee - core::ops::function::FnOnce::call_once{{vtable.shim}}::h2c5a5f3779c774f1
[INFO] [stdout]                                at /rustc/90b35a6239c3d8bdabc530a6a0816f7ff89a0aaf/library/core/src/ops/function.rs:250:5
[INFO] [stdout]   55:     0x6167751e3feb - <alloc::boxed::Box<F,A> as core::ops::function::FnOnce<Args>>::call_once::hf75717d9f28faebf
[INFO] [stdout]                                at /rustc/90b35a6239c3d8bdabc530a6a0816f7ff89a0aaf/library/alloc/src/boxed.rs:2454:9
[INFO] [stdout]   56:     0x6167751e3feb - <alloc::boxed::Box<F,A> as core::ops::function::FnOnce<Args>>::call_once::h7bd883a5f3c5f3c1
[INFO] [stdout]                                at /rustc/90b35a6239c3d8bdabc530a6a0816f7ff89a0aaf/library/alloc/src/boxed.rs:2454:9
[INFO] [stdout]   57:     0x6167751e3feb - std::sys::pal::unix::thread::Thread::new::thread_start::hcc78f3943333fa94
[INFO] [stdout]                                at /rustc/90b35a6239c3d8bdabc530a6a0816f7ff89a0aaf/library/std/src/sys/pal/unix/thread.rs:105:17
[INFO] [stdout]   58:     0x73271c13aac3 - <unknown>
[INFO] [stdout]   59:     0x73271c1cba04 - clone
[INFO] [stdout]   60:                0x0 - <unknown>
[INFO] [stdout] 
[INFO] [stdout] ---- tests::test_special_chars stdout ----
[INFO] [stdout] Configured for debug.
[INFO] [stdout]    >> address: 127.0.0.1
[INFO] [stdout]    >> port: 8000
[INFO] [stdout]    >> workers: 16
[INFO] [stdout]    >> max blocking threads: 512
[INFO] [stdout]    >> ident: Rocket
[INFO] [stdout]    >> IP header: X-Real-IP
[INFO] [stdout]    >> limits: bytes = 8KiB, data-form = 2MiB, file = 1MiB, form = 32KiB, json = 1MiB, msgpack = 1MiB, string = 8KiB
[INFO] [stdout]    >> temp dir: /tmp
[INFO] [stdout]    >> http/2: true
[INFO] [stdout]    >> keep-alive: 5s
[INFO] [stdout]    >> tls: disabled
[INFO] [stdout]    >> shutdown: ctrlc = true, force = true, signals = [SIGTERM], grace = 2s, mercy = 3s
[INFO] [stdout]    >> log level: normal
[INFO] [stdout]    >> cli colors: true
[INFO] [stdout] Routes:
[INFO] [stdout]    >> (upload) POST / multipart/form-data
[INFO] [stdout]    >> (index) GET /
[INFO] [stdout]    >> (retrieve) GET /<id>
[INFO] [stdout] Fairings:
[INFO] [stdout]    >> Shield (liftoff, response, singleton)
[INFO] [stdout] Shield:
[INFO] [stdout]    >> X-Content-Type-Options: nosniff
[INFO] [stdout]    >> X-Frame-Options: SAMEORIGIN
[INFO] [stdout]    >> Permissions-Policy: interest-cohort=()
[INFO] [stdout] Rocket has launched locally
[INFO] [stdout] POST / multipart/form-data:
[INFO] [stdout]    >> Matched: (upload) POST / multipart/form-data
[INFO] [stdout]    >> Outcome: Success(400 Bad Request)
[INFO] [stdout] Configured for debug.
[INFO] [stdout]    >> address: 127.0.0.1
[INFO] [stdout]    >> port: 8000
[INFO] [stdout]    >> workers: 16
[INFO] [stdout]    >> max blocking threads: 512
[INFO] [stdout]    >> ident: Rocket
[INFO] [stdout]    >> IP header: X-Real-IP
[INFO] [stdout]    >> limits: bytes = 8KiB, data-form = 2MiB, file = 1MiB, form = 32KiB, json = 1MiB, msgpack = 1MiB, string = 8KiB
[INFO] [stdout]    >> temp dir: /tmp
[INFO] [stdout]    >> http/2: true
[INFO] [stdout]    >> keep-alive: 5s
[INFO] [stdout]    >> tls: disabled
[INFO] [stdout]    >> shutdown: ctrlc = true, force = true, signals = [SIGTERM], grace = 2s, mercy = 3s
[INFO] [stdout]    >> log level: normal
[INFO] [stdout]    >> cli colors: true
[INFO] [stdout] Routes:
[INFO] [stdout]    >> (upload) POST / multipart/form-data
[INFO] [stdout]    >> (index) GET /
[INFO] [stdout]    >> (retrieve) GET /<id>
[INFO] [stdout] Fairings:
[INFO] [stdout]    >> Shield (liftoff, response, singleton)
[INFO] [stdout] Shield:
[INFO] [stdout]    >> X-Content-Type-Options: nosniff
[INFO] [stdout]    >> X-Frame-Options: SAMEORIGIN
[INFO] [stdout]    >> Permissions-Policy: interest-cohort=()
[INFO] [stdout] Rocket has launched locally
[INFO] [stdout] Error: invalid request URI: Path { source: None, data: Data { value: "Invalid cross-device link (os error 18)", decoded_segments: [uninitialized cell] } }
[INFO] [stdout]    >> No 400 catcher registered. Using Rocket default.
[INFO] [stdout] thread 'tests::test_special_chars' panicked at src/main.rs:243:9:
[INFO] [stdout] assertion `left == right` failed
[INFO] [stdout]   left: Status { code: 400 }
[INFO] [stdout]  right: Status { code: 200 }
[INFO] [stdout] stack backtrace:
[INFO] [stdout]    0:     0x6167751de03a - std::backtrace_rs::backtrace::libunwind::trace::h5a5b8284f2d0c266
[INFO] [stdout]                                at /rustc/90b35a6239c3d8bdabc530a6a0816f7ff89a0aaf/library/std/src/../../backtrace/src/backtrace/libunwind.rs:116:5
[INFO] [stdout]    1:     0x6167751de03a - std::backtrace_rs::backtrace::trace_unsynchronized::h76d4f1c9b0b875e3
[INFO] [stdout]                                at /rustc/90b35a6239c3d8bdabc530a6a0816f7ff89a0aaf/library/std/src/../../backtrace/src/backtrace/mod.rs:66:5
[INFO] [stdout]    2:     0x6167751de03a - std::sys::backtrace::_print_fmt::hc4546b8364a537c6
[INFO] [stdout]                                at /rustc/90b35a6239c3d8bdabc530a6a0816f7ff89a0aaf/library/std/src/sys/backtrace.rs:66:9
[INFO] [stdout]    3:     0x6167751de03a - <std::sys::backtrace::BacktraceLock::print::DisplayBacktrace as core::fmt::Display>::fmt::h5b6bd5631a6d1f6b
[INFO] [stdout]                                at /rustc/90b35a6239c3d8bdabc530a6a0816f7ff89a0aaf/library/std/src/sys/backtrace.rs:39:26
[INFO] [stdout]    4:     0x616775208363 - core::fmt::rt::Argument::fmt::h270f6602a2b96f62
[INFO] [stdout]                                at /rustc/90b35a6239c3d8bdabc530a6a0816f7ff89a0aaf/library/core/src/fmt/rt.rs:177:76
[INFO] [stdout]    5:     0x616775208363 - core::fmt::write::h7550c97b06c86515
[INFO] [stdout]                                at /rustc/90b35a6239c3d8bdabc530a6a0816f7ff89a0aaf/library/core/src/fmt/mod.rs:1186:21
[INFO] [stdout]    6:     0x6167751dace3 - std::io::Write::write_fmt::h509ff860e5956e5e
[INFO] [stdout]                                at /rustc/90b35a6239c3d8bdabc530a6a0816f7ff89a0aaf/library/std/src/io/mod.rs:1839:15
[INFO] [stdout]    7:     0x6167751dde82 - std::sys::backtrace::BacktraceLock::print::h2395ccd2c84ba3aa
[INFO] [stdout]                                at /rustc/90b35a6239c3d8bdabc530a6a0816f7ff89a0aaf/library/std/src/sys/backtrace.rs:42:9
[INFO] [stdout]    8:     0x6167751df49a - std::panicking::default_hook::{{closure}}::he19d4c7230e07961
[INFO] [stdout]                                at /rustc/90b35a6239c3d8bdabc530a6a0816f7ff89a0aaf/library/std/src/panicking.rs:268:22
[INFO] [stdout]    9:     0x6167751df2a4 - std::panicking::default_hook::hf614597d3c67bbdb
[INFO] [stdout]                                at /rustc/90b35a6239c3d8bdabc530a6a0816f7ff89a0aaf/library/std/src/panicking.rs:292:9
[INFO] [stdout]   10:     0x616774aab649 - <alloc::boxed::Box<F,A> as core::ops::function::Fn<Args>>::call::h39b51ce4599c23d1
[INFO] [stdout]                                at /rustc/90b35a6239c3d8bdabc530a6a0816f7ff89a0aaf/library/alloc/src/boxed.rs:2468:9
[INFO] [stdout]   11:     0x616774aab649 - test::test_main::{{closure}}::he977ae839a582784
[INFO] [stdout]                                at /rustc/90b35a6239c3d8bdabc530a6a0816f7ff89a0aaf/library/test/src/lib.rs:133:21
[INFO] [stdout]   12:     0x6167751dfb38 - <alloc::boxed::Box<F,A> as core::ops::function::Fn<Args>>::call::h9455091b6b06f9fb
[INFO] [stdout]                                at /rustc/90b35a6239c3d8bdabc530a6a0816f7ff89a0aaf/library/alloc/src/boxed.rs:2468:9
[INFO] [stdout]   13:     0x6167751dfb38 - std::panicking::rust_panic_with_hook::h8942133a8b252070
[INFO] [stdout]                                at /rustc/90b35a6239c3d8bdabc530a6a0816f7ff89a0aaf/library/std/src/panicking.rs:809:13
[INFO] [stdout]   14:     0x6167751df8fa - std::panicking::begin_panic_handler::{{closure}}::hb5f5963570096b29
[INFO] [stdout]                                at /rustc/90b35a6239c3d8bdabc530a6a0816f7ff89a0aaf/library/std/src/panicking.rs:674:13
[INFO] [stdout]   15:     0x6167751de519 - std::sys::backtrace::__rust_end_short_backtrace::h6208cedc1922feda
[INFO] [stdout]                                at /rustc/90b35a6239c3d8bdabc530a6a0816f7ff89a0aaf/library/std/src/sys/backtrace.rs:170:18
[INFO] [stdout]   16:     0x6167751df58c - rust_begin_unwind
[INFO] [stdout]                                at /rustc/90b35a6239c3d8bdabc530a6a0816f7ff89a0aaf/library/std/src/panicking.rs:665:5
[INFO] [stdout]   17:     0x6167749ef1f0 - core::panicking::panic_fmt::h0c3082644d1bf418
[INFO] [stdout]                                at /rustc/90b35a6239c3d8bdabc530a6a0816f7ff89a0aaf/library/core/src/panicking.rs:74:14
[INFO] [stdout]   18:     0x6167749ef655 - core::panicking::assert_failed_inner::h2ddf1fcc067fa858
[INFO] [stdout]   19:     0x616774a5a2d3 - core::panicking::assert_failed::h5b0a0638f7dcb63a
[INFO] [stdout]                                at /rustc/90b35a6239c3d8bdabc530a6a0816f7ff89a0aaf/library/core/src/panicking.rs:367:5
[INFO] [stdout]   20:     0x616774a3b84d - rhttpfile::tests::test_special_chars::{{closure}}::hab5fecd86b1936a6
[INFO] [stdout]                                at /opt/rustwide/workdir/src/main.rs:243:9
[INFO] [stdout]   21:     0x616774a6cb7d - <core::pin::Pin<P> as core::future::future::Future>::poll::h4867f29b5e4402ec
[INFO] [stdout]                                at /rustc/90b35a6239c3d8bdabc530a6a0816f7ff89a0aaf/library/core/src/future/future.rs:123:9
[INFO] [stdout]   22:     0x616774a190ef - tokio::runtime::park::CachedParkThread::block_on::{{closure}}::h31ad1f525597b101
[INFO] [stdout]                                at /opt/rustwide/cargo-home/registry/src/index.crates.io-6f17d22bba15001f/tokio-1.40.0/src/runtime/park.rs:281:63
[INFO] [stdout]   23:     0x616774a12df6 - tokio::runtime::coop::with_budget::hdd5af46abeb55b65
[INFO] [stdout]                                at /opt/rustwide/cargo-home/registry/src/index.crates.io-6f17d22bba15001f/tokio-1.40.0/src/runtime/coop.rs:107:5
[INFO] [stdout]   24:     0x616774a12df6 - tokio::runtime::coop::budget::h85224c1d85f62c55
[INFO] [stdout]                                at /opt/rustwide/cargo-home/registry/src/index.crates.io-6f17d22bba15001f/tokio-1.40.0/src/runtime/coop.rs:73:5
[INFO] [stdout]   25:     0x616774a12df6 - tokio::runtime::park::CachedParkThread::block_on::h02c463547155209a
[INFO] [stdout]                                at /opt/rustwide/cargo-home/registry/src/index.crates.io-6f17d22bba15001f/tokio-1.40.0/src/runtime/park.rs:281:31
[INFO] [stdout]   26:     0x616774a53320 - tokio::runtime::context::blocking::BlockingRegionGuard::block_on::h0489930e2128cf5a
[INFO] [stdout]                                at /opt/rustwide/cargo-home/registry/src/index.crates.io-6f17d22bba15001f/tokio-1.40.0/src/runtime/context/blocking.rs:66:9
[INFO] [stdout]   27:     0x616774a6b8fe - tokio::runtime::scheduler::multi_thread::MultiThread::block_on::{{closure}}::hdfe4d448245a615f
[INFO] [stdout]                                at /opt/rustwide/cargo-home/registry/src/index.crates.io-6f17d22bba15001f/tokio-1.40.0/src/runtime/scheduler/multi_thread/mod.rs:87:13
[INFO] [stdout]   28:     0x616774a64730 - tokio::runtime::context::runtime::enter_runtime::hbbc0487a6b082cae
[INFO] [stdout]                                at /opt/rustwide/cargo-home/registry/src/index.crates.io-6f17d22bba15001f/tokio-1.40.0/src/runtime/context/runtime.rs:65:16
[INFO] [stdout]   29:     0x616774a6b0a1 - tokio::runtime::scheduler::multi_thread::MultiThread::block_on::h48dbe2f647373190
[INFO] [stdout]                                at /opt/rustwide/cargo-home/registry/src/index.crates.io-6f17d22bba15001f/tokio-1.40.0/src/runtime/scheduler/multi_thread/mod.rs:86:9
[INFO] [stdout]   30:     0x616774a2df82 - tokio::runtime::runtime::Runtime::block_on_inner::hee354853a88afeeb
[INFO] [stdout]                                at /opt/rustwide/cargo-home/registry/src/index.crates.io-6f17d22bba15001f/tokio-1.40.0/src/runtime/runtime.rs:363:45
[INFO] [stdout]   31:     0x616774a2e367 - tokio::runtime::runtime::Runtime::block_on::h103bbc9da5aa2569
[INFO] [stdout]                                at /opt/rustwide/cargo-home/registry/src/index.crates.io-6f17d22bba15001f/tokio-1.40.0/src/runtime/runtime.rs:333:13
[INFO] [stdout]   32:     0x616774a295c0 - rocket::async_run::h686042a36ee49b98
[INFO] [stdout]                                at /opt/rustwide/cargo-home/registry/src/index.crates.io-6f17d22bba15001f/rocket-0.5.1/src/lib.rs:250:18
[INFO] [stdout]   33:     0x616774a28c02 - rocket::async_test::h0f601bc91c7cdb75
[INFO] [stdout]                                at /opt/rustwide/cargo-home/registry/src/index.crates.io-6f17d22bba15001f/rocket-0.5.1/src/lib.rs:261:5
[INFO] [stdout]   34:     0x616774a3b0f5 - rhttpfile::tests::test_special_chars::h09929d549ffb4a07
[INFO] [stdout]                                at /opt/rustwide/workdir/src/main.rs:237:35
[INFO] [stdout]   35:     0x616774a3b0a7 - rhttpfile::tests::test_special_chars::{{closure}}::h6884f1c16ddd291b
[INFO] [stdout]                                at /opt/rustwide/workdir/src/main.rs:237:34
[INFO] [stdout]   36:     0x616774a0d426 - core::ops::function::FnOnce::call_once::h8aeac1a0f1916839
[INFO] [stdout]                                at /rustc/90b35a6239c3d8bdabc530a6a0816f7ff89a0aaf/library/core/src/ops/function.rs:250:5
[INFO] [stdout]   37:     0x616774ab000b - core::ops::function::FnOnce::call_once::h109cf8051a59b34e
[INFO] [stdout]                                at /rustc/90b35a6239c3d8bdabc530a6a0816f7ff89a0aaf/library/core/src/ops/function.rs:250:5
[INFO] [stdout]   38:     0x616774ab000b - test::__rust_begin_short_backtrace::hf4fff89d377446ba
[INFO] [stdout]                                at /rustc/90b35a6239c3d8bdabc530a6a0816f7ff89a0aaf/library/test/src/lib.rs:621:18
[INFO] [stdout]   39:     0x616774aaf847 - test::run_test_in_process::{{closure}}::h0e39181dd7ee5a43
[INFO] [stdout]                                at /rustc/90b35a6239c3d8bdabc530a6a0816f7ff89a0aaf/library/test/src/lib.rs:644:60
[INFO] [stdout]   40:     0x616774aaf847 - <core::panic::unwind_safe::AssertUnwindSafe<F> as core::ops::function::FnOnce<()>>::call_once::hc5a66a30f0bdfd1f
[INFO] [stdout]                                at /rustc/90b35a6239c3d8bdabc530a6a0816f7ff89a0aaf/library/core/src/panic/unwind_safe.rs:272:9
[INFO] [stdout]   41:     0x616774aaf847 - std::panicking::try::do_call::h873b7cf639554a5e
[INFO] [stdout]                                at /rustc/90b35a6239c3d8bdabc530a6a0816f7ff89a0aaf/library/std/src/panicking.rs:557:40
[INFO] [stdout]   42:     0x616774aaf847 - std::panicking::try::hdb19862fad9c8bd1
[INFO] [stdout]                                at /rustc/90b35a6239c3d8bdabc530a6a0816f7ff89a0aaf/library/std/src/panicking.rs:520:19
[INFO] [stdout]   43:     0x616774aaf847 - std::panic::catch_unwind::h281fe732d236d260
[INFO] [stdout]                                at /rustc/90b35a6239c3d8bdabc530a6a0816f7ff89a0aaf/library/std/src/panic.rs:358:14
[INFO] [stdout]   44:     0x616774aaf847 - test::run_test_in_process::h949b6df8457ed338
[INFO] [stdout]                                at /rustc/90b35a6239c3d8bdabc530a6a0816f7ff89a0aaf/library/test/src/lib.rs:644:27
[INFO] [stdout]   45:     0x616774aaf847 - test::run_test::{{closure}}::h52c556a6d4740e10
[INFO] [stdout]                                at /rustc/90b35a6239c3d8bdabc530a6a0816f7ff89a0aaf/library/test/src/lib.rs:565:43
[INFO] [stdout]   46:     0x616774a74b24 - test::run_test::{{closure}}::h4237f6381c45ccb9
[INFO] [stdout]                                at /rustc/90b35a6239c3d8bdabc530a6a0816f7ff89a0aaf/library/test/src/lib.rs:595:41
[INFO] [stdout]   47:     0x616774a74b24 - std::sys::backtrace::__rust_begin_short_backtrace::h505c97a579eca628
[INFO] [stdout]                                at /rustc/90b35a6239c3d8bdabc530a6a0816f7ff89a0aaf/library/std/src/sys/backtrace.rs:154:18
[INFO] [stdout]   48:     0x616774a781ee - std::thread::Builder::spawn_unchecked_::{{closure}}::{{closure}}::h9e86b2e2bc107ea3
[INFO] [stdout]                                at /rustc/90b35a6239c3d8bdabc530a6a0816f7ff89a0aaf/library/std/src/thread/mod.rs:538:17
[INFO] [stdout]   49:     0x616774a781ee - <core::panic::unwind_safe::AssertUnwindSafe<F> as core::ops::function::FnOnce<()>>::call_once::h8b06ddb275ff4a25
[INFO] [stdout]                                at /rustc/90b35a6239c3d8bdabc530a6a0816f7ff89a0aaf/library/core/src/panic/unwind_safe.rs:272:9
[INFO] [stdout]   50:     0x616774a781ee - std::panicking::try::do_call::hb26ecd7cd9a9355d
[INFO] [stdout]                                at /rustc/90b35a6239c3d8bdabc530a6a0816f7ff89a0aaf/library/std/src/panicking.rs:557:40
[INFO] [stdout]   51:     0x616774a781ee - std::panicking::try::h8ddeca9d705f9069
[INFO] [stdout]                                at /rustc/90b35a6239c3d8bdabc530a6a0816f7ff89a0aaf/library/std/src/panicking.rs:520:19
[INFO] [stdout]   52:     0x616774a781ee - std::panic::catch_unwind::h49e1c33078844c46
[INFO] [stdout]                                at /rustc/90b35a6239c3d8bdabc530a6a0816f7ff89a0aaf/library/std/src/panic.rs:358:14
[INFO] [stdout]   53:     0x616774a781ee - std::thread::Builder::spawn_unchecked_::{{closure}}::h6073db6ff56ad35d
[INFO] [stdout]                                at /rustc/90b35a6239c3d8bdabc530a6a0816f7ff89a0aaf/library/std/src/thread/mod.rs:537:30
[INFO] [stdout]   54:     0x616774a781ee - core::ops::function::FnOnce::call_once{{vtable.shim}}::h2c5a5f3779c774f1
[INFO] [stdout]                                at /rustc/90b35a6239c3d8bdabc530a6a0816f7ff89a0aaf/library/core/src/ops/function.rs:250:5
[INFO] [stdout]   55:     0x6167751e3feb - <alloc::boxed::Box<F,A> as core::ops::function::FnOnce<Args>>::call_once::hf75717d9f28faebf
[INFO] [stdout]                                at /rustc/90b35a6239c3d8bdabc530a6a0816f7ff89a0aaf/library/alloc/src/boxed.rs:2454:9
[INFO] [stdout]   56:     0x6167751e3feb - <alloc::boxed::Box<F,A> as core::ops::function::FnOnce<Args>>::call_once::h7bd883a5f3c5f3c1
[INFO] [stdout]                                at /rustc/90b35a6239c3d8bdabc530a6a0816f7ff89a0aaf/library/alloc/src/boxed.rs:2454:9
[INFO] [stdout]   57:     0x6167751e3feb - std::sys::pal::unix::thread::Thread::new::thread_start::hcc78f3943333fa94
[INFO] [stdout]                                at /rustc/90b35a6239c3d8bdabc530a6a0816f7ff89a0aaf/library/std/src/sys/pal/unix/thread.rs:105:17
[INFO] [stdout]   58:     0x73271c13aac3 - <unknown>
[INFO] [stdout]   59:     0x73271c1cba04 - clone
[INFO] [stdout]   60:                0x0 - <unknown>
[INFO] [stdout] 
[INFO] [stdout] 
[INFO] [stdout] failures:
[INFO] [stdout]     tests::test_file_download
[INFO] [stdout]     tests::test_file_upload
[INFO] [stdout]     tests::test_path_traversal
[INFO] [stdout]     tests::test_special_chars
[INFO] [stdout] 
[INFO] [stdout] test result: FAILED. 3 passed; 4 failed; 0 ignored; 0 measured; 0 filtered out; finished in 0.10s
[INFO] [stdout] 
[INFO] [stderr] error: test failed, to rerun pass `--bin rhttpfile`
[INFO] running `Command { std: "docker" "inspect" "674333eccadfd6b08b22fb763283b23cd3e158a476766fe599696d0964e4f3f8", kill_on_drop: false }`
[INFO] running `Command { std: "docker" "rm" "-f" "674333eccadfd6b08b22fb763283b23cd3e158a476766fe599696d0964e4f3f8", kill_on_drop: false }`
[INFO] [stdout] 674333eccadfd6b08b22fb763283b23cd3e158a476766fe599696d0964e4f3f8
