[INFO] cloning repository https://github.com/tsoutsman/mdls
[INFO] running `Command { std: "git" "-c" "credential.helper=" "-c" "credential.helper=/workspace/cargo-home/bin/git-credential-null" "clone" "--bare" "https://github.com/tsoutsman/mdls" "/workspace/cache/git-repos/https%3A%2F%2Fgithub.com%2Ftsoutsman%2Fmdls", kill_on_drop: false }`
[INFO] [stderr] Cloning into bare repository '/workspace/cache/git-repos/https%3A%2F%2Fgithub.com%2Ftsoutsman%2Fmdls'...
[INFO] running `Command { std: "git" "rev-parse" "HEAD", kill_on_drop: false }`
[INFO] [stdout] 3360f06e3d39d70d67843463ccbba0ee3606b7b0
[INFO] testing tsoutsman/mdls against 1.83.0 for beta-1.84.0-4-retry
[INFO] running `Command { std: "git" "clone" "/workspace/cache/git-repos/https%3A%2F%2Fgithub.com%2Ftsoutsman%2Fmdls" "/workspace/builds/worker-7-tc1/source", kill_on_drop: false }`
[INFO] [stderr] Cloning into '/workspace/builds/worker-7-tc1/source'...
[INFO] [stderr] done.
[INFO] validating manifest of git repo https://github.com/tsoutsman/mdls on toolchain 1.83.0
[INFO] running `Command { std: CARGO_HOME="/workspace/cargo-home" RUSTUP_HOME="/workspace/rustup-home" "/workspace/cargo-home/bin/cargo" "+1.83.0" "metadata" "--manifest-path" "Cargo.toml" "--no-deps", kill_on_drop: false }`
[INFO] started tweaking git repo https://github.com/tsoutsman/mdls
[INFO] finished tweaking git repo https://github.com/tsoutsman/mdls
[INFO] tweaked toml for git repo https://github.com/tsoutsman/mdls written to /workspace/builds/worker-7-tc1/source/Cargo.toml
[INFO] crate git repo https://github.com/tsoutsman/mdls already has a lockfile, it will not be regenerated
[INFO] running `Command { std: CARGO_HOME="/workspace/cargo-home" RUSTUP_HOME="/workspace/rustup-home" "/workspace/cargo-home/bin/cargo" "+1.83.0" "fetch" "--manifest-path" "Cargo.toml", kill_on_drop: false }`
[INFO] [stderr]     Updating crates.io index
[INFO] [stderr]  Downloading crates ...
[INFO] [stderr]   Downloaded ra_ap_text_edit v0.0.123
[INFO] [stderr]   Downloaded lsp-types v0.93.0
[INFO] [stderr]   Downloaded ra_ap_lsp-server v0.0.123
[INFO] running `Command { std: "docker" "create" "-v" "/var/lib/crater-agent-workspace/builds/worker-7-tc1/target:/opt/rustwide/target:rw,Z" "-v" "/var/lib/crater-agent-workspace/builds/worker-7-tc1/source:/opt/rustwide/workdir:ro,Z" "-v" "/var/lib/crater-agent-workspace/cargo-home:/opt/rustwide/cargo-home:ro,Z" "-v" "/var/lib/crater-agent-workspace/rustup-home:/opt/rustwide/rustup-home:ro,Z" "-e" "SOURCE_DIR=/opt/rustwide/workdir" "-e" "CARGO_TARGET_DIR=/opt/rustwide/target" "-e" "CARGO_HOME=/opt/rustwide/cargo-home" "-e" "RUSTUP_HOME=/opt/rustwide/rustup-home" "-w" "/opt/rustwide/workdir" "-m" "1610612736" "--user" "0:0" "--network" "none" "ghcr.io/rust-lang/crates-build-env/linux@sha256:f3a9d4ad9d972b27faf3965f35b62e55ba32bbce8f20bc8fe909558a86702fde" "/opt/rustwide/cargo-home/bin/cargo" "+1.83.0" "metadata" "--no-deps" "--format-version=1", kill_on_drop: false }`
[INFO] [stdout] 5454a1d466f4440547287775be521d2fc950133647ba063683b5a87957b486ca
[INFO] running `Command { std: "docker" "start" "-a" "5454a1d466f4440547287775be521d2fc950133647ba063683b5a87957b486ca", kill_on_drop: false }`
[INFO] running `Command { std: "docker" "inspect" "5454a1d466f4440547287775be521d2fc950133647ba063683b5a87957b486ca", kill_on_drop: false }`
[INFO] running `Command { std: "docker" "rm" "-f" "5454a1d466f4440547287775be521d2fc950133647ba063683b5a87957b486ca", kill_on_drop: false }`
[INFO] [stdout] 5454a1d466f4440547287775be521d2fc950133647ba063683b5a87957b486ca
[INFO] running `Command { std: "docker" "create" "-v" "/var/lib/crater-agent-workspace/builds/worker-7-tc1/target:/opt/rustwide/target:rw,Z" "-v" "/var/lib/crater-agent-workspace/builds/worker-7-tc1/source:/opt/rustwide/workdir:ro,Z" "-v" "/var/lib/crater-agent-workspace/cargo-home:/opt/rustwide/cargo-home:ro,Z" "-v" "/var/lib/crater-agent-workspace/rustup-home:/opt/rustwide/rustup-home:ro,Z" "-e" "SOURCE_DIR=/opt/rustwide/workdir" "-e" "CARGO_TARGET_DIR=/opt/rustwide/target" "-e" "CARGO_INCREMENTAL=0" "-e" "RUST_BACKTRACE=full" "-e" "RUSTFLAGS=--cap-lints=warn" "-e" "RUSTDOCFLAGS=--cap-lints=warn" "-e" "CARGO_HOME=/opt/rustwide/cargo-home" "-e" "RUSTUP_HOME=/opt/rustwide/rustup-home" "-w" "/opt/rustwide/workdir" "-m" "1610612736" "--user" "0:0" "--network" "none" "ghcr.io/rust-lang/crates-build-env/linux@sha256:f3a9d4ad9d972b27faf3965f35b62e55ba32bbce8f20bc8fe909558a86702fde" "/opt/rustwide/cargo-home/bin/cargo" "+1.83.0" "build" "--frozen" "--message-format=json", kill_on_drop: false }`
[INFO] [stdout] c02963ae91cd128a17959b927f06e7559fb0b76ce17a31c521c48bc1abd10a89
[INFO] running `Command { std: "docker" "start" "-a" "c02963ae91cd128a17959b927f06e7559fb0b76ce17a31c521c48bc1abd10a89", kill_on_drop: false }`
[INFO] [stderr]    Compiling proc-macro2 v1.0.43
[INFO] [stderr]    Compiling unicode-ident v1.0.3
[INFO] [stderr]    Compiling quote v1.0.21
[INFO] [stderr]    Compiling once_cell v1.13.0
[INFO] [stderr]    Compiling syn v1.0.99
[INFO] [stderr]    Compiling memchr v2.5.0
[INFO] [stderr]    Compiling libc v0.2.127
[INFO] [stderr]    Compiling serde_derive v1.0.142
[INFO] [stderr]    Compiling serde v1.0.142
[INFO] [stderr]    Compiling log v0.4.17
[INFO] [stderr]    Compiling tinyvec_macros v0.1.0
[INFO] [stderr]    Compiling regex-syntax v0.6.27
[INFO] [stderr]    Compiling itoa v1.0.3
[INFO] [stderr]    Compiling crossbeam-utils v0.8.11
[INFO] [stderr]    Compiling serde_json v1.0.83
[INFO] [stderr]    Compiling matches v0.1.9
[INFO] [stderr]    Compiling tinyvec v1.6.0
[INFO] [stderr]    Compiling ahash v0.7.6
[INFO] [stderr]    Compiling unicase v2.6.0
[INFO] [stderr]    Compiling unicode-bidi v0.3.8
[INFO] [stderr]    Compiling tracing-core v0.1.29
[INFO] [stderr]    Compiling ryu v1.0.11
[INFO] [stderr]    Compiling unicode-width v0.1.9
[INFO] [stderr]    Compiling percent-encoding v2.1.0
[INFO] [stderr]    Compiling thread_local v1.1.4
[INFO] [stderr]    Compiling sharded-slab v0.1.4
[INFO] [stderr]    Compiling smallvec v1.9.0
[INFO] [stderr]    Compiling num_threads v0.1.6
[INFO] [stderr]    Compiling ansi_term v0.12.1
[INFO] [stderr]    Compiling form_urlencoded v1.0.1
[INFO] [stderr]    Compiling either v1.7.0
[INFO] [stderr]    Compiling pulldown-cmark v0.9.2
[INFO] [stderr]    Compiling getopts v0.2.21
[INFO] [stderr]    Compiling aho-corasick v0.7.18
[INFO] [stderr]    Compiling tracing-log v0.1.3
[INFO] [stderr]    Compiling crossbeam-channel v0.5.6
[INFO] [stderr]    Compiling itertools v0.10.3
[INFO] [stderr]    Compiling smawk v0.3.1
[INFO] [stderr]    Compiling getrandom v0.2.7
[INFO] [stderr]    Compiling time v0.3.12
[INFO] [stderr]    Compiling pin-project-lite v0.2.9
[INFO] [stderr]    Compiling text-size v1.1.0
[INFO] [stderr]    Compiling dissimilar v1.0.4
[INFO] [stderr]    Compiling hashbrown v0.12.3
[INFO] [stderr]    Compiling unicode-normalization v0.1.21
[INFO] [stderr]    Compiling tracing-subscriber v0.3.15
[INFO] [stderr]    Compiling idna v0.2.3
[INFO] [stderr]    Compiling ra_ap_text_edit v0.0.123
[INFO] [stderr]    Compiling regex v1.6.0
[INFO] [stderr]    Compiling tracing-appender v0.2.2
[INFO] [stderr]    Compiling unicode-linebreak v0.1.2
[INFO] [stderr]    Compiling textwrap v0.15.0
[INFO] [stderr]    Compiling tracing-attributes v0.1.22
[INFO] [stderr]    Compiling serde_repr v0.1.9
[INFO] [stderr]    Compiling tracing v0.1.36
[INFO] [stderr]    Compiling url v2.2.2
[INFO] [stderr]    Compiling ra_ap_lsp-server v0.0.123
[INFO] [stderr]    Compiling lsp-types v0.93.0
[INFO] [stderr]    Compiling mmdls v0.1.0 (/opt/rustwide/workdir)
[INFO] [stdout] warning: variable `is_item_start` is assigned to, but never used
[INFO] [stdout]   --> src/fmt.rs:16:13
[INFO] [stdout]    |
[INFO] [stdout] 16 |     let mut is_item_start = false;
[INFO] [stdout]    |             ^^^^^^^^^^^^^
[INFO] [stdout]    |
[INFO] [stdout]    = note: consider using `_is_item_start` instead
[INFO] [stdout] note: the lint level is defined here
[INFO] [stdout]   --> src/lib.rs:16:5
[INFO] [stdout]    |
[INFO] [stdout] 16 |     unused,
[INFO] [stdout]    |     ^^^^^^
[INFO] [stdout]    = note: `#[warn(unused_variables)]` implied by `#[warn(unused)]`
[INFO] [stdout] 
[INFO] [stdout] 
[INFO] [stdout] warning: value assigned to `is_item_start` is never read
[INFO] [stdout]   --> src/fmt.rs:70:21
[INFO] [stdout]    |
[INFO] [stdout] 70 |                     is_item_start = true;
[INFO] [stdout]    |                     ^^^^^^^^^^^^^
[INFO] [stdout]    |
[INFO] [stdout]    = help: maybe it is overwritten before being read?
[INFO] [stdout]    = note: `#[warn(unused_assignments)]` implied by `#[warn(unused)]`
[INFO] [stdout] 
[INFO] [stdout] 
[INFO] [stdout] warning: value assigned to `is_item_start` is never read
[INFO] [stdout]    --> src/fmt.rs:150:17
[INFO] [stdout]     |
[INFO] [stdout] 150 |                 is_item_start = false;
[INFO] [stdout]     |                 ^^^^^^^^^^^^^
[INFO] [stdout]     |
[INFO] [stdout]     = help: maybe it is overwritten before being read?
[INFO] [stdout] 
[INFO] [stdout] 
[INFO] [stdout] warning: value assigned to `is_item_start` is never read
[INFO] [stdout]    --> src/fmt.rs:160:17
[INFO] [stdout]     |
[INFO] [stdout] 160 |                 is_item_start = false;
[INFO] [stdout]     |                 ^^^^^^^^^^^^^
[INFO] [stdout]     |
[INFO] [stdout]     = help: maybe it is overwritten before being read?
[INFO] [stdout] 
[INFO] [stdout] 
[INFO] [stdout] warning: value assigned to `is_item_start` is never read
[INFO] [stdout]    --> src/fmt.rs:165:17
[INFO] [stdout]     |
[INFO] [stdout] 165 |                 is_item_start = false;
[INFO] [stdout]     |                 ^^^^^^^^^^^^^
[INFO] [stdout]     |
[INFO] [stdout]     = help: maybe it is overwritten before being read?
[INFO] [stdout] 
[INFO] [stdout] 
[INFO] [stderr]     Finished `dev` profile [unoptimized + debuginfo] target(s) in 38.39s
[INFO] running `Command { std: "docker" "inspect" "c02963ae91cd128a17959b927f06e7559fb0b76ce17a31c521c48bc1abd10a89", kill_on_drop: false }`
[INFO] running `Command { std: "docker" "rm" "-f" "c02963ae91cd128a17959b927f06e7559fb0b76ce17a31c521c48bc1abd10a89", kill_on_drop: false }`
[INFO] [stdout] c02963ae91cd128a17959b927f06e7559fb0b76ce17a31c521c48bc1abd10a89
[INFO] running `Command { std: "docker" "create" "-v" "/var/lib/crater-agent-workspace/builds/worker-7-tc1/target:/opt/rustwide/target:rw,Z" "-v" "/var/lib/crater-agent-workspace/builds/worker-7-tc1/source:/opt/rustwide/workdir:ro,Z" "-v" "/var/lib/crater-agent-workspace/cargo-home:/opt/rustwide/cargo-home:ro,Z" "-v" "/var/lib/crater-agent-workspace/rustup-home:/opt/rustwide/rustup-home:ro,Z" "-e" "SOURCE_DIR=/opt/rustwide/workdir" "-e" "CARGO_TARGET_DIR=/opt/rustwide/target" "-e" "CARGO_INCREMENTAL=0" "-e" "RUST_BACKTRACE=full" "-e" "RUSTFLAGS=--cap-lints=warn" "-e" "RUSTDOCFLAGS=--cap-lints=warn" "-e" "CARGO_HOME=/opt/rustwide/cargo-home" "-e" "RUSTUP_HOME=/opt/rustwide/rustup-home" "-w" "/opt/rustwide/workdir" "-m" "1610612736" "--user" "0:0" "--network" "none" "ghcr.io/rust-lang/crates-build-env/linux@sha256:f3a9d4ad9d972b27faf3965f35b62e55ba32bbce8f20bc8fe909558a86702fde" "/opt/rustwide/cargo-home/bin/cargo" "+1.83.0" "test" "--frozen" "--no-run" "--message-format=json", kill_on_drop: false }`
[INFO] [stdout] f031a6674a5c64b3981b7dbab491cb58248a254bf6819ceb34e9b3d7cd9d3849
[INFO] running `Command { std: "docker" "start" "-a" "f031a6674a5c64b3981b7dbab491cb58248a254bf6819ceb34e9b3d7cd9d3849", kill_on_drop: false }`
[INFO] [stderr]    Compiling mmdls v0.1.0 (/opt/rustwide/workdir)
[INFO] [stdout] warning: variable `is_item_start` is assigned to, but never used
[INFO] [stdout]   --> src/fmt.rs:16:13
[INFO] [stdout]    |
[INFO] [stdout] 16 |     let mut is_item_start = false;
[INFO] [stdout]    |             ^^^^^^^^^^^^^
[INFO] [stdout]    |
[INFO] [stdout]    = note: consider using `_is_item_start` instead
[INFO] [stdout] note: the lint level is defined here
[INFO] [stdout]   --> src/lib.rs:16:5
[INFO] [stdout]    |
[INFO] [stdout] 16 |     unused,
[INFO] [stdout]    |     ^^^^^^
[INFO] [stdout]    = note: `#[warn(unused_variables)]` implied by `#[warn(unused)]`
[INFO] [stdout] 
[INFO] [stdout] 
[INFO] [stdout] warning: value assigned to `is_item_start` is never read
[INFO] [stdout]   --> src/fmt.rs:70:21
[INFO] [stdout]    |
[INFO] [stdout] 70 |                     is_item_start = true;
[INFO] [stdout]    |                     ^^^^^^^^^^^^^
[INFO] [stdout]    |
[INFO] [stdout]    = help: maybe it is overwritten before being read?
[INFO] [stdout]    = note: `#[warn(unused_assignments)]` implied by `#[warn(unused)]`
[INFO] [stdout] 
[INFO] [stdout] 
[INFO] [stdout] warning: value assigned to `is_item_start` is never read
[INFO] [stdout]    --> src/fmt.rs:150:17
[INFO] [stdout]     |
[INFO] [stdout] 150 |                 is_item_start = false;
[INFO] [stdout]     |                 ^^^^^^^^^^^^^
[INFO] [stdout]     |
[INFO] [stdout]     = help: maybe it is overwritten before being read?
[INFO] [stdout] 
[INFO] [stdout] 
[INFO] [stdout] warning: value assigned to `is_item_start` is never read
[INFO] [stdout]    --> src/fmt.rs:160:17
[INFO] [stdout]     |
[INFO] [stdout] 160 |                 is_item_start = false;
[INFO] [stdout]     |                 ^^^^^^^^^^^^^
[INFO] [stdout]     |
[INFO] [stdout]     = help: maybe it is overwritten before being read?
[INFO] [stdout] 
[INFO] [stdout] 
[INFO] [stdout] warning: value assigned to `is_item_start` is never read
[INFO] [stdout]    --> src/fmt.rs:165:17
[INFO] [stdout]     |
[INFO] [stdout] 165 |                 is_item_start = false;
[INFO] [stdout]     |                 ^^^^^^^^^^^^^
[INFO] [stdout]     |
[INFO] [stdout]     = help: maybe it is overwritten before being read?
[INFO] [stdout] 
[INFO] [stdout] 
[INFO] [stdout] warning: variable `is_item_start` is assigned to, but never used
[INFO] [stdout]   --> src/fmt.rs:16:13
[INFO] [stdout]    |
[INFO] [stdout] 16 |     let mut is_item_start = false;
[INFO] [stdout]    |             ^^^^^^^^^^^^^
[INFO] [stdout]    |
[INFO] [stdout]    = note: consider using `_is_item_start` instead
[INFO] [stdout] note: the lint level is defined here
[INFO] [stdout]   --> src/lib.rs:16:5
[INFO] [stdout]    |
[INFO] [stdout] 16 |     unused,
[INFO] [stdout]    |     ^^^^^^
[INFO] [stdout]    = note: `#[warn(unused_variables)]` implied by `#[warn(unused)]`
[INFO] [stdout] 
[INFO] [stdout] 
[INFO] [stdout] warning: value assigned to `is_item_start` is never read
[INFO] [stdout]   --> src/fmt.rs:70:21
[INFO] [stdout]    |
[INFO] [stdout] 70 |                     is_item_start = true;
[INFO] [stdout]    |                     ^^^^^^^^^^^^^
[INFO] [stdout]    |
[INFO] [stdout]    = help: maybe it is overwritten before being read?
[INFO] [stdout]    = note: `#[warn(unused_assignments)]` implied by `#[warn(unused)]`
[INFO] [stdout] 
[INFO] [stdout] 
[INFO] [stdout] warning: value assigned to `is_item_start` is never read
[INFO] [stdout]    --> src/fmt.rs:150:17
[INFO] [stdout]     |
[INFO] [stdout] 150 |                 is_item_start = false;
[INFO] [stdout]     |                 ^^^^^^^^^^^^^
[INFO] [stdout]     |
[INFO] [stdout]     = help: maybe it is overwritten before being read?
[INFO] [stdout] 
[INFO] [stdout] 
[INFO] [stdout] warning: value assigned to `is_item_start` is never read
[INFO] [stdout]    --> src/fmt.rs:160:17
[INFO] [stdout]     |
[INFO] [stdout] 160 |                 is_item_start = false;
[INFO] [stdout]     |                 ^^^^^^^^^^^^^
[INFO] [stdout]     |
[INFO] [stdout]     = help: maybe it is overwritten before being read?
[INFO] [stdout] 
[INFO] [stdout] 
[INFO] [stdout] warning: value assigned to `is_item_start` is never read
[INFO] [stdout]    --> src/fmt.rs:165:17
[INFO] [stdout]     |
[INFO] [stdout] 165 |                 is_item_start = false;
[INFO] [stdout]     |                 ^^^^^^^^^^^^^
[INFO] [stdout]     |
[INFO] [stdout]     = help: maybe it is overwritten before being read?
[INFO] [stdout] 
[INFO] [stdout] 
[INFO] [stderr]     Finished `test` profile [unoptimized + debuginfo] target(s) in 1.77s
[INFO] running `Command { std: "docker" "inspect" "f031a6674a5c64b3981b7dbab491cb58248a254bf6819ceb34e9b3d7cd9d3849", kill_on_drop: false }`
[INFO] running `Command { std: "docker" "rm" "-f" "f031a6674a5c64b3981b7dbab491cb58248a254bf6819ceb34e9b3d7cd9d3849", kill_on_drop: false }`
[INFO] [stdout] f031a6674a5c64b3981b7dbab491cb58248a254bf6819ceb34e9b3d7cd9d3849
[INFO] running `Command { std: "docker" "create" "-v" "/var/lib/crater-agent-workspace/builds/worker-7-tc1/target:/opt/rustwide/target:rw,Z" "-v" "/var/lib/crater-agent-workspace/builds/worker-7-tc1/source:/opt/rustwide/workdir:ro,Z" "-v" "/var/lib/crater-agent-workspace/cargo-home:/opt/rustwide/cargo-home:ro,Z" "-v" "/var/lib/crater-agent-workspace/rustup-home:/opt/rustwide/rustup-home:ro,Z" "-e" "SOURCE_DIR=/opt/rustwide/workdir" "-e" "CARGO_TARGET_DIR=/opt/rustwide/target" "-e" "CARGO_INCREMENTAL=0" "-e" "RUST_BACKTRACE=full" "-e" "RUSTFLAGS=--cap-lints=warn" "-e" "RUSTDOCFLAGS=--cap-lints=warn" "-e" "CARGO_HOME=/opt/rustwide/cargo-home" "-e" "RUSTUP_HOME=/opt/rustwide/rustup-home" "-w" "/opt/rustwide/workdir" "-m" "1610612736" "--user" "0:0" "--network" "none" "ghcr.io/rust-lang/crates-build-env/linux@sha256:f3a9d4ad9d972b27faf3965f35b62e55ba32bbce8f20bc8fe909558a86702fde" "/opt/rustwide/cargo-home/bin/cargo" "+1.83.0" "test" "--frozen", kill_on_drop: false }`
[INFO] [stdout] 198d6748f0c22a60cab7a5e90bfe839888c0c8ea7e4b970976984f1efaf6593b
[INFO] running `Command { std: "docker" "start" "-a" "198d6748f0c22a60cab7a5e90bfe839888c0c8ea7e4b970976984f1efaf6593b", kill_on_drop: false }`
[INFO] [stderr] warning: variable `is_item_start` is assigned to, but never used
[INFO] [stderr]   --> src/fmt.rs:16:13
[INFO] [stderr]    |
[INFO] [stderr] 16 |     let mut is_item_start = false;
[INFO] [stderr]    |             ^^^^^^^^^^^^^
[INFO] [stderr]    |
[INFO] [stderr]    = note: consider using `_is_item_start` instead
[INFO] [stderr] note: the lint level is defined here
[INFO] [stderr]   --> src/lib.rs:16:5
[INFO] [stderr]    |
[INFO] [stderr] 16 |     unused,
[INFO] [stderr]    |     ^^^^^^
[INFO] [stderr]    = note: `#[warn(unused_variables)]` implied by `#[warn(unused)]`
[INFO] [stderr] 
[INFO] [stderr] warning: value assigned to `is_item_start` is never read
[INFO] [stderr]   --> src/fmt.rs:70:21
[INFO] [stderr]    |
[INFO] [stderr] 70 |                     is_item_start = true;
[INFO] [stderr]    |                     ^^^^^^^^^^^^^
[INFO] [stderr]    |
[INFO] [stderr]    = help: maybe it is overwritten before being read?
[INFO] [stderr]    = note: `#[warn(unused_assignments)]` implied by `#[warn(unused)]`
[INFO] [stderr] 
[INFO] [stderr] warning: value assigned to `is_item_start` is never read
[INFO] [stderr]    --> src/fmt.rs:150:17
[INFO] [stderr]     |
[INFO] [stderr] 150 |                 is_item_start = false;
[INFO] [stderr]     |                 ^^^^^^^^^^^^^
[INFO] [stderr]     |
[INFO] [stderr]     = help: maybe it is overwritten before being read?
[INFO] [stderr] 
[INFO] [stderr] warning: value assigned to `is_item_start` is never read
[INFO] [stderr]    --> src/fmt.rs:160:17
[INFO] [stderr]     |
[INFO] [stderr] 160 |                 is_item_start = false;
[INFO] [stderr]     |                 ^^^^^^^^^^^^^
[INFO] [stderr]     |
[INFO] [stderr]     = help: maybe it is overwritten before being read?
[INFO] [stderr] 
[INFO] [stderr] warning: value assigned to `is_item_start` is never read
[INFO] [stderr]    --> src/fmt.rs:165:17
[INFO] [stderr]     |
[INFO] [stderr] 165 |                 is_item_start = false;
[INFO] [stderr]     |                 ^^^^^^^^^^^^^
[INFO] [stderr]     |
[INFO] [stderr]     = help: maybe it is overwritten before being read?
[INFO] [stderr] 
[INFO] [stderr] warning: `mmdls` (lib) generated 5 warnings
[INFO] [stderr] warning: `mmdls` (lib test) generated 5 warnings (5 duplicates)
[INFO] [stderr]     Finished `test` profile [unoptimized + debuginfo] target(s) in 0.08s
[INFO] [stderr]      Running unittests src/lib.rs (/opt/rustwide/target/debug/deps/mmdls-761678fb43b2a164)
[INFO] [stdout] 
[INFO] [stdout] running 7 tests
[INFO] [stdout] test index::tests::test_line_index ... ok
[INFO] [stdout] test index::tests::test_splitlines ... ok
[INFO] [stdout] test index::tests::test_empty_index ... ok
[INFO] [stdout] test index::tests::test_single_char ... ok
[INFO] [stdout] test index::tests::test_string ... ok
[INFO] [stdout] test index::tests::test_char_len ... ok
[INFO] [stdout] test fmt::tests::test_list_fmt ... FAILED
[INFO] [stdout] 
[INFO] [stdout] failures:
[INFO] [stdout] 
[INFO] [stdout] ---- fmt::tests::test_list_fmt stdout ----
[INFO] [stdout] entering list
[INFO] [stdout] entering item
[INFO] [stdout] pushing paragraph: Borrowed("hello creauh arlochu reclaoh urclao huroaelhu rclaoehu rcleoah urlcoaeh urlcoae hurloeah urlcoea hurlcaoeh ulrcaoe hulrcoea hulrcaoe hurlcoe aeocluhaoelrcuh oareclu hrloacu hrocaleu hroalcu haorcel u")
[INFO] [stdout] pushing paragraph: Borrowed("rcoeahu alrcohu lraceouh lrcaeohulrcaohu lrcaoehu lrcaeohurlcaoe rlucoah elcruh oaelcruh aorlch ulrcoeah ucrl")
[INFO] [stdout] exiting item
[INFO] [stdout] entering item
[INFO] [stdout] pushing paragraph: Borrowed("hello")
[INFO] [stdout] exiting item
[INFO] [stdout] entering item
[INFO] [stdout] pushing paragraph: Borrowed("goodbye")
[INFO] [stdout] exiting item
[INFO] [stdout] exiting list: 0
[INFO] [stdout] pushing paragraph: Borrowed("she sells seashells")
[INFO] [stdout] pushing paragraph: Borrowed("by the seashore")
[INFO] [stdout] thread 'fmt::tests::test_list_fmt' panicked at src/fmt.rs:181:5:
[INFO] [stdout] - 
[INFO] [stdout] hello creauh arlochu reclaoh urclao huroaelhu rclaoehu rcleoah urlcoaeh urlcoae
[INFO] [stdout]   hurloeah urlcoea hurlcaoeh ulrcaoe hulrcoea hulrcaoe hurlcoe aeocluhaoelrcuh
[INFO] [stdout]   oareclu hrloacu hrocaleu hroalcu haorcel u
[INFO] [stdout] 
[INFO] [stdout] rcoeahu alrcohu lraceouh lrcaeohulrcaohu lrcaoehu lrcaeohurlcaoe rlucoah elcruh
[INFO] [stdout]   oaelcruh aorlch ulrcoeah ucrl
[INFO] [stdout] 
[INFO] [stdout] - 
[INFO] [stdout] hello
[INFO] [stdout] 
[INFO] [stdout] - 
[INFO] [stdout] goodbye
[INFO] [stdout] 
[INFO] [stdout] 
[INFO] [stdout] she sells seashells by the seashore
[INFO] [stdout] 
[INFO] [stdout] stack backtrace:
[INFO] [stdout]    0:     0x56fddfff364a - std::backtrace_rs::backtrace::libunwind::trace::h5a5b8284f2d0c266
[INFO] [stdout]                                at /rustc/90b35a6239c3d8bdabc530a6a0816f7ff89a0aaf/library/std/src/../../backtrace/src/backtrace/libunwind.rs:116:5
[INFO] [stdout]    1:     0x56fddfff364a - std::backtrace_rs::backtrace::trace_unsynchronized::h76d4f1c9b0b875e3
[INFO] [stdout]                                at /rustc/90b35a6239c3d8bdabc530a6a0816f7ff89a0aaf/library/std/src/../../backtrace/src/backtrace/mod.rs:66:5
[INFO] [stdout]    2:     0x56fddfff364a - std::sys::backtrace::_print_fmt::hc4546b8364a537c6
[INFO] [stdout]                                at /rustc/90b35a6239c3d8bdabc530a6a0816f7ff89a0aaf/library/std/src/sys/backtrace.rs:66:9
[INFO] [stdout]    3:     0x56fddfff364a - <std::sys::backtrace::BacktraceLock::print::DisplayBacktrace as core::fmt::Display>::fmt::h5b6bd5631a6d1f6b
[INFO] [stdout]                                at /rustc/90b35a6239c3d8bdabc530a6a0816f7ff89a0aaf/library/std/src/sys/backtrace.rs:39:26
[INFO] [stdout]    4:     0x56fde0018d83 - core::fmt::rt::Argument::fmt::h270f6602a2b96f62
[INFO] [stdout]                                at /rustc/90b35a6239c3d8bdabc530a6a0816f7ff89a0aaf/library/core/src/fmt/rt.rs:177:76
[INFO] [stdout]    5:     0x56fde0018d83 - core::fmt::write::h7550c97b06c86515
[INFO] [stdout]                                at /rustc/90b35a6239c3d8bdabc530a6a0816f7ff89a0aaf/library/core/src/fmt/mod.rs:1186:21
[INFO] [stdout]    6:     0x56fddfff0813 - std::io::Write::write_fmt::h509ff860e5956e5e
[INFO] [stdout]                                at /rustc/90b35a6239c3d8bdabc530a6a0816f7ff89a0aaf/library/std/src/io/mod.rs:1839:15
[INFO] [stdout]    7:     0x56fddfff3492 - std::sys::backtrace::BacktraceLock::print::h2395ccd2c84ba3aa
[INFO] [stdout]                                at /rustc/90b35a6239c3d8bdabc530a6a0816f7ff89a0aaf/library/std/src/sys/backtrace.rs:42:9
[INFO] [stdout]    8:     0x56fddfff4aaa - std::panicking::default_hook::{{closure}}::he19d4c7230e07961
[INFO] [stdout]                                at /rustc/90b35a6239c3d8bdabc530a6a0816f7ff89a0aaf/library/std/src/panicking.rs:268:22
[INFO] [stdout]    9:     0x56fddfff48b4 - std::panicking::default_hook::hf614597d3c67bbdb
[INFO] [stdout]                                at /rustc/90b35a6239c3d8bdabc530a6a0816f7ff89a0aaf/library/std/src/panicking.rs:292:9
[INFO] [stdout]   10:     0x56fddff59499 - <alloc::boxed::Box<F,A> as core::ops::function::Fn<Args>>::call::h39b51ce4599c23d1
[INFO] [stdout]                                at /rustc/90b35a6239c3d8bdabc530a6a0816f7ff89a0aaf/library/alloc/src/boxed.rs:2468:9
[INFO] [stdout]   11:     0x56fddff59499 - test::test_main::{{closure}}::he977ae839a582784
[INFO] [stdout]                                at /rustc/90b35a6239c3d8bdabc530a6a0816f7ff89a0aaf/library/test/src/lib.rs:133:21
[INFO] [stdout]   12:     0x56fddfff5148 - <alloc::boxed::Box<F,A> as core::ops::function::Fn<Args>>::call::h9455091b6b06f9fb
[INFO] [stdout]                                at /rustc/90b35a6239c3d8bdabc530a6a0816f7ff89a0aaf/library/alloc/src/boxed.rs:2468:9
[INFO] [stdout]   13:     0x56fddfff5148 - std::panicking::rust_panic_with_hook::h8942133a8b252070
[INFO] [stdout]                                at /rustc/90b35a6239c3d8bdabc530a6a0816f7ff89a0aaf/library/std/src/panicking.rs:809:13
[INFO] [stdout]   14:     0x56fddfff4f0a - std::panicking::begin_panic_handler::{{closure}}::hb5f5963570096b29
[INFO] [stdout]                                at /rustc/90b35a6239c3d8bdabc530a6a0816f7ff89a0aaf/library/std/src/panicking.rs:674:13
[INFO] [stdout]   15:     0x56fddfff3b29 - std::sys::backtrace::__rust_end_short_backtrace::h6208cedc1922feda
[INFO] [stdout]                                at /rustc/90b35a6239c3d8bdabc530a6a0816f7ff89a0aaf/library/std/src/sys/backtrace.rs:170:18
[INFO] [stdout]   16:     0x56fddfff4b9c - rust_begin_unwind
[INFO] [stdout]                                at /rustc/90b35a6239c3d8bdabc530a6a0816f7ff89a0aaf/library/std/src/panicking.rs:665:5
[INFO] [stdout]   17:     0x56fddfef6090 - core::panicking::panic_fmt::h0c3082644d1bf418
[INFO] [stdout]                                at /rustc/90b35a6239c3d8bdabc530a6a0816f7ff89a0aaf/library/core/src/panicking.rs:74:14
[INFO] [stdout]   18:     0x56fddff066c3 - core::panicking::panic_display::h0aeb0b868d958821
[INFO] [stdout]                                at /rustc/90b35a6239c3d8bdabc530a6a0816f7ff89a0aaf/library/core/src/panicking.rs:264:5
[INFO] [stdout]   19:     0x56fddff0a44a - mmdls::fmt::fmt::panic_cold_display::h0ad62c24cd8127e7
[INFO] [stdout]                                at /rustc/90b35a6239c3d8bdabc530a6a0816f7ff89a0aaf/library/core/src/panic.rs:100:13
[INFO] [stdout]   20:     0x56fddff0a3ce - mmdls::fmt::fmt::h19cdb5fb12fcde4f
[INFO] [stdout]                                at /opt/rustwide/workdir/src/fmt.rs:181:5
[INFO] [stdout]   21:     0x56fddfefb802 - mmdls::fmt::tests::test_list_fmt::h3df5b608f12786ed
[INFO] [stdout]                                at /opt/rustwide/workdir/src/fmt.rs:238:24
[INFO] [stdout]   22:     0x56fddfefb7b7 - mmdls::fmt::tests::test_list_fmt::{{closure}}::h2450f8cff3b0ed14
[INFO] [stdout]                                at /opt/rustwide/workdir/src/fmt.rs:224:23
[INFO] [stdout]   23:     0x56fddfef7406 - core::ops::function::FnOnce::call_once::h0739138b13f7cc61
[INFO] [stdout]                                at /rustc/90b35a6239c3d8bdabc530a6a0816f7ff89a0aaf/library/core/src/ops/function.rs:250:5
[INFO] [stdout]   24:     0x56fddff5de5b - core::ops::function::FnOnce::call_once::h109cf8051a59b34e
[INFO] [stdout]                                at /rustc/90b35a6239c3d8bdabc530a6a0816f7ff89a0aaf/library/core/src/ops/function.rs:250:5
[INFO] [stdout]   25:     0x56fddff5de5b - test::__rust_begin_short_backtrace::hf4fff89d377446ba
[INFO] [stdout]                                at /rustc/90b35a6239c3d8bdabc530a6a0816f7ff89a0aaf/library/test/src/lib.rs:621:18
[INFO] [stdout]   26:     0x56fddff5d697 - test::run_test_in_process::{{closure}}::h0e39181dd7ee5a43
[INFO] [stdout]                                at /rustc/90b35a6239c3d8bdabc530a6a0816f7ff89a0aaf/library/test/src/lib.rs:644:60
[INFO] [stdout]   27:     0x56fddff5d697 - <core::panic::unwind_safe::AssertUnwindSafe<F> as core::ops::function::FnOnce<()>>::call_once::hc5a66a30f0bdfd1f
[INFO] [stdout]                                at /rustc/90b35a6239c3d8bdabc530a6a0816f7ff89a0aaf/library/core/src/panic/unwind_safe.rs:272:9
[INFO] [stdout]   28:     0x56fddff5d697 - std::panicking::try::do_call::h873b7cf639554a5e
[INFO] [stdout]                                at /rustc/90b35a6239c3d8bdabc530a6a0816f7ff89a0aaf/library/std/src/panicking.rs:557:40
[INFO] [stdout]   29:     0x56fddff5d697 - std::panicking::try::hdb19862fad9c8bd1
[INFO] [stdout]                                at /rustc/90b35a6239c3d8bdabc530a6a0816f7ff89a0aaf/library/std/src/panicking.rs:520:19
[INFO] [stdout]   30:     0x56fddff5d697 - std::panic::catch_unwind::h281fe732d236d260
[INFO] [stdout]                                at /rustc/90b35a6239c3d8bdabc530a6a0816f7ff89a0aaf/library/std/src/panic.rs:358:14
[INFO] [stdout]   31:     0x56fddff5d697 - test::run_test_in_process::h949b6df8457ed338
[INFO] [stdout]                                at /rustc/90b35a6239c3d8bdabc530a6a0816f7ff89a0aaf/library/test/src/lib.rs:644:27
[INFO] [stdout]   32:     0x56fddff5d697 - test::run_test::{{closure}}::h52c556a6d4740e10
[INFO] [stdout]                                at /rustc/90b35a6239c3d8bdabc530a6a0816f7ff89a0aaf/library/test/src/lib.rs:565:43
[INFO] [stdout]   33:     0x56fddff22974 - test::run_test::{{closure}}::h4237f6381c45ccb9
[INFO] [stdout]                                at /rustc/90b35a6239c3d8bdabc530a6a0816f7ff89a0aaf/library/test/src/lib.rs:595:41
[INFO] [stdout]   34:     0x56fddff22974 - std::sys::backtrace::__rust_begin_short_backtrace::h505c97a579eca628
[INFO] [stdout]                                at /rustc/90b35a6239c3d8bdabc530a6a0816f7ff89a0aaf/library/std/src/sys/backtrace.rs:154:18
[INFO] [stdout]   35:     0x56fddff2603e - std::thread::Builder::spawn_unchecked_::{{closure}}::{{closure}}::h9e86b2e2bc107ea3
[INFO] [stdout]                                at /rustc/90b35a6239c3d8bdabc530a6a0816f7ff89a0aaf/library/std/src/thread/mod.rs:538:17
[INFO] [stdout]   36:     0x56fddff2603e - <core::panic::unwind_safe::AssertUnwindSafe<F> as core::ops::function::FnOnce<()>>::call_once::h8b06ddb275ff4a25
[INFO] [stdout]                                at /rustc/90b35a6239c3d8bdabc530a6a0816f7ff89a0aaf/library/core/src/panic/unwind_safe.rs:272:9
[INFO] [stdout]   37:     0x56fddff2603e - std::panicking::try::do_call::hb26ecd7cd9a9355d
[INFO] [stdout]                                at /rustc/90b35a6239c3d8bdabc530a6a0816f7ff89a0aaf/library/std/src/panicking.rs:557:40
[INFO] [stdout]   38:     0x56fddff2603e - std::panicking::try::h8ddeca9d705f9069
[INFO] [stdout]                                at /rustc/90b35a6239c3d8bdabc530a6a0816f7ff89a0aaf/library/std/src/panicking.rs:520:19
[INFO] [stdout]   39:     0x56fddff2603e - std::panic::catch_unwind::h49e1c33078844c46
[INFO] [stdout]                                at /rustc/90b35a6239c3d8bdabc530a6a0816f7ff89a0aaf/library/std/src/panic.rs:358:14
[INFO] [stdout]   40:     0x56fddff2603e - std::thread::Builder::spawn_unchecked_::{{closure}}::h6073db6ff56ad35d
[INFO] [stdout]                                at /rustc/90b35a6239c3d8bdabc530a6a0816f7ff89a0aaf/library/std/src/thread/mod.rs:537:30
[INFO] [stdout]   41:     0x56fddff2603e - core::ops::function::FnOnce::call_once{{vtable.shim}}::h2c5a5f3779c774f1
[INFO] [stdout]                                at /rustc/90b35a6239c3d8bdabc530a6a0816f7ff89a0aaf/library/core/src/ops/function.rs:250:5
[INFO] [stdout]   42:     0x56fddfff8e9b - <alloc::boxed::Box<F,A> as core::ops::function::FnOnce<Args>>::call_once::hf75717d9f28faebf
[INFO] [stdout]                                at /rustc/90b35a6239c3d8bdabc530a6a0816f7ff89a0aaf/library/alloc/src/boxed.rs:2454:9
[INFO] [stdout]   43:     0x56fddfff8e9b - <alloc::boxed::Box<F,A> as core::ops::function::FnOnce<Args>>::call_once::h7bd883a5f3c5f3c1
[INFO] [stdout]                                at /rustc/90b35a6239c3d8bdabc530a6a0816f7ff89a0aaf/library/alloc/src/boxed.rs:2454:9
[INFO] [stdout]   44:     0x56fddfff8e9b - std::sys::pal::unix::thread::Thread::new::thread_start::hcc78f3943333fa94
[INFO] [stdout]                                at /rustc/90b35a6239c3d8bdabc530a6a0816f7ff89a0aaf/library/std/src/sys/pal/unix/thread.rs:105:17
[INFO] [stdout]   45:     0x7b238dd6fac3 - <unknown>
[INFO] [stdout]   46:     0x7b238de00a04 - clone
[INFO] [stdout]   47:                0x0 - <unknown>
[INFO] [stdout] 
[INFO] [stdout] 
[INFO] [stdout] failures:
[INFO] [stdout]     fmt::tests::test_list_fmt
[INFO] [stdout] 
[INFO] [stdout] test result: FAILED. 6 passed; 1 failed; 0 ignored; 0 measured; 0 filtered out; finished in 0.03s
[INFO] [stdout] 
[INFO] [stderr] error: test failed, to rerun pass `--lib`
[INFO] running `Command { std: "docker" "inspect" "198d6748f0c22a60cab7a5e90bfe839888c0c8ea7e4b970976984f1efaf6593b", kill_on_drop: false }`
[INFO] running `Command { std: "docker" "rm" "-f" "198d6748f0c22a60cab7a5e90bfe839888c0c8ea7e4b970976984f1efaf6593b", kill_on_drop: false }`
[INFO] [stdout] 198d6748f0c22a60cab7a5e90bfe839888c0c8ea7e4b970976984f1efaf6593b
