[INFO] cloning repository https://github.com/tryashtar/nmu-rs
[INFO] running `Command { std: "git" "-c" "credential.helper=" "-c" "credential.helper=/workspace/cargo-home/bin/git-credential-null" "clone" "--bare" "https://github.com/tryashtar/nmu-rs" "/workspace/cache/git-repos/https%3A%2F%2Fgithub.com%2Ftryashtar%2Fnmu-rs", kill_on_drop: false }`
[INFO] [stderr] Cloning into bare repository '/workspace/cache/git-repos/https%3A%2F%2Fgithub.com%2Ftryashtar%2Fnmu-rs'...
[INFO] running `Command { std: "git" "rev-parse" "HEAD", kill_on_drop: false }`
[INFO] [stdout] bb1a676006e2157ee3b0671f47b31cfd8f80ca75
[INFO] testing tryashtar/nmu-rs against beta-2024-12-08 for beta-1.84.0-4-retry
[INFO] running `Command { std: "git" "clone" "/workspace/cache/git-repos/https%3A%2F%2Fgithub.com%2Ftryashtar%2Fnmu-rs" "/workspace/builds/worker-7-tc2/source", kill_on_drop: false }`
[INFO] [stderr] Cloning into '/workspace/builds/worker-7-tc2/source'...
[INFO] [stderr] done.
[INFO] validating manifest of git repo https://github.com/tryashtar/nmu-rs on toolchain beta-2024-12-08
[INFO] running `Command { std: CARGO_HOME="/workspace/cargo-home" RUSTUP_HOME="/workspace/rustup-home" "/workspace/cargo-home/bin/cargo" "+beta-2024-12-08" "metadata" "--manifest-path" "Cargo.toml" "--no-deps", kill_on_drop: false }`
[INFO] started tweaking git repo https://github.com/tryashtar/nmu-rs
[INFO] finished tweaking git repo https://github.com/tryashtar/nmu-rs
[INFO] tweaked toml for git repo https://github.com/tryashtar/nmu-rs written to /workspace/builds/worker-7-tc2/source/Cargo.toml
[INFO] crate git repo https://github.com/tryashtar/nmu-rs already has a lockfile, it will not be regenerated
[INFO] running `Command { std: CARGO_HOME="/workspace/cargo-home" RUSTUP_HOME="/workspace/rustup-home" "/workspace/cargo-home/bin/cargo" "+beta-2024-12-08" "fetch" "--manifest-path" "Cargo.toml", kill_on_drop: false }`
[INFO] running `Command { std: "docker" "create" "-v" "/var/lib/crater-agent-workspace/builds/worker-7-tc2/target:/opt/rustwide/target:rw,Z" "-v" "/var/lib/crater-agent-workspace/builds/worker-7-tc2/source:/opt/rustwide/workdir:ro,Z" "-v" "/var/lib/crater-agent-workspace/cargo-home:/opt/rustwide/cargo-home:ro,Z" "-v" "/var/lib/crater-agent-workspace/rustup-home:/opt/rustwide/rustup-home:ro,Z" "-e" "SOURCE_DIR=/opt/rustwide/workdir" "-e" "CARGO_TARGET_DIR=/opt/rustwide/target" "-e" "CARGO_HOME=/opt/rustwide/cargo-home" "-e" "RUSTUP_HOME=/opt/rustwide/rustup-home" "-w" "/opt/rustwide/workdir" "-m" "1610612736" "--user" "0:0" "--network" "none" "ghcr.io/rust-lang/crates-build-env/linux@sha256:f3a9d4ad9d972b27faf3965f35b62e55ba32bbce8f20bc8fe909558a86702fde" "/opt/rustwide/cargo-home/bin/cargo" "+beta-2024-12-08" "metadata" "--no-deps" "--format-version=1", kill_on_drop: false }`
[INFO] [stdout] 0973164cd0c2a84f8ae726617712c8f6f43aa3afcecb76d9c0430fe13d5bc963
[INFO] running `Command { std: "docker" "start" "-a" "0973164cd0c2a84f8ae726617712c8f6f43aa3afcecb76d9c0430fe13d5bc963", kill_on_drop: false }`
[INFO] running `Command { std: "docker" "inspect" "0973164cd0c2a84f8ae726617712c8f6f43aa3afcecb76d9c0430fe13d5bc963", kill_on_drop: false }`
[INFO] running `Command { std: "docker" "rm" "-f" "0973164cd0c2a84f8ae726617712c8f6f43aa3afcecb76d9c0430fe13d5bc963", kill_on_drop: false }`
[INFO] [stdout] 0973164cd0c2a84f8ae726617712c8f6f43aa3afcecb76d9c0430fe13d5bc963
[INFO] running `Command { std: "docker" "create" "-v" "/var/lib/crater-agent-workspace/builds/worker-7-tc2/target:/opt/rustwide/target:rw,Z" "-v" "/var/lib/crater-agent-workspace/builds/worker-7-tc2/source:/opt/rustwide/workdir:ro,Z" "-v" "/var/lib/crater-agent-workspace/cargo-home:/opt/rustwide/cargo-home:ro,Z" "-v" "/var/lib/crater-agent-workspace/rustup-home:/opt/rustwide/rustup-home:ro,Z" "-e" "SOURCE_DIR=/opt/rustwide/workdir" "-e" "CARGO_TARGET_DIR=/opt/rustwide/target" "-e" "CARGO_INCREMENTAL=0" "-e" "RUST_BACKTRACE=full" "-e" "RUSTFLAGS=--cap-lints=warn" "-e" "RUSTDOCFLAGS=--cap-lints=warn" "-e" "CARGO_HOME=/opt/rustwide/cargo-home" "-e" "RUSTUP_HOME=/opt/rustwide/rustup-home" "-w" "/opt/rustwide/workdir" "-m" "1610612736" "--user" "0:0" "--network" "none" "ghcr.io/rust-lang/crates-build-env/linux@sha256:f3a9d4ad9d972b27faf3965f35b62e55ba32bbce8f20bc8fe909558a86702fde" "/opt/rustwide/cargo-home/bin/cargo" "+beta-2024-12-08" "build" "--frozen" "--message-format=json", kill_on_drop: false }`
[INFO] [stdout] bf2672789bb468ea8c027e52f6e752446974f446a0c48229b66a2a0c9c96af6e
[INFO] running `Command { std: "docker" "start" "-a" "bf2672789bb468ea8c027e52f6e752446974f446a0c48229b66a2a0c9c96af6e", kill_on_drop: false }`
[INFO] [stderr]    Compiling proc-macro2 v1.0.92
[INFO] [stderr]    Compiling unicode-ident v1.0.14
[INFO] [stderr]    Compiling autocfg v1.4.0
[INFO] [stderr]    Compiling memchr v2.7.4
[INFO] [stderr]    Compiling crossbeam-utils v0.8.20
[INFO] [stderr]    Compiling cfg-if v1.0.0
[INFO] [stderr]    Compiling simd-adler32 v0.3.7
[INFO] [stderr]    Compiling rayon-core v1.12.1
[INFO] [stderr]    Compiling libc v0.2.166
[INFO] [stderr]    Compiling either v1.13.0
[INFO] [stderr]    Compiling minimal-lexical v0.2.1
[INFO] [stderr]    Compiling adler2 v2.0.0
[INFO] [stderr]    Compiling miniz_oxide v0.8.0
[INFO] [stderr]    Compiling anyhow v1.0.93
[INFO] [stderr]    Compiling num-traits v0.2.19
[INFO] [stderr]    Compiling serde v1.0.215
[INFO] [stderr]    Compiling nom v7.1.3
[INFO] [stderr]    Compiling crc32fast v1.4.2
[INFO] [stderr]    Compiling arrayvec v0.7.6
[INFO] [stderr]    Compiling crossbeam-epoch v0.9.18
[INFO] [stderr]    Compiling crossbeam-deque v0.8.5
[INFO] [stderr]    Compiling quote v1.0.37
[INFO] [stderr]    Compiling aligned-vec v0.5.0
[INFO] [stderr]    Compiling built v0.7.5
[INFO] [stderr]    Compiling syn v2.0.89
[INFO] [stderr]    Compiling paste v1.0.15
[INFO] [stderr]    Compiling thiserror v1.0.69
[INFO] [stderr]    Compiling flate2 v1.0.35
[INFO] [stderr]    Compiling utf8parse v0.2.2
[INFO] [stderr]    Compiling log v0.4.22
[INFO] [stderr]    Compiling rav1e v0.7.1
[INFO] [stderr]    Compiling rayon v1.10.0
[INFO] [stderr]    Compiling num-integer v0.1.46
[INFO] [stderr]    Compiling v_frame v0.3.8
[INFO] [stderr]    Compiling anstyle-parse v0.2.6
[INFO] [stderr]    Compiling num-bigint v0.4.6
[INFO] [stderr]    Compiling simd_helpers v0.1.0
[INFO] [stderr]    Compiling aho-corasick v1.1.3
[INFO] [stderr]    Compiling itertools v0.12.1
[INFO] [stderr]    Compiling is_terminal_polyfill v1.70.1
[INFO] [stderr]    Compiling weezl v0.1.8
[INFO] [stderr]    Compiling anstyle-query v1.1.2
[INFO] [stderr]    Compiling imgref v1.11.0
[INFO] [stderr]    Compiling colorchoice v1.0.3
[INFO] [stderr]    Compiling bitstream-io v2.6.0
[INFO] [stderr]    Compiling quick-error v2.0.1
[INFO] [stderr]    Compiling new_debug_unreachable v1.0.6
[INFO] [stderr]    Compiling noop_proc_macro v0.3.0
[INFO] [stderr]    Compiling regex-syntax v0.8.5
[INFO] [stderr]    Compiling byteorder v1.5.0
[INFO] [stderr]    Compiling anstyle v1.0.10
[INFO] [stderr]    Compiling num-rational v0.4.2
[INFO] [stderr]    Compiling once_cell v1.20.2
[INFO] [stderr]    Compiling av1-grain v0.2.3
[INFO] [stderr]    Compiling anstream v0.6.18
[INFO] [stderr]    Compiling loop9 v0.1.5
[INFO] [stderr]    Compiling maybe-rayon v0.1.1
[INFO] [stderr]    Compiling avif-serialize v0.8.2
[INFO] [stderr]    Compiling zune-inflate v0.2.54
[INFO] [stderr]    Compiling fdeflate v0.3.6
[INFO] [stderr]    Compiling half v2.4.1
[INFO] [stderr]    Compiling byteorder-lite v0.1.0
[INFO] [stderr]    Compiling thiserror v2.0.3
[INFO] [stderr]    Compiling equivalent v1.0.1
[INFO] [stderr]    Compiling jpeg-decoder v0.3.1
[INFO] [stderr]    Compiling bit_field v0.10.2
[INFO] [stderr]    Compiling rgb v0.8.50
[INFO] [stderr]    Compiling hashbrown v0.15.2
[INFO] [stderr]    Compiling smallvec v1.13.2
[INFO] [stderr]    Compiling strsim v0.11.1
[INFO] [stderr]    Compiling serde_json v1.0.133
[INFO] [stderr]    Compiling itoa v1.0.14
[INFO] [stderr]    Compiling ryu v1.0.18
[INFO] [stderr]    Compiling regex-automata v0.4.9
[INFO] [stderr]    Compiling heck v0.5.0
[INFO] [stderr]    Compiling lebe v0.5.2
[INFO] [stderr]    Compiling bytemuck v1.20.0
[INFO] [stderr]    Compiling clap_lex v0.7.3
[INFO] [stderr]    Compiling color_quant v1.1.0
[INFO] [stderr]    Compiling zune-core v0.4.12
[INFO] [stderr]    Compiling bitflags v1.3.2
[INFO] [stderr]    Compiling png v0.17.14
[INFO] [stderr]    Compiling qoi v0.4.1
[INFO] [stderr]    Compiling gif v0.13.1
[INFO] [stderr]    Compiling zune-jpeg v0.4.13
[INFO] [stderr]    Compiling clap_builder v4.5.21
[INFO] [stderr]    Compiling exr v1.73.0
[INFO] [stderr]    Compiling tiff v0.9.1
[INFO] [stderr]    Compiling indexmap v2.6.0
[INFO] [stderr]    Compiling image-webp v0.2.0
[INFO] [stderr]    Compiling rand v0.4.6
[INFO] [stderr]    Compiling unsafe-libyaml v0.2.11
[INFO] [stderr]    Compiling serde_derive v1.0.215
[INFO] [stderr]    Compiling profiling-procmacros v1.0.16
[INFO] [stderr]    Compiling thiserror-impl v1.0.69
[INFO] [stderr]    Compiling profiling v1.0.16
[INFO] [stderr]    Compiling arg_enum_proc_macro v0.3.4
[INFO] [stderr]    Compiling num-derive v0.4.2
[INFO] [stderr]    Compiling regex v1.11.1
[INFO] [stderr]    Compiling clap_derive v4.5.18
[INFO] [stderr]    Compiling thiserror-impl v2.0.3
[INFO] [stderr]    Compiling color-print-proc-macro v0.3.7
[INFO] [stderr]    Compiling same-file v1.0.6
[INFO] [stderr]    Compiling bitflags v2.6.0
[INFO] [stderr]    Compiling hex v0.4.3
[INFO] [stderr]    Compiling remove_dir_all v0.5.3
[INFO] [stderr]    Compiling iana-time-zone v0.1.61
[INFO] [stderr]    Compiling metaflac v0.2.7
[INFO] [stderr]    Compiling color-print v0.3.7
[INFO] [stderr]    Compiling tempdir v0.3.7
[INFO] [stderr]    Compiling id3 v1.16.0
[INFO] [stderr]    Compiling walkdir v2.5.0
[INFO] [stderr]    Compiling ape v0.5.0
[INFO] [stderr]    Compiling clap v4.5.21
[INFO] [stderr]    Compiling itertools v0.13.0
[INFO] [stderr]    Compiling common-path v1.0.0
[INFO] [stderr]    Compiling serde_regex v1.1.0
[INFO] [stderr]    Compiling chrono v0.4.38
[INFO] [stderr]    Compiling serde_yaml v0.9.34+deprecated
[INFO] [stderr]    Compiling ravif v0.11.11
[INFO] [stderr]    Compiling image v0.25.5
[INFO] [stderr]    Compiling nmu v0.1.0 (/opt/rustwide/workdir)
[INFO] [stdout] warning: unused variable: `art`
[INFO] [stdout]    --> src/setting.rs:241:5
[INFO] [stdout]     |
[INFO] [stdout] 241 |     art: &SetValue<Rc<DynamicImage>>,
[INFO] [stdout]     |     ^^^ help: if this is intentional, prefix it with an underscore: `_art`
[INFO] [stdout]     |
[INFO] [stdout]     = note: `#[warn(unused_variables)]` on by default
[INFO] [stdout] 
[INFO] [stdout] 
[INFO] [stdout] warning: unused variable: `art`
[INFO] [stdout]    --> src/setting.rs:266:5
[INFO] [stdout]     |
[INFO] [stdout] 266 |     art: &SetValue<Rc<DynamicImage>>,
[INFO] [stdout]     |     ^^^ help: if this is intentional, prefix it with an underscore: `_art`
[INFO] [stdout] 
[INFO] [stdout] 
[INFO] [stdout] warning: unused variable: `art`
[INFO] [stdout]    --> src/setting.rs:300:5
[INFO] [stdout]     |
[INFO] [stdout] 300 |     art: &SetValue<Rc<DynamicImage>>,
[INFO] [stdout]     |     ^^^ help: if this is intentional, prefix it with an underscore: `_art`
[INFO] [stdout] 
[INFO] [stdout] 
[INFO] [stdout] warning: unused variable: `field`
[INFO] [stdout]    --> src/tag_interop.rs:293:25
[INFO] [stdout]     |
[INFO] [stdout] 293 |     fn get_field(&self, field: &MetadataField) -> Option<MetadataValue> {
[INFO] [stdout]     |                         ^^^^^ help: if this is intentional, prefix it with an underscore: `_field`
[INFO] [stdout] 
[INFO] [stdout] 
[INFO] [stdout] warning: unused variable: `field`
[INFO] [stdout]    --> src/tag_interop.rs:296:29
[INFO] [stdout]     |
[INFO] [stdout] 296 |     fn set_field(&mut self, field: &MetadataField, value: MetadataValue) -> Option<SetFieldResult> {
[INFO] [stdout]     |                             ^^^^^ help: if this is intentional, prefix it with an underscore: `_field`
[INFO] [stdout] 
[INFO] [stdout] 
[INFO] [stdout] warning: unused variable: `value`
[INFO] [stdout]    --> src/tag_interop.rs:296:52
[INFO] [stdout]     |
[INFO] [stdout] 296 |     fn set_field(&mut self, field: &MetadataField, value: MetadataValue) -> Option<SetFieldResult> {
[INFO] [stdout]     |                                                    ^^^^^ help: if this is intentional, prefix it with an underscore: `_value`
[INFO] [stdout] 
[INFO] [stdout] 
[INFO] [stdout] warning: unused variable: `field`
[INFO] [stdout]    --> src/tag_interop.rs:301:25
[INFO] [stdout]     |
[INFO] [stdout] 301 |     fn get_field(&self, field: &MetadataField) -> Option<MetadataValue> {
[INFO] [stdout]     |                         ^^^^^ help: if this is intentional, prefix it with an underscore: `_field`
[INFO] [stdout] 
[INFO] [stdout] 
[INFO] [stdout] warning: unused variable: `field`
[INFO] [stdout]    --> src/tag_interop.rs:304:29
[INFO] [stdout]     |
[INFO] [stdout] 304 |     fn set_field(&mut self, field: &MetadataField, value: MetadataValue) -> Option<SetFieldResult> {
[INFO] [stdout]     |                             ^^^^^ help: if this is intentional, prefix it with an underscore: `_field`
[INFO] [stdout] 
[INFO] [stdout] 
[INFO] [stdout] warning: unused variable: `value`
[INFO] [stdout]    --> src/tag_interop.rs:304:52
[INFO] [stdout]     |
[INFO] [stdout] 304 |     fn set_field(&mut self, field: &MetadataField, value: MetadataValue) -> Option<SetFieldResult> {
[INFO] [stdout]     |                                                    ^^^^^ help: if this is intentional, prefix it with an underscore: `_value`
[INFO] [stdout] 
[INFO] [stdout] 
[INFO] [stdout] warning: unused variable: `nice_path`
[INFO] [stdout]    --> src/main.rs:204:13
[INFO] [stdout]     |
[INFO] [stdout] 204 |         let nice_path = ItemPath::Folder(
[INFO] [stdout]     |             ^^^^^^^^^ help: if this is intentional, prefix it with an underscore: `_nice_path`
[INFO] [stdout] 
[INFO] [stdout] 
[INFO] [stdout] warning: unused variable: `results`
[INFO] [stdout]    --> src/main.rs:422:26
[INFO] [stdout]     |
[INFO] [stdout] 422 | fn handle_folder_results(results: &ProcessFolderResults) {}
[INFO] [stdout]     |                          ^^^^^^^ help: if this is intentional, prefix it with an underscore: `_results`
[INFO] [stdout] 
[INFO] [stdout] 
[INFO] [stdout] warning: function `handle_folder_results` is never used
[INFO] [stdout]    --> src/main.rs:422:4
[INFO] [stdout]     |
[INFO] [stdout] 422 | fn handle_folder_results(results: &ProcessFolderResults) {}
[INFO] [stdout]     |    ^^^^^^^^^^^^^^^^^^^^^
[INFO] [stdout]     |
[INFO] [stdout]     = note: `#[warn(dead_code)]` on by default
[INFO] [stdout] 
[INFO] [stdout] 
[INFO] [stdout] warning: field `nice_folder` is never read
[INFO] [stdout]    --> src/art.rs:287:9
[INFO] [stdout]     |
[INFO] [stdout] 285 | pub struct ArtConfigLoadResults {
[INFO] [stdout]     |            -------------------- field in this struct
[INFO] [stdout] 286 |     pub result: Result<Rc<ArtConfig>, Rc<ConfigError>>,
[INFO] [stdout] 287 |     pub nice_folder: PathBuf,
[INFO] [stdout]     |         ^^^^^^^^^^^
[INFO] [stdout] 
[INFO] [stdout] 
[INFO] [stdout] warning: field `icon_folder` is never read
[INFO] [stdout]    --> src/art.rs:333:9
[INFO] [stdout]     |
[INFO] [stdout] 330 | pub struct ArtRepo {
[INFO] [stdout]     |            ------- field in this struct
[INFO] [stdout] ...
[INFO] [stdout] 333 |     pub icon_folder: Option<PathBuf>,
[INFO] [stdout]     |         ^^^^^^^^^^^
[INFO] [stdout] 
[INFO] [stdout] 
[INFO] [stdout] warning: associated function `from_option` is never used
[INFO] [stdout]    --> src/metadata.rs:172:12
[INFO] [stdout]     |
[INFO] [stdout] 159 | impl MetadataValue {
[INFO] [stdout]     | ------------------ associated function in this implementation
[INFO] [stdout] ...
[INFO] [stdout] 172 |     pub fn from_option(value: Option<String>) -> Self {
[INFO] [stdout]     |            ^^^^^^^^^^^
[INFO] [stdout] 
[INFO] [stdout] 
[INFO] [stdout] warning: struct `ProcessFolderResults` is never constructed
[INFO] [stdout]   --> src/setting.rs:17:12
[INFO] [stdout]    |
[INFO] [stdout] 17 | pub struct ProcessFolderResults {
[INFO] [stdout]    |            ^^^^^^^^^^^^^^^^^^^^
[INFO] [stdout] 
[INFO] [stdout] 
[INFO] [stdout] warning: function `process_folder` is never used
[INFO] [stdout]   --> src/setting.rs:22:8
[INFO] [stdout]    |
[INFO] [stdout] 22 | pub fn process_folder(
[INFO] [stdout]    |        ^^^^^^^^^^^^^^
[INFO] [stdout] 
[INFO] [stdout] 
[INFO] [stdout] warning: fields `0` and `1` are never read
[INFO] [stdout]   --> src/song_config.rs:58:22
[INFO] [stdout]    |
[INFO] [stdout] 58 |     TrackOutOfBounds(&'a Path, u32),
[INFO] [stdout]    |     ---------------- ^^^^^^^^  ^^^
[INFO] [stdout]    |     |
[INFO] [stdout]    |     fields in this variant
[INFO] [stdout]    |
[INFO] [stdout] help: consider changing the fields to be of unit type to suppress this warning while preserving the field numbering, or remove the fields
[INFO] [stdout]    |
[INFO] [stdout] 58 |     TrackOutOfBounds((), ()),
[INFO] [stdout]    |                      ~~  ~~
[INFO] [stdout] 
[INFO] [stdout] 
[INFO] [stdout] warning: fields `0` and `1` are never read
[INFO] [stdout]   --> src/song_config.rs:59:21
[INFO] [stdout]    |
[INFO] [stdout] 59 |     DiscOutOfBounds(&'a Path, u32),
[INFO] [stdout]    |     --------------- ^^^^^^^^  ^^^
[INFO] [stdout]    |     |
[INFO] [stdout]    |     fields in this variant
[INFO] [stdout]    |
[INFO] [stdout] help: consider changing the fields to be of unit type to suppress this warning while preserving the field numbering, or remove the fields
[INFO] [stdout]    |
[INFO] [stdout] 59 |     DiscOutOfBounds((), ()),
[INFO] [stdout]    |                     ~~  ~~
[INFO] [stdout] 
[INFO] [stdout] 
[INFO] [stdout] warning: field `0` is never read
[INFO] [stdout]   --> src/song_config.rs:60:19
[INFO] [stdout]    |
[INFO] [stdout] 60 |     NoTrackNumber(&'a Path),
[INFO] [stdout]    |     ------------- ^^^^^^^^
[INFO] [stdout]    |     |
[INFO] [stdout]    |     field in this variant
[INFO] [stdout]    |
[INFO] [stdout] help: consider changing the field to be of unit type to suppress this warning while preserving the field numbering, or remove the field
[INFO] [stdout]    |
[INFO] [stdout] 60 |     NoTrackNumber(()),
[INFO] [stdout]    |                   ~~
[INFO] [stdout] 
[INFO] [stdout] 
[INFO] [stdout] warning: fields `0`, `1`, and `2` are never read
[INFO] [stdout]   --> src/song_config.rs:61:26
[INFO] [stdout]    |
[INFO] [stdout] 61 |     DuplicateTrackNumber(&'a Path, &'a Path, u32),
[INFO] [stdout]    |     -------------------- ^^^^^^^^  ^^^^^^^^  ^^^
[INFO] [stdout]    |     |
[INFO] [stdout]    |     fields in this variant
[INFO] [stdout]    |
[INFO] [stdout] help: consider changing the fields to be of unit type to suppress this warning while preserving the field numbering, or remove the fields
[INFO] [stdout]    |
[INFO] [stdout] 61 |     DuplicateTrackNumber((), (), ()),
[INFO] [stdout]    |                          ~~  ~~  ~~
[INFO] [stdout] 
[INFO] [stdout] 
[INFO] [stdout] warning: fields `0` and `1` are never read
[INFO] [stdout]   --> src/song_config.rs:62:27
[INFO] [stdout]    |
[INFO] [stdout] 62 |     UnexpectedDiscPresent(&'a Path, u32),
[INFO] [stdout]    |     --------------------- ^^^^^^^^  ^^^
[INFO] [stdout]    |     |
[INFO] [stdout]    |     fields in this variant
[INFO] [stdout]    |
[INFO] [stdout] help: consider changing the fields to be of unit type to suppress this warning while preserving the field numbering, or remove the fields
[INFO] [stdout]    |
[INFO] [stdout] 62 |     UnexpectedDiscPresent((), ()),
[INFO] [stdout]    |                           ~~  ~~
[INFO] [stdout] 
[INFO] [stdout] 
[INFO] [stdout] warning: field `0` is never read
[INFO] [stdout]   --> src/song_config.rs:63:26
[INFO] [stdout]    |
[INFO] [stdout] 63 |     UnexpectedDiscAbsent(&'a Path),
[INFO] [stdout]    |     -------------------- ^^^^^^^^
[INFO] [stdout]    |     |
[INFO] [stdout]    |     field in this variant
[INFO] [stdout]    |
[INFO] [stdout] help: consider changing the field to be of unit type to suppress this warning while preserving the field numbering, or remove the field
[INFO] [stdout]    |
[INFO] [stdout] 63 |     UnexpectedDiscAbsent(()),
[INFO] [stdout]    |                          ~~
[INFO] [stdout] 
[INFO] [stdout] 
[INFO] [stdout] warning: enum `SyncedOrSimple` is never used
[INFO] [stdout]    --> src/tag_interop.rs:408:6
[INFO] [stdout]     |
[INFO] [stdout] 408 | enum SyncedOrSimple {
[INFO] [stdout]     |      ^^^^^^^^^^^^^^
[INFO] [stdout] 
[INFO] [stdout] 
[INFO] [stdout] warning: function `try_lyrics` is never used
[INFO] [stdout]    --> src/tag_interop.rs:412:4
[INFO] [stdout]     |
[INFO] [stdout] 412 | fn try_lyrics(lines: Vec<String>) -> SyncedOrSimple {
[INFO] [stdout]     |    ^^^^^^^^^^
[INFO] [stdout] 
[INFO] [stdout] 
[INFO] [stderr]     Finished `dev` profile [unoptimized + debuginfo] target(s) in 2m 07s
[INFO] running `Command { std: "docker" "inspect" "bf2672789bb468ea8c027e52f6e752446974f446a0c48229b66a2a0c9c96af6e", kill_on_drop: false }`
[INFO] running `Command { std: "docker" "rm" "-f" "bf2672789bb468ea8c027e52f6e752446974f446a0c48229b66a2a0c9c96af6e", kill_on_drop: false }`
[INFO] [stdout] bf2672789bb468ea8c027e52f6e752446974f446a0c48229b66a2a0c9c96af6e
[INFO] running `Command { std: "docker" "create" "-v" "/var/lib/crater-agent-workspace/builds/worker-7-tc2/target:/opt/rustwide/target:rw,Z" "-v" "/var/lib/crater-agent-workspace/builds/worker-7-tc2/source:/opt/rustwide/workdir:ro,Z" "-v" "/var/lib/crater-agent-workspace/cargo-home:/opt/rustwide/cargo-home:ro,Z" "-v" "/var/lib/crater-agent-workspace/rustup-home:/opt/rustwide/rustup-home:ro,Z" "-e" "SOURCE_DIR=/opt/rustwide/workdir" "-e" "CARGO_TARGET_DIR=/opt/rustwide/target" "-e" "CARGO_INCREMENTAL=0" "-e" "RUST_BACKTRACE=full" "-e" "RUSTFLAGS=--cap-lints=warn" "-e" "RUSTDOCFLAGS=--cap-lints=warn" "-e" "CARGO_HOME=/opt/rustwide/cargo-home" "-e" "RUSTUP_HOME=/opt/rustwide/rustup-home" "-w" "/opt/rustwide/workdir" "-m" "1610612736" "--user" "0:0" "--network" "none" "ghcr.io/rust-lang/crates-build-env/linux@sha256:f3a9d4ad9d972b27faf3965f35b62e55ba32bbce8f20bc8fe909558a86702fde" "/opt/rustwide/cargo-home/bin/cargo" "+beta-2024-12-08" "test" "--frozen" "--no-run" "--message-format=json", kill_on_drop: false }`
[INFO] [stdout] 32a762a211a8b1931bf204aecc5a839de77039bd27f0d83af754372b6b35a707
[INFO] running `Command { std: "docker" "start" "-a" "32a762a211a8b1931bf204aecc5a839de77039bd27f0d83af754372b6b35a707", kill_on_drop: false }`
[INFO] [stderr]    Compiling nmu v0.1.0 (/opt/rustwide/workdir)
[INFO] [stdout] warning: unused imports: `DateCache` and `ReverseMode`
[INFO] [stdout]   --> src/tests.rs:5:9
[INFO] [stdout]    |
[INFO] [stdout] 5  |         DateCache, LibraryConfig, ScanDecision, ScanOptions, TagOptions, TagSettings,
[INFO] [stdout]    |         ^^^^^^^^^
[INFO] [stdout] ...
[INFO] [stdout] 10 |     song_config::{AllSetter, LoadedConfig, RawSongConfigFile, ReverseMode, SongConfig},
[INFO] [stdout]    |                                                               ^^^^^^^^^^^
[INFO] [stdout]    |
[INFO] [stdout]    = note: `#[warn(unused_imports)]` on by default
[INFO] [stdout] 
[INFO] [stdout] 
[INFO] [stdout] warning: unused variable: `art`
[INFO] [stdout]    --> src/setting.rs:241:5
[INFO] [stdout]     |
[INFO] [stdout] 241 |     art: &SetValue<Rc<DynamicImage>>,
[INFO] [stdout]     |     ^^^ help: if this is intentional, prefix it with an underscore: `_art`
[INFO] [stdout]     |
[INFO] [stdout]     = note: `#[warn(unused_variables)]` on by default
[INFO] [stdout] 
[INFO] [stdout] 
[INFO] [stdout] warning: unused variable: `art`
[INFO] [stdout]    --> src/setting.rs:266:5
[INFO] [stdout]     |
[INFO] [stdout] 266 |     art: &SetValue<Rc<DynamicImage>>,
[INFO] [stdout]     |     ^^^ help: if this is intentional, prefix it with an underscore: `_art`
[INFO] [stdout] 
[INFO] [stdout] 
[INFO] [stdout] warning: unused variable: `art`
[INFO] [stdout]    --> src/setting.rs:300:5
[INFO] [stdout]     |
[INFO] [stdout] 300 |     art: &SetValue<Rc<DynamicImage>>,
[INFO] [stdout]     |     ^^^ help: if this is intentional, prefix it with an underscore: `_art`
[INFO] [stdout] 
[INFO] [stdout] 
[INFO] [stdout] warning: unused variable: `field`
[INFO] [stdout]    --> src/tag_interop.rs:293:25
[INFO] [stdout]     |
[INFO] [stdout] 293 |     fn get_field(&self, field: &MetadataField) -> Option<MetadataValue> {
[INFO] [stdout]     |                         ^^^^^ help: if this is intentional, prefix it with an underscore: `_field`
[INFO] [stdout] 
[INFO] [stdout] 
[INFO] [stdout] warning: unused variable: `field`
[INFO] [stdout]    --> src/tag_interop.rs:296:29
[INFO] [stdout]     |
[INFO] [stdout] 296 |     fn set_field(&mut self, field: &MetadataField, value: MetadataValue) -> Option<SetFieldResult> {
[INFO] [stdout]     |                             ^^^^^ help: if this is intentional, prefix it with an underscore: `_field`
[INFO] [stdout] 
[INFO] [stdout] 
[INFO] [stdout] warning: unused variable: `value`
[INFO] [stdout]    --> src/tag_interop.rs:296:52
[INFO] [stdout]     |
[INFO] [stdout] 296 |     fn set_field(&mut self, field: &MetadataField, value: MetadataValue) -> Option<SetFieldResult> {
[INFO] [stdout]     |                                                    ^^^^^ help: if this is intentional, prefix it with an underscore: `_value`
[INFO] [stdout] 
[INFO] [stdout] 
[INFO] [stdout] warning: unused variable: `field`
[INFO] [stdout]    --> src/tag_interop.rs:301:25
[INFO] [stdout]     |
[INFO] [stdout] 301 |     fn get_field(&self, field: &MetadataField) -> Option<MetadataValue> {
[INFO] [stdout]     |                         ^^^^^ help: if this is intentional, prefix it with an underscore: `_field`
[INFO] [stdout] 
[INFO] [stdout] 
[INFO] [stdout] warning: unused variable: `field`
[INFO] [stdout]    --> src/tag_interop.rs:304:29
[INFO] [stdout]     |
[INFO] [stdout] 304 |     fn set_field(&mut self, field: &MetadataField, value: MetadataValue) -> Option<SetFieldResult> {
[INFO] [stdout]     |                             ^^^^^ help: if this is intentional, prefix it with an underscore: `_field`
[INFO] [stdout] 
[INFO] [stdout] 
[INFO] [stdout] warning: unused variable: `value`
[INFO] [stdout]    --> src/tag_interop.rs:304:52
[INFO] [stdout]     |
[INFO] [stdout] 304 |     fn set_field(&mut self, field: &MetadataField, value: MetadataValue) -> Option<SetFieldResult> {
[INFO] [stdout]     |                                                    ^^^^^ help: if this is intentional, prefix it with an underscore: `_value`
[INFO] [stdout] 
[INFO] [stdout] 
[INFO] [stdout] warning: unused variable: `nice_path`
[INFO] [stdout]    --> src/main.rs:204:13
[INFO] [stdout]     |
[INFO] [stdout] 204 |         let nice_path = ItemPath::Folder(
[INFO] [stdout]     |             ^^^^^^^^^ help: if this is intentional, prefix it with an underscore: `_nice_path`
[INFO] [stdout] 
[INFO] [stdout] 
[INFO] [stdout] warning: unused variable: `results`
[INFO] [stdout]    --> src/main.rs:422:26
[INFO] [stdout]     |
[INFO] [stdout] 422 | fn handle_folder_results(results: &ProcessFolderResults) {}
[INFO] [stdout]     |                          ^^^^^^^ help: if this is intentional, prefix it with an underscore: `_results`
[INFO] [stdout] 
[INFO] [stdout] 
[INFO] [stdout] warning: function `handle_folder_results` is never used
[INFO] [stdout]    --> src/main.rs:422:4
[INFO] [stdout]     |
[INFO] [stdout] 422 | fn handle_folder_results(results: &ProcessFolderResults) {}
[INFO] [stdout]     |    ^^^^^^^^^^^^^^^^^^^^^
[INFO] [stdout]     |
[INFO] [stdout]     = note: `#[warn(dead_code)]` on by default
[INFO] [stdout] 
[INFO] [stdout] 
[INFO] [stdout] warning: field `nice_folder` is never read
[INFO] [stdout]    --> src/art.rs:287:9
[INFO] [stdout]     |
[INFO] [stdout] 285 | pub struct ArtConfigLoadResults {
[INFO] [stdout]     |            -------------------- field in this struct
[INFO] [stdout] 286 |     pub result: Result<Rc<ArtConfig>, Rc<ConfigError>>,
[INFO] [stdout] 287 |     pub nice_folder: PathBuf,
[INFO] [stdout]     |         ^^^^^^^^^^^
[INFO] [stdout] 
[INFO] [stdout] 
[INFO] [stdout] warning: field `icon_folder` is never read
[INFO] [stdout]    --> src/art.rs:333:9
[INFO] [stdout]     |
[INFO] [stdout] 330 | pub struct ArtRepo {
[INFO] [stdout]     |            ------- field in this struct
[INFO] [stdout] ...
[INFO] [stdout] 333 |     pub icon_folder: Option<PathBuf>,
[INFO] [stdout]     |         ^^^^^^^^^^^
[INFO] [stdout] 
[INFO] [stdout] 
[INFO] [stdout] warning: associated function `from_option` is never used
[INFO] [stdout]    --> src/metadata.rs:172:12
[INFO] [stdout]     |
[INFO] [stdout] 159 | impl MetadataValue {
[INFO] [stdout]     | ------------------ associated function in this implementation
[INFO] [stdout] ...
[INFO] [stdout] 172 |     pub fn from_option(value: Option<String>) -> Self {
[INFO] [stdout]     |            ^^^^^^^^^^^
[INFO] [stdout] 
[INFO] [stdout] 
[INFO] [stdout] warning: struct `ProcessFolderResults` is never constructed
[INFO] [stdout]   --> src/setting.rs:17:12
[INFO] [stdout]    |
[INFO] [stdout] 17 | pub struct ProcessFolderResults {
[INFO] [stdout]    |            ^^^^^^^^^^^^^^^^^^^^
[INFO] [stdout] 
[INFO] [stdout] 
[INFO] [stdout] warning: function `process_folder` is never used
[INFO] [stdout]   --> src/setting.rs:22:8
[INFO] [stdout]    |
[INFO] [stdout] 22 | pub fn process_folder(
[INFO] [stdout]    |        ^^^^^^^^^^^^^^
[INFO] [stdout] 
[INFO] [stdout] 
[INFO] [stdout] warning: fields `0` and `1` are never read
[INFO] [stdout]   --> src/song_config.rs:58:22
[INFO] [stdout]    |
[INFO] [stdout] 58 |     TrackOutOfBounds(&'a Path, u32),
[INFO] [stdout]    |     ---------------- ^^^^^^^^  ^^^
[INFO] [stdout]    |     |
[INFO] [stdout]    |     fields in this variant
[INFO] [stdout]    |
[INFO] [stdout] help: consider changing the fields to be of unit type to suppress this warning while preserving the field numbering, or remove the fields
[INFO] [stdout]    |
[INFO] [stdout] 58 |     TrackOutOfBounds((), ()),
[INFO] [stdout]    |                      ~~  ~~
[INFO] [stdout] 
[INFO] [stdout] 
[INFO] [stdout] warning: fields `0` and `1` are never read
[INFO] [stdout]   --> src/song_config.rs:59:21
[INFO] [stdout]    |
[INFO] [stdout] 59 |     DiscOutOfBounds(&'a Path, u32),
[INFO] [stdout]    |     --------------- ^^^^^^^^  ^^^
[INFO] [stdout]    |     |
[INFO] [stdout]    |     fields in this variant
[INFO] [stdout]    |
[INFO] [stdout] help: consider changing the fields to be of unit type to suppress this warning while preserving the field numbering, or remove the fields
[INFO] [stdout]    |
[INFO] [stdout] 59 |     DiscOutOfBounds((), ()),
[INFO] [stdout]    |                     ~~  ~~
[INFO] [stdout] 
[INFO] [stdout] 
[INFO] [stdout] warning: field `0` is never read
[INFO] [stdout]   --> src/song_config.rs:60:19
[INFO] [stdout]    |
[INFO] [stdout] 60 |     NoTrackNumber(&'a Path),
[INFO] [stdout]    |     ------------- ^^^^^^^^
[INFO] [stdout]    |     |
[INFO] [stdout]    |     field in this variant
[INFO] [stdout]    |
[INFO] [stdout] help: consider changing the field to be of unit type to suppress this warning while preserving the field numbering, or remove the field
[INFO] [stdout]    |
[INFO] [stdout] 60 |     NoTrackNumber(()),
[INFO] [stdout]    |                   ~~
[INFO] [stdout] 
[INFO] [stdout] 
[INFO] [stdout] warning: fields `0`, `1`, and `2` are never read
[INFO] [stdout]   --> src/song_config.rs:61:26
[INFO] [stdout]    |
[INFO] [stdout] 61 |     DuplicateTrackNumber(&'a Path, &'a Path, u32),
[INFO] [stdout]    |     -------------------- ^^^^^^^^  ^^^^^^^^  ^^^
[INFO] [stdout]    |     |
[INFO] [stdout]    |     fields in this variant
[INFO] [stdout]    |
[INFO] [stdout] help: consider changing the fields to be of unit type to suppress this warning while preserving the field numbering, or remove the fields
[INFO] [stdout]    |
[INFO] [stdout] 61 |     DuplicateTrackNumber((), (), ()),
[INFO] [stdout]    |                          ~~  ~~  ~~
[INFO] [stdout] 
[INFO] [stdout] 
[INFO] [stdout] warning: fields `0` and `1` are never read
[INFO] [stdout]   --> src/song_config.rs:62:27
[INFO] [stdout]    |
[INFO] [stdout] 62 |     UnexpectedDiscPresent(&'a Path, u32),
[INFO] [stdout]    |     --------------------- ^^^^^^^^  ^^^
[INFO] [stdout]    |     |
[INFO] [stdout]    |     fields in this variant
[INFO] [stdout]    |
[INFO] [stdout] help: consider changing the fields to be of unit type to suppress this warning while preserving the field numbering, or remove the fields
[INFO] [stdout]    |
[INFO] [stdout] 62 |     UnexpectedDiscPresent((), ()),
[INFO] [stdout]    |                           ~~  ~~
[INFO] [stdout] 
[INFO] [stdout] 
[INFO] [stdout] warning: field `0` is never read
[INFO] [stdout]   --> src/song_config.rs:63:26
[INFO] [stdout]    |
[INFO] [stdout] 63 |     UnexpectedDiscAbsent(&'a Path),
[INFO] [stdout]    |     -------------------- ^^^^^^^^
[INFO] [stdout]    |     |
[INFO] [stdout]    |     field in this variant
[INFO] [stdout]    |
[INFO] [stdout] help: consider changing the field to be of unit type to suppress this warning while preserving the field numbering, or remove the field
[INFO] [stdout]    |
[INFO] [stdout] 63 |     UnexpectedDiscAbsent(()),
[INFO] [stdout]    |                          ~~
[INFO] [stdout] 
[INFO] [stdout] 
[INFO] [stdout] warning: enum `SyncedOrSimple` is never used
[INFO] [stdout]    --> src/tag_interop.rs:408:6
[INFO] [stdout]     |
[INFO] [stdout] 408 | enum SyncedOrSimple {
[INFO] [stdout]     |      ^^^^^^^^^^^^^^
[INFO] [stdout] 
[INFO] [stdout] 
[INFO] [stdout] warning: function `try_lyrics` is never used
[INFO] [stdout]    --> src/tag_interop.rs:412:4
[INFO] [stdout]     |
[INFO] [stdout] 412 | fn try_lyrics(lines: Vec<String>) -> SyncedOrSimple {
[INFO] [stdout]     |    ^^^^^^^^^^
[INFO] [stdout] 
[INFO] [stdout] 
[INFO] [stderr]     Finished `test` profile [unoptimized + debuginfo] target(s) in 11.09s
[INFO] running `Command { std: "docker" "inspect" "32a762a211a8b1931bf204aecc5a839de77039bd27f0d83af754372b6b35a707", kill_on_drop: false }`
[INFO] running `Command { std: "docker" "rm" "-f" "32a762a211a8b1931bf204aecc5a839de77039bd27f0d83af754372b6b35a707", kill_on_drop: false }`
[INFO] [stdout] 32a762a211a8b1931bf204aecc5a839de77039bd27f0d83af754372b6b35a707
[INFO] running `Command { std: "docker" "create" "-v" "/var/lib/crater-agent-workspace/builds/worker-7-tc2/target:/opt/rustwide/target:rw,Z" "-v" "/var/lib/crater-agent-workspace/builds/worker-7-tc2/source:/opt/rustwide/workdir:ro,Z" "-v" "/var/lib/crater-agent-workspace/cargo-home:/opt/rustwide/cargo-home:ro,Z" "-v" "/var/lib/crater-agent-workspace/rustup-home:/opt/rustwide/rustup-home:ro,Z" "-e" "SOURCE_DIR=/opt/rustwide/workdir" "-e" "CARGO_TARGET_DIR=/opt/rustwide/target" "-e" "CARGO_INCREMENTAL=0" "-e" "RUST_BACKTRACE=full" "-e" "RUSTFLAGS=--cap-lints=warn" "-e" "RUSTDOCFLAGS=--cap-lints=warn" "-e" "CARGO_HOME=/opt/rustwide/cargo-home" "-e" "RUSTUP_HOME=/opt/rustwide/rustup-home" "-w" "/opt/rustwide/workdir" "-m" "1610612736" "--user" "0:0" "--network" "none" "ghcr.io/rust-lang/crates-build-env/linux@sha256:f3a9d4ad9d972b27faf3965f35b62e55ba32bbce8f20bc8fe909558a86702fde" "/opt/rustwide/cargo-home/bin/cargo" "+beta-2024-12-08" "test" "--frozen", kill_on_drop: false }`
[INFO] [stdout] 3f46ea86d3fbc85f412e2f5fbb9a89c3f0a8a5dad546ecb638cf93191fefdf70
[INFO] running `Command { std: "docker" "start" "-a" "3f46ea86d3fbc85f412e2f5fbb9a89c3f0a8a5dad546ecb638cf93191fefdf70", kill_on_drop: false }`
[INFO] [stderr] warning: unused imports: `DateCache` and `ReverseMode`
[INFO] [stderr]   --> src/tests.rs:5:9
[INFO] [stderr]    |
[INFO] [stderr] 5  |         DateCache, LibraryConfig, ScanDecision, ScanOptions, TagOptions, TagSettings,
[INFO] [stderr]    |         ^^^^^^^^^
[INFO] [stderr] ...
[INFO] [stderr] 10 |     song_config::{AllSetter, LoadedConfig, RawSongConfigFile, ReverseMode, SongConfig},
[INFO] [stderr]    |                                                               ^^^^^^^^^^^
[INFO] [stderr]    |
[INFO] [stderr]    = note: `#[warn(unused_imports)]` on by default
[INFO] [stderr] 
[INFO] [stderr] warning: unused variable: `art`
[INFO] [stderr]    --> src/setting.rs:241:5
[INFO] [stderr]     |
[INFO] [stderr] 241 |     art: &SetValue<Rc<DynamicImage>>,
[INFO] [stderr]     |     ^^^ help: if this is intentional, prefix it with an underscore: `_art`
[INFO] [stderr]     |
[INFO] [stderr]     = note: `#[warn(unused_variables)]` on by default
[INFO] [stderr] 
[INFO] [stderr] warning: unused variable: `art`
[INFO] [stderr]    --> src/setting.rs:266:5
[INFO] [stderr]     |
[INFO] [stderr] 266 |     art: &SetValue<Rc<DynamicImage>>,
[INFO] [stderr]     |     ^^^ help: if this is intentional, prefix it with an underscore: `_art`
[INFO] [stderr] 
[INFO] [stderr] warning: unused variable: `art`
[INFO] [stderr]    --> src/setting.rs:300:5
[INFO] [stderr]     |
[INFO] [stderr] 300 |     art: &SetValue<Rc<DynamicImage>>,
[INFO] [stderr]     |     ^^^ help: if this is intentional, prefix it with an underscore: `_art`
[INFO] [stderr] 
[INFO] [stderr] warning: unused variable: `field`
[INFO] [stderr]    --> src/tag_interop.rs:293:25
[INFO] [stderr]     |
[INFO] [stderr] 293 |     fn get_field(&self, field: &MetadataField) -> Option<MetadataValue> {
[INFO] [stderr]     |                         ^^^^^ help: if this is intentional, prefix it with an underscore: `_field`
[INFO] [stderr] 
[INFO] [stderr] warning: unused variable: `field`
[INFO] [stderr]    --> src/tag_interop.rs:296:29
[INFO] [stderr]     |
[INFO] [stderr] 296 |     fn set_field(&mut self, field: &MetadataField, value: MetadataValue) -> Option<SetFieldResult> {
[INFO] [stderr]     |                             ^^^^^ help: if this is intentional, prefix it with an underscore: `_field`
[INFO] [stderr] 
[INFO] [stderr] warning: unused variable: `value`
[INFO] [stderr]    --> src/tag_interop.rs:296:52
[INFO] [stderr]     |
[INFO] [stderr] 296 |     fn set_field(&mut self, field: &MetadataField, value: MetadataValue) -> Option<SetFieldResult> {
[INFO] [stderr]     |                                                    ^^^^^ help: if this is intentional, prefix it with an underscore: `_value`
[INFO] [stderr] 
[INFO] [stderr] warning: unused variable: `field`
[INFO] [stderr]    --> src/tag_interop.rs:301:25
[INFO] [stderr]     |
[INFO] [stderr] 301 |     fn get_field(&self, field: &MetadataField) -> Option<MetadataValue> {
[INFO] [stderr]     |                         ^^^^^ help: if this is intentional, prefix it with an underscore: `_field`
[INFO] [stderr] 
[INFO] [stderr] warning: unused variable: `field`
[INFO] [stderr]    --> src/tag_interop.rs:304:29
[INFO] [stderr]     |
[INFO] [stderr] 304 |     fn set_field(&mut self, field: &MetadataField, value: MetadataValue) -> Option<SetFieldResult> {
[INFO] [stderr]     |                             ^^^^^ help: if this is intentional, prefix it with an underscore: `_field`
[INFO] [stderr] 
[INFO] [stderr] warning: unused variable: `value`
[INFO] [stderr]    --> src/tag_interop.rs:304:52
[INFO] [stderr]     |
[INFO] [stderr] 304 |     fn set_field(&mut self, field: &MetadataField, value: MetadataValue) -> Option<SetFieldResult> {
[INFO] [stderr]     |                                                    ^^^^^ help: if this is intentional, prefix it with an underscore: `_value`
[INFO] [stderr] 
[INFO] [stderr] warning: unused variable: `nice_path`
[INFO] [stderr]    --> src/main.rs:204:13
[INFO] [stderr]     |
[INFO] [stderr] 204 |         let nice_path = ItemPath::Folder(
[INFO] [stderr]     |             ^^^^^^^^^ help: if this is intentional, prefix it with an underscore: `_nice_path`
[INFO] [stderr] 
[INFO] [stderr] warning: unused variable: `results`
[INFO] [stderr]    --> src/main.rs:422:26
[INFO] [stderr]     |
[INFO] [stderr] 422 | fn handle_folder_results(results: &ProcessFolderResults) {}
[INFO] [stderr]     |                          ^^^^^^^ help: if this is intentional, prefix it with an underscore: `_results`
[INFO] [stderr] 
[INFO] [stderr] warning: function `handle_folder_results` is never used
[INFO] [stderr]    --> src/main.rs:422:4
[INFO] [stderr]     |
[INFO] [stderr] 422 | fn handle_folder_results(results: &ProcessFolderResults) {}
[INFO] [stderr]     |    ^^^^^^^^^^^^^^^^^^^^^
[INFO] [stderr]     |
[INFO] [stderr]     = note: `#[warn(dead_code)]` on by default
[INFO] [stderr] 
[INFO] [stderr] warning: field `nice_folder` is never read
[INFO] [stderr]    --> src/art.rs:287:9
[INFO] [stderr]     |
[INFO] [stderr] 285 | pub struct ArtConfigLoadResults {
[INFO] [stderr]     |            -------------------- field in this struct
[INFO] [stderr] 286 |     pub result: Result<Rc<ArtConfig>, Rc<ConfigError>>,
[INFO] [stderr] 287 |     pub nice_folder: PathBuf,
[INFO] [stderr]     |         ^^^^^^^^^^^
[INFO] [stderr] 
[INFO] [stderr] warning: field `icon_folder` is never read
[INFO] [stderr]    --> src/art.rs:333:9
[INFO] [stderr]     |
[INFO] [stderr] 330 | pub struct ArtRepo {
[INFO] [stderr]     |            ------- field in this struct
[INFO] [stderr] ...
[INFO] [stderr] 333 |     pub icon_folder: Option<PathBuf>,
[INFO] [stderr]     |         ^^^^^^^^^^^
[INFO] [stderr] 
[INFO] [stderr] warning: associated function `from_option` is never used
[INFO] [stderr]    --> src/metadata.rs:172:12
[INFO] [stderr]     |
[INFO] [stderr] 159 | impl MetadataValue {
[INFO] [stderr]     | ------------------ associated function in this implementation
[INFO] [stderr] ...
[INFO] [stderr] 172 |     pub fn from_option(value: Option<String>) -> Self {
[INFO] [stderr]     |            ^^^^^^^^^^^
[INFO] [stderr] 
[INFO] [stderr] warning: struct `ProcessFolderResults` is never constructed
[INFO] [stderr]   --> src/setting.rs:17:12
[INFO] [stderr]    |
[INFO] [stderr] 17 | pub struct ProcessFolderResults {
[INFO] [stderr]    |            ^^^^^^^^^^^^^^^^^^^^
[INFO] [stderr] 
[INFO] [stderr] warning: function `process_folder` is never used
[INFO] [stderr]   --> src/setting.rs:22:8
[INFO] [stderr]    |
[INFO] [stderr] 22 | pub fn process_folder(
[INFO] [stderr]    |        ^^^^^^^^^^^^^^
[INFO] [stderr] 
[INFO] [stderr] warning: fields `0` and `1` are never read
[INFO] [stderr]   --> src/song_config.rs:58:22
[INFO] [stderr]    |
[INFO] [stderr] 58 |     TrackOutOfBounds(&'a Path, u32),
[INFO] [stderr]    |     ---------------- ^^^^^^^^  ^^^
[INFO] [stderr]    |     |
[INFO] [stderr]    |     fields in this variant
[INFO] [stderr]    |
[INFO] [stderr] help: consider changing the fields to be of unit type to suppress this warning while preserving the field numbering, or remove the fields
[INFO] [stderr]    |
[INFO] [stderr] 58 |     TrackOutOfBounds((), ()),
[INFO] [stderr]    |                      ~~  ~~
[INFO] [stderr] 
[INFO] [stderr] warning: fields `0` and `1` are never read
[INFO] [stderr]   --> src/song_config.rs:59:21
[INFO] [stderr]    |
[INFO] [stderr] 59 |     DiscOutOfBounds(&'a Path, u32),
[INFO] [stderr]    |     --------------- ^^^^^^^^  ^^^
[INFO] [stderr]    |     |
[INFO] [stderr]    |     fields in this variant
[INFO] [stderr]    |
[INFO] [stderr] help: consider changing the fields to be of unit type to suppress this warning while preserving the field numbering, or remove the fields
[INFO] [stderr]    |
[INFO] [stderr] 59 |     DiscOutOfBounds((), ()),
[INFO] [stderr]    |                     ~~  ~~
[INFO] [stderr] 
[INFO] [stderr] warning: field `0` is never read
[INFO] [stderr]   --> src/song_config.rs:60:19
[INFO] [stderr]    |
[INFO] [stderr] 60 |     NoTrackNumber(&'a Path),
[INFO] [stderr]    |     ------------- ^^^^^^^^
[INFO] [stderr]    |     |
[INFO] [stderr]    |     field in this variant
[INFO] [stderr]    |
[INFO] [stderr] help: consider changing the field to be of unit type to suppress this warning while preserving the field numbering, or remove the field
[INFO] [stderr]    |
[INFO] [stderr] 60 |     NoTrackNumber(()),
[INFO] [stderr]    |                   ~~
[INFO] [stderr] 
[INFO] [stderr] warning: fields `0`, `1`, and `2` are never read
[INFO] [stderr]   --> src/song_config.rs:61:26
[INFO] [stderr]    |
[INFO] [stderr] 61 |     DuplicateTrackNumber(&'a Path, &'a Path, u32),
[INFO] [stderr]    |     -------------------- ^^^^^^^^  ^^^^^^^^  ^^^
[INFO] [stderr]    |     |
[INFO] [stderr]    |     fields in this variant
[INFO] [stderr]    |
[INFO] [stderr] help: consider changing the fields to be of unit type to suppress this warning while preserving the field numbering, or remove the fields
[INFO] [stderr]    |
[INFO] [stderr] 61 |     DuplicateTrackNumber((), (), ()),
[INFO] [stderr]    |                          ~~  ~~  ~~
[INFO] [stderr] 
[INFO] [stderr] warning: fields `0` and `1` are never read
[INFO] [stderr]   --> src/song_config.rs:62:27
[INFO] [stderr]    |
[INFO] [stderr] 62 |     UnexpectedDiscPresent(&'a Path, u32),
[INFO] [stderr]    |     --------------------- ^^^^^^^^  ^^^
[INFO] [stderr]    |     |
[INFO] [stderr]    |     fields in this variant
[INFO] [stderr]    |
[INFO] [stderr] help: consider changing the fields to be of unit type to suppress this warning while preserving the field numbering, or remove the fields
[INFO] [stderr]    |
[INFO] [stderr] 62 |     UnexpectedDiscPresent((), ()),
[INFO] [stderr]    |                           ~~  ~~
[INFO] [stderr] 
[INFO] [stderr] warning: field `0` is never read
[INFO] [stderr]   --> src/song_config.rs:63:26
[INFO] [stderr]    |
[INFO] [stderr] 63 |     UnexpectedDiscAbsent(&'a Path),
[INFO] [stderr]    |     -------------------- ^^^^^^^^
[INFO] [stderr]    |     |
[INFO] [stderr]    |     field in this variant
[INFO] [stderr]    |
[INFO] [stderr] help: consider changing the field to be of unit type to suppress this warning while preserving the field numbering, or remove the field
[INFO] [stderr]    |
[INFO] [stderr] 63 |     UnexpectedDiscAbsent(()),
[INFO] [stderr]    |                          ~~
[INFO] [stderr] 
[INFO] [stderr] warning: enum `SyncedOrSimple` is never used
[INFO] [stderr]    --> src/tag_interop.rs:408:6
[INFO] [stderr]     |
[INFO] [stderr] 408 | enum SyncedOrSimple {
[INFO] [stderr]     |      ^^^^^^^^^^^^^^
[INFO] [stderr] 
[INFO] [stderr] warning: function `try_lyrics` is never used
[INFO] [stderr]    --> src/tag_interop.rs:412:4
[INFO] [stderr]     |
[INFO] [stderr] 412 | fn try_lyrics(lines: Vec<String>) -> SyncedOrSimple {
[INFO] [stderr]     |    ^^^^^^^^^^
[INFO] [stderr] 
[INFO] [stderr] warning: `nmu` (bin "nmu" test) generated 26 warnings (run `cargo fix --bin "nmu" --tests` to apply 1 suggestion)
[INFO] [stderr]     Finished `test` profile [unoptimized + debuginfo] target(s) in 0.21s
[INFO] [stderr]      Running unittests src/main.rs (/opt/rustwide/target/debug/deps/nmu-fce798265299c942)
[INFO] [stdout] 
[INFO] [stdout] running 71 tests
[INFO] [stdout] test tests::bad_durations ... ok
[INFO] [stdout] test tests::copy_field_missing ... ok
[INFO] [stdout] test tests::copy_field_simple ... ok
[INFO] [stdout] test tests::copy_full_modify ... ok
[INFO] [stdout] test tests::copy_full_self ... ok
[INFO] [stdout] test tests::copy_full_missing ... ok
[INFO] [stdout] test tests::deserialize::field_select_title ... ok
[INFO] [stdout] test tests::deserialize::field_title ... ok
[INFO] [stdout] test tests::deserialize::field_custom ... ok
[INFO] [stdout] test tests::deserialize::field_select_multiple ... ok
[INFO] [stdout] test tests::copy_full_chain ... ok
[INFO] [stdout] test tests::copy_field_nested ... ok
[INFO] [stdout] test tests::deserialize::field_select_all ... ok
[INFO] [stdout] test tests::deserialize::item_sel_multi ... ok
[INFO] [stdout] test tests::deserialize::item_sel_path ... ok
[INFO] [stdout] test tests::deserialize::local_item_down ... ok
[INFO] [stdout] test tests::deserialize::local_item_self ... ok
[INFO] [stdout] test tests::deserialize::item_sel_subpath ... ok
[INFO] [stdout] test tests::deserialize::meta_list ... ok
[INFO] [stdout] test tests::deserialize::local_item_this ... ok
[INFO] [stdout] test tests::deserialize::meta_op_keep ... ok
[INFO] [stdout] test tests::deserialize::meta_op_context ... ok
[INFO] [stdout] test tests::deserialize::meta_op_set ... ok
[INFO] [stdout] test tests::deserialize::modifier_join ... ok
[INFO] [stdout] test tests::deserialize::meta_op_modify ... ok
[INFO] [stdout] test tests::copy_full_simple ... ok
[INFO] [stdout] test tests::deserialize::local_item_up ... ok
[INFO] [stdout] test tests::deserialize::modifier_prepend ... ok
[INFO] [stdout] test tests::deserialize::meta_str ... ok
[INFO] [stdout] test tests::deserialize::modifier_append ... ok
[INFO] [stdout] test tests::deserialize::range_index ... ok
[INFO] [stdout] test tests::deserialize::modifier_split ... ok
[INFO] [stdout] test tests::deserialize::range_start ... ok
[INFO] [stdout] test tests::deserialize::range_tuple ... ok
[INFO] [stdout] test tests::deserialize::segment_literal ... ok
[INFO] [stdout] test tests::deserialize::item_sel_seg ... ok
[INFO] [stdout] test tests::deserialize::segment_regex ... ok
[INFO] [stdout] test tests::deserialize::meta_op_blank ... ok
[INFO] [stdout] test tests::deserialize::take_simple ... ok
[INFO] [stdout] test tests::deserialize::range_literal ... ok
[INFO] [stdout] test tests::deserialize::take_struct ... ok
[INFO] [stdout] test tests::good_durations ... ok
[INFO] [stdout] test tests::interop::id3_simple_lyrics ... ok
[INFO] [stdout] test tests::deserialize::value_from ... ok
[INFO] [stdout] test tests::interop::id3_synced_lyrics ... ok
[INFO] [stdout] test tests::interop::lyric_equality ... ok
[INFO] [stdout] test tests::deserialize::this_ser ... ok
[INFO] [stdout] test tests::range_int_first ... ok
[INFO] [stdout] test tests::deserialize::value_get_name ... ok
[INFO] [stdout] test tests::interop::ape_simple_lyrics ... ok
[INFO] [stdout] test tests::range_int_from_back ... ok
[INFO] [stdout] test tests::range_int_last ... ok
[INFO] [stdout] test tests::deserialize::value_direct ... ok
[INFO] [stdout] test tests::range_mult_some ... ok
[INFO] [stdout] test tests::reverse_config ... ok
[INFO] [stdout] test tests::range_mult_clamp ... ok
[INFO] [stdout] test tests::select_path_full ... ok
[INFO] [stdout] test tests::select_path_too_far ... ok
[INFO] [stdout] test tests::range_int_too_big ... ok
[INFO] [stdout] test tests::range_int_too_small ... ok
[INFO] [stdout] test tests::path_equality ... ok
[INFO] [stdout] test tests::select_segment_full ... ok
[INFO] [stdout] test tests::range_mult_all ... ok
[INFO] [stdout] test tests::select_segment_too_far ... ok
[INFO] [stdout] test tests::select_subpath_complex ... ok
[INFO] [stdout] test tests::select_path_partial ... ok
[INFO] [stdout] test tests::range_mult_backwards ... ok
[INFO] [stdout] test tests::select_subpath_simple ... ok
[INFO] [stdout] test tests::select_segment_partial ... ok
[INFO] [stdout] test tests::selector_matches ... ok
[INFO] [stdout] test tests::interop::flac_simple_lyrics ... FAILED
[INFO] [stdout] 
[INFO] [stdout] failures:
[INFO] [stdout] 
[INFO] [stdout] ---- tests::interop::flac_simple_lyrics stdout ----
[INFO] [stdout] thread 'tests::interop::flac_simple_lyrics' panicked at src/tests.rs:204:9:
[INFO] [stdout] assertion `left == right` failed
[INFO] [stdout]   left: "one\ntwo\nthree\nfour"
[INFO] [stdout]  right: "one\ntwo\nthree\nfour\nfive\nsix\nseven\neight"
[INFO] [stdout] stack backtrace:
[INFO] [stdout]    0:     0x591da96c54ea - std::backtrace_rs::backtrace::libunwind::trace::h8810477743020387
[INFO] [stdout]                                at /rustc/202008a1b8de96d2e5b6bc02d379db03a877d34d/library/std/src/../../backtrace/src/backtrace/libunwind.rs:116:5
[INFO] [stdout]    1:     0x591da96c54ea - std::backtrace_rs::backtrace::trace_unsynchronized::h3aa55355dd6c54a6
[INFO] [stdout]                                at /rustc/202008a1b8de96d2e5b6bc02d379db03a877d34d/library/std/src/../../backtrace/src/backtrace/mod.rs:66:5
[INFO] [stdout]    2:     0x591da96c54ea - std::sys::backtrace::_print_fmt::h8588b0f62410823f
[INFO] [stdout]                                at /rustc/202008a1b8de96d2e5b6bc02d379db03a877d34d/library/std/src/sys/backtrace.rs:66:9
[INFO] [stdout]    3:     0x591da96c54ea - <std::sys::backtrace::BacktraceLock::print::DisplayBacktrace as core::fmt::Display>::fmt::h98c26ac25ffe89bb
[INFO] [stdout]                                at /rustc/202008a1b8de96d2e5b6bc02d379db03a877d34d/library/std/src/sys/backtrace.rs:39:26
[INFO] [stdout]    4:     0x591da96ed8a3 - core::fmt::rt::Argument::fmt::hf95377f4aebd453b
[INFO] [stdout]                                at /rustc/202008a1b8de96d2e5b6bc02d379db03a877d34d/library/core/src/fmt/rt.rs:177:76
[INFO] [stdout]    5:     0x591da96ed8a3 - core::fmt::write::h0dd5f6e2238c7982
[INFO] [stdout]                                at /rustc/202008a1b8de96d2e5b6bc02d379db03a877d34d/library/core/src/fmt/mod.rs:1189:21
[INFO] [stdout]    6:     0x591da96c1df3 - std::io::Write::write_fmt::h03bb0ca26e6faf8c
[INFO] [stdout]                                at /rustc/202008a1b8de96d2e5b6bc02d379db03a877d34d/library/std/src/io/mod.rs:1884:15
[INFO] [stdout]    7:     0x591da96c5332 - std::sys::backtrace::BacktraceLock::print::h5c19c1c038ee186d
[INFO] [stdout]                                at /rustc/202008a1b8de96d2e5b6bc02d379db03a877d34d/library/std/src/sys/backtrace.rs:42:9
[INFO] [stdout]    8:     0x591da96c696d - std::panicking::default_hook::{{closure}}::h77172f079a1fcb13
[INFO] [stdout]                                at /rustc/202008a1b8de96d2e5b6bc02d379db03a877d34d/library/std/src/panicking.rs:268:22
[INFO] [stdout]    9:     0x591da96c6777 - std::panicking::default_hook::he5f8e3b203ccddba
[INFO] [stdout]                                at /rustc/202008a1b8de96d2e5b6bc02d379db03a877d34d/library/std/src/panicking.rs:292:9
[INFO] [stdout]   10:     0x591da93dcb37 - <alloc::boxed::Box<F,A> as core::ops::function::Fn<Args>>::call::h7a3c7b4a1ae77f2f
[INFO] [stdout]                                at /rustc/202008a1b8de96d2e5b6bc02d379db03a877d34d/library/alloc/src/boxed.rs:1986:9
[INFO] [stdout]   11:     0x591da93dcb37 - test::test_main::{{closure}}::hf0d3b69ae9b353d1
[INFO] [stdout]                                at /rustc/202008a1b8de96d2e5b6bc02d379db03a877d34d/library/test/src/lib.rs:134:21
[INFO] [stdout]   12:     0x591da96c7018 - <alloc::boxed::Box<F,A> as core::ops::function::Fn<Args>>::call::h6332e82e7b189abd
[INFO] [stdout]                                at /rustc/202008a1b8de96d2e5b6bc02d379db03a877d34d/library/alloc/src/boxed.rs:1986:9
[INFO] [stdout]   13:     0x591da96c7018 - std::panicking::rust_panic_with_hook::h53863d4e9018df39
[INFO] [stdout]                                at /rustc/202008a1b8de96d2e5b6bc02d379db03a877d34d/library/std/src/panicking.rs:809:13
[INFO] [stdout]   14:     0x591da96c6dda - std::panicking::begin_panic_handler::{{closure}}::h67280e6fa0757873
[INFO] [stdout]                                at /rustc/202008a1b8de96d2e5b6bc02d379db03a877d34d/library/std/src/panicking.rs:674:13
[INFO] [stdout]   15:     0x591da96c59c9 - std::sys::backtrace::__rust_end_short_backtrace::h1dac3f54d6fbbeb2
[INFO] [stdout]                                at /rustc/202008a1b8de96d2e5b6bc02d379db03a877d34d/library/std/src/sys/backtrace.rs:170:18
[INFO] [stdout]   16:     0x591da96c6a6c - rust_begin_unwind
[INFO] [stdout]                                at /rustc/202008a1b8de96d2e5b6bc02d379db03a877d34d/library/std/src/panicking.rs:665:5
[INFO] [stdout]   17:     0x591da91e22c0 - core::panicking::panic_fmt::h6792bd1b2bf01041
[INFO] [stdout]                                at /rustc/202008a1b8de96d2e5b6bc02d379db03a877d34d/library/core/src/panicking.rs:76:14
[INFO] [stdout]   18:     0x591da91e2725 - core::panicking::assert_failed_inner::hf2c17e6d30928787
[INFO] [stdout]   19:     0x591da9265140 - core::panicking::assert_failed::h960a2df6a55e416a
[INFO] [stdout]                                at /rustc/202008a1b8de96d2e5b6bc02d379db03a877d34d/library/core/src/panicking.rs:373:5
[INFO] [stdout]   20:     0x591da925c9b9 - nmu::tests::interop::flac_simple_lyrics::he1480fdb18df48f4
[INFO] [stdout]                                at /opt/rustwide/workdir/src/tests.rs:204:9
[INFO] [stdout]   21:     0x591da925c427 - nmu::tests::interop::flac_simple_lyrics::{{closure}}::hdfbdd1b1ef3679fe
[INFO] [stdout]                                at /opt/rustwide/workdir/src/tests.rs:195:28
[INFO] [stdout]   22:     0x591da928ec56 - core::ops::function::FnOnce::call_once::h70ac62507dff9d0c
[INFO] [stdout]                                at /rustc/202008a1b8de96d2e5b6bc02d379db03a877d34d/library/core/src/ops/function.rs:250:5
[INFO] [stdout]   23:     0x591da93e165b - core::ops::function::FnOnce::call_once::h871bf86719ec9aa4
[INFO] [stdout]                                at /rustc/202008a1b8de96d2e5b6bc02d379db03a877d34d/library/core/src/ops/function.rs:250:5
[INFO] [stdout]   24:     0x591da93e165b - test::__rust_begin_short_backtrace::h2167df1e2b7d76fd
[INFO] [stdout]                                at /rustc/202008a1b8de96d2e5b6bc02d379db03a877d34d/library/test/src/lib.rs:632:18
[INFO] [stdout]   25:     0x591da93e1048 - test::run_test_in_process::{{closure}}::h15d92f75a3adfb79
[INFO] [stdout]                                at /rustc/202008a1b8de96d2e5b6bc02d379db03a877d34d/library/test/src/lib.rs:655:60
[INFO] [stdout]   26:     0x591da93e1048 - <core::panic::unwind_safe::AssertUnwindSafe<F> as core::ops::function::FnOnce<()>>::call_once::hb6c8955835a8dbbb
[INFO] [stdout]                                at /rustc/202008a1b8de96d2e5b6bc02d379db03a877d34d/library/core/src/panic/unwind_safe.rs:272:9
[INFO] [stdout]   27:     0x591da93e1048 - std::panicking::try::do_call::hc79d0fc888a0bd30
[INFO] [stdout]                                at /rustc/202008a1b8de96d2e5b6bc02d379db03a877d34d/library/std/src/panicking.rs:557:40
[INFO] [stdout]   28:     0x591da93e1048 - std::panicking::try::hb8a7878e3a8589d6
[INFO] [stdout]                                at /rustc/202008a1b8de96d2e5b6bc02d379db03a877d34d/library/std/src/panicking.rs:520:19
[INFO] [stdout]   29:     0x591da93e1048 - std::panic::catch_unwind::hb8e4600ff0ff5cfa
[INFO] [stdout]                                at /rustc/202008a1b8de96d2e5b6bc02d379db03a877d34d/library/std/src/panic.rs:358:14
[INFO] [stdout]   30:     0x591da93e1048 - test::run_test_in_process::hc2900b0b18688dd6
[INFO] [stdout]                                at /rustc/202008a1b8de96d2e5b6bc02d379db03a877d34d/library/test/src/lib.rs:655:27
[INFO] [stdout]   31:     0x591da93e1048 - test::run_test::{{closure}}::hac2a9cb07be3d48d
[INFO] [stdout]                                at /rustc/202008a1b8de96d2e5b6bc02d379db03a877d34d/library/test/src/lib.rs:576:43
[INFO] [stdout]   32:     0x591da93a4aea - test::run_test::{{closure}}::h4a5b729e66a38cd8
[INFO] [stdout]                                at /rustc/202008a1b8de96d2e5b6bc02d379db03a877d34d/library/test/src/lib.rs:606:41
[INFO] [stdout]   33:     0x591da93a4aea - std::sys::backtrace::__rust_begin_short_backtrace::h0496fb742492f573
[INFO] [stdout]                                at /rustc/202008a1b8de96d2e5b6bc02d379db03a877d34d/library/std/src/sys/backtrace.rs:154:18
[INFO] [stdout]   34:     0x591da93a8464 - std::thread::Builder::spawn_unchecked_::{{closure}}::{{closure}}::hbb6d257c550a54bd
[INFO] [stdout]                                at /rustc/202008a1b8de96d2e5b6bc02d379db03a877d34d/library/std/src/thread/mod.rs:561:17
[INFO] [stdout]   35:     0x591da93a8464 - <core::panic::unwind_safe::AssertUnwindSafe<F> as core::ops::function::FnOnce<()>>::call_once::h46696fe4a6832328
[INFO] [stdout]                                at /rustc/202008a1b8de96d2e5b6bc02d379db03a877d34d/library/core/src/panic/unwind_safe.rs:272:9
[INFO] [stdout]   36:     0x591da93a8464 - std::panicking::try::do_call::h2625a51b667bfb64
[INFO] [stdout]                                at /rustc/202008a1b8de96d2e5b6bc02d379db03a877d34d/library/std/src/panicking.rs:557:40
[INFO] [stdout]   37:     0x591da93a8464 - std::panicking::try::hb956a59a1973aa4c
[INFO] [stdout]                                at /rustc/202008a1b8de96d2e5b6bc02d379db03a877d34d/library/std/src/panicking.rs:520:19
[INFO] [stdout]   38:     0x591da93a8464 - std::panic::catch_unwind::h64f3b9d1067ef6a0
[INFO] [stdout]                                at /rustc/202008a1b8de96d2e5b6bc02d379db03a877d34d/library/std/src/panic.rs:358:14
[INFO] [stdout]   39:     0x591da93a8464 - std::thread::Builder::spawn_unchecked_::{{closure}}::h42b2841295b6c0b2
[INFO] [stdout]                                at /rustc/202008a1b8de96d2e5b6bc02d379db03a877d34d/library/std/src/thread/mod.rs:559:30
[INFO] [stdout]   40:     0x591da93a8464 - core::ops::function::FnOnce::call_once{{vtable.shim}}::h6127de71b8124639
[INFO] [stdout]                                at /rustc/202008a1b8de96d2e5b6bc02d379db03a877d34d/library/core/src/ops/function.rs:250:5
[INFO] [stdout]   41:     0x591da96cbd0b - <alloc::boxed::Box<F,A> as core::ops::function::FnOnce<Args>>::call_once::h42f0ba71002a1b2c
[INFO] [stdout]                                at /rustc/202008a1b8de96d2e5b6bc02d379db03a877d34d/library/alloc/src/boxed.rs:1972:9
[INFO] [stdout]   42:     0x591da96cbd0b - <alloc::boxed::Box<F,A> as core::ops::function::FnOnce<Args>>::call_once::had9e47d7a3dcecb8
[INFO] [stdout]                                at /rustc/202008a1b8de96d2e5b6bc02d379db03a877d34d/library/alloc/src/boxed.rs:1972:9
[INFO] [stdout]   43:     0x591da96cbd0b - std::sys::pal::unix::thread::Thread::new::thread_start::h48cf765408f6f5f2
[INFO] [stdout]                                at /rustc/202008a1b8de96d2e5b6bc02d379db03a877d34d/library/std/src/sys/pal/unix/thread.rs:105:17
[INFO] [stdout]   44:     0x748e0f591ac3 - <unknown>
[INFO] [stdout]   45:     0x748e0f622a04 - clone
[INFO] [stdout]   46:                0x0 - <unknown>
[INFO] [stdout] 
[INFO] [stdout] 
[INFO] [stdout] failures:
[INFO] [stdout]     tests::interop::flac_simple_lyrics
[INFO] [stdout] 
[INFO] [stdout] test result: FAILED. 70 passed; 1 failed; 0 ignored; 0 measured; 0 filtered out; finished in 0.18s
[INFO] [stdout] 
[INFO] [stderr] error: test failed, to rerun pass `--bin nmu`
[INFO] running `Command { std: "docker" "inspect" "3f46ea86d3fbc85f412e2f5fbb9a89c3f0a8a5dad546ecb638cf93191fefdf70", kill_on_drop: false }`
[INFO] running `Command { std: "docker" "rm" "-f" "3f46ea86d3fbc85f412e2f5fbb9a89c3f0a8a5dad546ecb638cf93191fefdf70", kill_on_drop: false }`
[INFO] [stdout] 3f46ea86d3fbc85f412e2f5fbb9a89c3f0a8a5dad546ecb638cf93191fefdf70
