[INFO] cloning repository https://github.com/triskofwhaleisland/crustacean-states
[INFO] running `Command { std: "git" "-c" "credential.helper=" "-c" "credential.helper=/workspace/cargo-home/bin/git-credential-null" "clone" "--bare" "https://github.com/triskofwhaleisland/crustacean-states" "/workspace/cache/git-repos/https%3A%2F%2Fgithub.com%2Ftriskofwhaleisland%2Fcrustacean-states", kill_on_drop: false }`
[INFO] [stderr] Cloning into bare repository '/workspace/cache/git-repos/https%3A%2F%2Fgithub.com%2Ftriskofwhaleisland%2Fcrustacean-states'...
[INFO] running `Command { std: "git" "rev-parse" "HEAD", kill_on_drop: false }`
[INFO] [stdout] f637626f42aa523f3d529ea12dac0bcd0a4f9777
[INFO] testing triskofwhaleisland/crustacean-states against beta-2024-12-08 for beta-1.84.0-4-retry
[INFO] running `Command { std: "git" "clone" "/workspace/cache/git-repos/https%3A%2F%2Fgithub.com%2Ftriskofwhaleisland%2Fcrustacean-states" "/workspace/builds/worker-5-tc2/source", kill_on_drop: false }`
[INFO] [stderr] Cloning into '/workspace/builds/worker-5-tc2/source'...
[INFO] [stderr] done.
[INFO] validating manifest of git repo https://github.com/triskofwhaleisland/crustacean-states on toolchain beta-2024-12-08
[INFO] running `Command { std: CARGO_HOME="/workspace/cargo-home" RUSTUP_HOME="/workspace/rustup-home" "/workspace/cargo-home/bin/cargo" "+beta-2024-12-08" "metadata" "--manifest-path" "Cargo.toml" "--no-deps", kill_on_drop: false }`
[INFO] started tweaking git repo https://github.com/triskofwhaleisland/crustacean-states
[INFO] finished tweaking git repo https://github.com/triskofwhaleisland/crustacean-states
[INFO] tweaked toml for git repo https://github.com/triskofwhaleisland/crustacean-states written to /workspace/builds/worker-5-tc2/source/Cargo.toml
[INFO] crate git repo https://github.com/triskofwhaleisland/crustacean-states already has a lockfile, it will not be regenerated
[INFO] running `Command { std: CARGO_HOME="/workspace/cargo-home" RUSTUP_HOME="/workspace/rustup-home" "/workspace/cargo-home/bin/cargo" "+beta-2024-12-08" "fetch" "--manifest-path" "Cargo.toml", kill_on_drop: false }`
[INFO] running `Command { std: "docker" "create" "-v" "/var/lib/crater-agent-workspace/builds/worker-5-tc2/target:/opt/rustwide/target:rw,Z" "-v" "/var/lib/crater-agent-workspace/builds/worker-5-tc2/source:/opt/rustwide/workdir:ro,Z" "-v" "/var/lib/crater-agent-workspace/cargo-home:/opt/rustwide/cargo-home:ro,Z" "-v" "/var/lib/crater-agent-workspace/rustup-home:/opt/rustwide/rustup-home:ro,Z" "-e" "SOURCE_DIR=/opt/rustwide/workdir" "-e" "CARGO_TARGET_DIR=/opt/rustwide/target" "-e" "CARGO_HOME=/opt/rustwide/cargo-home" "-e" "RUSTUP_HOME=/opt/rustwide/rustup-home" "-w" "/opt/rustwide/workdir" "-m" "1610612736" "--user" "0:0" "--network" "none" "ghcr.io/rust-lang/crates-build-env/linux@sha256:f3a9d4ad9d972b27faf3965f35b62e55ba32bbce8f20bc8fe909558a86702fde" "/opt/rustwide/cargo-home/bin/cargo" "+beta-2024-12-08" "metadata" "--no-deps" "--format-version=1", kill_on_drop: false }`
[INFO] [stdout] 0fc310b1db1002afe05332e2dce4000891476f168eaac6d7f354053b257b5ee0
[INFO] running `Command { std: "docker" "start" "-a" "0fc310b1db1002afe05332e2dce4000891476f168eaac6d7f354053b257b5ee0", kill_on_drop: false }`
[INFO] running `Command { std: "docker" "inspect" "0fc310b1db1002afe05332e2dce4000891476f168eaac6d7f354053b257b5ee0", kill_on_drop: false }`
[INFO] running `Command { std: "docker" "rm" "-f" "0fc310b1db1002afe05332e2dce4000891476f168eaac6d7f354053b257b5ee0", kill_on_drop: false }`
[INFO] [stdout] 0fc310b1db1002afe05332e2dce4000891476f168eaac6d7f354053b257b5ee0
[INFO] running `Command { std: "docker" "create" "-v" "/var/lib/crater-agent-workspace/builds/worker-5-tc2/target:/opt/rustwide/target:rw,Z" "-v" "/var/lib/crater-agent-workspace/builds/worker-5-tc2/source:/opt/rustwide/workdir:ro,Z" "-v" "/var/lib/crater-agent-workspace/cargo-home:/opt/rustwide/cargo-home:ro,Z" "-v" "/var/lib/crater-agent-workspace/rustup-home:/opt/rustwide/rustup-home:ro,Z" "-e" "SOURCE_DIR=/opt/rustwide/workdir" "-e" "CARGO_TARGET_DIR=/opt/rustwide/target" "-e" "CARGO_INCREMENTAL=0" "-e" "RUST_BACKTRACE=full" "-e" "RUSTFLAGS=--cap-lints=warn" "-e" "RUSTDOCFLAGS=--cap-lints=warn" "-e" "CARGO_HOME=/opt/rustwide/cargo-home" "-e" "RUSTUP_HOME=/opt/rustwide/rustup-home" "-w" "/opt/rustwide/workdir" "-m" "1610612736" "--user" "0:0" "--network" "none" "ghcr.io/rust-lang/crates-build-env/linux@sha256:f3a9d4ad9d972b27faf3965f35b62e55ba32bbce8f20bc8fe909558a86702fde" "/opt/rustwide/cargo-home/bin/cargo" "+beta-2024-12-08" "build" "--frozen" "--message-format=json", kill_on_drop: false }`
[INFO] [stdout] f8dd2c1f2a6b26f61b9fac032b3b096180c9a24be26d8b13b9e0e6f1d6395cf5
[INFO] running `Command { std: "docker" "start" "-a" "f8dd2c1f2a6b26f61b9fac032b3b096180c9a24be26d8b13b9e0e6f1d6395cf5", kill_on_drop: false }`
[INFO] [stderr]    Compiling proc-macro2 v1.0.69
[INFO] [stderr]    Compiling unicode-ident v1.0.12
[INFO] [stderr]    Compiling libc v0.2.150
[INFO] [stderr]    Compiling pkg-config v0.3.27
[INFO] [stderr]    Compiling vcpkg v0.2.15
[INFO] [stderr]    Compiling autocfg v1.1.0
[INFO] [stderr]    Compiling pin-project-lite v0.2.13
[INFO] [stderr]    Compiling once_cell v1.18.0
[INFO] [stderr]    Compiling futures-core v0.3.29
[INFO] [stderr]    Compiling bytes v1.5.0
[INFO] [stderr]    Compiling futures-task v0.3.29
[INFO] [stderr]    Compiling itoa v1.0.9
[INFO] [stderr]    Compiling fnv v1.0.7
[INFO] [stderr]    Compiling cfg-if v1.0.0
[INFO] [stderr]    Compiling openssl v0.10.59
[INFO] [stderr]    Compiling foreign-types-shared v0.1.1
[INFO] [stderr]    Compiling futures-util v0.3.29
[INFO] [stderr]    Compiling native-tls v0.2.11
[INFO] [stderr]    Compiling foreign-types v0.3.2
[INFO] [stderr]    Compiling httparse v1.8.0
[INFO] [stderr]    Compiling pin-utils v0.1.0
[INFO] [stderr]    Compiling hashbrown v0.12.3
[INFO] [stderr]    Compiling futures-sink v0.3.29
[INFO] [stderr]    Compiling tracing-core v0.1.32
[INFO] [stderr]    Compiling tinyvec_macros v0.1.1
[INFO] [stderr]    Compiling indexmap v1.9.3
[INFO] [stderr]    Compiling slab v0.4.9
[INFO] [stderr]    Compiling futures-channel v0.3.29
[INFO] [stderr]    Compiling serde v1.0.192
[INFO] [stderr]    Compiling bitflags v2.4.1
[INFO] [stderr]    Compiling tinyvec v1.6.0
[INFO] [stderr]    Compiling percent-encoding v2.3.0
[INFO] [stderr]    Compiling http v0.2.11
[INFO] [stderr]    Compiling rustversion v1.0.14
[INFO] [stderr]    Compiling try-lock v0.2.4
[INFO] [stderr]    Compiling log v0.4.20
[INFO] [stderr]    Compiling openssl-probe v0.1.5
[INFO] [stderr]    Compiling form_urlencoded v1.2.0
[INFO] [stderr]    Compiling want v0.3.1
[INFO] [stderr]    Compiling tower-service v0.3.2
[INFO] [stderr]    Compiling httpdate v1.0.3
[INFO] [stderr]    Compiling unicode-bidi v0.3.13
[INFO] [stderr]    Compiling heck v0.4.1
[INFO] [stderr]    Compiling tracing v0.1.40
[INFO] [stderr]    Compiling ryu v1.0.15
[INFO] [stderr]    Compiling http-body v0.4.5
[INFO] [stderr]    Compiling thiserror v1.0.50
[INFO] [stderr]    Compiling regex-syntax v0.8.2
[INFO] [stderr]    Compiling quote v1.0.33
[INFO] [stderr]    Compiling encoding_rs v0.8.33
[INFO] [stderr]    Compiling memchr v2.6.4
[INFO] [stderr]    Compiling mime v0.3.17
[INFO] [stderr]    Compiling ipnet v2.9.0
[INFO] [stderr]    Compiling base64 v0.21.5
[INFO] [stderr]    Compiling either v1.9.0
[INFO] [stderr]    Compiling cc v1.0.84
[INFO] [stderr]    Compiling mio v0.8.9
[INFO] [stderr]    Compiling socket2 v0.5.5
[INFO] [stderr]    Compiling socket2 v0.4.10
[INFO] [stderr]    Compiling syn v2.0.39
[INFO] [stderr]    Compiling itertools v0.12.1
[INFO] [stderr]    Compiling unicode-normalization v0.1.22
[INFO] [stderr]    Compiling openssl-sys v0.9.95
[INFO] [stderr]    Compiling tokio v1.34.0
[INFO] [stderr]    Compiling idna v0.4.0
[INFO] [stderr]    Compiling regex-automata v0.4.3
[INFO] [stderr]    Compiling url v2.4.1
[INFO] [stderr]    Compiling regex v1.10.2
[INFO] [stderr]    Compiling openssl-macros v0.1.1
[INFO] [stderr]    Compiling serde_derive v1.0.192
[INFO] [stderr]    Compiling strum_macros v0.26.1
[INFO] [stderr]    Compiling thiserror-impl v1.0.50
[INFO] [stderr]    Compiling tokio-util v0.7.10
[INFO] [stderr]    Compiling h2 v0.3.21
[INFO] [stderr]    Compiling strum v0.26.1
[INFO] [stderr]    Compiling hyper v0.14.27
[INFO] [stderr]    Compiling tokio-native-tls v0.3.1
[INFO] [stderr]    Compiling hyper-tls v0.5.0
[INFO] [stderr]    Compiling serde_urlencoded v0.7.1
[INFO] [stderr]    Compiling quick-xml v0.31.0
[INFO] [stderr]    Compiling reqwest v0.11.22
[INFO] [stderr]    Compiling crustacean-states v0.2.1 (/opt/rustwide/workdir)
[INFO] [stderr]     Finished `dev` profile [unoptimized + debuginfo] target(s) in 40.00s
[INFO] running `Command { std: "docker" "inspect" "f8dd2c1f2a6b26f61b9fac032b3b096180c9a24be26d8b13b9e0e6f1d6395cf5", kill_on_drop: false }`
[INFO] running `Command { std: "docker" "rm" "-f" "f8dd2c1f2a6b26f61b9fac032b3b096180c9a24be26d8b13b9e0e6f1d6395cf5", kill_on_drop: false }`
[INFO] [stdout] f8dd2c1f2a6b26f61b9fac032b3b096180c9a24be26d8b13b9e0e6f1d6395cf5
[INFO] running `Command { std: "docker" "create" "-v" "/var/lib/crater-agent-workspace/builds/worker-5-tc2/target:/opt/rustwide/target:rw,Z" "-v" "/var/lib/crater-agent-workspace/builds/worker-5-tc2/source:/opt/rustwide/workdir:ro,Z" "-v" "/var/lib/crater-agent-workspace/cargo-home:/opt/rustwide/cargo-home:ro,Z" "-v" "/var/lib/crater-agent-workspace/rustup-home:/opt/rustwide/rustup-home:ro,Z" "-e" "SOURCE_DIR=/opt/rustwide/workdir" "-e" "CARGO_TARGET_DIR=/opt/rustwide/target" "-e" "CARGO_INCREMENTAL=0" "-e" "RUST_BACKTRACE=full" "-e" "RUSTFLAGS=--cap-lints=warn" "-e" "RUSTDOCFLAGS=--cap-lints=warn" "-e" "CARGO_HOME=/opt/rustwide/cargo-home" "-e" "RUSTUP_HOME=/opt/rustwide/rustup-home" "-w" "/opt/rustwide/workdir" "-m" "1610612736" "--user" "0:0" "--network" "none" "ghcr.io/rust-lang/crates-build-env/linux@sha256:f3a9d4ad9d972b27faf3965f35b62e55ba32bbce8f20bc8fe909558a86702fde" "/opt/rustwide/cargo-home/bin/cargo" "+beta-2024-12-08" "test" "--frozen" "--no-run" "--message-format=json", kill_on_drop: false }`
[INFO] [stdout] 523a853c17326a8fa0d7d83f07a80dbe89865b12b1012aaa30ad6a70ee34cdbc
[INFO] running `Command { std: "docker" "start" "-a" "523a853c17326a8fa0d7d83f07a80dbe89865b12b1012aaa30ad6a70ee34cdbc", kill_on_drop: false }`
[INFO] [stderr]    Compiling num_cpus v1.16.0
[INFO] [stderr]    Compiling tokio-macros v2.2.0
[INFO] [stderr]    Compiling dotenvy v0.15.7
[INFO] [stderr]    Compiling tokio v1.34.0
[INFO] [stderr]    Compiling tokio-util v0.7.10
[INFO] [stderr]    Compiling tokio-native-tls v0.3.1
[INFO] [stderr]    Compiling quick-xml v0.31.0
[INFO] [stderr]    Compiling h2 v0.3.21
[INFO] [stderr]    Compiling hyper v0.14.27
[INFO] [stderr]    Compiling hyper-tls v0.5.0
[INFO] [stderr]    Compiling reqwest v0.11.22
[INFO] [stderr]    Compiling crustacean-states v0.2.1 (/opt/rustwide/workdir)
[INFO] [stderr]     Finished `test` profile [unoptimized + debuginfo] target(s) in 25.21s
[INFO] running `Command { std: "docker" "inspect" "523a853c17326a8fa0d7d83f07a80dbe89865b12b1012aaa30ad6a70ee34cdbc", kill_on_drop: false }`
[INFO] running `Command { std: "docker" "rm" "-f" "523a853c17326a8fa0d7d83f07a80dbe89865b12b1012aaa30ad6a70ee34cdbc", kill_on_drop: false }`
[INFO] [stdout] 523a853c17326a8fa0d7d83f07a80dbe89865b12b1012aaa30ad6a70ee34cdbc
[INFO] running `Command { std: "docker" "create" "-v" "/var/lib/crater-agent-workspace/builds/worker-5-tc2/target:/opt/rustwide/target:rw,Z" "-v" "/var/lib/crater-agent-workspace/builds/worker-5-tc2/source:/opt/rustwide/workdir:ro,Z" "-v" "/var/lib/crater-agent-workspace/cargo-home:/opt/rustwide/cargo-home:ro,Z" "-v" "/var/lib/crater-agent-workspace/rustup-home:/opt/rustwide/rustup-home:ro,Z" "-e" "SOURCE_DIR=/opt/rustwide/workdir" "-e" "CARGO_TARGET_DIR=/opt/rustwide/target" "-e" "CARGO_INCREMENTAL=0" "-e" "RUST_BACKTRACE=full" "-e" "RUSTFLAGS=--cap-lints=warn" "-e" "RUSTDOCFLAGS=--cap-lints=warn" "-e" "CARGO_HOME=/opt/rustwide/cargo-home" "-e" "RUSTUP_HOME=/opt/rustwide/rustup-home" "-w" "/opt/rustwide/workdir" "-m" "1610612736" "--user" "0:0" "--network" "none" "ghcr.io/rust-lang/crates-build-env/linux@sha256:f3a9d4ad9d972b27faf3965f35b62e55ba32bbce8f20bc8fe909558a86702fde" "/opt/rustwide/cargo-home/bin/cargo" "+beta-2024-12-08" "test" "--frozen", kill_on_drop: false }`
[INFO] [stdout] f766d7261f0cb385200e95bf4e0d510ff03f1d5190e06870d7218a72487c0a78
[INFO] running `Command { std: "docker" "start" "-a" "f766d7261f0cb385200e95bf4e0d510ff03f1d5190e06870d7218a72487c0a78", kill_on_drop: false }`
[INFO] [stderr]     Finished `test` profile [unoptimized + debuginfo] target(s) in 0.26s
[INFO] [stderr]      Running unittests src/lib.rs (/opt/rustwide/target/debug/deps/crustacean_states-9515ee753c060bcd)
[INFO] [stdout] 
[INFO] [stdout] running 22 tests
[INFO] [stdout] test client::tests::new_rate_limits ... ok
[INFO] [stdout] test client::tests::rate_limits_with_retry_after ... ok
[INFO] [stdout] test shards::nation::tests::pns_complex_as_str ... ok
[INFO] [stdout] test shards::nation::tests::pns_normal_as_str ... ok
[INFO] [stdout] test shards::tests::insert_all_scales ... ok
[INFO] [stdout] test shards::tests::insert_many_scales ... ok
[INFO] [stdout] test shards::tests::insert_mode_current_one ... ok
[INFO] [stdout] test shards::tests::insert_param ... ok
[INFO] [stdout] test shards::tests::insert_one_scale ... ok
[INFO] [stdout] test shards::tests::insert_rank_scale ... ok
[INFO] [stdout] test shards::tests::param_iter_complex ... ok
[INFO] [stdout] test shards::tests::param_iter_easy ... ok
[INFO] [stdout] test tests::pretty_name_multiword ... ok
[INFO] [stdout] test tests::safe_name_unchanged ... ok
[INFO] [stdout] test tests::safe_name_underscore_and_lowercase ... ok
[INFO] [stdout] test shards::tests::insert_today_scale ... ok
[INFO] [stdout] test tests::safe_name_underscore ... ok
[INFO] [stdout] test shards::tests::insert_mode_history_from_and_to ... ok
[INFO] [stdout] test shards::nation::tests::add_shards ... ok
[INFO] [stdout] test tests::pretty_name_uppercase ... ok
[INFO] [stdout] test tests::safe_name_lowercase ... ok
[INFO] [stdout] test shards::tests::new_params ... ok
[INFO] [stdout] 
[INFO] [stdout] test result: ok. 22 passed; 0 failed; 0 ignored; 0 measured; 0 filtered out; finished in 0.01s
[INFO] [stdout] 
[INFO] [stderr]    Doc-tests crustacean_states
[INFO] [stdout] 
[INFO] [stdout] running 13 tests
[INFO] [stdout] test src/shards/nation.rs - shards::nation::PublicNationRequest<'a>::add_shards (line 366) ... ok
[INFO] [stdout] test src/shards/region.rs - shards::region::RegionRequest (line 145) ... ok
[INFO] [stdout] test src/shards/region.rs - shards::region::RegionRequest<'a>::add_shards (line 243) ... ok
[INFO] [stdout] test src/shards/world.rs - shards::world::WorldRequest<'a>::add_shards (line 197) ... ok
[INFO] [stdout] test src/shards/region.rs - shards::region::RegionRequest<'a>::add_shard (line 220) ... FAILED
[INFO] [stdout] test src/shards/nation.rs - shards::nation::PublicNationRequest<'a>::add_shard (line 343) ... FAILED
[INFO] [stdout] test src/shards/world.rs - shards::world::WorldRequest<'a>::add_shard (line 175) ... FAILED
[INFO] [stdout] test src/shards/world.rs - shards::world::WorldRequest<'a>::shards (line 154) ... ok
[INFO] [stdout] test src/shards/region.rs - shards::region::RegionRequest<'a>::shards (line 195) ... ok
[INFO] [stdout] test src/shards/nation.rs - shards::nation::PublicNationRequest (line 272) ... ok
[INFO] [stdout] test src/shards/mod.rs - shards::CensusShard<'a>::modes (line 167) ... ok
[INFO] [stdout] test src/shards/world.rs - shards::world::IncludeOrExcludeTag (line 501) ... ok
[INFO] [stdout] test src/shards/nation.rs - shards::nation::PublicNationRequest<'a>::shards (line 318) ... ok
[INFO] [stdout] 
[INFO] [stdout] failures:
[INFO] [stdout] 
[INFO] [stdout] ---- src/shards/region.rs - shards::region::RegionRequest<'a>::add_shard (line 220) stdout ----
[INFO] [stdout] error: linking with `cc` failed: exit status: 1
[INFO] [stdout]   |
[INFO] [stdout]   = note: LC_ALL="C" PATH="/opt/rustwide/rustup-home/toolchains/beta-2024-12-08-x86_64-unknown-linux-gnu/lib/rustlib/x86_64-unknown-linux-gnu/bin:/opt/rustwide/cargo-home/bin:/usr/local/sbin:/usr/local/bin:/usr/sbin:/usr/bin:/sbin:/bin" VSLANG="1033" "cc" "-m64" "/tmp/rustcQHsZYm/symbols.o" "/tmp/rustdoctest1KdrvD/rust_out.rust_out.9242fac72db2cd11-cgu.0.rcgu.o" "/tmp/rustdoctest1KdrvD/rust_out.2hl2tb9xdtge7mguxzn2q1kvi.rcgu.o" "-Wl,--as-needed" "-Wl,-Bstatic" "/opt/rustwide/target/debug/deps/libcrustacean_states-da61fbd92f3d1b39.rlib" "/opt/rustwide/target/debug/deps/libstrum-d8aa16cda717e8ca.rlib" "/opt/rustwide/target/debug/deps/libitertools-206460932598482c.rlib" "/opt/rustwide/target/debug/deps/libeither-49b31dd90481588d.rlib" "/opt/rustwide/target/debug/deps/libquick_xml-3e06d3e153027e02.rlib" "/opt/rustwide/target/debug/deps/libmemchr-996a195865583db1.rlib" "/opt/rustwide/target/debug/deps/libregex-ffb241b37943057a.rlib" "/opt/rustwide/target/debug/deps/libregex_automata-5cd77a61c3648bf2.rlib" "/opt/rustwide/target/debug/deps/libregex_syntax-f7cf15211aa5b198.rlib" "/opt/rustwide/target/debug/deps/libthiserror-6336fd90635b75f9.rlib" "/opt/rustwide/target/debug/deps/libreqwest-f0448eda938b50b5.rlib" "/opt/rustwide/target/debug/deps/libhyper_tls-700b054c15395383.rlib" "/opt/rustwide/target/debug/deps/libserde_urlencoded-2d03ed59ddf6c58e.rlib" "/opt/rustwide/target/debug/deps/libryu-d2c3aff9aeca12bd.rlib" "/opt/rustwide/target/debug/deps/libbase64-47ce12bf5fcc4351.rlib" "/opt/rustwide/target/debug/deps/libipnet-5d86936adafddcc9.rlib" "/opt/rustwide/target/debug/deps/libtokio_native_tls-7114860a2510b782.rlib" "/opt/rustwide/target/debug/deps/libmime-a9df5a780629fb7d.rlib" "/opt/rustwide/target/debug/deps/libencoding_rs-52138b450a25663f.rlib" "/opt/rustwide/target/debug/deps/libserde-ed5d5d00e241f05f.rlib" "/opt/rustwide/target/debug/deps/libnative_tls-30dff7089883d55f.rlib" "/opt/rustwide/target/debug/deps/libopenssl_probe-ed1174850529d944.rlib" "/opt/rustwide/target/debug/deps/libopenssl-f2b85d61b8a30af4.rlib" "/opt/rustwide/target/debug/deps/libbitflags-ea1894d07953e9ad.rlib" "/opt/rustwide/target/debug/deps/libforeign_types-2619a4331d8b6eb7.rlib" "/opt/rustwide/target/debug/deps/libforeign_types_shared-c35523625cfd8702.rlib" "/opt/rustwide/target/debug/deps/libcfg_if-a3e7e701fcd1f47b.rlib" "/opt/rustwide/target/debug/deps/libopenssl_sys-3f85da7ff68056da.rlib" "/opt/rustwide/target/debug/deps/libhyper-96a4f10bf3970f64.rlib" "/opt/rustwide/target/debug/deps/libwant-f5ccf0e0b8af4df6.rlib" "/opt/rustwide/target/debug/deps/libtry_lock-aacdce536283039a.rlib" "/opt/rustwide/target/debug/deps/libsocket2-eecf2a54e1f4647a.rlib" "/opt/rustwide/target/debug/deps/libhttparse-2dbc320ca65411a3.rlib" "/opt/rustwide/target/debug/deps/libh2-c0854f290800cd94.rlib" "/opt/rustwide/target/debug/deps/libindexmap-7ff1a537f445f359.rlib" "/opt/rustwide/target/debug/deps/libhashbrown-e273ba0f8cdcbe5b.rlib" "/opt/rustwide/target/debug/deps/libslab-0a39a638bccea296.rlib" "/opt/rustwide/target/debug/deps/libtokio_util-ee1015d1e11f3a0c.rlib" "/opt/rustwide/target/debug/deps/libfutures_sink-94f7ba538b2df59f.rlib" "/opt/rustwide/target/debug/deps/libtower_service-7daacb91dc19d256.rlib" "/opt/rustwide/target/debug/deps/libtracing-8f9811de3845c043.rlib" "/opt/rustwide/target/debug/deps/libtracing_core-9337e49511eb6d7e.rlib" "/opt/rustwide/target/debug/deps/libonce_cell-728f13abc4f8cf5f.rlib" "/opt/rustwide/target/debug/deps/libfutures_channel-a9f46da99053ca3c.rlib" "/opt/rustwide/target/debug/deps/libfutures_util-b016769b8453a218.rlib" "/opt/rustwide/target/debug/deps/libfutures_task-6951a2992749c082.rlib" "/opt/rustwide/target/debug/deps/libpin_utils-e8360a4d12f71807.rlib" "/opt/rustwide/target/debug/deps/libtokio-f4cf3ed804b044ff.rlib" "/opt/rustwide/target/debug/deps/libnum_cpus-fb23db51be3872f8.rlib" "/opt/rustwide/target/debug/deps/libsocket2-7287d77433a71fb1.rlib" "/opt/rustwide/target/debug/deps/libmio-aaca43c3a95b51bd.rlib" "/opt/rustwide/target/debug/deps/liblibc-a40391b8f7ca94de.rlib" "/opt/rustwide/target/debug/deps/libhttp_body-b440d5d7ef0b2ecc.rlib" "/opt/rustwide/target/debug/deps/libpin_project_lite-e615da966755eef2.rlib" "/opt/rustwide/target/debug/deps/liblog-8188d82fb061445d.rlib" "/opt/rustwide/target/debug/deps/libfutures_core-a90652e1793c62aa.rlib" "/opt/rustwide/target/debug/deps/liburl-f9d6a8d317c25a50.rlib" "/opt/rustwide/target/debug/deps/libidna-3515bb87c8dd5711.rlib" "/opt/rustwide/target/debug/deps/libunicode_normalization-f4c336d5811e9a3d.rlib" "/opt/rustwide/target/debug/deps/libtinyvec-dcbbce603bc23510.rlib" "/opt/rustwide/target/debug/deps/libtinyvec_macros-333661e3b238a9a3.rlib" "/opt/rustwide/target/debug/deps/libunicode_bidi-ee612f5df1be5cab.rlib" "/opt/rustwide/target/debug/deps/libform_urlencoded-73e8283d00c23053.rlib" "/opt/rustwide/target/debug/deps/libpercent_encoding-d755b7ee42e07e39.rlib" "/opt/rustwide/target/debug/deps/libhttp-4b248da2430b4ebf.rlib" "/opt/rustwide/target/debug/deps/libitoa-c3a42249f065e11e.rlib" "/opt/rustwide/target/debug/deps/libbytes-d5ef6100ae69ca23.rlib" "/opt/rustwide/target/debug/deps/libfnv-953831fe314029b4.rlib" "/opt/rustwide/rustup-home/toolchains/beta-2024-12-08-x86_64-unknown-linux-gnu/lib/rustlib/x86_64-unknown-linux-gnu/lib/libstd-02dc84f49135b6b8.rlib" "/opt/rustwide/rustup-home/toolchains/beta-2024-12-08-x86_64-unknown-linux-gnu/lib/rustlib/x86_64-unknown-linux-gnu/lib/libpanic_unwind-a8f45b397fae3f81.rlib" "/opt/rustwide/rustup-home/toolchains/beta-2024-12-08-x86_64-unknown-linux-gnu/lib/rustlib/x86_64-unknown-linux-gnu/lib/libobject-089607133c180609.rlib" "/opt/rustwide/rustup-home/toolchains/beta-2024-12-08-x86_64-unknown-linux-gnu/lib/rustlib/x86_64-unknown-linux-gnu/lib/libmemchr-fc89f091bcd86cbb.rlib" "/opt/rustwide/rustup-home/toolchains/beta-2024-12-08-x86_64-unknown-linux-gnu/lib/rustlib/x86_64-unknown-linux-gnu/lib/libaddr2line-5a60949f01c7340c.rlib" "/opt/rustwide/rustup-home/toolchains/beta-2024-12-08-x86_64-unknown-linux-gnu/lib/rustlib/x86_64-unknown-linux-gnu/lib/libgimli-d29e6a55ca253c8c.rlib" "/opt/rustwide/rustup-home/toolchains/beta-2024-12-08-x86_64-unknown-linux-gnu/lib/rustlib/x86_64-unknown-linux-gnu/lib/librustc_demangle-273c078d5f65de7a.rlib" "/opt/rustwide/rustup-home/toolchains/beta-2024-12-08-x86_64-unknown-linux-gnu/lib/rustlib/x86_64-unknown-linux-gnu/lib/libstd_detect-413c950ffbdd4454.rlib" "/opt/rustwide/rustup-home/toolchains/beta-2024-12-08-x86_64-unknown-linux-gnu/lib/rustlib/x86_64-unknown-linux-gnu/lib/libhashbrown-1853c0976a1d88a6.rlib" "/opt/rustwide/rustup-home/toolchains/beta-2024-12-08-x86_64-unknown-linux-gnu/lib/rustlib/x86_64-unknown-linux-gnu/lib/librustc_std_workspace_alloc-ccb3384ddacb0f9e.rlib" "/opt/rustwide/rustup-home/toolchains/beta-2024-12-08-x86_64-unknown-linux-gnu/lib/rustlib/x86_64-unknown-linux-gnu/lib/libminiz_oxide-0b901dfb0ca849e0.rlib" "/opt/rustwide/rustup-home/toolchains/beta-2024-12-08-x86_64-unknown-linux-gnu/lib/rustlib/x86_64-unknown-linux-gnu/lib/libadler-eebeb8d7c64543ad.rlib" "/opt/rustwide/rustup-home/toolchains/beta-2024-12-08-x86_64-unknown-linux-gnu/lib/rustlib/x86_64-unknown-linux-gnu/lib/libunwind-4723ef81d6079867.rlib" "/opt/rustwide/rustup-home/toolchains/beta-2024-12-08-x86_64-unknown-linux-gnu/lib/rustlib/x86_64-unknown-linux-gnu/lib/libcfg_if-54442f8b422f5a54.rlib" "/opt/rustwide/rustup-home/toolchains/beta-2024-12-08-x86_64-unknown-linux-gnu/lib/rustlib/x86_64-unknown-linux-gnu/lib/liblibc-e0bbe034b5282553.rlib" "/opt/rustwide/rustup-home/toolchains/beta-2024-12-08-x86_64-unknown-linux-gnu/lib/rustlib/x86_64-unknown-linux-gnu/lib/liballoc-d0febb68c1c37b90.rlib" "/opt/rustwide/rustup-home/toolchains/beta-2024-12-08-x86_64-unknown-linux-gnu/lib/rustlib/x86_64-unknown-linux-gnu/lib/librustc_std_workspace_core-4cf833632aafa84c.rlib" "/opt/rustwide/rustup-home/toolchains/beta-2024-12-08-x86_64-unknown-linux-gnu/lib/rustlib/x86_64-unknown-linux-gnu/lib/libcore-65c2c6d2d6ae570b.rlib" "/opt/rustwide/rustup-home/toolchains/beta-2024-12-08-x86_64-unknown-linux-gnu/lib/rustlib/x86_64-unknown-linux-gnu/lib/libcompiler_builtins-97929cee0dcfe424.rlib" "-Wl,-Bdynamic" "-lssl" "-lcrypto" "-lgcc_s" "-lutil" "-lrt" "-lpthread" "-lm" "-ldl" "-lc" "-Wl,--eh-frame-hdr" "-Wl,-z,noexecstack" "-L" "/opt/rustwide/rustup-home/toolchains/beta-2024-12-08-x86_64-unknown-linux-gnu/lib/rustlib/x86_64-unknown-linux-gnu/lib" "-o" "/tmp/rustdoctest1KdrvD/rust_out" "-Wl,--gc-sections" "-pie" "-Wl,-z,relro,-z,now" "-nodefaultlibs"
[INFO] [stdout]   = note: collect2: fatal error: ld terminated with signal 9 [Killed]
[INFO] [stdout]           compilation terminated.
[INFO] [stdout]           
[INFO] [stdout] 
[INFO] [stdout] error: aborting due to 1 previous error
[INFO] [stdout] 
[INFO] [stdout] Couldn't compile the test.
[INFO] [stdout] ---- src/shards/nation.rs - shards::nation::PublicNationRequest<'a>::add_shard (line 343) stdout ----
[INFO] [stdout] error: linking with `cc` failed: exit status: 1
[INFO] [stdout]   |
[INFO] [stdout]   = note: LC_ALL="C" PATH="/opt/rustwide/rustup-home/toolchains/beta-2024-12-08-x86_64-unknown-linux-gnu/lib/rustlib/x86_64-unknown-linux-gnu/bin:/opt/rustwide/cargo-home/bin:/usr/local/sbin:/usr/local/bin:/usr/sbin:/usr/bin:/sbin:/bin" VSLANG="1033" "cc" "-m64" "/tmp/rustcXd8VYC/symbols.o" "/tmp/rustdoctestRBeEbB/rust_out.rust_out.9242fac72db2cd11-cgu.0.rcgu.o" "/tmp/rustdoctestRBeEbB/rust_out.2hl2tb9xdtge7mguxzn2q1kvi.rcgu.o" "-Wl,--as-needed" "-Wl,-Bstatic" "/opt/rustwide/target/debug/deps/libcrustacean_states-da61fbd92f3d1b39.rlib" "/opt/rustwide/target/debug/deps/libstrum-d8aa16cda717e8ca.rlib" "/opt/rustwide/target/debug/deps/libitertools-206460932598482c.rlib" "/opt/rustwide/target/debug/deps/libeither-49b31dd90481588d.rlib" "/opt/rustwide/target/debug/deps/libquick_xml-3e06d3e153027e02.rlib" "/opt/rustwide/target/debug/deps/libmemchr-996a195865583db1.rlib" "/opt/rustwide/target/debug/deps/libregex-ffb241b37943057a.rlib" "/opt/rustwide/target/debug/deps/libregex_automata-5cd77a61c3648bf2.rlib" "/opt/rustwide/target/debug/deps/libregex_syntax-f7cf15211aa5b198.rlib" "/opt/rustwide/target/debug/deps/libthiserror-6336fd90635b75f9.rlib" "/opt/rustwide/target/debug/deps/libreqwest-f0448eda938b50b5.rlib" "/opt/rustwide/target/debug/deps/libhyper_tls-700b054c15395383.rlib" "/opt/rustwide/target/debug/deps/libserde_urlencoded-2d03ed59ddf6c58e.rlib" "/opt/rustwide/target/debug/deps/libryu-d2c3aff9aeca12bd.rlib" "/opt/rustwide/target/debug/deps/libbase64-47ce12bf5fcc4351.rlib" "/opt/rustwide/target/debug/deps/libipnet-5d86936adafddcc9.rlib" "/opt/rustwide/target/debug/deps/libtokio_native_tls-7114860a2510b782.rlib" "/opt/rustwide/target/debug/deps/libmime-a9df5a780629fb7d.rlib" "/opt/rustwide/target/debug/deps/libencoding_rs-52138b450a25663f.rlib" "/opt/rustwide/target/debug/deps/libserde-ed5d5d00e241f05f.rlib" "/opt/rustwide/target/debug/deps/libnative_tls-30dff7089883d55f.rlib" "/opt/rustwide/target/debug/deps/libopenssl_probe-ed1174850529d944.rlib" "/opt/rustwide/target/debug/deps/libopenssl-f2b85d61b8a30af4.rlib" "/opt/rustwide/target/debug/deps/libbitflags-ea1894d07953e9ad.rlib" "/opt/rustwide/target/debug/deps/libforeign_types-2619a4331d8b6eb7.rlib" "/opt/rustwide/target/debug/deps/libforeign_types_shared-c35523625cfd8702.rlib" "/opt/rustwide/target/debug/deps/libcfg_if-a3e7e701fcd1f47b.rlib" "/opt/rustwide/target/debug/deps/libopenssl_sys-3f85da7ff68056da.rlib" "/opt/rustwide/target/debug/deps/libhyper-96a4f10bf3970f64.rlib" "/opt/rustwide/target/debug/deps/libwant-f5ccf0e0b8af4df6.rlib" "/opt/rustwide/target/debug/deps/libtry_lock-aacdce536283039a.rlib" "/opt/rustwide/target/debug/deps/libsocket2-eecf2a54e1f4647a.rlib" "/opt/rustwide/target/debug/deps/libhttparse-2dbc320ca65411a3.rlib" "/opt/rustwide/target/debug/deps/libh2-c0854f290800cd94.rlib" "/opt/rustwide/target/debug/deps/libindexmap-7ff1a537f445f359.rlib" "/opt/rustwide/target/debug/deps/libhashbrown-e273ba0f8cdcbe5b.rlib" "/opt/rustwide/target/debug/deps/libslab-0a39a638bccea296.rlib" "/opt/rustwide/target/debug/deps/libtokio_util-ee1015d1e11f3a0c.rlib" "/opt/rustwide/target/debug/deps/libfutures_sink-94f7ba538b2df59f.rlib" "/opt/rustwide/target/debug/deps/libtower_service-7daacb91dc19d256.rlib" "/opt/rustwide/target/debug/deps/libtracing-8f9811de3845c043.rlib" "/opt/rustwide/target/debug/deps/libtracing_core-9337e49511eb6d7e.rlib" "/opt/rustwide/target/debug/deps/libonce_cell-728f13abc4f8cf5f.rlib" "/opt/rustwide/target/debug/deps/libfutures_channel-a9f46da99053ca3c.rlib" "/opt/rustwide/target/debug/deps/libfutures_util-b016769b8453a218.rlib" "/opt/rustwide/target/debug/deps/libfutures_task-6951a2992749c082.rlib" "/opt/rustwide/target/debug/deps/libpin_utils-e8360a4d12f71807.rlib" "/opt/rustwide/target/debug/deps/libtokio-f4cf3ed804b044ff.rlib" "/opt/rustwide/target/debug/deps/libnum_cpus-fb23db51be3872f8.rlib" "/opt/rustwide/target/debug/deps/libsocket2-7287d77433a71fb1.rlib" "/opt/rustwide/target/debug/deps/libmio-aaca43c3a95b51bd.rlib" "/opt/rustwide/target/debug/deps/liblibc-a40391b8f7ca94de.rlib" "/opt/rustwide/target/debug/deps/libhttp_body-b440d5d7ef0b2ecc.rlib" "/opt/rustwide/target/debug/deps/libpin_project_lite-e615da966755eef2.rlib" "/opt/rustwide/target/debug/deps/liblog-8188d82fb061445d.rlib" "/opt/rustwide/target/debug/deps/libfutures_core-a90652e1793c62aa.rlib" "/opt/rustwide/target/debug/deps/liburl-f9d6a8d317c25a50.rlib" "/opt/rustwide/target/debug/deps/libidna-3515bb87c8dd5711.rlib" "/opt/rustwide/target/debug/deps/libunicode_normalization-f4c336d5811e9a3d.rlib" "/opt/rustwide/target/debug/deps/libtinyvec-dcbbce603bc23510.rlib" "/opt/rustwide/target/debug/deps/libtinyvec_macros-333661e3b238a9a3.rlib" "/opt/rustwide/target/debug/deps/libunicode_bidi-ee612f5df1be5cab.rlib" "/opt/rustwide/target/debug/deps/libform_urlencoded-73e8283d00c23053.rlib" "/opt/rustwide/target/debug/deps/libpercent_encoding-d755b7ee42e07e39.rlib" "/opt/rustwide/target/debug/deps/libhttp-4b248da2430b4ebf.rlib" "/opt/rustwide/target/debug/deps/libitoa-c3a42249f065e11e.rlib" "/opt/rustwide/target/debug/deps/libbytes-d5ef6100ae69ca23.rlib" "/opt/rustwide/target/debug/deps/libfnv-953831fe314029b4.rlib" "/opt/rustwide/rustup-home/toolchains/beta-2024-12-08-x86_64-unknown-linux-gnu/lib/rustlib/x86_64-unknown-linux-gnu/lib/libstd-02dc84f49135b6b8.rlib" "/opt/rustwide/rustup-home/toolchains/beta-2024-12-08-x86_64-unknown-linux-gnu/lib/rustlib/x86_64-unknown-linux-gnu/lib/libpanic_unwind-a8f45b397fae3f81.rlib" "/opt/rustwide/rustup-home/toolchains/beta-2024-12-08-x86_64-unknown-linux-gnu/lib/rustlib/x86_64-unknown-linux-gnu/lib/libobject-089607133c180609.rlib" "/opt/rustwide/rustup-home/toolchains/beta-2024-12-08-x86_64-unknown-linux-gnu/lib/rustlib/x86_64-unknown-linux-gnu/lib/libmemchr-fc89f091bcd86cbb.rlib" "/opt/rustwide/rustup-home/toolchains/beta-2024-12-08-x86_64-unknown-linux-gnu/lib/rustlib/x86_64-unknown-linux-gnu/lib/libaddr2line-5a60949f01c7340c.rlib" "/opt/rustwide/rustup-home/toolchains/beta-2024-12-08-x86_64-unknown-linux-gnu/lib/rustlib/x86_64-unknown-linux-gnu/lib/libgimli-d29e6a55ca253c8c.rlib" "/opt/rustwide/rustup-home/toolchains/beta-2024-12-08-x86_64-unknown-linux-gnu/lib/rustlib/x86_64-unknown-linux-gnu/lib/librustc_demangle-273c078d5f65de7a.rlib" "/opt/rustwide/rustup-home/toolchains/beta-2024-12-08-x86_64-unknown-linux-gnu/lib/rustlib/x86_64-unknown-linux-gnu/lib/libstd_detect-413c950ffbdd4454.rlib" "/opt/rustwide/rustup-home/toolchains/beta-2024-12-08-x86_64-unknown-linux-gnu/lib/rustlib/x86_64-unknown-linux-gnu/lib/libhashbrown-1853c0976a1d88a6.rlib" "/opt/rustwide/rustup-home/toolchains/beta-2024-12-08-x86_64-unknown-linux-gnu/lib/rustlib/x86_64-unknown-linux-gnu/lib/librustc_std_workspace_alloc-ccb3384ddacb0f9e.rlib" "/opt/rustwide/rustup-home/toolchains/beta-2024-12-08-x86_64-unknown-linux-gnu/lib/rustlib/x86_64-unknown-linux-gnu/lib/libminiz_oxide-0b901dfb0ca849e0.rlib" "/opt/rustwide/rustup-home/toolchains/beta-2024-12-08-x86_64-unknown-linux-gnu/lib/rustlib/x86_64-unknown-linux-gnu/lib/libadler-eebeb8d7c64543ad.rlib" "/opt/rustwide/rustup-home/toolchains/beta-2024-12-08-x86_64-unknown-linux-gnu/lib/rustlib/x86_64-unknown-linux-gnu/lib/libunwind-4723ef81d6079867.rlib" "/opt/rustwide/rustup-home/toolchains/beta-2024-12-08-x86_64-unknown-linux-gnu/lib/rustlib/x86_64-unknown-linux-gnu/lib/libcfg_if-54442f8b422f5a54.rlib" "/opt/rustwide/rustup-home/toolchains/beta-2024-12-08-x86_64-unknown-linux-gnu/lib/rustlib/x86_64-unknown-linux-gnu/lib/liblibc-e0bbe034b5282553.rlib" "/opt/rustwide/rustup-home/toolchains/beta-2024-12-08-x86_64-unknown-linux-gnu/lib/rustlib/x86_64-unknown-linux-gnu/lib/liballoc-d0febb68c1c37b90.rlib" "/opt/rustwide/rustup-home/toolchains/beta-2024-12-08-x86_64-unknown-linux-gnu/lib/rustlib/x86_64-unknown-linux-gnu/lib/librustc_std_workspace_core-4cf833632aafa84c.rlib" "/opt/rustwide/rustup-home/toolchains/beta-2024-12-08-x86_64-unknown-linux-gnu/lib/rustlib/x86_64-unknown-linux-gnu/lib/libcore-65c2c6d2d6ae570b.rlib" "/opt/rustwide/rustup-home/toolchains/beta-2024-12-08-x86_64-unknown-linux-gnu/lib/rustlib/x86_64-unknown-linux-gnu/lib/libcompiler_builtins-97929cee0dcfe424.rlib" "-Wl,-Bdynamic" "-lssl" "-lcrypto" "-lgcc_s" "-lutil" "-lrt" "-lpthread" "-lm" "-ldl" "-lc" "-Wl,--eh-frame-hdr" "-Wl,-z,noexecstack" "-L" "/opt/rustwide/rustup-home/toolchains/beta-2024-12-08-x86_64-unknown-linux-gnu/lib/rustlib/x86_64-unknown-linux-gnu/lib" "-o" "/tmp/rustdoctestRBeEbB/rust_out" "-Wl,--gc-sections" "-pie" "-Wl,-z,relro,-z,now" "-nodefaultlibs"
[INFO] [stdout]   = note: collect2: fatal error: ld terminated with signal 9 [Killed]
[INFO] [stdout]           compilation terminated.
[INFO] [stdout]           
[INFO] [stdout] 
[INFO] [stdout] error: aborting due to 1 previous error
[INFO] [stdout] 
[INFO] [stdout] Couldn't compile the test.
[INFO] [stdout] ---- src/shards/world.rs - shards::world::WorldRequest<'a>::add_shard (line 175) stdout ----
[INFO] [stdout] error: linking with `cc` failed: exit status: 1
[INFO] [stdout]   |
[INFO] [stdout]   = note: LC_ALL="C" PATH="/opt/rustwide/rustup-home/toolchains/beta-2024-12-08-x86_64-unknown-linux-gnu/lib/rustlib/x86_64-unknown-linux-gnu/bin:/opt/rustwide/cargo-home/bin:/usr/local/sbin:/usr/local/bin:/usr/sbin:/usr/bin:/sbin:/bin" VSLANG="1033" "cc" "-m64" "/tmp/rustcLKLQnE/symbols.o" "/tmp/rustdoctestRF9oEQ/rust_out.rust_out.9242fac72db2cd11-cgu.0.rcgu.o" "/tmp/rustdoctestRF9oEQ/rust_out.2hl2tb9xdtge7mguxzn2q1kvi.rcgu.o" "-Wl,--as-needed" "-Wl,-Bstatic" "/opt/rustwide/target/debug/deps/libcrustacean_states-da61fbd92f3d1b39.rlib" "/opt/rustwide/target/debug/deps/libstrum-d8aa16cda717e8ca.rlib" "/opt/rustwide/target/debug/deps/libitertools-206460932598482c.rlib" "/opt/rustwide/target/debug/deps/libeither-49b31dd90481588d.rlib" "/opt/rustwide/target/debug/deps/libquick_xml-3e06d3e153027e02.rlib" "/opt/rustwide/target/debug/deps/libmemchr-996a195865583db1.rlib" "/opt/rustwide/target/debug/deps/libregex-ffb241b37943057a.rlib" "/opt/rustwide/target/debug/deps/libregex_automata-5cd77a61c3648bf2.rlib" "/opt/rustwide/target/debug/deps/libregex_syntax-f7cf15211aa5b198.rlib" "/opt/rustwide/target/debug/deps/libthiserror-6336fd90635b75f9.rlib" "/opt/rustwide/target/debug/deps/libreqwest-f0448eda938b50b5.rlib" "/opt/rustwide/target/debug/deps/libhyper_tls-700b054c15395383.rlib" "/opt/rustwide/target/debug/deps/libserde_urlencoded-2d03ed59ddf6c58e.rlib" "/opt/rustwide/target/debug/deps/libryu-d2c3aff9aeca12bd.rlib" "/opt/rustwide/target/debug/deps/libbase64-47ce12bf5fcc4351.rlib" "/opt/rustwide/target/debug/deps/libipnet-5d86936adafddcc9.rlib" "/opt/rustwide/target/debug/deps/libtokio_native_tls-7114860a2510b782.rlib" "/opt/rustwide/target/debug/deps/libmime-a9df5a780629fb7d.rlib" "/opt/rustwide/target/debug/deps/libencoding_rs-52138b450a25663f.rlib" "/opt/rustwide/target/debug/deps/libserde-ed5d5d00e241f05f.rlib" "/opt/rustwide/target/debug/deps/libnative_tls-30dff7089883d55f.rlib" "/opt/rustwide/target/debug/deps/libopenssl_probe-ed1174850529d944.rlib" "/opt/rustwide/target/debug/deps/libopenssl-f2b85d61b8a30af4.rlib" "/opt/rustwide/target/debug/deps/libbitflags-ea1894d07953e9ad.rlib" "/opt/rustwide/target/debug/deps/libforeign_types-2619a4331d8b6eb7.rlib" "/opt/rustwide/target/debug/deps/libforeign_types_shared-c35523625cfd8702.rlib" "/opt/rustwide/target/debug/deps/libcfg_if-a3e7e701fcd1f47b.rlib" "/opt/rustwide/target/debug/deps/libopenssl_sys-3f85da7ff68056da.rlib" "/opt/rustwide/target/debug/deps/libhyper-96a4f10bf3970f64.rlib" "/opt/rustwide/target/debug/deps/libwant-f5ccf0e0b8af4df6.rlib" "/opt/rustwide/target/debug/deps/libtry_lock-aacdce536283039a.rlib" "/opt/rustwide/target/debug/deps/libsocket2-eecf2a54e1f4647a.rlib" "/opt/rustwide/target/debug/deps/libhttparse-2dbc320ca65411a3.rlib" "/opt/rustwide/target/debug/deps/libh2-c0854f290800cd94.rlib" "/opt/rustwide/target/debug/deps/libindexmap-7ff1a537f445f359.rlib" "/opt/rustwide/target/debug/deps/libhashbrown-e273ba0f8cdcbe5b.rlib" "/opt/rustwide/target/debug/deps/libslab-0a39a638bccea296.rlib" "/opt/rustwide/target/debug/deps/libtokio_util-ee1015d1e11f3a0c.rlib" "/opt/rustwide/target/debug/deps/libfutures_sink-94f7ba538b2df59f.rlib" "/opt/rustwide/target/debug/deps/libtower_service-7daacb91dc19d256.rlib" "/opt/rustwide/target/debug/deps/libtracing-8f9811de3845c043.rlib" "/opt/rustwide/target/debug/deps/libtracing_core-9337e49511eb6d7e.rlib" "/opt/rustwide/target/debug/deps/libonce_cell-728f13abc4f8cf5f.rlib" "/opt/rustwide/target/debug/deps/libfutures_channel-a9f46da99053ca3c.rlib" "/opt/rustwide/target/debug/deps/libfutures_util-b016769b8453a218.rlib" "/opt/rustwide/target/debug/deps/libfutures_task-6951a2992749c082.rlib" "/opt/rustwide/target/debug/deps/libpin_utils-e8360a4d12f71807.rlib" "/opt/rustwide/target/debug/deps/libtokio-f4cf3ed804b044ff.rlib" "/opt/rustwide/target/debug/deps/libnum_cpus-fb23db51be3872f8.rlib" "/opt/rustwide/target/debug/deps/libsocket2-7287d77433a71fb1.rlib" "/opt/rustwide/target/debug/deps/libmio-aaca43c3a95b51bd.rlib" "/opt/rustwide/target/debug/deps/liblibc-a40391b8f7ca94de.rlib" "/opt/rustwide/target/debug/deps/libhttp_body-b440d5d7ef0b2ecc.rlib" "/opt/rustwide/target/debug/deps/libpin_project_lite-e615da966755eef2.rlib" "/opt/rustwide/target/debug/deps/liblog-8188d82fb061445d.rlib" "/opt/rustwide/target/debug/deps/libfutures_core-a90652e1793c62aa.rlib" "/opt/rustwide/target/debug/deps/liburl-f9d6a8d317c25a50.rlib" "/opt/rustwide/target/debug/deps/libidna-3515bb87c8dd5711.rlib" "/opt/rustwide/target/debug/deps/libunicode_normalization-f4c336d5811e9a3d.rlib" "/opt/rustwide/target/debug/deps/libtinyvec-dcbbce603bc23510.rlib" "/opt/rustwide/target/debug/deps/libtinyvec_macros-333661e3b238a9a3.rlib" "/opt/rustwide/target/debug/deps/libunicode_bidi-ee612f5df1be5cab.rlib" "/opt/rustwide/target/debug/deps/libform_urlencoded-73e8283d00c23053.rlib" "/opt/rustwide/target/debug/deps/libpercent_encoding-d755b7ee42e07e39.rlib" "/opt/rustwide/target/debug/deps/libhttp-4b248da2430b4ebf.rlib" "/opt/rustwide/target/debug/deps/libitoa-c3a42249f065e11e.rlib" "/opt/rustwide/target/debug/deps/libbytes-d5ef6100ae69ca23.rlib" "/opt/rustwide/target/debug/deps/libfnv-953831fe314029b4.rlib" "/opt/rustwide/rustup-home/toolchains/beta-2024-12-08-x86_64-unknown-linux-gnu/lib/rustlib/x86_64-unknown-linux-gnu/lib/libstd-02dc84f49135b6b8.rlib" "/opt/rustwide/rustup-home/toolchains/beta-2024-12-08-x86_64-unknown-linux-gnu/lib/rustlib/x86_64-unknown-linux-gnu/lib/libpanic_unwind-a8f45b397fae3f81.rlib" "/opt/rustwide/rustup-home/toolchains/beta-2024-12-08-x86_64-unknown-linux-gnu/lib/rustlib/x86_64-unknown-linux-gnu/lib/libobject-089607133c180609.rlib" "/opt/rustwide/rustup-home/toolchains/beta-2024-12-08-x86_64-unknown-linux-gnu/lib/rustlib/x86_64-unknown-linux-gnu/lib/libmemchr-fc89f091bcd86cbb.rlib" "/opt/rustwide/rustup-home/toolchains/beta-2024-12-08-x86_64-unknown-linux-gnu/lib/rustlib/x86_64-unknown-linux-gnu/lib/libaddr2line-5a60949f01c7340c.rlib" "/opt/rustwide/rustup-home/toolchains/beta-2024-12-08-x86_64-unknown-linux-gnu/lib/rustlib/x86_64-unknown-linux-gnu/lib/libgimli-d29e6a55ca253c8c.rlib" "/opt/rustwide/rustup-home/toolchains/beta-2024-12-08-x86_64-unknown-linux-gnu/lib/rustlib/x86_64-unknown-linux-gnu/lib/librustc_demangle-273c078d5f65de7a.rlib" "/opt/rustwide/rustup-home/toolchains/beta-2024-12-08-x86_64-unknown-linux-gnu/lib/rustlib/x86_64-unknown-linux-gnu/lib/libstd_detect-413c950ffbdd4454.rlib" "/opt/rustwide/rustup-home/toolchains/beta-2024-12-08-x86_64-unknown-linux-gnu/lib/rustlib/x86_64-unknown-linux-gnu/lib/libhashbrown-1853c0976a1d88a6.rlib" "/opt/rustwide/rustup-home/toolchains/beta-2024-12-08-x86_64-unknown-linux-gnu/lib/rustlib/x86_64-unknown-linux-gnu/lib/librustc_std_workspace_alloc-ccb3384ddacb0f9e.rlib" "/opt/rustwide/rustup-home/toolchains/beta-2024-12-08-x86_64-unknown-linux-gnu/lib/rustlib/x86_64-unknown-linux-gnu/lib/libminiz_oxide-0b901dfb0ca849e0.rlib" "/opt/rustwide/rustup-home/toolchains/beta-2024-12-08-x86_64-unknown-linux-gnu/lib/rustlib/x86_64-unknown-linux-gnu/lib/libadler-eebeb8d7c64543ad.rlib" "/opt/rustwide/rustup-home/toolchains/beta-2024-12-08-x86_64-unknown-linux-gnu/lib/rustlib/x86_64-unknown-linux-gnu/lib/libunwind-4723ef81d6079867.rlib" "/opt/rustwide/rustup-home/toolchains/beta-2024-12-08-x86_64-unknown-linux-gnu/lib/rustlib/x86_64-unknown-linux-gnu/lib/libcfg_if-54442f8b422f5a54.rlib" "/opt/rustwide/rustup-home/toolchains/beta-2024-12-08-x86_64-unknown-linux-gnu/lib/rustlib/x86_64-unknown-linux-gnu/lib/liblibc-e0bbe034b5282553.rlib" "/opt/rustwide/rustup-home/toolchains/beta-2024-12-08-x86_64-unknown-linux-gnu/lib/rustlib/x86_64-unknown-linux-gnu/lib/liballoc-d0febb68c1c37b90.rlib" "/opt/rustwide/rustup-home/toolchains/beta-2024-12-08-x86_64-unknown-linux-gnu/lib/rustlib/x86_64-unknown-linux-gnu/lib/librustc_std_workspace_core-4cf833632aafa84c.rlib" "/opt/rustwide/rustup-home/toolchains/beta-2024-12-08-x86_64-unknown-linux-gnu/lib/rustlib/x86_64-unknown-linux-gnu/lib/libcore-65c2c6d2d6ae570b.rlib" "/opt/rustwide/rustup-home/toolchains/beta-2024-12-08-x86_64-unknown-linux-gnu/lib/rustlib/x86_64-unknown-linux-gnu/lib/libcompiler_builtins-97929cee0dcfe424.rlib" "-Wl,-Bdynamic" "-lssl" "-lcrypto" "-lgcc_s" "-lutil" "-lrt" "-lpthread" "-lm" "-ldl" "-lc" "-Wl,--eh-frame-hdr" "-Wl,-z,noexecstack" "-L" "/opt/rustwide/rustup-home/toolchains/beta-2024-12-08-x86_64-unknown-linux-gnu/lib/rustlib/x86_64-unknown-linux-gnu/lib" "-o" "/tmp/rustdoctestRF9oEQ/rust_out" "-Wl,--gc-sections" "-pie" "-Wl,-z,relro,-z,now" "-nodefaultlibs"
[INFO] [stdout]   = note: collect2: fatal error: ld terminated with signal 9 [Killed]
[INFO] [stdout]           compilation terminated.
[INFO] [stdout]           
[INFO] [stdout] 
[INFO] [stdout] error: aborting due to 1 previous error
[INFO] [stdout] 
[INFO] [stdout] Couldn't compile the test.
[INFO] [stdout] 
[INFO] [stdout] failures:
[INFO] [stdout]     src/shards/nation.rs - shards::nation::PublicNationRequest<'a>::add_shard (line 343)
[INFO] [stdout]     src/shards/region.rs - shards::region::RegionRequest<'a>::add_shard (line 220)
[INFO] [stdout]     src/shards/world.rs - shards::world::WorldRequest<'a>::add_shard (line 175)
[INFO] [stdout] 
[INFO] [stdout] test result: FAILED. 10 passed; 3 failed; 0 ignored; 0 measured; 0 filtered out; finished in 10.12s
[INFO] [stdout] 
[INFO] [stderr] error: doctest failed, to rerun pass `--doc`
[INFO] running `Command { std: "docker" "inspect" "f766d7261f0cb385200e95bf4e0d510ff03f1d5190e06870d7218a72487c0a78", kill_on_drop: false }`
[INFO] running `Command { std: "docker" "rm" "-f" "f766d7261f0cb385200e95bf4e0d510ff03f1d5190e06870d7218a72487c0a78", kill_on_drop: false }`
[INFO] [stdout] f766d7261f0cb385200e95bf4e0d510ff03f1d5190e06870d7218a72487c0a78
