[INFO] cloning repository https://github.com/trchopan/firebase-auth
[INFO] running `Command { std: "git" "-c" "credential.helper=" "-c" "credential.helper=/workspace/cargo-home/bin/git-credential-null" "clone" "--bare" "https://github.com/trchopan/firebase-auth" "/workspace/cache/git-repos/https%3A%2F%2Fgithub.com%2Ftrchopan%2Ffirebase-auth", kill_on_drop: false }`
[INFO] [stderr] Cloning into bare repository '/workspace/cache/git-repos/https%3A%2F%2Fgithub.com%2Ftrchopan%2Ffirebase-auth'...
[INFO] running `Command { std: "git" "rev-parse" "HEAD", kill_on_drop: false }`
[INFO] [stdout] f45dd706ed3a3d8ae098e583eb9352ef5fe85cf8
[INFO] testing trchopan/firebase-auth against 1.83.0 for beta-1.84.0-4-retry
[INFO] running `Command { std: "git" "clone" "/workspace/cache/git-repos/https%3A%2F%2Fgithub.com%2Ftrchopan%2Ffirebase-auth" "/workspace/builds/worker-1-tc1/source", kill_on_drop: false }`
[INFO] [stderr] Cloning into '/workspace/builds/worker-1-tc1/source'...
[INFO] [stderr] done.
[INFO] validating manifest of git repo https://github.com/trchopan/firebase-auth on toolchain 1.83.0
[INFO] running `Command { std: CARGO_HOME="/workspace/cargo-home" RUSTUP_HOME="/workspace/rustup-home" "/workspace/cargo-home/bin/cargo" "+1.83.0" "metadata" "--manifest-path" "Cargo.toml" "--no-deps", kill_on_drop: false }`
[INFO] started tweaking git repo https://github.com/trchopan/firebase-auth
[INFO] finished tweaking git repo https://github.com/trchopan/firebase-auth
[INFO] tweaked toml for git repo https://github.com/trchopan/firebase-auth written to /workspace/builds/worker-1-tc1/source/Cargo.toml
[INFO] running `Command { std: CARGO_HOME="/workspace/cargo-home" RUSTUP_HOME="/workspace/rustup-home" "/workspace/cargo-home/bin/cargo" "+1.83.0" "generate-lockfile" "--manifest-path" "Cargo.toml", kill_on_drop: false }`
[INFO] [stderr]     Blocking waiting for file lock on package cache
[INFO] [stderr]     Updating crates.io index
[INFO] [stderr]     Blocking waiting for file lock on package cache
[INFO] [stderr]      Locking 319 packages to latest compatible versions
[INFO] [stderr]       Adding env_logger v0.10.2 (available: v0.11.5)
[INFO] [stderr]       Adding reqwest v0.11.27 (available: v0.12.9)
[INFO] [stderr]       Adding sqlx v0.7.4 (available: v0.8.2)
[INFO] [stderr]       Adding tower-http v0.5.2 (available: v0.6.2)
[INFO] running `Command { std: CARGO_HOME="/workspace/cargo-home" RUSTUP_HOME="/workspace/rustup-home" "/workspace/cargo-home/bin/cargo" "+1.83.0" "fetch" "--manifest-path" "Cargo.toml", kill_on_drop: false }`
[INFO] running `Command { std: "docker" "create" "-v" "/var/lib/crater-agent-workspace/builds/worker-1-tc1/target:/opt/rustwide/target:rw,Z" "-v" "/var/lib/crater-agent-workspace/builds/worker-1-tc1/source:/opt/rustwide/workdir:ro,Z" "-v" "/var/lib/crater-agent-workspace/cargo-home:/opt/rustwide/cargo-home:ro,Z" "-v" "/var/lib/crater-agent-workspace/rustup-home:/opt/rustwide/rustup-home:ro,Z" "-e" "SOURCE_DIR=/opt/rustwide/workdir" "-e" "CARGO_TARGET_DIR=/opt/rustwide/target" "-e" "CARGO_HOME=/opt/rustwide/cargo-home" "-e" "RUSTUP_HOME=/opt/rustwide/rustup-home" "-w" "/opt/rustwide/workdir" "-m" "1610612736" "--user" "0:0" "--network" "none" "ghcr.io/rust-lang/crates-build-env/linux@sha256:f3a9d4ad9d972b27faf3965f35b62e55ba32bbce8f20bc8fe909558a86702fde" "/opt/rustwide/cargo-home/bin/cargo" "+1.83.0" "metadata" "--no-deps" "--format-version=1", kill_on_drop: false }`
[INFO] [stdout] 6ef34c9375a3328f5a21ae34949727361815bb1d362b2030ad6cf7f283d4a297
[INFO] running `Command { std: "docker" "start" "-a" "6ef34c9375a3328f5a21ae34949727361815bb1d362b2030ad6cf7f283d4a297", kill_on_drop: false }`
[INFO] running `Command { std: "docker" "inspect" "6ef34c9375a3328f5a21ae34949727361815bb1d362b2030ad6cf7f283d4a297", kill_on_drop: false }`
[INFO] running `Command { std: "docker" "rm" "-f" "6ef34c9375a3328f5a21ae34949727361815bb1d362b2030ad6cf7f283d4a297", kill_on_drop: false }`
[INFO] [stdout] 6ef34c9375a3328f5a21ae34949727361815bb1d362b2030ad6cf7f283d4a297
[INFO] running `Command { std: "docker" "create" "-v" "/var/lib/crater-agent-workspace/builds/worker-1-tc1/target:/opt/rustwide/target:rw,Z" "-v" "/var/lib/crater-agent-workspace/builds/worker-1-tc1/source:/opt/rustwide/workdir:ro,Z" "-v" "/var/lib/crater-agent-workspace/cargo-home:/opt/rustwide/cargo-home:ro,Z" "-v" "/var/lib/crater-agent-workspace/rustup-home:/opt/rustwide/rustup-home:ro,Z" "-e" "SOURCE_DIR=/opt/rustwide/workdir" "-e" "CARGO_TARGET_DIR=/opt/rustwide/target" "-e" "CARGO_INCREMENTAL=0" "-e" "RUST_BACKTRACE=full" "-e" "RUSTFLAGS=--cap-lints=warn" "-e" "RUSTDOCFLAGS=--cap-lints=warn" "-e" "CARGO_HOME=/opt/rustwide/cargo-home" "-e" "RUSTUP_HOME=/opt/rustwide/rustup-home" "-w" "/opt/rustwide/workdir" "-m" "1610612736" "--user" "0:0" "--network" "none" "ghcr.io/rust-lang/crates-build-env/linux@sha256:f3a9d4ad9d972b27faf3965f35b62e55ba32bbce8f20bc8fe909558a86702fde" "/opt/rustwide/cargo-home/bin/cargo" "+1.83.0" "build" "--frozen" "--message-format=json", kill_on_drop: false }`
[INFO] [stdout] ee04bb1cd323b5b05a606d7696159a21ae7902b1a74e2d07e578db7d8777a32e
[INFO] running `Command { std: "docker" "start" "-a" "ee04bb1cd323b5b05a606d7696159a21ae7902b1a74e2d07e578db7d8777a32e", kill_on_drop: false }`
[INFO] [stderr]    Compiling proc-macro2 v1.0.92
[INFO] [stderr]    Compiling unicode-ident v1.0.14
[INFO] [stderr]    Compiling libc v0.2.168
[INFO] [stderr]    Compiling autocfg v1.4.0
[INFO] [stderr]    Compiling pin-project-lite v0.2.15
[INFO] [stderr]    Compiling log v0.4.22
[INFO] [stderr]    Compiling bytes v1.9.0
[INFO] [stderr]    Compiling memchr v2.7.4
[INFO] [stderr]    Compiling itoa v1.0.14
[INFO] [stderr]    Compiling shlex v1.3.0
[INFO] [stderr]    Compiling futures-core v0.3.31
[INFO] [stderr]    Compiling smallvec v1.13.2
[INFO] [stderr]    Compiling futures-sink v0.3.31
[INFO] [stderr]    Compiling parking_lot_core v0.9.10
[INFO] [stderr]    Compiling once_cell v1.20.2
[INFO] [stderr]    Compiling pkg-config v0.3.31
[INFO] [stderr]    Compiling futures-task v0.3.31
[INFO] [stderr]    Compiling futures-io v0.3.31
[INFO] [stderr]    Compiling version_check v0.9.5
[INFO] [stderr]    Compiling stable_deref_trait v1.2.0
[INFO] [stderr]    Compiling tracing-core v0.1.33
[INFO] [stderr]    Compiling serde v1.0.216
[INFO] [stderr]    Compiling litemap v0.7.4
[INFO] [stderr]    Compiling futures-channel v0.3.31
[INFO] [stderr]    Compiling writeable v0.5.5
[INFO] [stderr]    Compiling httparse v1.9.5
[INFO] [stderr]    Compiling vcpkg v0.2.15
[INFO] [stderr]    Compiling typenum v1.17.0
[INFO] [stderr]    Compiling percent-encoding v2.3.1
[INFO] [stderr]    Compiling httpdate v1.0.3
[INFO] [stderr]    Compiling bitflags v2.6.0
[INFO] [stderr]    Compiling generic-array v0.14.7
[INFO] [stderr]    Compiling icu_locid_transform_data v1.5.0
[INFO] [stderr]    Compiling icu_properties_data v1.5.0
[INFO] [stderr]    Compiling lock_api v0.4.12
[INFO] [stderr]    Compiling slab v0.4.9
[INFO] [stderr]    Compiling hashbrown v0.15.2
[INFO] [stderr]    Compiling byteorder v1.5.0
[INFO] [stderr]    Compiling equivalent v1.0.1
[INFO] [stderr]    Compiling serde_json v1.0.133
[INFO] [stderr]    Compiling http v0.2.12
[INFO] [stderr]    Compiling num-conv v0.1.0
[INFO] [stderr]    Compiling icu_normalizer_data v1.5.0
[INFO] [stderr]    Compiling powerfmt v0.2.0
[INFO] [stderr]    Compiling utf8_iter v1.0.4
[INFO] [stderr]    Compiling ryu v1.0.18
[INFO] [stderr]    Compiling time-core v0.1.2
[INFO] [stderr]    Compiling quote v1.0.37
[INFO] [stderr]    Compiling tower-service v0.3.3
[INFO] [stderr]    Compiling utf16_iter v1.0.5
[INFO] [stderr]    Compiling write16 v1.0.0
[INFO] [stderr]    Compiling paste v1.0.15
[INFO] [stderr]    Compiling indexmap v2.7.0
[INFO] [stderr]    Compiling time-macros v0.2.19
[INFO] [stderr]    Compiling deranged v0.3.11
[INFO] [stderr]    Compiling http v1.2.0
[INFO] [stderr]    Compiling num-traits v0.2.19
[INFO] [stderr]    Compiling form_urlencoded v1.2.1
[INFO] [stderr]    Compiling local-waker v0.1.4
[INFO] [stderr]    Compiling syn v2.0.90
[INFO] [stderr]    Compiling foreign-types-shared v0.1.1
[INFO] [stderr]    Compiling mime v0.3.17
[INFO] [stderr]    Compiling zstd-safe v7.2.1
[INFO] [stderr]    Compiling alloc-no-stdlib v2.0.4
[INFO] [stderr]    Compiling openssl v0.10.68
[INFO] [stderr]    Compiling foreign-types v0.3.2
[INFO] [stderr]    Compiling alloc-stdlib v0.2.2
[INFO] [stderr]    Compiling jobserver v0.1.32
[INFO] [stderr]    Compiling mio v1.0.3
[INFO] [stderr]    Compiling socket2 v0.5.8
[INFO] [stderr]    Compiling signal-hook-registry v1.4.2
[INFO] [stderr]    Compiling getrandom v0.2.15
[INFO] [stderr]    Compiling aho-corasick v1.1.3
[INFO] [stderr]    Compiling cc v1.2.4
[INFO] [stderr]    Compiling parking_lot v0.12.3
[INFO] [stderr]    Compiling rand_core v0.6.4
[INFO] [stderr]    Compiling ahash v0.8.11
[INFO] [stderr]    Compiling native-tls v0.2.12
[INFO] [stderr]    Compiling base64 v0.22.1
[INFO] [stderr]    Compiling http-body v1.0.1
[INFO] [stderr]    Compiling adler2 v2.0.0
[INFO] [stderr]    Compiling regex-lite v0.1.6
[INFO] [stderr]    Compiling regex-syntax v0.8.5
[INFO] [stderr]    Compiling miniz_oxide v0.8.0
[INFO] [stderr]    Compiling tracing v0.1.41
[INFO] [stderr]    Compiling actix-service v2.0.2
[INFO] [stderr]    Compiling brotli-decompressor v4.0.1
[INFO] [stderr]    Compiling actix-utils v3.0.1
[INFO] [stderr]    Compiling bytestring v1.4.0
[INFO] [stderr]    Compiling cookie v0.16.2
[INFO] [stderr]    Compiling crc32fast v1.4.2
[INFO] [stderr]    Compiling encoding_rs v0.8.35
[INFO] [stderr]    Compiling try-lock v0.2.5
[INFO] [stderr]    Compiling openssl-probe v0.1.5
[INFO] [stderr]    Compiling convert_case v0.4.0
[INFO] [stderr]    Compiling time v0.3.37
[INFO] [stderr]    Compiling crypto-common v0.1.6
[INFO] [stderr]    Compiling block-buffer v0.10.4
[INFO] [stderr]    Compiling thiserror v1.0.69
[INFO] [stderr]    Compiling cpufeatures v0.2.16
[INFO] [stderr]    Compiling rustversion v1.0.18
[INFO] [stderr]    Compiling want v0.3.1
[INFO] [stderr]    Compiling num-integer v0.1.46
[INFO] [stderr]    Compiling digest v0.10.7
[INFO] [stderr]    Compiling flate2 v1.0.35
[INFO] [stderr]    Compiling http-body v0.4.6
[INFO] [stderr]    Compiling sha1 v0.10.6
[INFO] [stderr]    Compiling local-channel v0.1.5
[INFO] [stderr]    Compiling sync_wrapper v1.0.2
[INFO] [stderr]    Compiling tower-layer v0.3.3
[INFO] [stderr]    Compiling language-tags v0.3.2
[INFO] [stderr]    Compiling base64 v0.21.7
[INFO] [stderr]    Compiling num-bigint v0.4.6
[INFO] [stderr]    Compiling untrusted v0.9.0
[INFO] [stderr]    Compiling spin v0.9.8
[INFO] [stderr]    Compiling impl-more v0.1.8
[INFO] [stderr]    Compiling brotli v6.0.0
[INFO] [stderr]    Compiling pem v3.0.4
[INFO] [stderr]    Compiling rustls-pemfile v1.0.4
[INFO] [stderr]    Compiling openssl-sys v0.9.104
[INFO] [stderr]    Compiling zstd-sys v2.0.13+zstd.1.5.6
[INFO] [stderr]    Compiling ring v0.17.8
[INFO] [stderr]    Compiling sync_wrapper v0.1.2
[INFO] [stderr]    Compiling matchit v0.7.3
[INFO] [stderr]    Compiling ipnet v2.10.1
[INFO] [stderr]    Compiling regex-automata v0.4.9
[INFO] [stderr]    Compiling actix-router v0.5.3
[INFO] [stderr]    Compiling synstructure v0.13.1
[INFO] [stderr]    Compiling futures-macro v0.3.31
[INFO] [stderr]    Compiling tokio-macros v2.4.0
[INFO] [stderr]    Compiling zerofrom-derive v0.1.5
[INFO] [stderr]    Compiling yoke-derive v0.7.5
[INFO] [stderr]    Compiling tracing-attributes v0.1.28
[INFO] [stderr]    Compiling zerovec-derive v0.10.3
[INFO] [stderr]    Compiling displaydoc v0.2.5
[INFO] [stderr]    Compiling icu_provider_macros v1.5.0
[INFO] [stderr]    Compiling serde_derive v1.0.216
[INFO] [stderr]    Compiling zerocopy-derive v0.7.35
[INFO] [stderr]    Compiling openssl-macros v0.1.1
[INFO] [stderr]    Compiling regex v1.11.1
[INFO] [stderr]    Compiling futures-util v0.3.31
[INFO] [stderr]    Compiling thiserror-impl v1.0.69
[INFO] [stderr]    Compiling derive_more v0.99.18
[INFO] [stderr]    Compiling tokio v1.42.0
[INFO] [stderr]    Compiling zerocopy v0.7.35
[INFO] [stderr]    Compiling async-trait v0.1.83
[INFO] [stderr]    Compiling actix-web-codegen v4.3.0
[INFO] [stderr]    Compiling actix-macros v0.2.4
[INFO] [stderr]    Compiling zerofrom v0.1.5
[INFO] [stderr]    Compiling yoke v0.7.5
[INFO] [stderr]    Compiling ppv-lite86 v0.2.20
[INFO] [stderr]    Compiling zstd v0.13.2
[INFO] [stderr]    Compiling zerovec v0.10.4
[INFO] [stderr]    Compiling rand_chacha v0.3.1
[INFO] [stderr]    Compiling rand v0.8.5
[INFO] [stderr]    Compiling simple_asn1 v0.6.2
[INFO] [stderr]    Compiling tinystr v0.7.6
[INFO] [stderr]    Compiling icu_collections v1.5.0
[INFO] [stderr]    Compiling icu_locid v1.5.0
[INFO] [stderr]    Compiling icu_provider v1.5.0
[INFO] [stderr]    Compiling http-body-util v0.1.2
[INFO] [stderr]    Compiling futures-executor v0.3.31
[INFO] [stderr]    Compiling futures v0.3.31
[INFO] [stderr]    Compiling axum-core v0.4.5
[INFO] [stderr]    Compiling tokio-util v0.7.13
[INFO] [stderr]    Compiling actix-rt v2.10.0
[INFO] [stderr]    Compiling hyper v1.5.1
[INFO] [stderr]    Compiling tower v0.5.2
[INFO] [stderr]    Compiling icu_locid_transform v1.5.0
[INFO] [stderr]    Compiling actix-server v2.5.0
[INFO] [stderr]    Compiling tokio-native-tls v0.3.1
[INFO] [stderr]    Compiling h2 v0.3.26
[INFO] [stderr]    Compiling actix-codec v0.5.2
[INFO] [stderr]    Compiling icu_properties v1.5.1
[INFO] [stderr]    Compiling hyper-util v0.1.10
[INFO] [stderr]    Compiling serde_urlencoded v0.7.1
[INFO] [stderr]    Compiling serde_path_to_error v0.1.16
[INFO] [stderr]    Compiling axum v0.7.9
[INFO] [stderr]    Compiling jsonwebtoken v9.3.0
[INFO] [stderr]    Compiling icu_normalizer v1.5.0
[INFO] [stderr]    Compiling idna_adapter v1.2.0
[INFO] [stderr]    Compiling idna v1.0.3
[INFO] [stderr]    Compiling url v2.5.4
[INFO] [stderr]    Compiling actix-http v3.9.0
[INFO] [stderr]    Compiling hyper v0.14.31
[INFO] [stderr]    Compiling hyper-tls v0.5.0
[INFO] [stderr]    Compiling actix-web v4.9.0
[INFO] [stderr]    Compiling reqwest v0.11.27
[INFO] [stderr]    Compiling actix-web-httpauth v0.8.2
[INFO] [stderr]    Compiling firebase-auth v0.4.3 (/opt/rustwide/workdir/firebase-auth)
[INFO] [stdout] warning: field `jwk_url` is never read
[INFO] [stdout]  --> firebase-auth/src/structs.rs:8:9
[INFO] [stdout]   |
[INFO] [stdout] 7 | pub struct JwkConfiguration {
[INFO] [stdout]   |            ---------------- field in this struct
[INFO] [stdout] 8 |     pub jwk_url: String,
[INFO] [stdout]   |         ^^^^^^^
[INFO] [stdout]   |
[INFO] [stdout]   = note: `JwkConfiguration` has a derived impl for the trait `Debug`, but this is intentionally ignored during dead code analysis
[INFO] [stdout]   = note: `#[warn(dead_code)]` on by default
[INFO] [stdout] 
[INFO] [stdout] 
[INFO] [stdout] warning: fields `alg` and `kty` are never read
[INFO] [stdout]   --> firebase-auth/src/structs.rs:21:9
[INFO] [stdout]    |
[INFO] [stdout] 19 | pub struct JwkKey {
[INFO] [stdout]    |            ------ fields in this struct
[INFO] [stdout] 20 |     pub e: String,
[INFO] [stdout] 21 |     pub alg: String,
[INFO] [stdout]    |         ^^^
[INFO] [stdout] 22 |     pub kty: String,
[INFO] [stdout]    |         ^^^
[INFO] [stdout]    |
[INFO] [stdout]    = note: `JwkKey` has derived impls for the traits `Debug` and `Clone`, but these are intentionally ignored during dead code analysis
[INFO] [stdout] 
[INFO] [stdout] 
[INFO] [stderr]     Finished `dev` profile [unoptimized + debuginfo] target(s) in 1m 25s
[INFO] running `Command { std: "docker" "inspect" "ee04bb1cd323b5b05a606d7696159a21ae7902b1a74e2d07e578db7d8777a32e", kill_on_drop: false }`
[INFO] running `Command { std: "docker" "rm" "-f" "ee04bb1cd323b5b05a606d7696159a21ae7902b1a74e2d07e578db7d8777a32e", kill_on_drop: false }`
[INFO] [stdout] ee04bb1cd323b5b05a606d7696159a21ae7902b1a74e2d07e578db7d8777a32e
[INFO] running `Command { std: "docker" "create" "-v" "/var/lib/crater-agent-workspace/builds/worker-1-tc1/target:/opt/rustwide/target:rw,Z" "-v" "/var/lib/crater-agent-workspace/builds/worker-1-tc1/source:/opt/rustwide/workdir:ro,Z" "-v" "/var/lib/crater-agent-workspace/cargo-home:/opt/rustwide/cargo-home:ro,Z" "-v" "/var/lib/crater-agent-workspace/rustup-home:/opt/rustwide/rustup-home:ro,Z" "-e" "SOURCE_DIR=/opt/rustwide/workdir" "-e" "CARGO_TARGET_DIR=/opt/rustwide/target" "-e" "CARGO_INCREMENTAL=0" "-e" "RUST_BACKTRACE=full" "-e" "RUSTFLAGS=--cap-lints=warn" "-e" "RUSTDOCFLAGS=--cap-lints=warn" "-e" "CARGO_HOME=/opt/rustwide/cargo-home" "-e" "RUSTUP_HOME=/opt/rustwide/rustup-home" "-w" "/opt/rustwide/workdir" "-m" "1610612736" "--user" "0:0" "--network" "none" "ghcr.io/rust-lang/crates-build-env/linux@sha256:f3a9d4ad9d972b27faf3965f35b62e55ba32bbce8f20bc8fe909558a86702fde" "/opt/rustwide/cargo-home/bin/cargo" "+1.83.0" "test" "--frozen" "--no-run" "--message-format=json", kill_on_drop: false }`
[INFO] [stdout] 84d02fa96f160d543036f738b373f8b228252ec9bac6e8cb9707afa4096b7412
[INFO] running `Command { std: "docker" "start" "-a" "84d02fa96f160d543036f738b373f8b228252ec9bac6e8cb9707afa4096b7412", kill_on_drop: false }`
[INFO] [stderr]    Compiling firebase-auth v0.4.3 (/opt/rustwide/workdir/firebase-auth)
[INFO] [stdout] warning: field `jwk_url` is never read
[INFO] [stdout]  --> firebase-auth/src/structs.rs:8:9
[INFO] [stdout]   |
[INFO] [stdout] 7 | pub struct JwkConfiguration {
[INFO] [stdout]   |            ---------------- field in this struct
[INFO] [stdout] 8 |     pub jwk_url: String,
[INFO] [stdout]   |         ^^^^^^^
[INFO] [stdout]   |
[INFO] [stdout]   = note: `JwkConfiguration` has a derived impl for the trait `Debug`, but this is intentionally ignored during dead code analysis
[INFO] [stdout]   = note: `#[warn(dead_code)]` on by default
[INFO] [stdout] 
[INFO] [stdout] 
[INFO] [stdout] warning: fields `alg` and `kty` are never read
[INFO] [stdout]   --> firebase-auth/src/structs.rs:21:9
[INFO] [stdout]    |
[INFO] [stdout] 19 | pub struct JwkKey {
[INFO] [stdout]    |            ------ fields in this struct
[INFO] [stdout] 20 |     pub e: String,
[INFO] [stdout] 21 |     pub alg: String,
[INFO] [stdout]    |         ^^^
[INFO] [stdout] 22 |     pub kty: String,
[INFO] [stdout]    |         ^^^
[INFO] [stdout]    |
[INFO] [stdout]    = note: `JwkKey` has derived impls for the traits `Debug` and `Clone`, but these are intentionally ignored during dead code analysis
[INFO] [stdout] 
[INFO] [stdout] 
[INFO] [stdout] warning: field `jwk_url` is never read
[INFO] [stdout]  --> firebase-auth/src/structs.rs:8:9
[INFO] [stdout]   |
[INFO] [stdout] 7 | pub struct JwkConfiguration {
[INFO] [stdout]   |            ---------------- field in this struct
[INFO] [stdout] 8 |     pub jwk_url: String,
[INFO] [stdout]   |         ^^^^^^^
[INFO] [stdout]   |
[INFO] [stdout]   = note: `JwkConfiguration` has a derived impl for the trait `Debug`, but this is intentionally ignored during dead code analysis
[INFO] [stdout]   = note: `#[warn(dead_code)]` on by default
[INFO] [stdout] 
[INFO] [stdout] 
[INFO] [stdout] warning: fields `alg` and `kty` are never read
[INFO] [stdout]   --> firebase-auth/src/structs.rs:21:9
[INFO] [stdout]    |
[INFO] [stdout] 19 | pub struct JwkKey {
[INFO] [stdout]    |            ------ fields in this struct
[INFO] [stdout] 20 |     pub e: String,
[INFO] [stdout] 21 |     pub alg: String,
[INFO] [stdout]    |         ^^^
[INFO] [stdout] 22 |     pub kty: String,
[INFO] [stdout]    |         ^^^
[INFO] [stdout]    |
[INFO] [stdout]    = note: `JwkKey` has derived impls for the traits `Debug` and `Clone`, but these are intentionally ignored during dead code analysis
[INFO] [stdout] 
[INFO] [stdout] 
[INFO] [stderr]     Finished `test` profile [unoptimized + debuginfo] target(s) in 1.75s
[INFO] running `Command { std: "docker" "inspect" "84d02fa96f160d543036f738b373f8b228252ec9bac6e8cb9707afa4096b7412", kill_on_drop: false }`
[INFO] running `Command { std: "docker" "rm" "-f" "84d02fa96f160d543036f738b373f8b228252ec9bac6e8cb9707afa4096b7412", kill_on_drop: false }`
[INFO] [stdout] 84d02fa96f160d543036f738b373f8b228252ec9bac6e8cb9707afa4096b7412
[INFO] running `Command { std: "docker" "create" "-v" "/var/lib/crater-agent-workspace/builds/worker-1-tc1/target:/opt/rustwide/target:rw,Z" "-v" "/var/lib/crater-agent-workspace/builds/worker-1-tc1/source:/opt/rustwide/workdir:ro,Z" "-v" "/var/lib/crater-agent-workspace/cargo-home:/opt/rustwide/cargo-home:ro,Z" "-v" "/var/lib/crater-agent-workspace/rustup-home:/opt/rustwide/rustup-home:ro,Z" "-e" "SOURCE_DIR=/opt/rustwide/workdir" "-e" "CARGO_TARGET_DIR=/opt/rustwide/target" "-e" "CARGO_INCREMENTAL=0" "-e" "RUST_BACKTRACE=full" "-e" "RUSTFLAGS=--cap-lints=warn" "-e" "RUSTDOCFLAGS=--cap-lints=warn" "-e" "CARGO_HOME=/opt/rustwide/cargo-home" "-e" "RUSTUP_HOME=/opt/rustwide/rustup-home" "-w" "/opt/rustwide/workdir" "-m" "1610612736" "--user" "0:0" "--network" "none" "ghcr.io/rust-lang/crates-build-env/linux@sha256:f3a9d4ad9d972b27faf3965f35b62e55ba32bbce8f20bc8fe909558a86702fde" "/opt/rustwide/cargo-home/bin/cargo" "+1.83.0" "test" "--frozen", kill_on_drop: false }`
[INFO] [stdout] ccaf7b3b2eb19753779605678c3836d43d10d3a20b9a14122b4a8749ea8d5046
[INFO] running `Command { std: "docker" "start" "-a" "ccaf7b3b2eb19753779605678c3836d43d10d3a20b9a14122b4a8749ea8d5046", kill_on_drop: false }`
[INFO] [stderr] warning: field `jwk_url` is never read
[INFO] [stderr]  --> firebase-auth/src/structs.rs:8:9
[INFO] [stderr]   |
[INFO] [stderr] 7 | pub struct JwkConfiguration {
[INFO] [stderr]   |            ---------------- field in this struct
[INFO] [stderr] 8 |     pub jwk_url: String,
[INFO] [stderr]   |         ^^^^^^^
[INFO] [stderr]   |
[INFO] [stderr]   = note: `JwkConfiguration` has a derived impl for the trait `Debug`, but this is intentionally ignored during dead code analysis
[INFO] [stderr]   = note: `#[warn(dead_code)]` on by default
[INFO] [stderr] 
[INFO] [stderr] warning: fields `alg` and `kty` are never read
[INFO] [stderr]   --> firebase-auth/src/structs.rs:21:9
[INFO] [stderr]    |
[INFO] [stderr] 19 | pub struct JwkKey {
[INFO] [stderr]    |            ------ fields in this struct
[INFO] [stderr] 20 |     pub e: String,
[INFO] [stderr] 21 |     pub alg: String,
[INFO] [stderr]    |         ^^^
[INFO] [stderr] 22 |     pub kty: String,
[INFO] [stderr]    |         ^^^
[INFO] [stderr]    |
[INFO] [stderr]    = note: `JwkKey` has derived impls for the traits `Debug` and `Clone`, but these are intentionally ignored during dead code analysis
[INFO] [stderr] 
[INFO] [stderr] warning: `firebase-auth` (lib) generated 2 warnings
[INFO] [stderr] warning: `firebase-auth` (lib test) generated 2 warnings (2 duplicates)
[INFO] [stderr]     Finished `test` profile [unoptimized + debuginfo] target(s) in 0.29s
[INFO] [stderr]      Running unittests src/lib.rs (/opt/rustwide/target/debug/deps/firebase_auth-a0d4854e15c2ae79)
[INFO] [stdout] 
[INFO] [stdout] running 0 tests
[INFO] [stdout] 
[INFO] [stdout] test result: ok. 0 passed; 0 failed; 0 ignored; 0 measured; 0 filtered out; finished in 0.00s
[INFO] [stdout] 
[INFO] [stderr]    Doc-tests firebase_auth
[INFO] [stdout] 
[INFO] [stdout] running 2 tests
[INFO] [stdout] test firebase-auth/src/lib.rs - (line 48) ... FAILED
[INFO] [stdout] test firebase-auth/src/lib.rs - (line 12) ... FAILED
[INFO] [stdout] 
[INFO] [stdout] failures:
[INFO] [stdout] 
[INFO] [stdout] ---- firebase-auth/src/lib.rs - (line 48) stdout ----
[INFO] [stdout] error[E0308]: mismatched types
[INFO] [stdout]   --> firebase-auth/src/lib.rs:69:41
[INFO] [stdout]    |
[INFO] [stdout] 23 |         .with_state(FirebaseAuthState { firebase_auth });
[INFO] [stdout]    |                                         ^^^^^^^^^^^^^ expected `Arc<FirebaseAuth>`, found `FirebaseAuth`
[INFO] [stdout]    |
[INFO] [stdout]    = note: expected struct `Arc<FirebaseAuth>`
[INFO] [stdout]               found struct `FirebaseAuth`
[INFO] [stdout] help: call `Into::into` on this expression to convert `FirebaseAuth` into `Arc<FirebaseAuth>`
[INFO] [stdout]    |
[INFO] [stdout] 23 |         .with_state(FirebaseAuthState { firebase_auth: firebase_auth.into() });
[INFO] [stdout]    |                                         ++++++++++++++              +++++++
[INFO] [stdout] 
[INFO] [stdout] error: aborting due to 1 previous error
[INFO] [stdout] 
[INFO] [stdout] For more information about this error, try `rustc --explain E0308`.
[INFO] [stdout] Couldn't compile the test.
[INFO] [stdout] ---- firebase-auth/src/lib.rs - (line 12) stdout ----
[INFO] [stdout] Test executable failed (exit status: 101).
[INFO] [stdout] 
[INFO] [stdout] stderr:
[INFO] [stdout] Error getting public jwk keys CouldntFetchPublicKeys(reqwest::Error { kind: Request, url: Url { scheme: "https", cannot_be_a_base: false, username: "", password: None, host: Some(Domain("www.googleapis.com")), port: None, path: "/service_accounts/v1/jwk/securetoken@system.gserviceaccount.com", query: None, fragment: None }, source: hyper::Error(Connect, ConnectError("dns error", Custom { kind: Uncategorized, error: "failed to lookup address information: Temporary failure in name resolution" })) })
[INFO] [stdout] thread 'main' panicked at /opt/rustwide/workdir/firebase-auth/src/firebase_auth.rs:171:17:
[INFO] [stdout] Unable to get public jwk keys! Cannot verify user tokens! Shutting down...
[INFO] [stdout] stack backtrace:
[INFO] [stdout]    0:     0x591100ffcbba - std::backtrace_rs::backtrace::libunwind::trace::h5a5b8284f2d0c266
[INFO] [stdout]                                at /rustc/90b35a6239c3d8bdabc530a6a0816f7ff89a0aaf/library/std/src/../../backtrace/src/backtrace/libunwind.rs:116:5
[INFO] [stdout]    1:     0x591100ffcbba - std::backtrace_rs::backtrace::trace_unsynchronized::h76d4f1c9b0b875e3
[INFO] [stdout]                                at /rustc/90b35a6239c3d8bdabc530a6a0816f7ff89a0aaf/library/std/src/../../backtrace/src/backtrace/mod.rs:66:5
[INFO] [stdout]    2:     0x591100ffcbba - std::sys::backtrace::_print_fmt::hc4546b8364a537c6
[INFO] [stdout]                                at /rustc/90b35a6239c3d8bdabc530a6a0816f7ff89a0aaf/library/std/src/sys/backtrace.rs:66:9
[INFO] [stdout]    3:     0x591100ffcbba - <std::sys::backtrace::BacktraceLock::print::DisplayBacktrace as core::fmt::Display>::fmt::h5b6bd5631a6d1f6b
[INFO] [stdout]                                at /rustc/90b35a6239c3d8bdabc530a6a0816f7ff89a0aaf/library/std/src/sys/backtrace.rs:39:26
[INFO] [stdout]    4:     0x591101022f73 - core::fmt::rt::Argument::fmt::h270f6602a2b96f62
[INFO] [stdout]                                at /rustc/90b35a6239c3d8bdabc530a6a0816f7ff89a0aaf/library/core/src/fmt/rt.rs:177:76
[INFO] [stdout]    5:     0x591101022f73 - core::fmt::write::h7550c97b06c86515
[INFO] [stdout]                                at /rustc/90b35a6239c3d8bdabc530a6a0816f7ff89a0aaf/library/core/src/fmt/mod.rs:1186:21
[INFO] [stdout]    6:     0x591100ff9693 - std::io::Write::write_fmt::h7b09c64fe0be9c84
[INFO] [stdout]                                at /rustc/90b35a6239c3d8bdabc530a6a0816f7ff89a0aaf/library/std/src/io/mod.rs:1839:15
[INFO] [stdout]    7:     0x591100ffca02 - std::sys::backtrace::BacktraceLock::print::h2395ccd2c84ba3aa
[INFO] [stdout]                                at /rustc/90b35a6239c3d8bdabc530a6a0816f7ff89a0aaf/library/std/src/sys/backtrace.rs:42:9
[INFO] [stdout]    8:     0x591100ffdaec - std::panicking::default_hook::{{closure}}::he19d4c7230e07961
[INFO] [stdout]                                at /rustc/90b35a6239c3d8bdabc530a6a0816f7ff89a0aaf/library/std/src/panicking.rs:268:22
[INFO] [stdout]    9:     0x591100ffd932 - std::panicking::default_hook::hf614597d3c67bbdb
[INFO] [stdout]                                at /rustc/90b35a6239c3d8bdabc530a6a0816f7ff89a0aaf/library/std/src/panicking.rs:295:9
[INFO] [stdout]   10:     0x591100ffe0c7 - std::panicking::rust_panic_with_hook::h8942133a8b252070
[INFO] [stdout]                                at /rustc/90b35a6239c3d8bdabc530a6a0816f7ff89a0aaf/library/std/src/panicking.rs:801:13
[INFO] [stdout]   11:     0x591100ffdf26 - std::panicking::begin_panic_handler::{{closure}}::hb5f5963570096b29
[INFO] [stdout]                                at /rustc/90b35a6239c3d8bdabc530a6a0816f7ff89a0aaf/library/std/src/panicking.rs:667:13
[INFO] [stdout]   12:     0x591100ffd099 - std::sys::backtrace::__rust_end_short_backtrace::h6208cedc1922feda
[INFO] [stdout]                                at /rustc/90b35a6239c3d8bdabc530a6a0816f7ff89a0aaf/library/std/src/sys/backtrace.rs:170:18
[INFO] [stdout]   13:     0x591100ffdbec - rust_begin_unwind
[INFO] [stdout]                                at /rustc/90b35a6239c3d8bdabc530a6a0816f7ff89a0aaf/library/std/src/panicking.rs:665:5
[INFO] [stdout]   14:     0x5911004fbde0 - core::panicking::panic_fmt::h0c3082644d1bf418
[INFO] [stdout]                                at /rustc/90b35a6239c3d8bdabc530a6a0816f7ff89a0aaf/library/core/src/panicking.rs:74:14
[INFO] [stdout]   15:     0x5911005288fd - firebase_auth::firebase_auth::FirebaseAuth::new::{{closure}}::h6ae2321d38975f2d
[INFO] [stdout]   16:     0x5911005d3732 - rust_out::main::{{closure}}::hcf3ef21e3b0fc63d
[INFO] [stdout]   17:     0x5911005c89d5 - <tokio::task::local::RunUntil<T> as core::future::future::Future>::poll::{{closure}}::h5e587ed09db9952a
[INFO] [stdout]   18:     0x59110059fa51 - tokio::task::local::LocalSet::with::{{closure}}::h3079b5b80d38afdb
[INFO] [stdout]   19:     0x591100584aa4 - std::thread::local::LocalKey<T>::try_with::he27dcc20f25cdf9a
[INFO] [stdout]   20:     0x591100583086 - std::thread::local::LocalKey<T>::with::hb5077ddc95cdf506
[INFO] [stdout]   21:     0x59110059f9bb - tokio::task::local::LocalSet::with::h8b77f82dda3239fb
[INFO] [stdout]   22:     0x5911005c8963 - <tokio::task::local::RunUntil<T> as core::future::future::Future>::poll::h1e0f32b4ba6963b7
[INFO] [stdout]   23:     0x59110059fcf2 - tokio::task::local::LocalSet::run_until::{{closure}}::h038433e736021105
[INFO] [stdout]   24:     0x5911005bfef6 - <core::pin::Pin<P> as core::future::future::Future>::poll::h93a833d99b04ec82
[INFO] [stdout]   25:     0x5911005bb895 - tokio::runtime::scheduler::current_thread::CoreGuard::block_on::{{closure}}::{{closure}}::{{closure}}::h227a3679dc2e12e3
[INFO] [stdout]   26:     0x5911005bb65e - tokio::runtime::scheduler::current_thread::CoreGuard::block_on::{{closure}}::{{closure}}::h061b1a2489252628
[INFO] [stdout]   27:     0x5911005b8cfa - tokio::runtime::scheduler::current_thread::Context::enter::h33b46bfe14c8d2c9
[INFO] [stdout]   28:     0x5911005bae9e - tokio::runtime::scheduler::current_thread::CoreGuard::block_on::{{closure}}::h5e547aec232a1cc9
[INFO] [stdout]   29:     0x5911005ba2db - tokio::runtime::scheduler::current_thread::CoreGuard::enter::{{closure}}::hcf8fc877ea121394
[INFO] [stdout]   30:     0x5911005b4390 - tokio::runtime::context::scoped::Scoped<T>::set::h86389834a478f249
[INFO] [stdout]   31:     0x5911005b3ff3 - tokio::runtime::context::set_scheduler::{{closure}}::h5381d7ffd44456a4
[INFO] [stdout]   32:     0x591100583b7e - std::thread::local::LocalKey<T>::try_with::h7a47191ddb0dccde
[INFO] [stdout]   33:     0x5911005830f7 - std::thread::local::LocalKey<T>::with::hfb2baed4c95f1104
[INFO] [stdout]   34:     0x5911005b3f4b - tokio::runtime::context::set_scheduler::h0237a1626eabe7fe
[INFO] [stdout]   35:     0x5911005ba019 - tokio::runtime::scheduler::current_thread::CoreGuard::enter::hed7a41b271d4d3d2
[INFO] [stdout]   36:     0x5911005ba35e - tokio::runtime::scheduler::current_thread::CoreGuard::block_on::hbe2a00d823a339eb
[INFO] [stdout]   37:     0x5911005b6de0 - tokio::runtime::scheduler::current_thread::CurrentThread::block_on::{{closure}}::h75cd20683813ed32
[INFO] [stdout]   38:     0x5911005b51fe - tokio::runtime::context::runtime::enter_runtime::h670e59e4f251138c
[INFO] [stdout]   39:     0x5911005b6ad1 - tokio::runtime::scheduler::current_thread::CurrentThread::block_on::hb5f03c7d3a1e72fc
[INFO] [stdout]   40:     0x5911005b612b - tokio::runtime::runtime::Runtime::block_on_inner::ha7b080f1496bd218
[INFO] [stdout]   41:     0x5911005b63a3 - tokio::runtime::runtime::Runtime::block_on::h60db3671235d36d3
[INFO] [stdout]   42:     0x59110059fb03 - tokio::task::local::LocalSet::block_on::hc8a2913fc9546b93
[INFO] [stdout]   43:     0x5911005c9246 - actix_rt::runtime::Runtime::block_on::hb8d555d1b2a4ebca
[INFO] [stdout]   44:     0x5911005c9226 - actix_rt::system::SystemRunner::block_on::h75ebbfb537aac85f
[INFO] [stdout]   45:     0x5911005d3563 - rust_out::main::ha3ccdeb2f8a7dbb3
[INFO] [stdout]   46:     0x5911005883a3 - core::ops::function::FnOnce::call_once::h553501e5dffa9b2a
[INFO] [stdout]   47:     0x591100580866 - std::sys::backtrace::__rust_begin_short_backtrace::hafd7938d4375e845
[INFO] [stdout]   48:     0x5911005806b9 - std::rt::lang_start::{{closure}}::hd44473c0ca1a24d6
[INFO] [stdout]   49:     0x591100ff4bde - core::ops::function::impls::<impl core::ops::function::FnOnce<A> for &F>::call_once::hfdb85f4ee94732d3
[INFO] [stdout]                                at /rustc/90b35a6239c3d8bdabc530a6a0816f7ff89a0aaf/library/core/src/ops/function.rs:284:13
[INFO] [stdout]   50:     0x591100ff4bde - std::panicking::try::do_call::h6e577310f330cbef
[INFO] [stdout]                                at /rustc/90b35a6239c3d8bdabc530a6a0816f7ff89a0aaf/library/std/src/panicking.rs:557:40
[INFO] [stdout]   51:     0x591100ff4bde - std::panicking::try::ha588d438267d2645
[INFO] [stdout]                                at /rustc/90b35a6239c3d8bdabc530a6a0816f7ff89a0aaf/library/std/src/panicking.rs:520:19
[INFO] [stdout]   52:     0x591100ff4bde - std::panic::catch_unwind::h429fda1e025f26d9
[INFO] [stdout]                                at /rustc/90b35a6239c3d8bdabc530a6a0816f7ff89a0aaf/library/std/src/panic.rs:358:14
[INFO] [stdout]   53:     0x591100ff4bde - std::rt::lang_start_internal::{{closure}}::h7b731265e841c4bf
[INFO] [stdout]                                at /rustc/90b35a6239c3d8bdabc530a6a0816f7ff89a0aaf/library/std/src/rt.rs:174:48
[INFO] [stdout]   54:     0x591100ff4bde - std::panicking::try::do_call::hc0f6a675b7ae5a36
[INFO] [stdout]                                at /rustc/90b35a6239c3d8bdabc530a6a0816f7ff89a0aaf/library/std/src/panicking.rs:557:40
[INFO] [stdout]   55:     0x591100ff4bde - std::panicking::try::h4c93b7ff0671f1ff
[INFO] [stdout]                                at /rustc/90b35a6239c3d8bdabc530a6a0816f7ff89a0aaf/library/std/src/panicking.rs:520:19
[INFO] [stdout]   56:     0x591100ff4bde - std::panic::catch_unwind::hcc1e154961d16ce6
[INFO] [stdout]                                at /rustc/90b35a6239c3d8bdabc530a6a0816f7ff89a0aaf/library/std/src/panic.rs:358:14
[INFO] [stdout]   57:     0x591100ff4bde - std::rt::lang_start_internal::h1c66660c99c8424c
[INFO] [stdout]                                at /rustc/90b35a6239c3d8bdabc530a6a0816f7ff89a0aaf/library/std/src/rt.rs:174:20
[INFO] [stdout]   58:     0x591100580697 - std::rt::lang_start::he56a919e08f8a245
[INFO] [stdout]   59:     0x5911005d3c65 - main
[INFO] [stdout]   60:     0x7676866d8d90 - <unknown>
[INFO] [stdout]   61:     0x7676866d8e40 - __libc_start_main
[INFO] [stdout]   62:     0x5911004fc8c5 - _start
[INFO] [stdout]   63:                0x0 - <unknown>
[INFO] [stdout] 
[INFO] [stdout] 
[INFO] [stdout] 
[INFO] [stdout] failures:
[INFO] [stdout]     firebase-auth/src/lib.rs - (line 12)
[INFO] [stdout]     firebase-auth/src/lib.rs - (line 48)
[INFO] [stdout] 
[INFO] [stdout] test result: FAILED. 0 passed; 2 failed; 0 ignored; 0 measured; 0 filtered out; finished in 9.46s
[INFO] [stdout] 
[INFO] [stderr] error: doctest failed, to rerun pass `--doc`
[INFO] running `Command { std: "docker" "inspect" "ccaf7b3b2eb19753779605678c3836d43d10d3a20b9a14122b4a8749ea8d5046", kill_on_drop: false }`
[INFO] running `Command { std: "docker" "rm" "-f" "ccaf7b3b2eb19753779605678c3836d43d10d3a20b9a14122b4a8749ea8d5046", kill_on_drop: false }`
[INFO] [stdout] ccaf7b3b2eb19753779605678c3836d43d10d3a20b9a14122b4a8749ea8d5046
