[INFO] cloning repository https://github.com/toolateralus/bit32
[INFO] running `Command { std: "git" "-c" "credential.helper=" "-c" "credential.helper=/workspace/cargo-home/bin/git-credential-null" "clone" "--bare" "https://github.com/toolateralus/bit32" "/workspace/cache/git-repos/https%3A%2F%2Fgithub.com%2Ftoolateralus%2Fbit32", kill_on_drop: false }`
[INFO] [stderr] Cloning into bare repository '/workspace/cache/git-repos/https%3A%2F%2Fgithub.com%2Ftoolateralus%2Fbit32'...
[INFO] running `Command { std: "git" "rev-parse" "HEAD", kill_on_drop: false }`
[INFO] [stdout] 23b5490ebfdfb28216ba56e85ac7b7bc34bbb059
[INFO] testing toolateralus/bit32 against 1.83.0 for beta-1.84.0-4-retry
[INFO] running `Command { std: "git" "clone" "/workspace/cache/git-repos/https%3A%2F%2Fgithub.com%2Ftoolateralus%2Fbit32" "/workspace/builds/worker-4-tc1/source", kill_on_drop: false }`
[INFO] [stderr] Cloning into '/workspace/builds/worker-4-tc1/source'...
[INFO] [stderr] done.
[INFO] validating manifest of git repo https://github.com/toolateralus/bit32 on toolchain 1.83.0
[INFO] running `Command { std: CARGO_HOME="/workspace/cargo-home" RUSTUP_HOME="/workspace/rustup-home" "/workspace/cargo-home/bin/cargo" "+1.83.0" "metadata" "--manifest-path" "Cargo.toml" "--no-deps", kill_on_drop: false }`
[INFO] started tweaking git repo https://github.com/toolateralus/bit32
[INFO] finished tweaking git repo https://github.com/toolateralus/bit32
[INFO] tweaked toml for git repo https://github.com/toolateralus/bit32 written to /workspace/builds/worker-4-tc1/source/Cargo.toml
[INFO] crate git repo https://github.com/toolateralus/bit32 already has a lockfile, it will not be regenerated
[INFO] running `Command { std: CARGO_HOME="/workspace/cargo-home" RUSTUP_HOME="/workspace/rustup-home" "/workspace/cargo-home/bin/cargo" "+1.83.0" "fetch" "--manifest-path" "Cargo.toml", kill_on_drop: false }`
[INFO] running `Command { std: "docker" "create" "-v" "/var/lib/crater-agent-workspace/builds/worker-4-tc1/target:/opt/rustwide/target:rw,Z" "-v" "/var/lib/crater-agent-workspace/builds/worker-4-tc1/source:/opt/rustwide/workdir:ro,Z" "-v" "/var/lib/crater-agent-workspace/cargo-home:/opt/rustwide/cargo-home:ro,Z" "-v" "/var/lib/crater-agent-workspace/rustup-home:/opt/rustwide/rustup-home:ro,Z" "-e" "SOURCE_DIR=/opt/rustwide/workdir" "-e" "CARGO_TARGET_DIR=/opt/rustwide/target" "-e" "CARGO_HOME=/opt/rustwide/cargo-home" "-e" "RUSTUP_HOME=/opt/rustwide/rustup-home" "-w" "/opt/rustwide/workdir" "-m" "1610612736" "--user" "0:0" "--network" "none" "ghcr.io/rust-lang/crates-build-env/linux@sha256:f3a9d4ad9d972b27faf3965f35b62e55ba32bbce8f20bc8fe909558a86702fde" "/opt/rustwide/cargo-home/bin/cargo" "+1.83.0" "metadata" "--no-deps" "--format-version=1", kill_on_drop: false }`
[INFO] [stdout] 344d56d2c57cb6efb851d7127150bff0dbe7dfb664d49da1a72cd63ff46e9abb
[INFO] running `Command { std: "docker" "start" "-a" "344d56d2c57cb6efb851d7127150bff0dbe7dfb664d49da1a72cd63ff46e9abb", kill_on_drop: false }`
[INFO] running `Command { std: "docker" "inspect" "344d56d2c57cb6efb851d7127150bff0dbe7dfb664d49da1a72cd63ff46e9abb", kill_on_drop: false }`
[INFO] running `Command { std: "docker" "rm" "-f" "344d56d2c57cb6efb851d7127150bff0dbe7dfb664d49da1a72cd63ff46e9abb", kill_on_drop: false }`
[INFO] [stdout] 344d56d2c57cb6efb851d7127150bff0dbe7dfb664d49da1a72cd63ff46e9abb
[INFO] running `Command { std: "docker" "create" "-v" "/var/lib/crater-agent-workspace/builds/worker-4-tc1/target:/opt/rustwide/target:rw,Z" "-v" "/var/lib/crater-agent-workspace/builds/worker-4-tc1/source:/opt/rustwide/workdir:ro,Z" "-v" "/var/lib/crater-agent-workspace/cargo-home:/opt/rustwide/cargo-home:ro,Z" "-v" "/var/lib/crater-agent-workspace/rustup-home:/opt/rustwide/rustup-home:ro,Z" "-e" "SOURCE_DIR=/opt/rustwide/workdir" "-e" "CARGO_TARGET_DIR=/opt/rustwide/target" "-e" "CARGO_INCREMENTAL=0" "-e" "RUST_BACKTRACE=full" "-e" "RUSTFLAGS=--cap-lints=warn" "-e" "RUSTDOCFLAGS=--cap-lints=warn" "-e" "CARGO_HOME=/opt/rustwide/cargo-home" "-e" "RUSTUP_HOME=/opt/rustwide/rustup-home" "-w" "/opt/rustwide/workdir" "-m" "1610612736" "--user" "0:0" "--network" "none" "ghcr.io/rust-lang/crates-build-env/linux@sha256:f3a9d4ad9d972b27faf3965f35b62e55ba32bbce8f20bc8fe909558a86702fde" "/opt/rustwide/cargo-home/bin/cargo" "+1.83.0" "build" "--frozen" "--message-format=json", kill_on_drop: false }`
[INFO] [stdout] d058b20241312345c22f8709a84c10a0049583fec31260149b94ef58d11669e5
[INFO] running `Command { std: "docker" "start" "-a" "d058b20241312345c22f8709a84c10a0049583fec31260149b94ef58d11669e5", kill_on_drop: false }`
[INFO] [stderr]    Compiling libc v0.2.155
[INFO] [stderr]    Compiling autocfg v1.3.0
[INFO] [stderr]    Compiling parking_lot_core v0.9.10
[INFO] [stderr]    Compiling signal-hook v0.3.17
[INFO] [stderr]    Compiling log v0.4.21
[INFO] [stderr]    Compiling scopeguard v1.2.0
[INFO] [stderr]    Compiling cfg-if v1.0.0
[INFO] [stderr]    Compiling smallvec v1.13.2
[INFO] [stderr]    Compiling bitflags v2.5.0
[INFO] [stderr]    Compiling lock_api v0.4.12
[INFO] [stderr]    Compiling signal-hook-registry v1.4.2
[INFO] [stderr]    Compiling mio v0.8.11
[INFO] [stderr]    Compiling parking_lot v0.12.3
[INFO] [stderr]    Compiling signal-hook-mio v0.2.3
[INFO] [stderr]    Compiling crossterm v0.27.0
[INFO] [stderr]    Compiling bit32 v0.1.0 (/opt/rustwide/workdir)
[INFO] [stderr]     Finished `dev` profile [unoptimized + debuginfo] target(s) in 5.37s
[INFO] running `Command { std: "docker" "inspect" "d058b20241312345c22f8709a84c10a0049583fec31260149b94ef58d11669e5", kill_on_drop: false }`
[INFO] running `Command { std: "docker" "rm" "-f" "d058b20241312345c22f8709a84c10a0049583fec31260149b94ef58d11669e5", kill_on_drop: false }`
[INFO] [stdout] d058b20241312345c22f8709a84c10a0049583fec31260149b94ef58d11669e5
[INFO] running `Command { std: "docker" "create" "-v" "/var/lib/crater-agent-workspace/builds/worker-4-tc1/target:/opt/rustwide/target:rw,Z" "-v" "/var/lib/crater-agent-workspace/builds/worker-4-tc1/source:/opt/rustwide/workdir:ro,Z" "-v" "/var/lib/crater-agent-workspace/cargo-home:/opt/rustwide/cargo-home:ro,Z" "-v" "/var/lib/crater-agent-workspace/rustup-home:/opt/rustwide/rustup-home:ro,Z" "-e" "SOURCE_DIR=/opt/rustwide/workdir" "-e" "CARGO_TARGET_DIR=/opt/rustwide/target" "-e" "CARGO_INCREMENTAL=0" "-e" "RUST_BACKTRACE=full" "-e" "RUSTFLAGS=--cap-lints=warn" "-e" "RUSTDOCFLAGS=--cap-lints=warn" "-e" "CARGO_HOME=/opt/rustwide/cargo-home" "-e" "RUSTUP_HOME=/opt/rustwide/rustup-home" "-w" "/opt/rustwide/workdir" "-m" "1610612736" "--user" "0:0" "--network" "none" "ghcr.io/rust-lang/crates-build-env/linux@sha256:f3a9d4ad9d972b27faf3965f35b62e55ba32bbce8f20bc8fe909558a86702fde" "/opt/rustwide/cargo-home/bin/cargo" "+1.83.0" "test" "--frozen" "--no-run" "--message-format=json", kill_on_drop: false }`
[INFO] [stdout] b8a64a8e7aac1a381090b605d8e56991fe8b07f689da6a341ea04dafd5c04c54
[INFO] running `Command { std: "docker" "start" "-a" "b8a64a8e7aac1a381090b605d8e56991fe8b07f689da6a341ea04dafd5c04c54", kill_on_drop: false }`
[INFO] [stderr]    Compiling bit32 v0.1.0 (/opt/rustwide/workdir)
[INFO] [stdout] warning: unused variable: `no_jmp_addr`
[INFO] [stdout]    --> src/test.rs:939:17
[INFO] [stdout]     |
[INFO] [stdout] 939 |             let no_jmp_addr = program.len() as u32;
[INFO] [stdout]     |                 ^^^^^^^^^^^ help: if this is intentional, prefix it with an underscore: `_no_jmp_addr`
[INFO] [stdout]     |
[INFO] [stdout]     = note: `#[warn(unused_variables)]` on by default
[INFO] [stdout] 
[INFO] [stdout] 
[INFO] [stdout] warning: unused variable: `no_jmp_addr`
[INFO] [stdout]    --> src/test.rs:982:17
[INFO] [stdout]     |
[INFO] [stdout] 982 |             let no_jmp_addr = program.len() as u32;
[INFO] [stdout]     |                 ^^^^^^^^^^^ help: if this is intentional, prefix it with an underscore: `_no_jmp_addr`
[INFO] [stdout] 
[INFO] [stdout] 
[INFO] [stderr]     Finished `test` profile [unoptimized + debuginfo] target(s) in 1.55s
[INFO] running `Command { std: "docker" "inspect" "b8a64a8e7aac1a381090b605d8e56991fe8b07f689da6a341ea04dafd5c04c54", kill_on_drop: false }`
[INFO] running `Command { std: "docker" "rm" "-f" "b8a64a8e7aac1a381090b605d8e56991fe8b07f689da6a341ea04dafd5c04c54", kill_on_drop: false }`
[INFO] [stdout] b8a64a8e7aac1a381090b605d8e56991fe8b07f689da6a341ea04dafd5c04c54
[INFO] running `Command { std: "docker" "create" "-v" "/var/lib/crater-agent-workspace/builds/worker-4-tc1/target:/opt/rustwide/target:rw,Z" "-v" "/var/lib/crater-agent-workspace/builds/worker-4-tc1/source:/opt/rustwide/workdir:ro,Z" "-v" "/var/lib/crater-agent-workspace/cargo-home:/opt/rustwide/cargo-home:ro,Z" "-v" "/var/lib/crater-agent-workspace/rustup-home:/opt/rustwide/rustup-home:ro,Z" "-e" "SOURCE_DIR=/opt/rustwide/workdir" "-e" "CARGO_TARGET_DIR=/opt/rustwide/target" "-e" "CARGO_INCREMENTAL=0" "-e" "RUST_BACKTRACE=full" "-e" "RUSTFLAGS=--cap-lints=warn" "-e" "RUSTDOCFLAGS=--cap-lints=warn" "-e" "CARGO_HOME=/opt/rustwide/cargo-home" "-e" "RUSTUP_HOME=/opt/rustwide/rustup-home" "-w" "/opt/rustwide/workdir" "-m" "1610612736" "--user" "0:0" "--network" "none" "ghcr.io/rust-lang/crates-build-env/linux@sha256:f3a9d4ad9d972b27faf3965f35b62e55ba32bbce8f20bc8fe909558a86702fde" "/opt/rustwide/cargo-home/bin/cargo" "+1.83.0" "test" "--frozen", kill_on_drop: false }`
[INFO] [stdout] 3886c2f34719f6aef82c90f5ad1728bf345160f4fe6de6bb555fc35eadbdfd71
[INFO] running `Command { std: "docker" "start" "-a" "3886c2f34719f6aef82c90f5ad1728bf345160f4fe6de6bb555fc35eadbdfd71", kill_on_drop: false }`
[INFO] [stderr] warning: unused variable: `no_jmp_addr`
[INFO] [stderr]    --> src/test.rs:939:17
[INFO] [stderr]     |
[INFO] [stderr] 939 |             let no_jmp_addr = program.len() as u32;
[INFO] [stderr]     |                 ^^^^^^^^^^^ help: if this is intentional, prefix it with an underscore: `_no_jmp_addr`
[INFO] [stderr]     |
[INFO] [stderr]     = note: `#[warn(unused_variables)]` on by default
[INFO] [stderr] 
[INFO] [stderr] warning: unused variable: `no_jmp_addr`
[INFO] [stderr]    --> src/test.rs:982:17
[INFO] [stderr]     |
[INFO] [stderr] 982 |             let no_jmp_addr = program.len() as u32;
[INFO] [stderr]     |                 ^^^^^^^^^^^ help: if this is intentional, prefix it with an underscore: `_no_jmp_addr`
[INFO] [stderr] 
[INFO] [stderr] warning: `bit32` (bin "bit32" test) generated 2 warnings
[INFO] [stderr]     Finished `test` profile [unoptimized + debuginfo] target(s) in 0.03s
[INFO] [stderr]      Running unittests src/main.rs (/opt/rustwide/target/debug/deps/bit32-c4b2012aca71fef1)
[INFO] [stdout] 
[INFO] [stdout] running 214 tests
[INFO] [stdout] test test::tests::add::add_carry_byte_imm ... ok
[INFO] [stdout] test test::tests::add::add_byte_reg ... ok
[INFO] [stdout] test test::tests::add::add_byte_imm ... ok
[INFO] [stdout] test test::tests::add::add_byte_imm_wrap ... ok
[INFO] [stdout] test test::tests::add::add_carry_long_imm_carry_set ... ok
[INFO] [stdout] test test::tests::add::add_carry_long_reg ... ok
[INFO] [stdout] test test::tests::add::add_carry_short_imm_carry_set ... ok
[INFO] [stdout] test test::tests::add::add_carry_byte_imm_carry_set ... ok
[INFO] [stdout] test test::tests::add::add_carry_byte_reg ... ok
[INFO] [stdout] test test::tests::add::add_carry_long_imm ... ok
[INFO] [stdout] test test::tests::add::add_carry_short_imm ... ok
[INFO] [stdout] test test::tests::add::add_long_reg ... ok
[INFO] [stdout] test test::tests::add::add_carry_short_reg ... ok
[INFO] [stdout] test test::tests::add::add_long_imm_wrap ... ok
[INFO] [stdout] test test::tests::add::add_long_imm ... ok
[INFO] [stdout] test test::tests::and::and_byte_reg ... ok
[INFO] [stdout] test test::tests::and::and_byte_imm ... ok
[INFO] [stdout] test test::tests::and::and_short_reg ... ok
[INFO] [stdout] test test::tests::arith_shift::left_byte_reg ... ok
[INFO] [stdout] test test::tests::arith_shift::left_short_imm ... ok
[INFO] [stdout] test test::tests::arith_shift::left_long_reg ... ok
[INFO] [stdout] test test::tests::add::add_short_imm_wrap ... ok
[INFO] [stdout] test test::tests::arith_shift::right_byte_reg ... ok
[INFO] [stdout] test test::tests::and::and_long_reg ... ok
[INFO] [stdout] test test::tests::add::add_short_imm ... ok
[INFO] [stdout] test test::tests::arith_shift::left_long_imm ... ok
[INFO] [stdout] test test::tests::arith_shift::right_byte_imm ... ok
[INFO] [stdout] test test::tests::and::and_short_imm ... ok
[INFO] [stdout] test test::tests::arith_shift::left_byte_imm ... ok
[INFO] [stdout] test test::tests::and::and_long_imm ... ok
[INFO] [stdout] test test::tests::add::add_short_reg ... ok
[INFO] [stdout] test test::tests::arith_shift::left_short_reg ... ok
[INFO] [stdout] test test::tests::arith_shift::right_short_reg ... ok
[INFO] [stdout] test test::tests::compare::compare_long_reg ... ok
[INFO] [stdout] test test::tests::compare::compare_short_imm_neg ... ok
[INFO] [stdout] test test::tests::compare::compare_short_reg_neg ... ok
[INFO] [stdout] test test::tests::arith_shift::right_short_imm ... ok
[INFO] [stdout] test test::tests::compare::compare_byte_imm ... ok
[INFO] [stdout] test test::tests::div::div_byte ... ok
[INFO] [stdout] test test::tests::compare::compare_byte_reg ... ok
[INFO] [stdout] test test::tests::control_flow::call ... ok
[INFO] [stdout] test test::tests::compare::compare_long_reg_neg ... ok
[INFO] [stdout] test test::tests::control_flow::_return ... ok
[INFO] [stdout] test test::tests::compare::compare_byte_imm_neg ... ok
[INFO] [stdout] test test::tests::compare::compare_long_imm_neg ... ok
[INFO] [stdout] test test::tests::compare::compare_long_imm ... ok
[INFO] [stdout] test test::tests::div::div_short ... ok
[INFO] [stdout] test test::tests::div::div_short_remainder ... ok
[INFO] [stdout] test test::tests::div::div_long_remainder ... ok
[INFO] [stdout] test test::tests::arith_shift::right_long_imm ... ok
[INFO] [stdout] test test::tests::compare::compare_short_reg ... ok
[INFO] [stdout] test test::tests::div::div_byte_remainder ... ok
[INFO] [stdout] test test::tests::compare::compare_short_imm ... ok
[INFO] [stdout] test test::tests::div::div_byte_wrap ... ok
[INFO] [stdout] test test::tests::div::div_long ... ok
[INFO] [stdout] test test::tests::arith_shift::right_long_reg ... ok
[INFO] [stdout] test test::tests::jump::jge_when_eq ... ok
[INFO] [stdout] test test::tests::div::singed_div_byte ... ok
[INFO] [stdout] test test::tests::jump::jg_when_gr ... ok
[INFO] [stdout] test test::tests::div::singed_div_short ... ok
[INFO] [stdout] test test::tests::jump::jg_when_less ... ok
[INFO] [stdout] test test::tests::jump::jl_when_less ... ok
[INFO] [stdout] test test::tests::compare::compare_byte_reg_neg ... ok
[INFO] [stdout] test test::tests::general::hlt ... ok
[INFO] [stdout] test test::tests::jump::jge_when_gr ... ok
[INFO] [stdout] test test::tests::jump::je ... ok
[INFO] [stdout] test test::tests::div::div_long_wrap ... ok
[INFO] [stdout] test test::tests::jump::je_negative ... ok
[INFO] [stdout] test test::tests::jump::jle_when_gr ... ok
[INFO] [stdout] test test::tests::jump::jg_when_eq ... ok
[INFO] [stdout] test test::tests::jump::jge_when_less ... ok
[INFO] [stdout] test test::tests::div::singed_div_long ... ok
[INFO] [stdout] test test::tests::jump::jl_when_gr ... ok
[INFO] [stdout] test test::tests::div::div_short_wrap ... ok
[INFO] [stdout] test test::tests::jump::jne ... ok
[INFO] [stdout] test test::tests::jump::jump ... ok
[INFO] [stdout] test test::tests::logical_shift::left_long_imm ... ok
[INFO] [stdout] test test::tests::jump::jle_when_eq ... ok
[INFO] [stdout] test test::tests::jump::jl_when_eq ... ok
[INFO] [stdout] test test::tests::jump::jne_negative ... ok
[INFO] [stdout] test test::tests::logical_shift::left_byte_imm ... ok
[INFO] [stdout] test test::tests::jump::jle_when_less ... ok
[INFO] [stdout] test test::tests::logical_shift::right_long_imm ... ok
[INFO] [stdout] test test::tests::mov::to_abs::from_abs_byte ... ok
[INFO] [stdout] test test::tests::jump::jump_reg ... ok
[INFO] [stdout] test test::tests::logical_shift::left_short_imm ... ok
[INFO] [stdout] test test::tests::logical_shift::right_short_reg ... ok
[INFO] [stdout] test test::tests::logical_shift::left_byte_reg ... ok
[INFO] [stdout] test test::tests::mov::to_abs::from_abs_short ... ok
[INFO] [stdout] test test::tests::logical_shift::right_long_reg ... ok
[INFO] [stdout] test test::tests::logical_shift::right_short_imm ... ok
[INFO] [stdout] test test::tests::logical_shift::left_short_reg ... ok
[INFO] [stdout] test test::tests::logical_shift::right_byte_reg ... ok
[INFO] [stdout] test test::tests::mov::to_abs::from_ind_long ... ok
[INFO] [stdout] test test::tests::mov::to_abs::from_abs_long ... ok
[INFO] [stdout] test test::tests::mov::to_abs::from_imm_short ... ok
[INFO] [stdout] test test::tests::mov::to_abs::from_ind_byte ... ok
[INFO] [stdout] test test::tests::mov::to_abs::from_mem_byte ... ok
[INFO] [stdout] test test::tests::logical_shift::right_byte_imm ... ok
[INFO] [stdout] test test::tests::logical_shift::left_long_reg ... ok
[INFO] [stdout] test test::tests::mov::to_abs::from_imm_byte ... ok
[INFO] [stdout] test test::tests::mov::to_abs::from_reg_long ... ok
[INFO] [stdout] test test::tests::mov::to_abs::from_ind_short ... ok
[INFO] [stdout] test test::tests::mov::to_ind::from_abs_long ... ok
[INFO] [stdout] test test::tests::mov::to_abs::from_reg_short ... ok
[INFO] [stdout] test test::tests::mov::to_ind::from_imm_short ... ok
[INFO] [stdout] test test::tests::mov::to_ind::from_ind_long ... ok
[INFO] [stdout] test test::tests::mov::to_ind::from_imm_byte ... ok
[INFO] [stdout] test test::tests::mov::to_abs::from_mem_short ... ok
[INFO] [stdout] test test::tests::mov::to_abs::from_reg_byte ... ok
[INFO] [stdout] test test::tests::mov::to_ind::from_imm_long ... ok
[INFO] [stdout] test test::tests::mov::to_ind::from_abs_short ... ok
[INFO] [stdout] test test::tests::mov::to_ind::from_reg_byte ... ok
[INFO] [stdout] test test::tests::mov::to_abs::from_mem_long ... ok
[INFO] [stdout] test test::tests::mov::to_ind::from_mem_long ... ok
[INFO] [stdout] test test::tests::mov::to_ind::from_ind_short ... ok
[INFO] [stdout] test test::tests::mov::to_ind::from_mem_byte ... ok
[INFO] [stdout] test test::tests::mov::to_ind::from_abs_byte ... ok
[INFO] [stdout] test test::tests::mov::to_ind::from_reg_long ... ok
[INFO] [stdout] test test::tests::mov::to_abs::from_imm_long ... ok
[INFO] [stdout] test test::tests::mov::to_ind::from_mem_short ... ok
[INFO] [stdout] test test::tests::mov::to_ind::from_reg_short ... ok
[INFO] [stdout] test test::tests::mov::to_mem::from_abs_byte ... ok
[INFO] [stdout] test test::tests::mov::to_mem::from_reg_long ... ok
[INFO] [stdout] test test::tests::mov::to_ind::from_ind_byte ... ok
[INFO] [stdout] test test::tests::mov::to_mem::from_ind_byte ... ok
[INFO] [stdout] test test::tests::mov::to_mem::from_reg_byte ... ok
[INFO] [stdout] test test::tests::mov::to_mem::from_mem_long ... ok
[INFO] [stdout] test test::tests::mov::to_mem::from_ind_long ... ok
[INFO] [stdout] test test::tests::mov::to_mem::from_imm_long ... ok
[INFO] [stdout] test test::tests::mov::to_mem::from_reg_short ... ok
[INFO] [stdout] test test::tests::mov::to_reg::from_imm_byte ... ok
[INFO] [stdout] test test::tests::mov::to_mem::from_abs_short ... ok
[INFO] [stdout] test test::tests::mov::to_mem::from_imm_short ... ok
[INFO] [stdout] test test::tests::mov::to_mem::from_ind_short ... ok
[INFO] [stdout] test test::tests::mov::to_mem::from_abs_long ... ok
[INFO] [stdout] test test::tests::mov::to_mem::from_imm_byte ... ok
[INFO] [stdout] test test::tests::mov::to_mem::from_mem_short ... ok
[INFO] [stdout] test test::tests::mov::to_reg::from_abs_byte ... ok
[INFO] [stdout] test test::tests::mov::to_mem::from_mem_byte ... ok
[INFO] [stdout] test test::tests::mov::to_reg::from_abs_short ... ok
[INFO] [stdout] test test::tests::mov::to_reg::from_mem_short ... ok
[INFO] [stdout] test test::tests::mov::to_reg::from_ind_long ... ok
[INFO] [stdout] test test::tests::mov::to_reg::from_abs_long ... ok
[INFO] [stdout] test test::tests::mov::to_reg::from_mem_byte ... ok
[INFO] [stdout] test test::tests::mov::to_reg::from_reg_long ... ok
[INFO] [stdout] test test::tests::mul::mul_byte ... ok
[INFO] [stdout] test test::tests::mul::mul_long ... ok
[INFO] [stdout] test test::tests::mov::to_reg::from_imm_short ... ok
[INFO] [stdout] test test::tests::mov::to_reg::from_mem_long ... ok
[INFO] [stdout] test test::tests::mul::mul_byte_wrap ... ok
[INFO] [stdout] test test::tests::mul::mul_long_wrap ... ok
[INFO] [stdout] test test::tests::mov::to_reg::from_reg_short ... ok
[INFO] [stdout] test test::tests::mov::to_reg::from_imm_long ... ok
[INFO] [stdout] test test::tests::or::or_long_reg ... ok
[INFO] [stdout] test test::tests::mul::mul_short ... ok
[INFO] [stdout] test test::tests::mov::to_reg::from_ind_short ... ok
[INFO] [stdout] test test::tests::mul::singed_mul_byte ... ok
[INFO] [stdout] test test::tests::or::or_short_imm ... ok
[INFO] [stdout] test test::tests::rotate::left_byte_imm ... ok
[INFO] [stdout] test test::tests::or::or_byte_reg ... ok
[INFO] [stdout] test test::tests::mov::to_reg::from_reg_byte ... ok
[INFO] [stdout] test test::tests::or::or_byte_imm ... ok
[INFO] [stdout] test test::tests::mul::singed_mul_long ... ok
[INFO] [stdout] test test::tests::int::interrupt ... FAILED
[INFO] [stdout] test test::tests::mul::mul_short_wrap ... ok
[INFO] [stdout] test test::tests::mul::singed_mul_short ... ok
[INFO] [stdout] test test::tests::rotate::left_short_imm ... ok
[INFO] [stdout] test test::tests::or::or_long_imm ... ok
[INFO] [stdout] test test::tests::mov::to_reg::from_ind_byte ... ok
[INFO] [stdout] test test::tests::or::or_short_reg ... ok
[INFO] [stdout] test test::tests::rotate::right_long_imm ... ok
[INFO] [stdout] test test::tests::rotate::left_byte_reg ... ok
[INFO] [stdout] test test::tests::rotate::right_byte_reg ... ok
[INFO] [stdout] test test::tests::rotate::right_byte_imm ... ok
[INFO] [stdout] test test::tests::rotate::left_short_reg ... ok
[INFO] [stdout] test test::tests::rotate::right_long_reg ... ok
[INFO] [stdout] test test::tests::rotate::left_long_reg ... ok
[INFO] [stdout] test test::tests::stack::pop_long_reg ... ok
[INFO] [stdout] test test::tests::stack::push_long_reg ... ok
[INFO] [stdout] test test::tests::sub::sub_borrow_byte_imm ... ok
[INFO] [stdout] test test::tests::stack::push_short_imm ... ok
[INFO] [stdout] test test::tests::sub::sub_borrow_long_reg ... ok
[INFO] [stdout] test test::tests::stack::push_byte_imm ... ok
[INFO] [stdout] test test::tests::rotate::right_short_imm ... ok
[INFO] [stdout] test test::tests::stack::pop_short_reg ... ok
[INFO] [stdout] test test::tests::stack::pop_byte_reg ... ok
[INFO] [stdout] test test::tests::rotate::left_long_imm ... ok
[INFO] [stdout] test test::tests::sub::sub_borrow_long_imm ... ok
[INFO] [stdout] test test::tests::stack::push_byte_reg ... ok
[INFO] [stdout] test test::tests::stack::push_short_reg ... ok
[INFO] [stdout] test test::tests::stack::push_long_imm ... ok
[INFO] [stdout] test test::tests::sub::sub_borrow_byte_imm_carry_set ... ok
[INFO] [stdout] test test::tests::sub::sub_borrow_long_imm_carry_set ... ok
[INFO] [stdout] test test::tests::rotate::right_short_reg ... ok
[INFO] [stdout] test test::tests::sub::sub_borrow_byte_reg ... ok
[INFO] [stdout] test test::tests::sub::sub_borrow_short_reg ... ok
[INFO] [stdout] test test::tests::sub::sub_long_reg ... ok
[INFO] [stdout] test test::tests::sub::sub_byte_imm ... ok
[INFO] [stdout] test test::tests::sub::sub_byte_imm_wrap ... ok
[INFO] [stdout] test test::tests::xor::xor_byte_reg ... ok
[INFO] [stdout] test test::tests::sub::sub_short_imm_wrap ... ok
[INFO] [stdout] test test::tests::sub::sub_borrow_short_imm ... ok
[INFO] [stdout] test test::tests::sub::sub_long_imm ... ok
[INFO] [stdout] test test::tests::sub::sub_long_imm_wrap ... ok
[INFO] [stdout] test test::tests::sub::sub_borrow_short_imm_carry_set ... ok
[INFO] [stdout] test test::tests::xor::xor_long_imm ... ok
[INFO] [stdout] test test::tests::xor::xor_short_imm ... ok
[INFO] [stdout] test test::tests::sub::sub_short_imm ... ok
[INFO] [stdout] test test::tests::xor::xor_byte_imm ... ok
[INFO] [stdout] test test::tests::xor::xor_short_reg ... ok
[INFO] [stdout] test test::tests::sub::sub_byte_reg ... ok
[INFO] [stdout] test test::tests::sub::sub_short_reg ... ok
[INFO] [stdout] test test::tests::xor::xor_long_reg ... ok
[INFO] [stdout] 
[INFO] [stdout] failures:
[INFO] [stdout] 
[INFO] [stdout] ---- test::tests::int::interrupt stdout ----
[INFO] [stdout] thread 'test::tests::int::interrupt' panicked at src/test.rs:1698:13:
[INFO] [stdout] assertion `left == right` failed
[INFO] [stdout]   left: 2
[INFO] [stdout]  right: 3
[INFO] [stdout] stack backtrace:
[INFO] [stdout]    0:     0x56d2565c328a - std::backtrace_rs::backtrace::libunwind::trace::h5a5b8284f2d0c266
[INFO] [stdout]                                at /rustc/90b35a6239c3d8bdabc530a6a0816f7ff89a0aaf/library/std/src/../../backtrace/src/backtrace/libunwind.rs:116:5
[INFO] [stdout]    1:     0x56d2565c328a - std::backtrace_rs::backtrace::trace_unsynchronized::h76d4f1c9b0b875e3
[INFO] [stdout]                                at /rustc/90b35a6239c3d8bdabc530a6a0816f7ff89a0aaf/library/std/src/../../backtrace/src/backtrace/mod.rs:66:5
[INFO] [stdout]    2:     0x56d2565c328a - std::sys::backtrace::_print_fmt::hc4546b8364a537c6
[INFO] [stdout]                                at /rustc/90b35a6239c3d8bdabc530a6a0816f7ff89a0aaf/library/std/src/sys/backtrace.rs:66:9
[INFO] [stdout]    3:     0x56d2565c328a - <std::sys::backtrace::BacktraceLock::print::DisplayBacktrace as core::fmt::Display>::fmt::h5b6bd5631a6d1f6b
[INFO] [stdout]                                at /rustc/90b35a6239c3d8bdabc530a6a0816f7ff89a0aaf/library/std/src/sys/backtrace.rs:39:26
[INFO] [stdout]    4:     0x56d2565e86b3 - core::fmt::rt::Argument::fmt::h270f6602a2b96f62
[INFO] [stdout]                                at /rustc/90b35a6239c3d8bdabc530a6a0816f7ff89a0aaf/library/core/src/fmt/rt.rs:177:76
[INFO] [stdout]    5:     0x56d2565e86b3 - core::fmt::write::h7550c97b06c86515
[INFO] [stdout]                                at /rustc/90b35a6239c3d8bdabc530a6a0816f7ff89a0aaf/library/core/src/fmt/mod.rs:1186:21
[INFO] [stdout]    6:     0x56d2565c0453 - std::io::Write::write_fmt::h509ff860e5956e5e
[INFO] [stdout]                                at /rustc/90b35a6239c3d8bdabc530a6a0816f7ff89a0aaf/library/std/src/io/mod.rs:1839:15
[INFO] [stdout]    7:     0x56d2565c30d2 - std::sys::backtrace::BacktraceLock::print::h2395ccd2c84ba3aa
[INFO] [stdout]                                at /rustc/90b35a6239c3d8bdabc530a6a0816f7ff89a0aaf/library/std/src/sys/backtrace.rs:42:9
[INFO] [stdout]    8:     0x56d2565c46ea - std::panicking::default_hook::{{closure}}::he19d4c7230e07961
[INFO] [stdout]                                at /rustc/90b35a6239c3d8bdabc530a6a0816f7ff89a0aaf/library/std/src/panicking.rs:268:22
[INFO] [stdout]    9:     0x56d2565c44f4 - std::panicking::default_hook::hf614597d3c67bbdb
[INFO] [stdout]                                at /rustc/90b35a6239c3d8bdabc530a6a0816f7ff89a0aaf/library/std/src/panicking.rs:292:9
[INFO] [stdout]   10:     0x56d25658af79 - <alloc::boxed::Box<F,A> as core::ops::function::Fn<Args>>::call::h39b51ce4599c23d1
[INFO] [stdout]                                at /rustc/90b35a6239c3d8bdabc530a6a0816f7ff89a0aaf/library/alloc/src/boxed.rs:2468:9
[INFO] [stdout]   11:     0x56d25658af79 - test::test_main::{{closure}}::he977ae839a582784
[INFO] [stdout]                                at /rustc/90b35a6239c3d8bdabc530a6a0816f7ff89a0aaf/library/test/src/lib.rs:133:21
[INFO] [stdout]   12:     0x56d2565c4d88 - <alloc::boxed::Box<F,A> as core::ops::function::Fn<Args>>::call::h9455091b6b06f9fb
[INFO] [stdout]                                at /rustc/90b35a6239c3d8bdabc530a6a0816f7ff89a0aaf/library/alloc/src/boxed.rs:2468:9
[INFO] [stdout]   13:     0x56d2565c4d88 - std::panicking::rust_panic_with_hook::h8942133a8b252070
[INFO] [stdout]                                at /rustc/90b35a6239c3d8bdabc530a6a0816f7ff89a0aaf/library/std/src/panicking.rs:809:13
[INFO] [stdout]   14:     0x56d2565c4b4a - std::panicking::begin_panic_handler::{{closure}}::hb5f5963570096b29
[INFO] [stdout]                                at /rustc/90b35a6239c3d8bdabc530a6a0816f7ff89a0aaf/library/std/src/panicking.rs:674:13
[INFO] [stdout]   15:     0x56d2565c3769 - std::sys::backtrace::__rust_end_short_backtrace::h6208cedc1922feda
[INFO] [stdout]                                at /rustc/90b35a6239c3d8bdabc530a6a0816f7ff89a0aaf/library/std/src/sys/backtrace.rs:170:18
[INFO] [stdout]   16:     0x56d2565c47dc - rust_begin_unwind
[INFO] [stdout]                                at /rustc/90b35a6239c3d8bdabc530a6a0816f7ff89a0aaf/library/std/src/panicking.rs:665:5
[INFO] [stdout]   17:     0x56d25652ba60 - core::panicking::panic_fmt::h0c3082644d1bf418
[INFO] [stdout]                                at /rustc/90b35a6239c3d8bdabc530a6a0816f7ff89a0aaf/library/core/src/panicking.rs:74:14
[INFO] [stdout]   18:     0x56d25652bd8b - core::panicking::assert_failed_inner::h2ddf1fcc067fa858
[INFO] [stdout]   19:     0x56d2565967e9 - core::panicking::assert_failed::h1236596fc9ba629b
[INFO] [stdout]                                at /rustc/90b35a6239c3d8bdabc530a6a0816f7ff89a0aaf/library/core/src/panicking.rs:367:5
[INFO] [stdout]   20:     0x56d256544fc6 - bit32::test::tests::int::interrupt::h21a1bd581e1c5769
[INFO] [stdout]                                at /opt/rustwide/workdir/src/test.rs:1698:13
[INFO] [stdout]   21:     0x56d256544eb7 - bit32::test::tests::int::interrupt::{{closure}}::h006a2d955ff0bc31
[INFO] [stdout]                                at /opt/rustwide/workdir/src/test.rs:1676:23
[INFO] [stdout]   22:     0x56d256537186 - core::ops::function::FnOnce::call_once::h5b104c13b7fc2cf3
[INFO] [stdout]                                at /rustc/90b35a6239c3d8bdabc530a6a0816f7ff89a0aaf/library/core/src/ops/function.rs:250:5
[INFO] [stdout]   23:     0x56d25658f93b - core::ops::function::FnOnce::call_once::h109cf8051a59b34e
[INFO] [stdout]                                at /rustc/90b35a6239c3d8bdabc530a6a0816f7ff89a0aaf/library/core/src/ops/function.rs:250:5
[INFO] [stdout]   24:     0x56d25658f93b - test::__rust_begin_short_backtrace::hf4fff89d377446ba
[INFO] [stdout]                                at /rustc/90b35a6239c3d8bdabc530a6a0816f7ff89a0aaf/library/test/src/lib.rs:621:18
[INFO] [stdout]   25:     0x56d25658f177 - test::run_test_in_process::{{closure}}::h0e39181dd7ee5a43
[INFO] [stdout]                                at /rustc/90b35a6239c3d8bdabc530a6a0816f7ff89a0aaf/library/test/src/lib.rs:644:60
[INFO] [stdout]   26:     0x56d25658f177 - <core::panic::unwind_safe::AssertUnwindSafe<F> as core::ops::function::FnOnce<()>>::call_once::hc5a66a30f0bdfd1f
[INFO] [stdout]                                at /rustc/90b35a6239c3d8bdabc530a6a0816f7ff89a0aaf/library/core/src/panic/unwind_safe.rs:272:9
[INFO] [stdout]   27:     0x56d25658f177 - std::panicking::try::do_call::h873b7cf639554a5e
[INFO] [stdout]                                at /rustc/90b35a6239c3d8bdabc530a6a0816f7ff89a0aaf/library/std/src/panicking.rs:557:40
[INFO] [stdout]   28:     0x56d25658f177 - std::panicking::try::hdb19862fad9c8bd1
[INFO] [stdout]                                at /rustc/90b35a6239c3d8bdabc530a6a0816f7ff89a0aaf/library/std/src/panicking.rs:520:19
[INFO] [stdout]   29:     0x56d25658f177 - std::panic::catch_unwind::h281fe732d236d260
[INFO] [stdout]                                at /rustc/90b35a6239c3d8bdabc530a6a0816f7ff89a0aaf/library/std/src/panic.rs:358:14
[INFO] [stdout]   30:     0x56d25658f177 - test::run_test_in_process::h949b6df8457ed338
[INFO] [stdout]                                at /rustc/90b35a6239c3d8bdabc530a6a0816f7ff89a0aaf/library/test/src/lib.rs:644:27
[INFO] [stdout]   31:     0x56d25658f177 - test::run_test::{{closure}}::h52c556a6d4740e10
[INFO] [stdout]                                at /rustc/90b35a6239c3d8bdabc530a6a0816f7ff89a0aaf/library/test/src/lib.rs:565:43
[INFO] [stdout]   32:     0x56d256554454 - test::run_test::{{closure}}::h4237f6381c45ccb9
[INFO] [stdout]                                at /rustc/90b35a6239c3d8bdabc530a6a0816f7ff89a0aaf/library/test/src/lib.rs:595:41
[INFO] [stdout]   33:     0x56d256554454 - std::sys::backtrace::__rust_begin_short_backtrace::h505c97a579eca628
[INFO] [stdout]                                at /rustc/90b35a6239c3d8bdabc530a6a0816f7ff89a0aaf/library/std/src/sys/backtrace.rs:154:18
[INFO] [stdout]   34:     0x56d256557b1e - std::thread::Builder::spawn_unchecked_::{{closure}}::{{closure}}::h9e86b2e2bc107ea3
[INFO] [stdout]                                at /rustc/90b35a6239c3d8bdabc530a6a0816f7ff89a0aaf/library/std/src/thread/mod.rs:538:17
[INFO] [stdout]   35:     0x56d256557b1e - <core::panic::unwind_safe::AssertUnwindSafe<F> as core::ops::function::FnOnce<()>>::call_once::h8b06ddb275ff4a25
[INFO] [stdout]                                at /rustc/90b35a6239c3d8bdabc530a6a0816f7ff89a0aaf/library/core/src/panic/unwind_safe.rs:272:9
[INFO] [stdout]   36:     0x56d256557b1e - std::panicking::try::do_call::hb26ecd7cd9a9355d
[INFO] [stdout]                                at /rustc/90b35a6239c3d8bdabc530a6a0816f7ff89a0aaf/library/std/src/panicking.rs:557:40
[INFO] [stdout]   37:     0x56d256557b1e - std::panicking::try::h8ddeca9d705f9069
[INFO] [stdout]                                at /rustc/90b35a6239c3d8bdabc530a6a0816f7ff89a0aaf/library/std/src/panicking.rs:520:19
[INFO] [stdout]   38:     0x56d256557b1e - std::panic::catch_unwind::h49e1c33078844c46
[INFO] [stdout]                                at /rustc/90b35a6239c3d8bdabc530a6a0816f7ff89a0aaf/library/std/src/panic.rs:358:14
[INFO] [stdout]   39:     0x56d256557b1e - std::thread::Builder::spawn_unchecked_::{{closure}}::h6073db6ff56ad35d
[INFO] [stdout]                                at /rustc/90b35a6239c3d8bdabc530a6a0816f7ff89a0aaf/library/std/src/thread/mod.rs:537:30
[INFO] [stdout]   40:     0x56d256557b1e - core::ops::function::FnOnce::call_once{{vtable.shim}}::h2c5a5f3779c774f1
[INFO] [stdout]                                at /rustc/90b35a6239c3d8bdabc530a6a0816f7ff89a0aaf/library/core/src/ops/function.rs:250:5
[INFO] [stdout]   41:     0x56d2565c8aeb - <alloc::boxed::Box<F,A> as core::ops::function::FnOnce<Args>>::call_once::hf75717d9f28faebf
[INFO] [stdout]                                at /rustc/90b35a6239c3d8bdabc530a6a0816f7ff89a0aaf/library/alloc/src/boxed.rs:2454:9
[INFO] [stdout]   42:     0x56d2565c8aeb - <alloc::boxed::Box<F,A> as core::ops::function::FnOnce<Args>>::call_once::h7bd883a5f3c5f3c1
[INFO] [stdout]                                at /rustc/90b35a6239c3d8bdabc530a6a0816f7ff89a0aaf/library/alloc/src/boxed.rs:2454:9
[INFO] [stdout]   43:     0x56d2565c8aeb - std::sys::pal::unix::thread::Thread::new::thread_start::hcc78f3943333fa94
[INFO] [stdout]                                at /rustc/90b35a6239c3d8bdabc530a6a0816f7ff89a0aaf/library/std/src/sys/pal/unix/thread.rs:105:17
[INFO] [stdout]   44:     0x7c6bbe9b5ac3 - <unknown>
[INFO] [stdout]   45:     0x7c6bbea46a04 - clone
[INFO] [stdout]   46:                0x0 - <unknown>
[INFO] [stdout] 
[INFO] [stdout] 
[INFO] [stdout] failures:
[INFO] [stdout]     test::tests::int::interrupt
[INFO] [stdout] 
[INFO] [stdout] test result: FAILED. 213 passed; 1 failed; 0 ignored; 0 measured; 0 filtered out; finished in 0.54s
[INFO] [stdout] 
[INFO] [stderr] error: test failed, to rerun pass `--bin bit32`
[INFO] running `Command { std: "docker" "inspect" "3886c2f34719f6aef82c90f5ad1728bf345160f4fe6de6bb555fc35eadbdfd71", kill_on_drop: false }`
[INFO] running `Command { std: "docker" "rm" "-f" "3886c2f34719f6aef82c90f5ad1728bf345160f4fe6de6bb555fc35eadbdfd71", kill_on_drop: false }`
[INFO] [stdout] 3886c2f34719f6aef82c90f5ad1728bf345160f4fe6de6bb555fc35eadbdfd71
